[INFO] cloning repository https://github.com/slowli/yab
[INFO] running `Command { std: "git" "-c" "credential.helper=" "-c" "credential.helper=/workspace/cargo-home/bin/git-credential-null" "clone" "--bare" "https://github.com/slowli/yab" "/workspace/cache/git-repos/https%3A%2F%2Fgithub.com%2Fslowli%2Fyab", kill_on_drop: false }`
[INFO] [stderr] Cloning into bare repository '/workspace/cache/git-repos/https%3A%2F%2Fgithub.com%2Fslowli%2Fyab'...
[INFO] running `Command { std: "git" "rev-parse" "HEAD", kill_on_drop: false }`
[INFO] [stdout] 9e3f2e976bb3dd8c9f01cb81bbd97768a70c6d6f
[INFO] testing slowli/yab against 1.83.0 for beta-1.84.0-4-retry
[INFO] running `Command { std: "git" "clone" "/workspace/cache/git-repos/https%3A%2F%2Fgithub.com%2Fslowli%2Fyab" "/workspace/builds/worker-3-tc1/source", kill_on_drop: false }`
[INFO] [stderr] Cloning into '/workspace/builds/worker-3-tc1/source'...
[INFO] [stderr] done.
[INFO] validating manifest of git repo https://github.com/slowli/yab on toolchain 1.83.0
[INFO] running `Command { std: CARGO_HOME="/workspace/cargo-home" RUSTUP_HOME="/workspace/rustup-home" "/workspace/cargo-home/bin/cargo" "+1.83.0" "metadata" "--manifest-path" "Cargo.toml" "--no-deps", kill_on_drop: false }`
[INFO] started tweaking git repo https://github.com/slowli/yab
[INFO] finished tweaking git repo https://github.com/slowli/yab
[INFO] tweaked toml for git repo https://github.com/slowli/yab written to /workspace/builds/worker-3-tc1/source/Cargo.toml
[INFO] crate git repo https://github.com/slowli/yab already has a lockfile, it will not be regenerated
[INFO] running `Command { std: CARGO_HOME="/workspace/cargo-home" RUSTUP_HOME="/workspace/rustup-home" "/workspace/cargo-home/bin/cargo" "+1.83.0" "fetch" "--manifest-path" "Cargo.toml", kill_on_drop: false }`
[INFO] [stderr]     Updating crates.io index
[INFO] [stderr]     Updating git repository `https://github.com/slowli/term-transcript.git`
[INFO] [stderr]  Downloading crates ...
[INFO] [stderr]   Downloaded handlebars v6.2.0
[INFO] [stderr]   Downloaded num-order v1.2.0
[INFO] [stderr]   Downloaded crabgrind v0.1.11
[INFO] running `Command { std: "docker" "create" "-v" "/var/lib/crater-agent-workspace/builds/worker-3-tc1/target:/opt/rustwide/target:rw,Z" "-v" "/var/lib/crater-agent-workspace/builds/worker-3-tc1/source:/opt/rustwide/workdir:ro,Z" "-v" "/var/lib/crater-agent-workspace/cargo-home:/opt/rustwide/cargo-home:ro,Z" "-v" "/var/lib/crater-agent-workspace/rustup-home:/opt/rustwide/rustup-home:ro,Z" "-e" "SOURCE_DIR=/opt/rustwide/workdir" "-e" "CARGO_TARGET_DIR=/opt/rustwide/target" "-e" "CARGO_HOME=/opt/rustwide/cargo-home" "-e" "RUSTUP_HOME=/opt/rustwide/rustup-home" "-w" "/opt/rustwide/workdir" "-m" "1610612736" "--user" "0:0" "--network" "none" "ghcr.io/rust-lang/crates-build-env/linux@sha256:f3a9d4ad9d972b27faf3965f35b62e55ba32bbce8f20bc8fe909558a86702fde" "/opt/rustwide/cargo-home/bin/cargo" "+1.83.0" "metadata" "--no-deps" "--format-version=1", kill_on_drop: false }`
[INFO] [stdout] 0ac4925d64438d72ab3d33f260371bbab66ba447ab242421abf980ed73280168
[INFO] running `Command { std: "docker" "start" "-a" "0ac4925d64438d72ab3d33f260371bbab66ba447ab242421abf980ed73280168", kill_on_drop: false }`
[INFO] running `Command { std: "docker" "inspect" "0ac4925d64438d72ab3d33f260371bbab66ba447ab242421abf980ed73280168", kill_on_drop: false }`
[INFO] running `Command { std: "docker" "rm" "-f" "0ac4925d64438d72ab3d33f260371bbab66ba447ab242421abf980ed73280168", kill_on_drop: false }`
[INFO] [stdout] 0ac4925d64438d72ab3d33f260371bbab66ba447ab242421abf980ed73280168
[INFO] running `Command { std: "docker" "create" "-v" "/var/lib/crater-agent-workspace/builds/worker-3-tc1/target:/opt/rustwide/target:rw,Z" "-v" "/var/lib/crater-agent-workspace/builds/worker-3-tc1/source:/opt/rustwide/workdir:ro,Z" "-v" "/var/lib/crater-agent-workspace/cargo-home:/opt/rustwide/cargo-home:ro,Z" "-v" "/var/lib/crater-agent-workspace/rustup-home:/opt/rustwide/rustup-home:ro,Z" "-e" "SOURCE_DIR=/opt/rustwide/workdir" "-e" "CARGO_TARGET_DIR=/opt/rustwide/target" "-e" "CARGO_INCREMENTAL=0" "-e" "RUST_BACKTRACE=full" "-e" "RUSTFLAGS=--cap-lints=warn" "-e" "RUSTDOCFLAGS=--cap-lints=warn" "-e" "CARGO_HOME=/opt/rustwide/cargo-home" "-e" "RUSTUP_HOME=/opt/rustwide/rustup-home" "-w" "/opt/rustwide/workdir" "-m" "1610612736" "--user" "0:0" "--network" "none" "ghcr.io/rust-lang/crates-build-env/linux@sha256:f3a9d4ad9d972b27faf3965f35b62e55ba32bbce8f20bc8fe909558a86702fde" "/opt/rustwide/cargo-home/bin/cargo" "+1.83.0" "build" "--frozen" "--message-format=json", kill_on_drop: false }`
[INFO] [stdout] d4eae55a1a4ee328efee7cb88bd174ee086817b9aea9249acd994bc815c36896
[INFO] running `Command { std: "docker" "start" "-a" "d4eae55a1a4ee328efee7cb88bd174ee086817b9aea9249acd994bc815c36896", kill_on_drop: false }`
[INFO] [stderr]    Compiling proc-macro2 v1.0.89
[INFO] [stderr]    Compiling unicode-ident v1.0.13
[INFO] [stderr]    Compiling libc v0.2.162
[INFO] [stderr]    Compiling rustix v0.38.39
[INFO] [stderr]    Compiling memchr v2.7.4
[INFO] [stderr]    Compiling utf8parse v0.2.2
[INFO] [stderr]    Compiling linux-raw-sys v0.4.14
[INFO] [stderr]    Compiling bitflags v2.6.0
[INFO] [stderr]    Compiling anstyle-parse v0.2.6
[INFO] [stderr]    Compiling anstyle-query v1.1.2
[INFO] [stderr]    Compiling serde v1.0.214
[INFO] [stderr]    Compiling byteorder v1.5.0
[INFO] [stderr]    Compiling colorchoice v1.0.3
[INFO] [stderr]    Compiling is_terminal_polyfill v1.70.1
[INFO] [stderr]    Compiling cfg-if v1.0.0
[INFO] [stderr]    Compiling anstyle v1.0.10
[INFO] [stderr]    Compiling thiserror v1.0.68
[INFO] [stderr]    Compiling regex-syntax v0.8.5
[INFO] [stderr]    Compiling strsim v0.11.1
[INFO] [stderr]    Compiling aho-corasick v1.1.3
[INFO] [stderr]    Compiling anstream v0.6.18
[INFO] [stderr]    Compiling heck v0.5.0
[INFO] [stderr]    Compiling clap_lex v0.7.2
[INFO] [stderr]    Compiling quote v1.0.37
[INFO] [stderr]    Compiling getrandom v0.2.15
[INFO] [stderr]    Compiling serde_json v1.0.132
[INFO] [stderr]    Compiling num_cpus v1.16.0
[INFO] [stderr]    Compiling syn v2.0.87
[INFO] [stderr]    Compiling rand_core v0.6.4
[INFO] [stderr]    Compiling itoa v1.0.11
[INFO] [stderr]    Compiling terminal_size v0.4.0
[INFO] [stderr]    Compiling clap_builder v4.5.20
[INFO] [stderr]    Compiling anes v0.2.0
[INFO] [stderr]    Compiling ryu v1.0.18
[INFO] [stderr]    Compiling regex-automata v0.4.8
[INFO] [stderr]    Compiling zerocopy-derive v0.7.35
[INFO] [stderr]    Compiling serde_derive v1.0.214
[INFO] [stderr]    Compiling thiserror-impl v1.0.68
[INFO] [stderr]    Compiling clap_derive v4.5.18
[INFO] [stderr]    Compiling regex v1.11.1
[INFO] [stderr]    Compiling zerocopy v0.7.35
[INFO] [stderr]    Compiling ppv-lite86 v0.2.20
[INFO] [stderr]    Compiling rand_chacha v0.3.1
[INFO] [stderr]    Compiling rand v0.8.5
[INFO] [stderr]    Compiling clap v4.5.20
[INFO] [stderr]    Compiling yab v0.1.0 (/opt/rustwide/workdir/crates/yab)
[INFO] [stderr]    Compiling yab-e2e-tests v0.1.0 (/opt/rustwide/workdir/e2e-tests)
[INFO] [stderr]     Finished `dev` profile [unoptimized + debuginfo] target(s) in 44.66s
[INFO] running `Command { std: "docker" "inspect" "d4eae55a1a4ee328efee7cb88bd174ee086817b9aea9249acd994bc815c36896", kill_on_drop: false }`
[INFO] running `Command { std: "docker" "rm" "-f" "d4eae55a1a4ee328efee7cb88bd174ee086817b9aea9249acd994bc815c36896", kill_on_drop: false }`
[INFO] [stdout] d4eae55a1a4ee328efee7cb88bd174ee086817b9aea9249acd994bc815c36896
[INFO] running `Command { std: "docker" "create" "-v" "/var/lib/crater-agent-workspace/builds/worker-3-tc1/target:/opt/rustwide/target:rw,Z" "-v" "/var/lib/crater-agent-workspace/builds/worker-3-tc1/source:/opt/rustwide/workdir:ro,Z" "-v" "/var/lib/crater-agent-workspace/cargo-home:/opt/rustwide/cargo-home:ro,Z" "-v" "/var/lib/crater-agent-workspace/rustup-home:/opt/rustwide/rustup-home:ro,Z" "-e" "SOURCE_DIR=/opt/rustwide/workdir" "-e" "CARGO_TARGET_DIR=/opt/rustwide/target" "-e" "CARGO_INCREMENTAL=0" "-e" "RUST_BACKTRACE=full" "-e" "RUSTFLAGS=--cap-lints=warn" "-e" "RUSTDOCFLAGS=--cap-lints=warn" "-e" "CARGO_HOME=/opt/rustwide/cargo-home" "-e" "RUSTUP_HOME=/opt/rustwide/rustup-home" "-w" "/opt/rustwide/workdir" "-m" "1610612736" "--user" "0:0" "--network" "none" "ghcr.io/rust-lang/crates-build-env/linux@sha256:f3a9d4ad9d972b27faf3965f35b62e55ba32bbce8f20bc8fe909558a86702fde" "/opt/rustwide/cargo-home/bin/cargo" "+1.83.0" "test" "--frozen" "--no-run" "--message-format=json", kill_on_drop: false }`
[INFO] [stdout] 58769ee4ea74fc893039c6b4fe13c71555e119f799a75dc736a0d66fb69f704e
[INFO] running `Command { std: "docker" "start" "-a" "58769ee4ea74fc893039c6b4fe13c71555e119f799a75dc736a0d66fb69f704e", kill_on_drop: false }`
[INFO] [stderr]    Compiling unicode-ident v1.0.13
[INFO] [stderr]    Compiling memchr v2.7.4
[INFO] [stderr]    Compiling rustix v0.38.39
[INFO] [stderr]    Compiling stable_deref_trait v1.2.0
[INFO] [stderr]    Compiling litemap v0.7.3
[INFO] [stderr]    Compiling writeable v0.5.5
[INFO] [stderr]    Compiling once_cell v1.20.2
[INFO] [stderr]    Compiling ucd-trie v0.1.7
[INFO] [stderr]    Compiling icu_locid_transform_data v1.5.0
[INFO] [stderr]    Compiling num-modular v0.6.1
[INFO] [stderr]    Compiling proc-macro2 v1.0.89
[INFO] [stderr]    Compiling icu_properties_data v1.5.0
[INFO] [stderr]    Compiling smallvec v1.13.2
[INFO] [stderr]    Compiling quote v1.0.37
[INFO] [stderr]    Compiling yansi v1.0.1
[INFO] [stderr]    Compiling write16 v1.0.0
[INFO] [stderr]    Compiling utf16_iter v1.0.5
[INFO] [stderr]    Compiling diff v0.1.13
[INFO] [stderr]    Compiling log v0.4.22
[INFO] [stderr]    Compiling syn v2.0.87
[INFO] [stderr]    Compiling aho-corasick v1.1.3
[INFO] [stderr]    Compiling utf8_iter v1.0.4
[INFO] [stderr]    Compiling icu_normalizer_data v1.5.0
[INFO] [stderr]    Compiling num-order v1.2.0
[INFO] [stderr]    Compiling quick-xml v0.36.2
[INFO] [stderr]    Compiling pretty_assertions v1.4.1
[INFO] [stderr]    Compiling os_pipe v1.2.1
[INFO] [stderr]    Compiling hashbrown v0.15.1
[INFO] [stderr]    Compiling equivalent v1.0.1
[INFO] [stderr]    Compiling fastrand v2.2.0
[INFO] [stderr]    Compiling unicode-width v0.1.14
[INFO] [stderr]    Compiling bytecount v0.6.8
[INFO] [stderr]    Compiling termcolor v1.4.1
[INFO] [stderr]    Compiling percent-encoding v2.3.1
[INFO] [stderr]    Compiling winnow v0.5.40
[INFO] [stderr]    Compiling indexmap v2.6.0
[INFO] [stderr]    Compiling pulldown-cmark v0.9.6
[INFO] [stderr]    Compiling semver v1.0.23
[INFO] [stderr]    Compiling regex-automata v0.4.8
[INFO] [stderr]    Compiling form_urlencoded v1.2.1
[INFO] [stderr]    Compiling doc-comment v0.3.3
[INFO] [stderr]    Compiling unicase v2.8.0
[INFO] [stderr]    Compiling terminal_size v0.4.0
[INFO] [stderr]    Compiling clap_builder v4.5.20
[INFO] [stderr]    Compiling tempfile v3.14.0
[INFO] [stderr]    Compiling assert_matches v1.5.0
[INFO] [stderr]    Compiling regex v1.11.1
[INFO] [stderr]    Compiling synstructure v0.13.1
[INFO] [stderr]    Compiling serde_derive v1.0.214
[INFO] [stderr]    Compiling thiserror-impl v1.0.68
[INFO] [stderr]    Compiling zerofrom-derive v0.1.4
[INFO] [stderr]    Compiling yoke-derive v0.7.4
[INFO] [stderr]    Compiling zerovec-derive v0.10.3
[INFO] [stderr]    Compiling displaydoc v0.2.5
[INFO] [stderr]    Compiling clap_derive v4.5.18
[INFO] [stderr]    Compiling zerocopy-derive v0.7.35
[INFO] [stderr]    Compiling icu_provider_macros v1.5.0
[INFO] [stderr]    Compiling thiserror v1.0.68
[INFO] [stderr]    Compiling pest v2.7.14
[INFO] [stderr]    Compiling zerofrom v0.1.4
[INFO] [stderr]    Compiling yoke v0.7.4
[INFO] [stderr]    Compiling zerovec v0.10.4
[INFO] [stderr]    Compiling zerocopy v0.7.35
[INFO] [stderr]    Compiling serde v1.0.214
[INFO] [stderr]    Compiling ppv-lite86 v0.2.20
[INFO] [stderr]    Compiling clap v4.5.20
[INFO] [stderr]    Compiling tinystr v0.7.6
[INFO] [stderr]    Compiling icu_collections v1.5.0
[INFO] [stderr]    Compiling rand_chacha v0.3.1
[INFO] [stderr]    Compiling icu_locid v1.5.0
[INFO] [stderr]    Compiling rand v0.8.5
[INFO] [stderr]    Compiling pest_meta v2.7.14
[INFO] [stderr]    Compiling icu_provider v1.5.0
[INFO] [stderr]    Compiling pest_generator v2.7.14
[INFO] [stderr]    Compiling icu_locid_transform v1.5.0
[INFO] [stderr]    Compiling pest_derive v2.7.14
[INFO] [stderr]    Compiling icu_properties v1.5.1
[INFO] [stderr]    Compiling serde_json v1.0.132
[INFO] [stderr]    Compiling yab v0.1.0 (/opt/rustwide/workdir/crates/yab)
[INFO] [stderr]    Compiling serde_spanned v0.6.8
[INFO] [stderr]    Compiling toml_datetime v0.6.8
[INFO] [stderr]    Compiling toml_edit v0.19.15
[INFO] [stderr]    Compiling yab-e2e-tests v0.1.0 (/opt/rustwide/workdir/e2e-tests)
[INFO] [stderr]    Compiling handlebars v6.2.0
[INFO] [stderr]    Compiling icu_normalizer v1.5.0
[INFO] [stderr]    Compiling toml v0.7.8
[INFO] [stderr]    Compiling idna_adapter v1.2.0
[INFO] [stderr]    Compiling idna v1.0.3
[INFO] [stderr]    Compiling url v2.5.3
[INFO] [stderr]    Compiling term-transcript v0.4.0-beta.1 (https://github.com/slowli/term-transcript.git?rev=dbabdbe4f7a12790a45550554c89c6475131eab2#dbabdbe4)
[INFO] [stderr]    Compiling version-sync v0.9.5
[INFO] [stderr]     Finished `test` profile [unoptimized + debuginfo] target(s) in 1m 33s
[INFO] running `Command { std: "docker" "inspect" "58769ee4ea74fc893039c6b4fe13c71555e119f799a75dc736a0d66fb69f704e", kill_on_drop: false }`
[INFO] running `Command { std: "docker" "rm" "-f" "58769ee4ea74fc893039c6b4fe13c71555e119f799a75dc736a0d66fb69f704e", kill_on_drop: false }`
[INFO] [stdout] 58769ee4ea74fc893039c6b4fe13c71555e119f799a75dc736a0d66fb69f704e
[INFO] running `Command { std: "docker" "create" "-v" "/var/lib/crater-agent-workspace/builds/worker-3-tc1/target:/opt/rustwide/target:rw,Z" "-v" "/var/lib/crater-agent-workspace/builds/worker-3-tc1/source:/opt/rustwide/workdir:ro,Z" "-v" "/var/lib/crater-agent-workspace/cargo-home:/opt/rustwide/cargo-home:ro,Z" "-v" "/var/lib/crater-agent-workspace/rustup-home:/opt/rustwide/rustup-home:ro,Z" "-e" "SOURCE_DIR=/opt/rustwide/workdir" "-e" "CARGO_TARGET_DIR=/opt/rustwide/target" "-e" "CARGO_INCREMENTAL=0" "-e" "RUST_BACKTRACE=full" "-e" "RUSTFLAGS=--cap-lints=warn" "-e" "RUSTDOCFLAGS=--cap-lints=warn" "-e" "CARGO_HOME=/opt/rustwide/cargo-home" "-e" "RUSTUP_HOME=/opt/rustwide/rustup-home" "-w" "/opt/rustwide/workdir" "-m" "1610612736" "--user" "0:0" "--network" "none" "ghcr.io/rust-lang/crates-build-env/linux@sha256:f3a9d4ad9d972b27faf3965f35b62e55ba32bbce8f20bc8fe909558a86702fde" "/opt/rustwide/cargo-home/bin/cargo" "+1.83.0" "test" "--frozen", kill_on_drop: false }`
[INFO] [stdout] a8837c8cbb16884071fde4426ecab14791a5f210ef7b4996b57fe9614c78f9ed
[INFO] running `Command { std: "docker" "start" "-a" "a8837c8cbb16884071fde4426ecab14791a5f210ef7b4996b57fe9614c78f9ed", kill_on_drop: false }`
[INFO] [stderr]     Finished `test` profile [unoptimized + debuginfo] target(s) in 0.14s
[INFO] [stderr]      Running unittests src/lib.rs (/opt/rustwide/target/debug/deps/yab-76d63628e5ec10d1)
[INFO] [stdout] 
[INFO] [stdout] running 10 tests
[INFO] [stdout] test cachegrind::tests::parsing_full_cachegrind_output ... ok
[INFO] [stdout] test cachegrind::tests::serializing_stats ... ok
[INFO] [stdout] test options::tests::parsing_cachegrind_options ... ok
[INFO] [stdout] test cachegrind::tests::parsing_basic_cachegrind_output ... ok
[INFO] [stdout] test reporter::printer::tests::reporting_basic_stats_with_diff ... ok
[INFO] [stdout] test reporter::printer::tests::reporting_basic_stats ... ok
[INFO] [stdout] test reporter::printer::tests::reporting_full_stats_with_diff ... ok
[INFO] [stdout] test reporter::printer::tests::reporting_full_stats ... ok
[INFO] [stdout] test reporter::printer::tests::reporting_full_stats_verbosely ... ok
[INFO] [stdout] test utils::tests::using_semaphore ... ok
[INFO] [stdout] 
[INFO] [stdout] test result: ok. 10 passed; 0 failed; 0 ignored; 0 measured; 0 filtered out; finished in 0.30s
[INFO] [stdout] 
[INFO] [stdout] 
[INFO] [stdout] running 2 tests
[INFO] [stdout] test readme_is_in_sync ... ok
[INFO] [stderr]      Running tests/version_match.rs (/opt/rustwide/target/debug/deps/version_match-359b77e0180a0566)
[INFO] [stdout] test html_root_url_is_in_sync ... ok
[INFO] [stdout] 
[INFO] [stdout] test result: ok. 2 passed; 0 failed; 0 ignored; 0 measured; 0 filtered out; finished in 0.01s
[INFO] [stdout] 
[INFO] [stderr]      Running unittests src/lib.rs (/opt/rustwide/target/debug/deps/yab_e2e_tests-e69a13048469a337)
[INFO] [stdout] 
[INFO] [stdout] running 0 tests
[INFO] [stdout] 
[INFO] [stdout] test result: ok. 0 passed; 0 failed; 0 ignored; 0 measured; 0 filtered out; finished in 0.00s
[INFO] [stdout] 
[INFO] [stderr]      Running unittests src/bin/mock-cachegrind.rs (/opt/rustwide/target/debug/deps/mock_cachegrind-0abc41a1cf54b08f)
[INFO] [stdout] 
[INFO] [stdout] running 0 tests
[INFO] [stdout] 
[INFO] [stdout] test result: ok. 0 passed; 0 failed; 0 ignored; 0 measured; 0 filtered out; finished in 0.00s
[INFO] [stdout] 
[INFO] [stderr]      Running unittests src/main.rs (/opt/rustwide/target/debug/deps/yab_e2e_tests-ed2fd4202749ab1d)
[INFO] [stdout] 
[INFO] [stdout] running 0 tests
[INFO] [stdout] 
[INFO] [stdout] test result: ok. 0 passed; 0 failed; 0 ignored; 0 measured; 0 filtered out; finished in 0.00s
[INFO] [stdout] 
[INFO] [stderr]      Running tests/cli.rs (/opt/rustwide/target/debug/deps/cli-284317f5d3574570)
[INFO] [stdout] 
[INFO] [stdout] running 4 tests
[INFO] [stdout] test basic_transcript has been running for over 60 seconds
[INFO] [stdout] test comparison_transcript has been running for over 60 seconds
[INFO] [stdout] test quiet_transcript has been running for over 60 seconds
[INFO] [stdout] test verbose_transcript has been running for over 60 seconds
[INFO] [stdout] test quiet_transcript ... FAILED
[INFO] [stdout] test verbose_transcript ... FAILED
[INFO] [stdout] test basic_transcript ... FAILED
[INFO] [stdout] test comparison_transcript ... FAILED
[INFO] [stdout] 
[INFO] [stdout] failures:
[INFO] [stdout] 
[INFO] [stdout] ---- quiet_transcript stdout ----
[INFO] [stdout]   [-] Input: cargo bench --bench all -- --quiet fib
[INFO] [stdout]     [1mDiff[0m [31m< left[0m / [32mright >[0m :
[INFO] [stdout] [31m<   [√] fib_short (10ms)[0m
[INFO] [stdout] [31m<   ├ Instructions              1745[0m
[INFO] [stdout] [31m<   └ Est. cycles               2381[0m
[INFO] [stdout] [31m<   [√] fib_long (10ms)[0m
[INFO] [stdout] [31m<   ├ Instructions          26214745[0m
[INFO] [stdout] [31m<   └ Est. cycles           35638641[0m
[INFO] [stdout] [31m<   [√] fib/15 (10ms)[0m
[INFO] [stdout] [31m<   ├ Instructions             19232[0m
[INFO] [stdout] [31m<   └ Est. cycles              26155[0m
[INFO] [stdout] [31m<   [√] fib/20 (10ms)[0m
[INFO] [stdout] [31m<   ├ Instructions            213155[0m
[INFO] [stdout] [31m<   └ Est. cycles             289791[0m
[INFO] [stdout] [31m<   [√] fib/25 (10ms)[0m
[INFO] [stdout] [31m<   ├ Instructions           2363794[0m
[INFO] [stdout] [31m<   └ Est. cycles            3213559[0m
[INFO] [stdout] [31m<   [√] fib_capture (10ms)[0m
[INFO] [stdout] [31m<   ├ Instructions              1746[0m
[INFO] [stdout] [31m<   └ Est. cycles               2383[0m
[INFO] [stdout] [32m>   ERROR: I/O error executing cachegrind: No such file or directory (os error 2)[0m
[INFO] [stdout] [32m>   error: bench failed, to rerun pass `--bench all`[0m
[INFO] [stdout] [32m>   [0m
[INFO] [stdout] [32m>   Caused by:[0m
[INFO] [stdout] [32m>     process didn't exit successfully: `/opt/rustwide/target/release/deps/all-caab134549728b90 --quiet fib --bench` (exit status: 1)[0m
[INFO] [stdout]  
[INFO] [stdout] thread 'quiet_transcript' panicked at /opt/rustwide/cargo-home/git/checkouts/term-transcript-b71e4182ce2a377b/dbabdbe/lib/src/test/config_impl.rs:161:13:
[INFO] [stdout] Cannot create file for new snapshot `"../crates/yab/examples/quiet.new.svg"`: Read-only file system (os error 30)
[INFO] [stdout] stack backtrace:
[INFO] [stdout]    0:     0x62d7c2f55c1a - std::backtrace_rs::backtrace::libunwind::trace::h5a5b8284f2d0c266
[INFO] [stdout]                                at /rustc/90b35a6239c3d8bdabc530a6a0816f7ff89a0aaf/library/std/src/../../backtrace/src/backtrace/libunwind.rs:116:5
[INFO] [stdout]    1:     0x62d7c2f55c1a - std::backtrace_rs::backtrace::trace_unsynchronized::h76d4f1c9b0b875e3
[INFO] [stdout]                                at /rustc/90b35a6239c3d8bdabc530a6a0816f7ff89a0aaf/library/std/src/../../backtrace/src/backtrace/mod.rs:66:5
[INFO] [stdout]    2:     0x62d7c2f55c1a - std::sys::backtrace::_print_fmt::hc4546b8364a537c6
[INFO] [stdout]                                at /rustc/90b35a6239c3d8bdabc530a6a0816f7ff89a0aaf/library/std/src/sys/backtrace.rs:66:9
[INFO] [stdout]    3:     0x62d7c2f55c1a - <std::sys::backtrace::BacktraceLock::print::DisplayBacktrace as core::fmt::Display>::fmt::h5b6bd5631a6d1f6b
[INFO] [stdout]                                at /rustc/90b35a6239c3d8bdabc530a6a0816f7ff89a0aaf/library/std/src/sys/backtrace.rs:39:26
[INFO] [stdout]    4:     0x62d7c2f7c703 - core::fmt::rt::Argument::fmt::h270f6602a2b96f62
[INFO] [stdout]                                at /rustc/90b35a6239c3d8bdabc530a6a0816f7ff89a0aaf/library/core/src/fmt/rt.rs:177:76
[INFO] [stdout]    5:     0x62d7c2f7c703 - core::fmt::write::h7550c97b06c86515
[INFO] [stdout]                                at /rustc/90b35a6239c3d8bdabc530a6a0816f7ff89a0aaf/library/core/src/fmt/mod.rs:1186:21
[INFO] [stdout]    6:     0x62d7c2f52963 - std::io::Write::write_fmt::h509ff860e5956e5e
[INFO] [stdout]                                at /rustc/90b35a6239c3d8bdabc530a6a0816f7ff89a0aaf/library/std/src/io/mod.rs:1839:15
[INFO] [stdout]    7:     0x62d7c2f55a62 - std::sys::backtrace::BacktraceLock::print::h2395ccd2c84ba3aa
[INFO] [stdout]                                at /rustc/90b35a6239c3d8bdabc530a6a0816f7ff89a0aaf/library/std/src/sys/backtrace.rs:42:9
[INFO] [stdout]    8:     0x62d7c2f5707a - std::panicking::default_hook::{{closure}}::he19d4c7230e07961
[INFO] [stdout]                                at /rustc/90b35a6239c3d8bdabc530a6a0816f7ff89a0aaf/library/std/src/panicking.rs:268:22
[INFO] [stdout]    9:     0x62d7c2f56e84 - std::panicking::default_hook::hf614597d3c67bbdb
[INFO] [stdout]                                at /rustc/90b35a6239c3d8bdabc530a6a0816f7ff89a0aaf/library/std/src/panicking.rs:292:9
[INFO] [stdout]   10:     0x62d7c2ab02e9 - <alloc::boxed::Box<F,A> as core::ops::function::Fn<Args>>::call::h39b51ce4599c23d1
[INFO] [stdout]                                at /rustc/90b35a6239c3d8bdabc530a6a0816f7ff89a0aaf/library/alloc/src/boxed.rs:2468:9
[INFO] [stdout]   11:     0x62d7c2ab02e9 - test::test_main::{{closure}}::he977ae839a582784
[INFO] [stdout]                                at /rustc/90b35a6239c3d8bdabc530a6a0816f7ff89a0aaf/library/test/src/lib.rs:133:21
[INFO] [stdout]   12:     0x62d7c2f57718 - <alloc::boxed::Box<F,A> as core::ops::function::Fn<Args>>::call::h9455091b6b06f9fb
[INFO] [stdout]                                at /rustc/90b35a6239c3d8bdabc530a6a0816f7ff89a0aaf/library/alloc/src/boxed.rs:2468:9
[INFO] [stdout]   13:     0x62d7c2f57718 - std::panicking::rust_panic_with_hook::h8942133a8b252070
[INFO] [stdout]                                at /rustc/90b35a6239c3d8bdabc530a6a0816f7ff89a0aaf/library/std/src/panicking.rs:809:13
[INFO] [stdout]   14:     0x62d7c2f574da - std::panicking::begin_panic_handler::{{closure}}::hb5f5963570096b29
[INFO] [stdout]                                at /rustc/90b35a6239c3d8bdabc530a6a0816f7ff89a0aaf/library/std/src/panicking.rs:674:13
[INFO] [stdout]   15:     0x62d7c2f560f9 - std::sys::backtrace::__rust_end_short_backtrace::h6208cedc1922feda
[INFO] [stdout]                                at /rustc/90b35a6239c3d8bdabc530a6a0816f7ff89a0aaf/library/std/src/sys/backtrace.rs:170:18
[INFO] [stdout]   16:     0x62d7c2f5716c - rust_begin_unwind
[INFO] [stdout]                                at /rustc/90b35a6239c3d8bdabc530a6a0816f7ff89a0aaf/library/std/src/panicking.rs:665:5
[INFO] [stdout]   17:     0x62d7c2a1f220 - core::panicking::panic_fmt::h0c3082644d1bf418
[INFO] [stdout]                                at /rustc/90b35a6239c3d8bdabc530a6a0816f7ff89a0aaf/library/core/src/panicking.rs:74:14
[INFO] [stdout]   18:     0x62d7c2a62f66 - term_transcript::test::config_impl::<impl term_transcript::test::TestConfig<Cmd,F>>::write_new_snapshot::{{closure}}::hd41a26c15d994765
[INFO] [stdout]                                at /opt/rustwide/cargo-home/git/checkouts/term-transcript-b71e4182ce2a377b/dbabdbe/lib/src/test/config_impl.rs:161:13
[INFO] [stdout]   19:     0x62d7c2a2fd45 - core::result::Result<T,E>::unwrap_or_else::hcdcfb6569900204b
[INFO] [stdout]                                at /rustc/90b35a6239c3d8bdabc530a6a0816f7ff89a0aaf/library/core/src/result.rs:1458:23
[INFO] [stdout]   20:     0x62d7c2a62c8d - term_transcript::test::config_impl::<impl term_transcript::test::TestConfig<Cmd,F>>::write_new_snapshot::h86467d83dc8a7e8c
[INFO] [stdout]                                at /opt/rustwide/cargo-home/git/checkouts/term-transcript-b71e4182ce2a377b/dbabdbe/lib/src/test/config_impl.rs:160:28
[INFO] [stdout]   21:     0x62d7c2a671cc - term_transcript::test::config_impl::<impl term_transcript::test::TestConfig<Cmd,F>>::compare_and_test_transcript::hb2e6d2cb5a26e0f0
[INFO] [stdout]                                at /opt/rustwide/cargo-home/git/checkouts/term-transcript-b71e4182ce2a377b/dbabdbe/lib/src/test/config_impl.rs:124:40
[INFO] [stdout]   22:     0x62d7c2a67d89 - term_transcript::test::config_impl::<impl term_transcript::test::TestConfig<Cmd,F>>::test::h5fa925ca8aaeff5e
[INFO] [stdout]                                at /opt/rustwide/cargo-home/git/checkouts/term-transcript-b71e4182ce2a377b/dbabdbe/lib/src/test/config_impl.rs:82:13
[INFO] [stdout]   23:     0x62d7c2a776b5 - cli::quiet_transcript::h59deb8e2a90ab96c
[INFO] [stdout]                                at /opt/rustwide/workdir/e2e-tests/tests/cli.rs:127:5
[INFO] [stdout]   24:     0x62d7c2a77507 - cli::quiet_transcript::{{closure}}::he8f995b68d7bfc60
[INFO] [stdout]                                at /opt/rustwide/workdir/e2e-tests/tests/cli.rs:125:22
[INFO] [stdout]   25:     0x62d7c2a3c156 - core::ops::function::FnOnce::call_once::hbb045a4b861c425d
[INFO] [stdout]                                at /rustc/90b35a6239c3d8bdabc530a6a0816f7ff89a0aaf/library/core/src/ops/function.rs:250:5
[INFO] [stdout]   26:     0x62d7c2ab4cab - core::ops::function::FnOnce::call_once::h109cf8051a59b34e
[INFO] [stdout]                                at /rustc/90b35a6239c3d8bdabc530a6a0816f7ff89a0aaf/library/core/src/ops/function.rs:250:5
[INFO] [stdout]   27:     0x62d7c2ab4cab - test::__rust_begin_short_backtrace::hf4fff89d377446ba
[INFO] [stdout]                                at /rustc/90b35a6239c3d8bdabc530a6a0816f7ff89a0aaf/library/test/src/lib.rs:621:18
[INFO] [stdout]   28:     0x62d7c2ab44e7 - test::run_test_in_process::{{closure}}::h0e39181dd7ee5a43
[INFO] [stdout]                                at /rustc/90b35a6239c3d8bdabc530a6a0816f7ff89a0aaf/library/test/src/lib.rs:644:60
[INFO] [stdout]   29:     0x62d7c2ab44e7 - <core::panic::unwind_safe::AssertUnwindSafe<F> as core::ops::function::FnOnce<()>>::call_once::hc5a66a30f0bdfd1f
[INFO] [stdout]                                at /rustc/90b35a6239c3d8bdabc530a6a0816f7ff89a0aaf/library/core/src/panic/unwind_safe.rs:272:9
[INFO] [stdout]   30:     0x62d7c2ab44e7 - std::panicking::try::do_call::h873b7cf639554a5e
[INFO] [stdout]                                at /rustc/90b35a6239c3d8bdabc530a6a0816f7ff89a0aaf/library/std/src/panicking.rs:557:40
[INFO] [stdout]   31:     0x62d7c2ab44e7 - std::panicking::try::hdb19862fad9c8bd1
[INFO] [stdout]                                at /rustc/90b35a6239c3d8bdabc530a6a0816f7ff89a0aaf/library/std/src/panicking.rs:520:19
[INFO] [stdout]   32:     0x62d7c2ab44e7 - std::panic::catch_unwind::h281fe732d236d260
[INFO] [stdout]                                at /rustc/90b35a6239c3d8bdabc530a6a0816f7ff89a0aaf/library/std/src/panic.rs:358:14
[INFO] [stdout]   33:     0x62d7c2ab44e7 - test::run_test_in_process::h949b6df8457ed338
[INFO] [stdout]                                at /rustc/90b35a6239c3d8bdabc530a6a0816f7ff89a0aaf/library/test/src/lib.rs:644:27
[INFO] [stdout]   34:     0x62d7c2ab44e7 - test::run_test::{{closure}}::h52c556a6d4740e10
[INFO] [stdout]                                at /rustc/90b35a6239c3d8bdabc530a6a0816f7ff89a0aaf/library/test/src/lib.rs:565:43
[INFO] [stdout]   35:     0x62d7c2a797c4 - test::run_test::{{closure}}::h4237f6381c45ccb9
[INFO] [stdout]                                at /rustc/90b35a6239c3d8bdabc530a6a0816f7ff89a0aaf/library/test/src/lib.rs:595:41
[INFO] [stdout]   36:     0x62d7c2a797c4 - std::sys::backtrace::__rust_begin_short_backtrace::h505c97a579eca628
[INFO] [stdout]                                at /rustc/90b35a6239c3d8bdabc530a6a0816f7ff89a0aaf/library/std/src/sys/backtrace.rs:154:18
[INFO] [stdout]   37:     0x62d7c2a7ce8e - std::thread::Builder::spawn_unchecked_::{{closure}}::{{closure}}::h9e86b2e2bc107ea3
[INFO] [stdout]                                at /rustc/90b35a6239c3d8bdabc530a6a0816f7ff89a0aaf/library/std/src/thread/mod.rs:538:17
[INFO] [stdout]   38:     0x62d7c2a7ce8e - <core::panic::unwind_safe::AssertUnwindSafe<F> as core::ops::function::FnOnce<()>>::call_once::h8b06ddb275ff4a25
[INFO] [stdout]                                at /rustc/90b35a6239c3d8bdabc530a6a0816f7ff89a0aaf/library/core/src/panic/unwind_safe.rs:272:9
[INFO] [stdout]   39:     0x62d7c2a7ce8e - std::panicking::try::do_call::hb26ecd7cd9a9355d
[INFO] [stdout]                                at /rustc/90b35a6239c3d8bdabc530a6a0816f7ff89a0aaf/library/std/src/panicking.rs:557:40
[INFO] [stdout]   40:     0x62d7c2a7ce8e - std::panicking::try::h8ddeca9d705f9069
[INFO] [stdout]                                at /rustc/90b35a6239c3d8bdabc530a6a0816f7ff89a0aaf/library/std/src/panicking.rs:520:19
[INFO] [stdout]   41:     0x62d7c2a7ce8e - std::panic::catch_unwind::h49e1c33078844c46
[INFO] [stdout]                                at /rustc/90b35a6239c3d8bdabc530a6a0816f7ff89a0aaf/library/std/src/panic.rs:358:14
[INFO] [stdout]   42:     0x62d7c2a7ce8e - std::thread::Builder::spawn_unchecked_::{{closure}}::h6073db6ff56ad35d
[INFO] [stdout]                                at /rustc/90b35a6239c3d8bdabc530a6a0816f7ff89a0aaf/library/std/src/thread/mod.rs:537:30
[INFO] [stdout]   43:     0x62d7c2a7ce8e - core::ops::function::FnOnce::call_once{{vtable.shim}}::h2c5a5f3779c774f1
[INFO] [stdout]                                at /rustc/90b35a6239c3d8bdabc530a6a0816f7ff89a0aaf/library/core/src/ops/function.rs:250:5
[INFO] [stdout]   44:     0x62d7c2f5c14b - <alloc::boxed::Box<F,A> as core::ops::function::FnOnce<Args>>::call_once::hf75717d9f28faebf
[INFO] [stdout]                                at /rustc/90b35a6239c3d8bdabc530a6a0816f7ff89a0aaf/library/alloc/src/boxed.rs:2454:9
[INFO] [stdout]   45:     0x62d7c2f5c14b - <alloc::boxed::Box<F,A> as core::ops::function::FnOnce<Args>>::call_once::h7bd883a5f3c5f3c1
[INFO] [stdout]                                at /rustc/90b35a6239c3d8bdabc530a6a0816f7ff89a0aaf/library/alloc/src/boxed.rs:2454:9
[INFO] [stdout]   46:     0x62d7c2f5c14b - std::sys::pal::unix::thread::Thread::new::thread_start::hcc78f3943333fa94
[INFO] [stdout]                                at /rustc/90b35a6239c3d8bdabc530a6a0816f7ff89a0aaf/library/std/src/sys/pal/unix/thread.rs:105:17
[INFO] [stdout]   47:     0x77c583303ac3 - <unknown>
[INFO] [stdout]   48:     0x77c583394a04 - clone
[INFO] [stdout]   49:                0x0 - <unknown>
[INFO] [stdout] 
[INFO] [stdout] ---- verbose_transcript stdout ----
[INFO] [stdout]   [-] Input: cargo bench --bench all -- --quiet random_walk/10000000
[INFO] [stdout]     [1mDiff[0m [31m< left[0m / [32mright >[0m :
[INFO] [stdout] [31m<   [√] random_walk/10000000 (10ms)[0m
[INFO] [stdout] [31m<   ├ Instructions           1800023[0m
[INFO] [stdout] [31m<   └ Est. cycles            3040455[0m
[INFO] [stdout] [32m>   ERROR: I/O error executing cachegrind: No such file or directory (os error 2)[0m
[INFO] [stdout] [32m>   error: bench failed, to rerun pass `--bench all`[0m
[INFO] [stdout] [32m>   [0m
[INFO] [stdout] [32m>   Caused by:[0m
[INFO] [stdout] [32m>     process didn't exit successfully: `/opt/rustwide/target/release/deps/all-caab134549728b90 --quiet random_walk/10000000 --bench` (exit status: 1)[0m
[INFO] [stdout]  
[INFO] [stdout]   [+] Input: export CACHEGRIND_WRAPPER="$CACHEGRIND_WRAPPER:--profile=comparison"
[INFO] [stdout]   [-] Input: cargo bench --bench all -- --verbose random_walk/10000000
[INFO] [stdout] # after some changes...
[INFO] [stdout]     [1mDiff[0m [31m< left[0m / [32mright >[0m :
[INFO] [stdout]     DEBUG: Started benchmarking with options: BenchOptions { .. }
[INFO] [stdout] [31m<   DEBUG: Using cachegrind with version valgrind-3.23.0[0m
[INFO] [stdout] [31m<   [*] random_walk/10000000 @ e2e-tests/src/lib.rs:50: started[0m
[INFO] [stdout] [31m<   [*] random_walk/10000000 @ e2e-tests/src/lib.rs:50: captured baseline (1771211 instructions)[0m
[INFO] [stdout] [31m<   [√] random_walk/10000000 @ e2e-tests/src/lib.rs:50 (10ms)[0m
[INFO] [stdout] [31m<   ├ Instructions           1770011       -30012 (-1.67%)[0m
[INFO] [stdout] [31m<   ├ L1 hits                2140042       -60033 (-2.73%)[0m
[INFO] [stdout] [31m<   │ ├ Instr.               1770011       -30012 (-1.67%)[0m
[INFO] [stdout] [31m<   │ ├ Data reads            180024       -20022 (-10.01%)[0m
[INFO] [stdout] [31m<   │ └ Data writes           190007        -9999 (-5.00%)[0m
[INFO] [stdout] [31m<   ├ L2/L3 hits               88676          +64 (+0.07%)[0m
[INFO] [stdout] [31m<   │ ├ Data reads             88676          +65 (+0.07%)[0m
[INFO] [stdout] [31m<   │ └ Data writes                0           -1 (-100.00%)[0m
[INFO] [stdout] [31m<   ├ RAM accesses             11309          -43 (-0.38%)[0m
[INFO] [stdout] [31m<   │ └ Data reads             11309          -43 (-0.38%)[0m
[INFO] [stdout] [31m<   └ Est. cycles            2979237       -61218 (-2.01%)[0m
[INFO] [stdout] [32m>   ERROR: I/O error executing cachegrind: No such file or directory (os error 2)[0m
[INFO] [stdout] [32m>   error: bench failed, to rerun pass `--bench all`[0m
[INFO] [stdout] [32m>   [0m
[INFO] [stdout] [32m>   Caused by:[0m
[INFO] [stdout] [32m>     process didn't exit successfully: `/opt/rustwide/target/release/deps/all-caab134549728b90 --verbose random_walk/10000000 --bench` (exit status: 1)[0m
[INFO] [stdout]  
[INFO] [stdout] thread 'verbose_transcript' panicked at /opt/rustwide/cargo-home/git/checkouts/term-transcript-b71e4182ce2a377b/dbabdbe/lib/src/test/config_impl.rs:161:13:
[INFO] [stdout] Cannot create file for new snapshot `"../crates/yab/examples/verbose.new.svg"`: Read-only file system (os error 30)
[INFO] [stdout] stack backtrace:
[INFO] [stdout]    0:     0x62d7c2f55c1a - std::backtrace_rs::backtrace::libunwind::trace::h5a5b8284f2d0c266
[INFO] [stdout]                                at /rustc/90b35a6239c3d8bdabc530a6a0816f7ff89a0aaf/library/std/src/../../backtrace/src/backtrace/libunwind.rs:116:5
[INFO] [stdout]    1:     0x62d7c2f55c1a - std::backtrace_rs::backtrace::trace_unsynchronized::h76d4f1c9b0b875e3
[INFO] [stdout]                                at /rustc/90b35a6239c3d8bdabc530a6a0816f7ff89a0aaf/library/std/src/../../backtrace/src/backtrace/mod.rs:66:5
[INFO] [stdout]    2:     0x62d7c2f55c1a - std::sys::backtrace::_print_fmt::hc4546b8364a537c6
[INFO] [stdout]                                at /rustc/90b35a6239c3d8bdabc530a6a0816f7ff89a0aaf/library/std/src/sys/backtrace.rs:66:9
[INFO] [stdout]    3:     0x62d7c2f55c1a - <std::sys::backtrace::BacktraceLock::print::DisplayBacktrace as core::fmt::Display>::fmt::h5b6bd5631a6d1f6b
[INFO] [stdout]                                at /rustc/90b35a6239c3d8bdabc530a6a0816f7ff89a0aaf/library/std/src/sys/backtrace.rs:39:26
[INFO] [stdout]    4:     0x62d7c2f7c703 - core::fmt::rt::Argument::fmt::h270f6602a2b96f62
[INFO] [stdout]                                at /rustc/90b35a6239c3d8bdabc530a6a0816f7ff89a0aaf/library/core/src/fmt/rt.rs:177:76
[INFO] [stdout]    5:     0x62d7c2f7c703 - core::fmt::write::h7550c97b06c86515
[INFO] [stdout]                                at /rustc/90b35a6239c3d8bdabc530a6a0816f7ff89a0aaf/library/core/src/fmt/mod.rs:1186:21
[INFO] [stdout]    6:     0x62d7c2f52963 - std::io::Write::write_fmt::h509ff860e5956e5e
[INFO] [stdout]                                at /rustc/90b35a6239c3d8bdabc530a6a0816f7ff89a0aaf/library/std/src/io/mod.rs:1839:15
[INFO] [stdout]    7:     0x62d7c2f55a62 - std::sys::backtrace::BacktraceLock::print::h2395ccd2c84ba3aa
[INFO] [stdout]                                at /rustc/90b35a6239c3d8bdabc530a6a0816f7ff89a0aaf/library/std/src/sys/backtrace.rs:42:9
[INFO] [stdout]    8:     0x62d7c2f5707a - std::panicking::default_hook::{{closure}}::he19d4c7230e07961
[INFO] [stdout]                                at /rustc/90b35a6239c3d8bdabc530a6a0816f7ff89a0aaf/library/std/src/panicking.rs:268:22
[INFO] [stdout]    9:     0x62d7c2f56e84 - std::panicking::default_hook::hf614597d3c67bbdb
[INFO] [stdout]                                at /rustc/90b35a6239c3d8bdabc530a6a0816f7ff89a0aaf/library/std/src/panicking.rs:292:9
[INFO] [stdout]   10:     0x62d7c2ab02e9 - <alloc::boxed::Box<F,A> as core::ops::function::Fn<Args>>::call::h39b51ce4599c23d1
[INFO] [stdout]                                at /rustc/90b35a6239c3d8bdabc530a6a0816f7ff89a0aaf/library/alloc/src/boxed.rs:2468:9
[INFO] [stdout]   11:     0x62d7c2ab02e9 - test::test_main::{{closure}}::he977ae839a582784
[INFO] [stdout]                                at /rustc/90b35a6239c3d8bdabc530a6a0816f7ff89a0aaf/library/test/src/lib.rs:133:21
[INFO] [stdout]   12:     0x62d7c2f57718 - <alloc::boxed::Box<F,A> as core::ops::function::Fn<Args>>::call::h9455091b6b06f9fb
[INFO] [stdout]                                at /rustc/90b35a6239c3d8bdabc530a6a0816f7ff89a0aaf/library/alloc/src/boxed.rs:2468:9
[INFO] [stdout]   13:     0x62d7c2f57718 - std::panicking::rust_panic_with_hook::h8942133a8b252070
[INFO] [stdout]                                at /rustc/90b35a6239c3d8bdabc530a6a0816f7ff89a0aaf/library/std/src/panicking.rs:809:13
[INFO] [stdout]   14:     0x62d7c2f574da - std::panicking::begin_panic_handler::{{closure}}::hb5f5963570096b29
[INFO] [stdout]                                at /rustc/90b35a6239c3d8bdabc530a6a0816f7ff89a0aaf/library/std/src/panicking.rs:674:13
[INFO] [stdout]   15:     0x62d7c2f560f9 - std::sys::backtrace::__rust_end_short_backtrace::h6208cedc1922feda
[INFO] [stdout]                                at /rustc/90b35a6239c3d8bdabc530a6a0816f7ff89a0aaf/library/std/src/sys/backtrace.rs:170:18
[INFO] [stdout]   16:     0x62d7c2f5716c - rust_begin_unwind
[INFO] [stdout]                                at /rustc/90b35a6239c3d8bdabc530a6a0816f7ff89a0aaf/library/std/src/panicking.rs:665:5
[INFO] [stdout]   17:     0x62d7c2a1f220 - core::panicking::panic_fmt::h0c3082644d1bf418
[INFO] [stdout]                                at /rustc/90b35a6239c3d8bdabc530a6a0816f7ff89a0aaf/library/core/src/panicking.rs:74:14
[INFO] [stdout]   18:     0x62d7c2a62f66 - term_transcript::test::config_impl::<impl term_transcript::test::TestConfig<Cmd,F>>::write_new_snapshot::{{closure}}::hd41a26c15d994765
[INFO] [stdout]                                at /opt/rustwide/cargo-home/git/checkouts/term-transcript-b71e4182ce2a377b/dbabdbe/lib/src/test/config_impl.rs:161:13
[INFO] [stdout]   19:     0x62d7c2a2fd45 - core::result::Result<T,E>::unwrap_or_else::hcdcfb6569900204b
[INFO] [stdout]                                at /rustc/90b35a6239c3d8bdabc530a6a0816f7ff89a0aaf/library/core/src/result.rs:1458:23
[INFO] [stdout]   20:     0x62d7c2a62c8d - term_transcript::test::config_impl::<impl term_transcript::test::TestConfig<Cmd,F>>::write_new_snapshot::h86467d83dc8a7e8c
[INFO] [stdout]                                at /opt/rustwide/cargo-home/git/checkouts/term-transcript-b71e4182ce2a377b/dbabdbe/lib/src/test/config_impl.rs:160:28
[INFO] [stdout]   21:     0x62d7c2a671cc - term_transcript::test::config_impl::<impl term_transcript::test::TestConfig<Cmd,F>>::compare_and_test_transcript::hb2e6d2cb5a26e0f0
[INFO] [stdout]                                at /opt/rustwide/cargo-home/git/checkouts/term-transcript-b71e4182ce2a377b/dbabdbe/lib/src/test/config_impl.rs:124:40
[INFO] [stdout]   22:     0x62d7c2a682b5 - term_transcript::test::config_impl::<impl term_transcript::test::TestConfig<Cmd,F>>::test::hc197ff57342c441b
[INFO] [stdout]                                at /opt/rustwide/cargo-home/git/checkouts/term-transcript-b71e4182ce2a377b/dbabdbe/lib/src/test/config_impl.rs:82:13
[INFO] [stdout]   23:     0x62d7c2a77f12 - cli::verbose_transcript::h47e42a3b1b60a88c
[INFO] [stdout]                                at /opt/rustwide/workdir/e2e-tests/tests/cli.rs:152:5
[INFO] [stdout]   24:     0x62d7c2a77bb7 - cli::verbose_transcript::{{closure}}::hda1562c977d26fdb
[INFO] [stdout]                                at /opt/rustwide/workdir/e2e-tests/tests/cli.rs:150:24
[INFO] [stdout]   25:     0x62d7c2a3c0b6 - core::ops::function::FnOnce::call_once::h9eb2c72d18e66923
[INFO] [stdout]                                at /rustc/90b35a6239c3d8bdabc530a6a0816f7ff89a0aaf/library/core/src/ops/function.rs:250:5
[INFO] [stdout]   26:     0x62d7c2ab4cab - core::ops::function::FnOnce::call_once::h109cf8051a59b34e
[INFO] [stdout]                                at /rustc/90b35a6239c3d8bdabc530a6a0816f7ff89a0aaf/library/core/src/ops/function.rs:250:5
[INFO] [stdout]   27:     0x62d7c2ab4cab - test::__rust_begin_short_backtrace::hf4fff89d377446ba
[INFO] [stdout]                                at /rustc/90b35a6239c3d8bdabc530a6a0816f7ff89a0aaf/library/test/src/lib.rs:621:18
[INFO] [stdout]   28:     0x62d7c2ab44e7 - test::run_test_in_process::{{closure}}::h0e39181dd7ee5a43
[INFO] [stdout]                                at /rustc/90b35a6239c3d8bdabc530a6a0816f7ff89a0aaf/library/test/src/lib.rs:644:60
[INFO] [stdout]   29:     0x62d7c2ab44e7 - <core::panic::unwind_safe::AssertUnwindSafe<F> as core::ops::function::FnOnce<()>>::call_once::hc5a66a30f0bdfd1f
[INFO] [stdout]                                at /rustc/90b35a6239c3d8bdabc530a6a0816f7ff89a0aaf/library/core/src/panic/unwind_safe.rs:272:9
[INFO] [stdout]   30:     0x62d7c2ab44e7 - std::panicking::try::do_call::h873b7cf639554a5e
[INFO] [stdout]                                at /rustc/90b35a6239c3d8bdabc530a6a0816f7ff89a0aaf/library/std/src/panicking.rs:557:40
[INFO] [stdout]   31:     0x62d7c2ab44e7 - std::panicking::try::hdb19862fad9c8bd1
[INFO] [stdout]                                at /rustc/90b35a6239c3d8bdabc530a6a0816f7ff89a0aaf/library/std/src/panicking.rs:520:19
[INFO] [stdout]   32:     0x62d7c2ab44e7 - std::panic::catch_unwind::h281fe732d236d260
[INFO] [stdout]                                at /rustc/90b35a6239c3d8bdabc530a6a0816f7ff89a0aaf/library/std/src/panic.rs:358:14
[INFO] [stdout]   33:     0x62d7c2ab44e7 - test::run_test_in_process::h949b6df8457ed338
[INFO] [stdout]                                at /rustc/90b35a6239c3d8bdabc530a6a0816f7ff89a0aaf/library/test/src/lib.rs:644:27
[INFO] [stdout]   34:     0x62d7c2ab44e7 - test::run_test::{{closure}}::h52c556a6d4740e10
[INFO] [stdout]                                at /rustc/90b35a6239c3d8bdabc530a6a0816f7ff89a0aaf/library/test/src/lib.rs:565:43
[INFO] [stdout]   35:     0x62d7c2a797c4 - test::run_test::{{closure}}::h4237f6381c45ccb9
[INFO] [stdout]                                at /rustc/90b35a6239c3d8bdabc530a6a0816f7ff89a0aaf/library/test/src/lib.rs:595:41
[INFO] [stdout]   36:     0x62d7c2a797c4 - std::sys::backtrace::__rust_begin_short_backtrace::h505c97a579eca628
[INFO] [stdout]                                at /rustc/90b35a6239c3d8bdabc530a6a0816f7ff89a0aaf/library/std/src/sys/backtrace.rs:154:18
[INFO] [stdout]   37:     0x62d7c2a7ce8e - std::thread::Builder::spawn_unchecked_::{{closure}}::{{closure}}::h9e86b2e2bc107ea3
[INFO] [stdout]                                at /rustc/90b35a6239c3d8bdabc530a6a0816f7ff89a0aaf/library/std/src/thread/mod.rs:538:17
[INFO] [stdout]   38:     0x62d7c2a7ce8e - <core::panic::unwind_safe::AssertUnwindSafe<F> as core::ops::function::FnOnce<()>>::call_once::h8b06ddb275ff4a25
[INFO] [stdout]                                at /rustc/90b35a6239c3d8bdabc530a6a0816f7ff89a0aaf/library/core/src/panic/unwind_safe.rs:272:9
[INFO] [stdout]   39:     0x62d7c2a7ce8e - std::panicking::try::do_call::hb26ecd7cd9a9355d
[INFO] [stdout]                                at /rustc/90b35a6239c3d8bdabc530a6a0816f7ff89a0aaf/library/std/src/panicking.rs:557:40
[INFO] [stdout]   40:     0x62d7c2a7ce8e - std::panicking::try::h8ddeca9d705f9069
[INFO] [stdout]                                at /rustc/90b35a6239c3d8bdabc530a6a0816f7ff89a0aaf/library/std/src/panicking.rs:520:19
[INFO] [stdout]   41:     0x62d7c2a7ce8e - std::panic::catch_unwind::h49e1c33078844c46
[INFO] [stdout]                                at /rustc/90b35a6239c3d8bdabc530a6a0816f7ff89a0aaf/library/std/src/panic.rs:358:14
[INFO] [stdout]   42:     0x62d7c2a7ce8e - std::thread::Builder::spawn_unchecked_::{{closure}}::h6073db6ff56ad35d
[INFO] [stdout]                                at /rustc/90b35a6239c3d8bdabc530a6a0816f7ff89a0aaf/library/std/src/thread/mod.rs:537:30
[INFO] [stdout]   43:     0x62d7c2a7ce8e - core::ops::function::FnOnce::call_once{{vtable.shim}}::h2c5a5f3779c774f1
[INFO] [stdout]                                at /rustc/90b35a6239c3d8bdabc530a6a0816f7ff89a0aaf/library/core/src/ops/function.rs:250:5
[INFO] [stdout]   44:     0x62d7c2f5c14b - <alloc::boxed::Box<F,A> as core::ops::function::FnOnce<Args>>::call_once::hf75717d9f28faebf
[INFO] [stdout]                                at /rustc/90b35a6239c3d8bdabc530a6a0816f7ff89a0aaf/library/alloc/src/boxed.rs:2454:9
[INFO] [stdout]   45:     0x62d7c2f5c14b - <alloc::boxed::Box<F,A> as core::ops::function::FnOnce<Args>>::call_once::h7bd883a5f3c5f3c1
[INFO] [stdout]                                at /rustc/90b35a6239c3d8bdabc530a6a0816f7ff89a0aaf/library/alloc/src/boxed.rs:2454:9
[INFO] [stdout]   46:     0x62d7c2f5c14b - std::sys::pal::unix::thread::Thread::new::thread_start::hcc78f3943333fa94
[INFO] [stdout]                                at /rustc/90b35a6239c3d8bdabc530a6a0816f7ff89a0aaf/library/std/src/sys/pal/unix/thread.rs:105:17
[INFO] [stdout]   47:     0x77c583303ac3 - <unknown>
[INFO] [stdout]   48:     0x77c583394a04 - clone
[INFO] [stdout]   49:                0x0 - <unknown>
[INFO] [stdout] 
[INFO] [stdout] ---- basic_transcript stdout ----
[INFO] [stdout]   [-] Input: cargo bench --bench all -- fib/
[INFO] [stdout]     [1mDiff[0m [31m< left[0m / [32mright >[0m :
[INFO] [stdout] [31m<   [√] fib/15 (10ms)[0m
[INFO] [stdout] [31m<   ├ Instructions             19232[0m
[INFO] [stdout] [31m<   ├ L1 hits                  26155[0m
[INFO] [stdout] [31m<   ├ L2/L3 hits                   0[0m
[INFO] [stdout] [31m<   ├ RAM accesses                 0[0m
[INFO] [stdout] [31m<   └ Est. cycles              26155[0m
[INFO] [stdout] [31m<   [√] fib/20 (10ms)[0m
[INFO] [stdout] [31m<   ├ Instructions            213155[0m
[INFO] [stdout] [31m<   ├ L1 hits                 289791[0m
[INFO] [stdout] [31m<   ├ L2/L3 hits                   0[0m
[INFO] [stderr] error: test failed, to rerun pass `-p yab-e2e-tests --test cli`
[INFO] [stdout] [31m<   ├ RAM accesses                 0[0m
[INFO] [stdout] [31m<   └ Est. cycles             289791[0m
[INFO] [stdout] [31m<   [√] fib/25 (10ms)[0m
[INFO] [stdout] [31m<   ├ Instructions           2363794[0m
[INFO] [stdout] [31m<   ├ L1 hits                3213559[0m
[INFO] [stdout] [31m<   ├ L2/L3 hits                   0[0m
[INFO] [stdout] [31m<   ├ RAM accesses                 0[0m
[INFO] [stdout] [31m<   └ Est. cycles            3213559[0m
[INFO] [stdout] [32m>   ERROR: I/O error executing cachegrind: No such file or directory (os error 2)[0m
[INFO] [stdout] [32m>   error: bench failed, to rerun pass `--bench all`[0m
[INFO] [stdout] [32m>   [0m
[INFO] [stdout] [32m>   Caused by:[0m
[INFO] [stdout] [32m>     process didn't exit successfully: `/opt/rustwide/target/release/deps/all-caab134549728b90 fib/ --bench` (exit status: 1)[0m
[INFO] [stdout]  
[INFO] [stdout] thread 'basic_transcript' panicked at /opt/rustwide/cargo-home/git/checkouts/term-transcript-b71e4182ce2a377b/dbabdbe/lib/src/test/config_impl.rs:161:13:
[INFO] [stdout] Cannot create file for new snapshot `"../crates/yab/examples/basic.new.svg"`: Read-only file system (os error 30)
[INFO] [stdout] stack backtrace:
[INFO] [stdout]    0:     0x62d7c2f55c1a - std::backtrace_rs::backtrace::libunwind::trace::h5a5b8284f2d0c266
[INFO] [stdout]                                at /rustc/90b35a6239c3d8bdabc530a6a0816f7ff89a0aaf/library/std/src/../../backtrace/src/backtrace/libunwind.rs:116:5
[INFO] [stdout]    1:     0x62d7c2f55c1a - std::backtrace_rs::backtrace::trace_unsynchronized::h76d4f1c9b0b875e3
[INFO] [stdout]                                at /rustc/90b35a6239c3d8bdabc530a6a0816f7ff89a0aaf/library/std/src/../../backtrace/src/backtrace/mod.rs:66:5
[INFO] [stdout]    2:     0x62d7c2f55c1a - std::sys::backtrace::_print_fmt::hc4546b8364a537c6
[INFO] [stdout]                                at /rustc/90b35a6239c3d8bdabc530a6a0816f7ff89a0aaf/library/std/src/sys/backtrace.rs:66:9
[INFO] [stdout]    3:     0x62d7c2f55c1a - <std::sys::backtrace::BacktraceLock::print::DisplayBacktrace as core::fmt::Display>::fmt::h5b6bd5631a6d1f6b
[INFO] [stdout]                                at /rustc/90b35a6239c3d8bdabc530a6a0816f7ff89a0aaf/library/std/src/sys/backtrace.rs:39:26
[INFO] [stdout]    4:     0x62d7c2f7c703 - core::fmt::rt::Argument::fmt::h270f6602a2b96f62
[INFO] [stdout]                                at /rustc/90b35a6239c3d8bdabc530a6a0816f7ff89a0aaf/library/core/src/fmt/rt.rs:177:76
[INFO] [stdout]    5:     0x62d7c2f7c703 - core::fmt::write::h7550c97b06c86515
[INFO] [stdout]                                at /rustc/90b35a6239c3d8bdabc530a6a0816f7ff89a0aaf/library/core/src/fmt/mod.rs:1186:21
[INFO] [stdout]    6:     0x62d7c2f52963 - std::io::Write::write_fmt::h509ff860e5956e5e
[INFO] [stdout]                                at /rustc/90b35a6239c3d8bdabc530a6a0816f7ff89a0aaf/library/std/src/io/mod.rs:1839:15
[INFO] [stdout]    7:     0x62d7c2f55a62 - std::sys::backtrace::BacktraceLock::print::h2395ccd2c84ba3aa
[INFO] [stdout]                                at /rustc/90b35a6239c3d8bdabc530a6a0816f7ff89a0aaf/library/std/src/sys/backtrace.rs:42:9
[INFO] [stdout]    8:     0x62d7c2f5707a - std::panicking::default_hook::{{closure}}::he19d4c7230e07961
[INFO] [stdout]                                at /rustc/90b35a6239c3d8bdabc530a6a0816f7ff89a0aaf/library/std/src/panicking.rs:268:22
[INFO] [stdout]    9:     0x62d7c2f56e84 - std::panicking::default_hook::hf614597d3c67bbdb
[INFO] [stdout]                                at /rustc/90b35a6239c3d8bdabc530a6a0816f7ff89a0aaf/library/std/src/panicking.rs:292:9
[INFO] [stdout]   10:     0x62d7c2ab02e9 - <alloc::boxed::Box<F,A> as core::ops::function::Fn<Args>>::call::h39b51ce4599c23d1
[INFO] [stdout]                                at /rustc/90b35a6239c3d8bdabc530a6a0816f7ff89a0aaf/library/alloc/src/boxed.rs:2468:9
[INFO] [stdout]   11:     0x62d7c2ab02e9 - test::test_main::{{closure}}::he977ae839a582784
[INFO] [stdout]                                at /rustc/90b35a6239c3d8bdabc530a6a0816f7ff89a0aaf/library/test/src/lib.rs:133:21
[INFO] [stdout]   12:     0x62d7c2f57718 - <alloc::boxed::Box<F,A> as core::ops::function::Fn<Args>>::call::h9455091b6b06f9fb
[INFO] [stdout]                                at /rustc/90b35a6239c3d8bdabc530a6a0816f7ff89a0aaf/library/alloc/src/boxed.rs:2468:9
[INFO] [stdout]   13:     0x62d7c2f57718 - std::panicking::rust_panic_with_hook::h8942133a8b252070
[INFO] [stdout]                                at /rustc/90b35a6239c3d8bdabc530a6a0816f7ff89a0aaf/library/std/src/panicking.rs:809:13
[INFO] [stdout]   14:     0x62d7c2f574da - std::panicking::begin_panic_handler::{{closure}}::hb5f5963570096b29
[INFO] [stdout]                                at /rustc/90b35a6239c3d8bdabc530a6a0816f7ff89a0aaf/library/std/src/panicking.rs:674:13
[INFO] [stdout]   15:     0x62d7c2f560f9 - std::sys::backtrace::__rust_end_short_backtrace::h6208cedc1922feda
[INFO] [stdout]                                at /rustc/90b35a6239c3d8bdabc530a6a0816f7ff89a0aaf/library/std/src/sys/backtrace.rs:170:18
[INFO] [stdout]   16:     0x62d7c2f5716c - rust_begin_unwind
[INFO] [stdout]                                at /rustc/90b35a6239c3d8bdabc530a6a0816f7ff89a0aaf/library/std/src/panicking.rs:665:5
[INFO] [stdout]   17:     0x62d7c2a1f220 - core::panicking::panic_fmt::h0c3082644d1bf418
[INFO] [stdout]                                at /rustc/90b35a6239c3d8bdabc530a6a0816f7ff89a0aaf/library/core/src/panicking.rs:74:14
[INFO] [stdout]   18:     0x62d7c2a62f66 - term_transcript::test::config_impl::<impl term_transcript::test::TestConfig<Cmd,F>>::write_new_snapshot::{{closure}}::hd41a26c15d994765
[INFO] [stdout]                                at /opt/rustwide/cargo-home/git/checkouts/term-transcript-b71e4182ce2a377b/dbabdbe/lib/src/test/config_impl.rs:161:13
[INFO] [stdout]   19:     0x62d7c2a2fd45 - core::result::Result<T,E>::unwrap_or_else::hcdcfb6569900204b
[INFO] [stdout]                                at /rustc/90b35a6239c3d8bdabc530a6a0816f7ff89a0aaf/library/core/src/result.rs:1458:23
[INFO] [stdout]   20:     0x62d7c2a62c8d - term_transcript::test::config_impl::<impl term_transcript::test::TestConfig<Cmd,F>>::write_new_snapshot::h86467d83dc8a7e8c
[INFO] [stdout]                                at /opt/rustwide/cargo-home/git/checkouts/term-transcript-b71e4182ce2a377b/dbabdbe/lib/src/test/config_impl.rs:160:28
[INFO] [stdout]   21:     0x62d7c2a671cc - term_transcript::test::config_impl::<impl term_transcript::test::TestConfig<Cmd,F>>::compare_and_test_transcript::hb2e6d2cb5a26e0f0
[INFO] [stdout]                                at /opt/rustwide/cargo-home/git/checkouts/term-transcript-b71e4182ce2a377b/dbabdbe/lib/src/test/config_impl.rs:124:40
[INFO] [stdout]   22:     0x62d7c2a67d89 - term_transcript::test::config_impl::<impl term_transcript::test::TestConfig<Cmd,F>>::test::h5fa925ca8aaeff5e
[INFO] [stdout]                                at /opt/rustwide/cargo-home/git/checkouts/term-transcript-b71e4182ce2a377b/dbabdbe/lib/src/test/config_impl.rs:82:13
[INFO] [stdout]   23:     0x62d7c2a77445 - cli::basic_transcript::h47575330eede06eb
[INFO] [stdout]                                at /opt/rustwide/workdir/e2e-tests/tests/cli.rs:119:5
[INFO] [stdout]   24:     0x62d7c2a77297 - cli::basic_transcript::{{closure}}::h91f9a6752905874f
[INFO] [stdout]                                at /opt/rustwide/workdir/e2e-tests/tests/cli.rs:117:22
[INFO] [stdout]   25:     0x62d7c2a3c1d6 - core::ops::function::FnOnce::call_once::hec2ed73291addacf
[INFO] [stdout]                                at /rustc/90b35a6239c3d8bdabc530a6a0816f7ff89a0aaf/library/core/src/ops/function.rs:250:5
[INFO] [stdout]   26:     0x62d7c2ab4cab - core::ops::function::FnOnce::call_once::h109cf8051a59b34e
[INFO] [stdout]                                at /rustc/90b35a6239c3d8bdabc530a6a0816f7ff89a0aaf/library/core/src/ops/function.rs:250:5
[INFO] [stdout]   27:     0x62d7c2ab4cab - test::__rust_begin_short_backtrace::hf4fff89d377446ba
[INFO] [stdout]                                at /rustc/90b35a6239c3d8bdabc530a6a0816f7ff89a0aaf/library/test/src/lib.rs:621:18
[INFO] [stdout]   28:     0x62d7c2ab44e7 - test::run_test_in_process::{{closure}}::h0e39181dd7ee5a43
[INFO] [stdout]                                at /rustc/90b35a6239c3d8bdabc530a6a0816f7ff89a0aaf/library/test/src/lib.rs:644:60
[INFO] [stdout]   29:     0x62d7c2ab44e7 - <core::panic::unwind_safe::AssertUnwindSafe<F> as core::ops::function::FnOnce<()>>::call_once::hc5a66a30f0bdfd1f
[INFO] [stdout]                                at /rustc/90b35a6239c3d8bdabc530a6a0816f7ff89a0aaf/library/core/src/panic/unwind_safe.rs:272:9
[INFO] [stdout]   30:     0x62d7c2ab44e7 - std::panicking::try::do_call::h873b7cf639554a5e
[INFO] [stdout]                                at /rustc/90b35a6239c3d8bdabc530a6a0816f7ff89a0aaf/library/std/src/panicking.rs:557:40
[INFO] [stdout]   31:     0x62d7c2ab44e7 - std::panicking::try::hdb19862fad9c8bd1
[INFO] [stdout]                                at /rustc/90b35a6239c3d8bdabc530a6a0816f7ff89a0aaf/library/std/src/panicking.rs:520:19
[INFO] [stdout]   32:     0x62d7c2ab44e7 - std::panic::catch_unwind::h281fe732d236d260
[INFO] [stdout]                                at /rustc/90b35a6239c3d8bdabc530a6a0816f7ff89a0aaf/library/std/src/panic.rs:358:14
[INFO] [stdout]   33:     0x62d7c2ab44e7 - test::run_test_in_process::h949b6df8457ed338
[INFO] [stdout]                                at /rustc/90b35a6239c3d8bdabc530a6a0816f7ff89a0aaf/library/test/src/lib.rs:644:27
[INFO] [stdout]   34:     0x62d7c2ab44e7 - test::run_test::{{closure}}::h52c556a6d4740e10
[INFO] [stdout]                                at /rustc/90b35a6239c3d8bdabc530a6a0816f7ff89a0aaf/library/test/src/lib.rs:565:43
[INFO] [stdout]   35:     0x62d7c2a797c4 - test::run_test::{{closure}}::h4237f6381c45ccb9
[INFO] [stdout]                                at /rustc/90b35a6239c3d8bdabc530a6a0816f7ff89a0aaf/library/test/src/lib.rs:595:41
[INFO] [stdout]   36:     0x62d7c2a797c4 - std::sys::backtrace::__rust_begin_short_backtrace::h505c97a579eca628
[INFO] [stdout]                                at /rustc/90b35a6239c3d8bdabc530a6a0816f7ff89a0aaf/library/std/src/sys/backtrace.rs:154:18
[INFO] [stdout]   37:     0x62d7c2a7ce8e - std::thread::Builder::spawn_unchecked_::{{closure}}::{{closure}}::h9e86b2e2bc107ea3
[INFO] [stdout]                                at /rustc/90b35a6239c3d8bdabc530a6a0816f7ff89a0aaf/library/std/src/thread/mod.rs:538:17
[INFO] [stdout]   38:     0x62d7c2a7ce8e - <core::panic::unwind_safe::AssertUnwindSafe<F> as core::ops::function::FnOnce<()>>::call_once::h8b06ddb275ff4a25
[INFO] [stdout]                                at /rustc/90b35a6239c3d8bdabc530a6a0816f7ff89a0aaf/library/core/src/panic/unwind_safe.rs:272:9
[INFO] [stdout]   39:     0x62d7c2a7ce8e - std::panicking::try::do_call::hb26ecd7cd9a9355d
[INFO] [stdout]                                at /rustc/90b35a6239c3d8bdabc530a6a0816f7ff89a0aaf/library/std/src/panicking.rs:557:40
[INFO] [stdout]   40:     0x62d7c2a7ce8e - std::panicking::try::h8ddeca9d705f9069
[INFO] [stdout]                                at /rustc/90b35a6239c3d8bdabc530a6a0816f7ff89a0aaf/library/std/src/panicking.rs:520:19
[INFO] [stdout]   41:     0x62d7c2a7ce8e - std::panic::catch_unwind::h49e1c33078844c46
[INFO] [stdout]                                at /rustc/90b35a6239c3d8bdabc530a6a0816f7ff89a0aaf/library/std/src/panic.rs:358:14
[INFO] [stdout]   42:     0x62d7c2a7ce8e - std::thread::Builder::spawn_unchecked_::{{closure}}::h6073db6ff56ad35d
[INFO] [stdout]                                at /rustc/90b35a6239c3d8bdabc530a6a0816f7ff89a0aaf/library/std/src/thread/mod.rs:537:30
[INFO] [stdout]   43:     0x62d7c2a7ce8e - core::ops::function::FnOnce::call_once{{vtable.shim}}::h2c5a5f3779c774f1
[INFO] [stdout]                                at /rustc/90b35a6239c3d8bdabc530a6a0816f7ff89a0aaf/library/core/src/ops/function.rs:250:5
[INFO] [stdout]   44:     0x62d7c2f5c14b - <alloc::boxed::Box<F,A> as core::ops::function::FnOnce<Args>>::call_once::hf75717d9f28faebf
[INFO] [stdout]                                at /rustc/90b35a6239c3d8bdabc530a6a0816f7ff89a0aaf/library/alloc/src/boxed.rs:2454:9
[INFO] [stdout]   45:     0x62d7c2f5c14b - <alloc::boxed::Box<F,A> as core::ops::function::FnOnce<Args>>::call_once::h7bd883a5f3c5f3c1
[INFO] [stdout]                                at /rustc/90b35a6239c3d8bdabc530a6a0816f7ff89a0aaf/library/alloc/src/boxed.rs:2454:9
[INFO] [stdout]   46:     0x62d7c2f5c14b - std::sys::pal::unix::thread::Thread::new::thread_start::hcc78f3943333fa94
[INFO] [stdout]                                at /rustc/90b35a6239c3d8bdabc530a6a0816f7ff89a0aaf/library/std/src/sys/pal/unix/thread.rs:105:17
[INFO] [stdout]   47:     0x77c583303ac3 - <unknown>
[INFO] [stdout]   48:     0x77c583394a04 - clone
[INFO] [stdout]   49:                0x0 - <unknown>
[INFO] [stdout] 
[INFO] [stdout] ---- comparison_transcript stdout ----
[INFO] [stdout]   [-] Input: cargo bench --bench all fib_short
[INFO] [stdout]     [1mDiff[0m [31m< left[0m / [32mright >[0m :
[INFO] [stdout] [31m<   [√] fib_short (10ms)[0m
[INFO] [stdout] [31m<   ├ Instructions              1745[0m
[INFO] [stdout] [31m<   ├ L1 hits                   2381[0m
[INFO] [stdout] [31m<   ├ L2/L3 hits                   0[0m
[INFO] [stdout] [31m<   ├ RAM accesses                 0[0m
[INFO] [stdout] [31m<   └ Est. cycles               2381[0m
[INFO] [stdout] [32m>   ERROR: I/O error executing cachegrind: No such file or directory (os error 2)[0m
[INFO] [stdout] [32m>   error: bench failed, to rerun pass `--bench all`[0m
[INFO] [stdout] [32m>   [0m
[INFO] [stdout] [32m>   Caused by:[0m
[INFO] [stdout] [32m>     process didn't exit successfully: `/opt/rustwide/target/release/deps/all-caab134549728b90 fib_short --bench` (exit status: 1)[0m
[INFO] [stdout]  
[INFO] [stdout]   [+] Input: export CACHEGRIND_WRAPPER="$CACHEGRIND_WRAPPER:--profile=comparison"
[INFO] [stdout]   [-] Input: cargo bench --bench all fib_short
[INFO] [stdout] # after some changes...
[INFO] [stdout]     [1mDiff[0m [31m< left[0m / [32mright >[0m :
[INFO] [stdout] [31m<   [√] fib_short (10ms)[0m
[INFO] [stdout] [31m<   ├ Instructions              1739           -6 (-0.34%)[0m
[INFO] [stdout] [31m<   ├ L1 hits                   2390           +9 (+0.38%)[0m
[INFO] [stdout] [31m<   ├ L2/L3 hits                   3           +3 (+inf%)[0m
[INFO] [stdout] [31m<   ├ RAM accesses                 0[0m
[INFO] [stdout] [31m<   └ Est. cycles               2405          +24 (+1.01%)[0m
[INFO] [stdout] [32m>   ERROR: I/O error executing cachegrind: No such file or directory (os error 2)[0m
[INFO] [stdout] [32m>   error: bench failed, to rerun pass `--bench all`[0m
[INFO] [stdout] [32m>   [0m
[INFO] [stdout] [32m>   Caused by:[0m
[INFO] [stdout] [32m>     process didn't exit successfully: `/opt/rustwide/target/release/deps/all-caab134549728b90 fib_short --bench` (exit status: 1)[0m
[INFO] [stdout]  
[INFO] [stdout] thread 'comparison_transcript' panicked at /opt/rustwide/cargo-home/git/checkouts/term-transcript-b71e4182ce2a377b/dbabdbe/lib/src/test/config_impl.rs:161:13:
[INFO] [stdout] Cannot create file for new snapshot `"../crates/yab/examples/comparison.new.svg"`: Read-only file system (os error 30)
[INFO] [stdout] stack backtrace:
[INFO] [stdout]    0:     0x62d7c2f55c1a - std::backtrace_rs::backtrace::libunwind::trace::h5a5b8284f2d0c266
[INFO] [stdout]                                at /rustc/90b35a6239c3d8bdabc530a6a0816f7ff89a0aaf/library/std/src/../../backtrace/src/backtrace/libunwind.rs:116:5
[INFO] [stdout]    1:     0x62d7c2f55c1a - std::backtrace_rs::backtrace::trace_unsynchronized::h76d4f1c9b0b875e3
[INFO] [stdout]                                at /rustc/90b35a6239c3d8bdabc530a6a0816f7ff89a0aaf/library/std/src/../../backtrace/src/backtrace/mod.rs:66:5
[INFO] [stdout]    2:     0x62d7c2f55c1a - std::sys::backtrace::_print_fmt::hc4546b8364a537c6
[INFO] [stdout]                                at /rustc/90b35a6239c3d8bdabc530a6a0816f7ff89a0aaf/library/std/src/sys/backtrace.rs:66:9
[INFO] [stdout]    3:     0x62d7c2f55c1a - <std::sys::backtrace::BacktraceLock::print::DisplayBacktrace as core::fmt::Display>::fmt::h5b6bd5631a6d1f6b
[INFO] [stdout]                                at /rustc/90b35a6239c3d8bdabc530a6a0816f7ff89a0aaf/library/std/src/sys/backtrace.rs:39:26
[INFO] [stdout]    4:     0x62d7c2f7c703 - core::fmt::rt::Argument::fmt::h270f6602a2b96f62
[INFO] [stdout]                                at /rustc/90b35a6239c3d8bdabc530a6a0816f7ff89a0aaf/library/core/src/fmt/rt.rs:177:76
[INFO] [stdout]    5:     0x62d7c2f7c703 - core::fmt::write::h7550c97b06c86515
[INFO] [stdout]                                at /rustc/90b35a6239c3d8bdabc530a6a0816f7ff89a0aaf/library/core/src/fmt/mod.rs:1186:21
[INFO] [stdout]    6:     0x62d7c2f52963 - std::io::Write::write_fmt::h509ff860e5956e5e
[INFO] [stdout]                                at /rustc/90b35a6239c3d8bdabc530a6a0816f7ff89a0aaf/library/std/src/io/mod.rs:1839:15
[INFO] [stdout]    7:     0x62d7c2f55a62 - std::sys::backtrace::BacktraceLock::print::h2395ccd2c84ba3aa
[INFO] [stdout]                                at /rustc/90b35a6239c3d8bdabc530a6a0816f7ff89a0aaf/library/std/src/sys/backtrace.rs:42:9
[INFO] [stdout]    8:     0x62d7c2f5707a - std::panicking::default_hook::{{closure}}::he19d4c7230e07961
[INFO] [stdout]                                at /rustc/90b35a6239c3d8bdabc530a6a0816f7ff89a0aaf/library/std/src/panicking.rs:268:22
[INFO] [stdout]    9:     0x62d7c2f56e84 - std::panicking::default_hook::hf614597d3c67bbdb
[INFO] [stdout]                                at /rustc/90b35a6239c3d8bdabc530a6a0816f7ff89a0aaf/library/std/src/panicking.rs:292:9
[INFO] [stdout]   10:     0x62d7c2ab02e9 - <alloc::boxed::Box<F,A> as core::ops::function::Fn<Args>>::call::h39b51ce4599c23d1
[INFO] [stdout]                                at /rustc/90b35a6239c3d8bdabc530a6a0816f7ff89a0aaf/library/alloc/src/boxed.rs:2468:9
[INFO] [stdout]   11:     0x62d7c2ab02e9 - test::test_main::{{closure}}::he977ae839a582784
[INFO] [stdout]                                at /rustc/90b35a6239c3d8bdabc530a6a0816f7ff89a0aaf/library/test/src/lib.rs:133:21
[INFO] [stdout]   12:     0x62d7c2f57718 - <alloc::boxed::Box<F,A> as core::ops::function::Fn<Args>>::call::h9455091b6b06f9fb
[INFO] [stdout]                                at /rustc/90b35a6239c3d8bdabc530a6a0816f7ff89a0aaf/library/alloc/src/boxed.rs:2468:9
[INFO] [stdout]   13:     0x62d7c2f57718 - std::panicking::rust_panic_with_hook::h8942133a8b252070
[INFO] [stdout]                                at /rustc/90b35a6239c3d8bdabc530a6a0816f7ff89a0aaf/library/std/src/panicking.rs:809:13
[INFO] [stdout]   14:     0x62d7c2f574da - std::panicking::begin_panic_handler::{{closure}}::hb5f5963570096b29
[INFO] [stdout]                                at /rustc/90b35a6239c3d8bdabc530a6a0816f7ff89a0aaf/library/std/src/panicking.rs:674:13
[INFO] [stdout]   15:     0x62d7c2f560f9 - std::sys::backtrace::__rust_end_short_backtrace::h6208cedc1922feda
[INFO] [stdout]                                at /rustc/90b35a6239c3d8bdabc530a6a0816f7ff89a0aaf/library/std/src/sys/backtrace.rs:170:18
[INFO] [stdout]   16:     0x62d7c2f5716c - rust_begin_unwind
[INFO] [stdout]                                at /rustc/90b35a6239c3d8bdabc530a6a0816f7ff89a0aaf/library/std/src/panicking.rs:665:5
[INFO] [stdout]   17:     0x62d7c2a1f220 - core::panicking::panic_fmt::h0c3082644d1bf418
[INFO] [stdout]                                at /rustc/90b35a6239c3d8bdabc530a6a0816f7ff89a0aaf/library/core/src/panicking.rs:74:14
[INFO] [stdout]   18:     0x62d7c2a62f66 - term_transcript::test::config_impl::<impl term_transcript::test::TestConfig<Cmd,F>>::write_new_snapshot::{{closure}}::hd41a26c15d994765
[INFO] [stdout]                                at /opt/rustwide/cargo-home/git/checkouts/term-transcript-b71e4182ce2a377b/dbabdbe/lib/src/test/config_impl.rs:161:13
[INFO] [stdout]   19:     0x62d7c2a2fd45 - core::result::Result<T,E>::unwrap_or_else::hcdcfb6569900204b
[INFO] [stdout]                                at /rustc/90b35a6239c3d8bdabc530a6a0816f7ff89a0aaf/library/core/src/result.rs:1458:23
[INFO] [stdout]   20:     0x62d7c2a62c8d - term_transcript::test::config_impl::<impl term_transcript::test::TestConfig<Cmd,F>>::write_new_snapshot::h86467d83dc8a7e8c
[INFO] [stdout]                                at /opt/rustwide/cargo-home/git/checkouts/term-transcript-b71e4182ce2a377b/dbabdbe/lib/src/test/config_impl.rs:160:28
[INFO] [stdout]   21:     0x62d7c2a671cc - term_transcript::test::config_impl::<impl term_transcript::test::TestConfig<Cmd,F>>::compare_and_test_transcript::hb2e6d2cb5a26e0f0
[INFO] [stdout]                                at /opt/rustwide/cargo-home/git/checkouts/term-transcript-b71e4182ce2a377b/dbabdbe/lib/src/test/config_impl.rs:124:40
[INFO] [stdout]   22:     0x62d7c2a682b5 - term_transcript::test::config_impl::<impl term_transcript::test::TestConfig<Cmd,F>>::test::hc197ff57342c441b
[INFO] [stdout]                                at /opt/rustwide/cargo-home/git/checkouts/term-transcript-b71e4182ce2a377b/dbabdbe/lib/src/test/config_impl.rs:82:13
[INFO] [stdout]   23:     0x62d7c2a77ad2 - cli::comparison_transcript::h4095152963732e19
[INFO] [stdout]                                at /opt/rustwide/workdir/e2e-tests/tests/cli.rs:136:5
[INFO] [stdout]   24:     0x62d7c2a77777 - cli::comparison_transcript::{{closure}}::hc6290a08bc5ad2ba
[INFO] [stdout]                                at /opt/rustwide/workdir/e2e-tests/tests/cli.rs:134:27
[INFO] [stdout]   25:     0x62d7c2a3bef6 - core::ops::function::FnOnce::call_once::h12b95797c65148e7
[INFO] [stdout]                                at /rustc/90b35a6239c3d8bdabc530a6a0816f7ff89a0aaf/library/core/src/ops/function.rs:250:5
[INFO] [stdout]   26:     0x62d7c2ab4cab - core::ops::function::FnOnce::call_once::h109cf8051a59b34e
[INFO] [stdout]                                at /rustc/90b35a6239c3d8bdabc530a6a0816f7ff89a0aaf/library/core/src/ops/function.rs:250:5
[INFO] [stdout]   27:     0x62d7c2ab4cab - test::__rust_begin_short_backtrace::hf4fff89d377446ba
[INFO] [stdout]                                at /rustc/90b35a6239c3d8bdabc530a6a0816f7ff89a0aaf/library/test/src/lib.rs:621:18
[INFO] [stdout]   28:     0x62d7c2ab44e7 - test::run_test_in_process::{{closure}}::h0e39181dd7ee5a43
[INFO] [stdout]                                at /rustc/90b35a6239c3d8bdabc530a6a0816f7ff89a0aaf/library/test/src/lib.rs:644:60
[INFO] [stdout]   29:     0x62d7c2ab44e7 - <core::panic::unwind_safe::AssertUnwindSafe<F> as core::ops::function::FnOnce<()>>::call_once::hc5a66a30f0bdfd1f
[INFO] [stdout]                                at /rustc/90b35a6239c3d8bdabc530a6a0816f7ff89a0aaf/library/core/src/panic/unwind_safe.rs:272:9
[INFO] [stdout]   30:     0x62d7c2ab44e7 - std::panicking::try::do_call::h873b7cf639554a5e
[INFO] [stdout]                                at /rustc/90b35a6239c3d8bdabc530a6a0816f7ff89a0aaf/library/std/src/panicking.rs:557:40
[INFO] [stdout]   31:     0x62d7c2ab44e7 - std::panicking::try::hdb19862fad9c8bd1
[INFO] [stdout]                                at /rustc/90b35a6239c3d8bdabc530a6a0816f7ff89a0aaf/library/std/src/panicking.rs:520:19
[INFO] [stdout]   32:     0x62d7c2ab44e7 - std::panic::catch_unwind::h281fe732d236d260
[INFO] [stdout]                                at /rustc/90b35a6239c3d8bdabc530a6a0816f7ff89a0aaf/library/std/src/panic.rs:358:14
[INFO] [stdout]   33:     0x62d7c2ab44e7 - test::run_test_in_process::h949b6df8457ed338
[INFO] [stdout]                                at /rustc/90b35a6239c3d8bdabc530a6a0816f7ff89a0aaf/library/test/src/lib.rs:644:27
[INFO] [stdout]   34:     0x62d7c2ab44e7 - test::run_test::{{closure}}::h52c556a6d4740e10
[INFO] [stdout]                                at /rustc/90b35a6239c3d8bdabc530a6a0816f7ff89a0aaf/library/test/src/lib.rs:565:43
[INFO] [stdout]   35:     0x62d7c2a797c4 - test::run_test::{{closure}}::h4237f6381c45ccb9
[INFO] [stdout]                                at /rustc/90b35a6239c3d8bdabc530a6a0816f7ff89a0aaf/library/test/src/lib.rs:595:41
[INFO] [stdout]   36:     0x62d7c2a797c4 - std::sys::backtrace::__rust_begin_short_backtrace::h505c97a579eca628
[INFO] [stdout]                                at /rustc/90b35a6239c3d8bdabc530a6a0816f7ff89a0aaf/library/std/src/sys/backtrace.rs:154:18
[INFO] [stdout]   37:     0x62d7c2a7ce8e - std::thread::Builder::spawn_unchecked_::{{closure}}::{{closure}}::h9e86b2e2bc107ea3
[INFO] [stdout]                                at /rustc/90b35a6239c3d8bdabc530a6a0816f7ff89a0aaf/library/std/src/thread/mod.rs:538:17
[INFO] [stdout]   38:     0x62d7c2a7ce8e - <core::panic::unwind_safe::AssertUnwindSafe<F> as core::ops::function::FnOnce<()>>::call_once::h8b06ddb275ff4a25
[INFO] [stdout]                                at /rustc/90b35a6239c3d8bdabc530a6a0816f7ff89a0aaf/library/core/src/panic/unwind_safe.rs:272:9
[INFO] [stdout]   39:     0x62d7c2a7ce8e - std::panicking::try::do_call::hb26ecd7cd9a9355d
[INFO] [stdout]                                at /rustc/90b35a6239c3d8bdabc530a6a0816f7ff89a0aaf/library/std/src/panicking.rs:557:40
[INFO] [stdout]   40:     0x62d7c2a7ce8e - std::panicking::try::h8ddeca9d705f9069
[INFO] [stdout]                                at /rustc/90b35a6239c3d8bdabc530a6a0816f7ff89a0aaf/library/std/src/panicking.rs:520:19
[INFO] [stdout]   41:     0x62d7c2a7ce8e - std::panic::catch_unwind::h49e1c33078844c46
[INFO] [stdout]                                at /rustc/90b35a6239c3d8bdabc530a6a0816f7ff89a0aaf/library/std/src/panic.rs:358:14
[INFO] [stdout]   42:     0x62d7c2a7ce8e - std::thread::Builder::spawn_unchecked_::{{closure}}::h6073db6ff56ad35d
[INFO] [stdout]                                at /rustc/90b35a6239c3d8bdabc530a6a0816f7ff89a0aaf/library/std/src/thread/mod.rs:537:30
[INFO] [stdout]   43:     0x62d7c2a7ce8e - core::ops::function::FnOnce::call_once{{vtable.shim}}::h2c5a5f3779c774f1
[INFO] [stdout]                                at /rustc/90b35a6239c3d8bdabc530a6a0816f7ff89a0aaf/library/core/src/ops/function.rs:250:5
[INFO] [stdout]   44:     0x62d7c2f5c14b - <alloc::boxed::Box<F,A> as core::ops::function::FnOnce<Args>>::call_once::hf75717d9f28faebf
[INFO] [stdout]                                at /rustc/90b35a6239c3d8bdabc530a6a0816f7ff89a0aaf/library/alloc/src/boxed.rs:2454:9
[INFO] [stdout]   45:     0x62d7c2f5c14b - <alloc::boxed::Box<F,A> as core::ops::function::FnOnce<Args>>::call_once::h7bd883a5f3c5f3c1
[INFO] [stdout]                                at /rustc/90b35a6239c3d8bdabc530a6a0816f7ff89a0aaf/library/alloc/src/boxed.rs:2454:9
[INFO] [stdout]   46:     0x62d7c2f5c14b - std::sys::pal::unix::thread::Thread::new::thread_start::hcc78f3943333fa94
[INFO] [stdout]                                at /rustc/90b35a6239c3d8bdabc530a6a0816f7ff89a0aaf/library/std/src/sys/pal/unix/thread.rs:105:17
[INFO] [stdout]   47:     0x77c583303ac3 - <unknown>
[INFO] [stdout]   48:     0x77c583394a04 - clone
[INFO] [stdout]   49:                0x0 - <unknown>
[INFO] [stdout] 
[INFO] [stdout] 
[INFO] [stdout] failures:
[INFO] [stdout]     basic_transcript
[INFO] [stdout]     comparison_transcript
[INFO] [stdout]     quiet_transcript
[INFO] [stdout]     verbose_transcript
[INFO] [stdout] 
[INFO] [stdout] test result: FAILED. 0 passed; 4 failed; 0 ignored; 0 measured; 0 filtered out; finished in 150.89s
[INFO] [stdout] 
[INFO] running `Command { std: "docker" "inspect" "a8837c8cbb16884071fde4426ecab14791a5f210ef7b4996b57fe9614c78f9ed", kill_on_drop: false }`
[INFO] running `Command { std: "docker" "rm" "-f" "a8837c8cbb16884071fde4426ecab14791a5f210ef7b4996b57fe9614c78f9ed", kill_on_drop: false }`
[INFO] [stdout] a8837c8cbb16884071fde4426ecab14791a5f210ef7b4996b57fe9614c78f9ed
