[INFO] cloning repository https://github.com/skysch/simple_predicates-rs
[INFO] running `Command { std: "git" "-c" "credential.helper=" "-c" "credential.helper=/workspace/cargo-home/bin/git-credential-null" "clone" "--bare" "https://github.com/skysch/simple_predicates-rs" "/workspace/cache/git-repos/https%3A%2F%2Fgithub.com%2Fskysch%2Fsimple_predicates-rs", kill_on_drop: false }`
[INFO] [stderr] Cloning into bare repository '/workspace/cache/git-repos/https%3A%2F%2Fgithub.com%2Fskysch%2Fsimple_predicates-rs'...
[INFO] running `Command { std: "git" "rev-parse" "HEAD", kill_on_drop: false }`
[INFO] [stdout] 132f654389e5b81765026e4ab7866157c4f6ea1e
[INFO] testing skysch/simple_predicates-rs against beta-2024-12-08 for beta-1.84.0-4-retry
[INFO] running `Command { std: "git" "clone" "/workspace/cache/git-repos/https%3A%2F%2Fgithub.com%2Fskysch%2Fsimple_predicates-rs" "/workspace/builds/worker-4-tc2/source", kill_on_drop: false }`
[INFO] [stderr] Cloning into '/workspace/builds/worker-4-tc2/source'...
[INFO] [stderr] done.
[INFO] validating manifest of git repo https://github.com/skysch/simple_predicates-rs on toolchain beta-2024-12-08
[INFO] running `Command { std: CARGO_HOME="/workspace/cargo-home" RUSTUP_HOME="/workspace/rustup-home" "/workspace/cargo-home/bin/cargo" "+beta-2024-12-08" "metadata" "--manifest-path" "Cargo.toml" "--no-deps", kill_on_drop: false }`
[INFO] started tweaking git repo https://github.com/skysch/simple_predicates-rs
[INFO] finished tweaking git repo https://github.com/skysch/simple_predicates-rs
[INFO] tweaked toml for git repo https://github.com/skysch/simple_predicates-rs written to /workspace/builds/worker-4-tc2/source/Cargo.toml
[INFO] running `Command { std: CARGO_HOME="/workspace/cargo-home" RUSTUP_HOME="/workspace/rustup-home" "/workspace/cargo-home/bin/cargo" "+beta-2024-12-08" "generate-lockfile" "--manifest-path" "Cargo.toml", kill_on_drop: false }`
[INFO] [stderr]     Updating crates.io index
[INFO] [stderr]      Locking 9 packages to latest compatible versions
[INFO] [stderr]       Adding ron v0.6.6 (available: v0.8.1)
[INFO] running `Command { std: CARGO_HOME="/workspace/cargo-home" RUSTUP_HOME="/workspace/rustup-home" "/workspace/cargo-home/bin/cargo" "+beta-2024-12-08" "fetch" "--manifest-path" "Cargo.toml", kill_on_drop: false }`
[INFO] running `Command { std: "docker" "create" "-v" "/var/lib/crater-agent-workspace/builds/worker-4-tc2/target:/opt/rustwide/target:rw,Z" "-v" "/var/lib/crater-agent-workspace/builds/worker-4-tc2/source:/opt/rustwide/workdir:ro,Z" "-v" "/var/lib/crater-agent-workspace/cargo-home:/opt/rustwide/cargo-home:ro,Z" "-v" "/var/lib/crater-agent-workspace/rustup-home:/opt/rustwide/rustup-home:ro,Z" "-e" "SOURCE_DIR=/opt/rustwide/workdir" "-e" "CARGO_TARGET_DIR=/opt/rustwide/target" "-e" "CARGO_HOME=/opt/rustwide/cargo-home" "-e" "RUSTUP_HOME=/opt/rustwide/rustup-home" "-w" "/opt/rustwide/workdir" "-m" "1610612736" "--user" "0:0" "--network" "none" "ghcr.io/rust-lang/crates-build-env/linux@sha256:f3a9d4ad9d972b27faf3965f35b62e55ba32bbce8f20bc8fe909558a86702fde" "/opt/rustwide/cargo-home/bin/cargo" "+beta-2024-12-08" "metadata" "--no-deps" "--format-version=1", kill_on_drop: false }`
[INFO] [stdout] affc1e6681c5fbfe87561ec48c86fb5c9e69a59520dbefd83f88243672289171
[INFO] running `Command { std: "docker" "start" "-a" "affc1e6681c5fbfe87561ec48c86fb5c9e69a59520dbefd83f88243672289171", kill_on_drop: false }`
[INFO] running `Command { std: "docker" "inspect" "affc1e6681c5fbfe87561ec48c86fb5c9e69a59520dbefd83f88243672289171", kill_on_drop: false }`
[INFO] running `Command { std: "docker" "rm" "-f" "affc1e6681c5fbfe87561ec48c86fb5c9e69a59520dbefd83f88243672289171", kill_on_drop: false }`
[INFO] [stdout] affc1e6681c5fbfe87561ec48c86fb5c9e69a59520dbefd83f88243672289171
[INFO] running `Command { std: "docker" "create" "-v" "/var/lib/crater-agent-workspace/builds/worker-4-tc2/target:/opt/rustwide/target:rw,Z" "-v" "/var/lib/crater-agent-workspace/builds/worker-4-tc2/source:/opt/rustwide/workdir:ro,Z" "-v" "/var/lib/crater-agent-workspace/cargo-home:/opt/rustwide/cargo-home:ro,Z" "-v" "/var/lib/crater-agent-workspace/rustup-home:/opt/rustwide/rustup-home:ro,Z" "-e" "SOURCE_DIR=/opt/rustwide/workdir" "-e" "CARGO_TARGET_DIR=/opt/rustwide/target" "-e" "CARGO_INCREMENTAL=0" "-e" "RUST_BACKTRACE=full" "-e" "RUSTFLAGS=--cap-lints=warn" "-e" "RUSTDOCFLAGS=--cap-lints=warn" "-e" "CARGO_HOME=/opt/rustwide/cargo-home" "-e" "RUSTUP_HOME=/opt/rustwide/rustup-home" "-w" "/opt/rustwide/workdir" "-m" "1610612736" "--user" "0:0" "--network" "none" "ghcr.io/rust-lang/crates-build-env/linux@sha256:f3a9d4ad9d972b27faf3965f35b62e55ba32bbce8f20bc8fe909558a86702fde" "/opt/rustwide/cargo-home/bin/cargo" "+beta-2024-12-08" "build" "--frozen" "--message-format=json", kill_on_drop: false }`
[INFO] [stdout] be0b166b3715fb80524f9f567134d0cbe7138dbb4580e04724fef0baef3aad78
[INFO] running `Command { std: "docker" "start" "-a" "be0b166b3715fb80524f9f567134d0cbe7138dbb4580e04724fef0baef3aad78", kill_on_drop: false }`
[INFO] [stderr]    Compiling simple_predicates v0.4.3 (/opt/rustwide/workdir)
[INFO] [stdout] warning: lint `private_in_public` has been removed: replaced with another group of lints, see RFC <https://rust-lang.github.io/rfcs/2145-type-privacy.html> for more information
[INFO] [stdout]    --> src/lib.rs:231:9
[INFO] [stdout]     |
[INFO] [stdout] 231 | #![warn(private_in_public)]
[INFO] [stdout]     |         ^^^^^^^^^^^^^^^^^
[INFO] [stdout]     |
[INFO] [stdout]     = note: `#[warn(renamed_and_removed_lints)]` on by default
[INFO] [stdout] 
[INFO] [stdout] 
[INFO] [stderr]     Finished `dev` profile [unoptimized] target(s) in 0.26s
[INFO] running `Command { std: "docker" "inspect" "be0b166b3715fb80524f9f567134d0cbe7138dbb4580e04724fef0baef3aad78", kill_on_drop: false }`
[INFO] running `Command { std: "docker" "rm" "-f" "be0b166b3715fb80524f9f567134d0cbe7138dbb4580e04724fef0baef3aad78", kill_on_drop: false }`
[INFO] [stdout] be0b166b3715fb80524f9f567134d0cbe7138dbb4580e04724fef0baef3aad78
[INFO] running `Command { std: "docker" "create" "-v" "/var/lib/crater-agent-workspace/builds/worker-4-tc2/target:/opt/rustwide/target:rw,Z" "-v" "/var/lib/crater-agent-workspace/builds/worker-4-tc2/source:/opt/rustwide/workdir:ro,Z" "-v" "/var/lib/crater-agent-workspace/cargo-home:/opt/rustwide/cargo-home:ro,Z" "-v" "/var/lib/crater-agent-workspace/rustup-home:/opt/rustwide/rustup-home:ro,Z" "-e" "SOURCE_DIR=/opt/rustwide/workdir" "-e" "CARGO_TARGET_DIR=/opt/rustwide/target" "-e" "CARGO_INCREMENTAL=0" "-e" "RUST_BACKTRACE=full" "-e" "RUSTFLAGS=--cap-lints=warn" "-e" "RUSTDOCFLAGS=--cap-lints=warn" "-e" "CARGO_HOME=/opt/rustwide/cargo-home" "-e" "RUSTUP_HOME=/opt/rustwide/rustup-home" "-w" "/opt/rustwide/workdir" "-m" "1610612736" "--user" "0:0" "--network" "none" "ghcr.io/rust-lang/crates-build-env/linux@sha256:f3a9d4ad9d972b27faf3965f35b62e55ba32bbce8f20bc8fe909558a86702fde" "/opt/rustwide/cargo-home/bin/cargo" "+beta-2024-12-08" "test" "--frozen" "--no-run" "--message-format=json", kill_on_drop: false }`
[INFO] [stdout] f6ac1298b9c927ba11870ebf7a46451630697a2e2adc0b00c9f2c2e932df8f01
[INFO] running `Command { std: "docker" "start" "-a" "f6ac1298b9c927ba11870ebf7a46451630697a2e2adc0b00c9f2c2e932df8f01", kill_on_drop: false }`
[INFO] [stderr]    Compiling proc-macro2 v1.0.92
[INFO] [stderr]    Compiling unicode-ident v1.0.14
[INFO] [stderr]    Compiling serde v1.0.216
[INFO] [stderr]    Compiling base64 v0.13.1
[INFO] [stderr]    Compiling bitflags v1.3.2
[INFO] [stdout] warning: lint `private_in_public` has been removed: replaced with another group of lints, see RFC <https://rust-lang.github.io/rfcs/2145-type-privacy.html> for more information
[INFO] [stdout]    --> src/lib.rs:231:9
[INFO] [stdout]     |
[INFO] [stdout] 231 | #![warn(private_in_public)]
[INFO] [stdout]     |         ^^^^^^^^^^^^^^^^^
[INFO] [stdout]     |
[INFO] [stdout]     = note: `#[warn(renamed_and_removed_lints)]` on by default
[INFO] [stdout] 
[INFO] [stdout] 
[INFO] [stderr]    Compiling quote v1.0.37
[INFO] [stderr]    Compiling syn v2.0.90
[INFO] [stderr]    Compiling serde_derive v1.0.216
[INFO] [stderr]    Compiling ron v0.6.6
[INFO] [stderr]    Compiling simple_predicates v0.4.3 (/opt/rustwide/workdir)
[INFO] [stdout] warning: lint `private_in_public` has been removed: replaced with another group of lints, see RFC <https://rust-lang.github.io/rfcs/2145-type-privacy.html> for more information
[INFO] [stdout]    --> src/lib.rs:231:9
[INFO] [stdout]     |
[INFO] [stdout] 231 | #![warn(private_in_public)]
[INFO] [stdout]     |         ^^^^^^^^^^^^^^^^^
[INFO] [stdout]     |
[INFO] [stdout]     = note: `#[warn(renamed_and_removed_lints)]` on by default
[INFO] [stdout] 
[INFO] [stdout] 
[INFO] [stderr]     Finished `test` profile [unoptimized] target(s) in 36.44s
[INFO] running `Command { std: "docker" "inspect" "f6ac1298b9c927ba11870ebf7a46451630697a2e2adc0b00c9f2c2e932df8f01", kill_on_drop: false }`
[INFO] running `Command { std: "docker" "rm" "-f" "f6ac1298b9c927ba11870ebf7a46451630697a2e2adc0b00c9f2c2e932df8f01", kill_on_drop: false }`
[INFO] [stdout] f6ac1298b9c927ba11870ebf7a46451630697a2e2adc0b00c9f2c2e932df8f01
[INFO] running `Command { std: "docker" "create" "-v" "/var/lib/crater-agent-workspace/builds/worker-4-tc2/target:/opt/rustwide/target:rw,Z" "-v" "/var/lib/crater-agent-workspace/builds/worker-4-tc2/source:/opt/rustwide/workdir:ro,Z" "-v" "/var/lib/crater-agent-workspace/cargo-home:/opt/rustwide/cargo-home:ro,Z" "-v" "/var/lib/crater-agent-workspace/rustup-home:/opt/rustwide/rustup-home:ro,Z" "-e" "SOURCE_DIR=/opt/rustwide/workdir" "-e" "CARGO_TARGET_DIR=/opt/rustwide/target" "-e" "CARGO_INCREMENTAL=0" "-e" "RUST_BACKTRACE=full" "-e" "RUSTFLAGS=--cap-lints=warn" "-e" "RUSTDOCFLAGS=--cap-lints=warn" "-e" "CARGO_HOME=/opt/rustwide/cargo-home" "-e" "RUSTUP_HOME=/opt/rustwide/rustup-home" "-w" "/opt/rustwide/workdir" "-m" "1610612736" "--user" "0:0" "--network" "none" "ghcr.io/rust-lang/crates-build-env/linux@sha256:f3a9d4ad9d972b27faf3965f35b62e55ba32bbce8f20bc8fe909558a86702fde" "/opt/rustwide/cargo-home/bin/cargo" "+beta-2024-12-08" "test" "--frozen", kill_on_drop: false }`
[INFO] [stdout] a20625cedcc8ed926e7c85801cf29e2fe3c681c7cad83804fa159e5c70ea458a
[INFO] running `Command { std: "docker" "start" "-a" "a20625cedcc8ed926e7c85801cf29e2fe3c681c7cad83804fa159e5c70ea458a", kill_on_drop: false }`
[INFO] [stderr] warning: lint `private_in_public` has been removed: replaced with another group of lints, see RFC <https://rust-lang.github.io/rfcs/2145-type-privacy.html> for more information
[INFO] [stderr]    --> src/lib.rs:231:9
[INFO] [stderr]     |
[INFO] [stderr] 231 | #![warn(private_in_public)]
[INFO] [stderr]     |         ^^^^^^^^^^^^^^^^^
[INFO] [stderr]     |
[INFO] [stderr]     = note: `#[warn(renamed_and_removed_lints)]` on by default
[INFO] [stderr] 
[INFO] [stderr] warning: `simple_predicates` (lib) generated 1 warning
[INFO] [stderr] warning: `simple_predicates` (lib test) generated 1 warning (1 duplicate)
[INFO] [stderr]     Finished `test` profile [unoptimized] target(s) in 0.04s
[INFO] [stderr]      Running unittests src/lib.rs (/opt/rustwide/target/debug/deps/simple_predicates-58ed40c99820d701)
[INFO] [stdout] 
[INFO] [stdout] running 10 tests
[INFO] [stdout] test tests::simple_or ... ok
[INFO] [stdout] test tests::map_and ... ok
[INFO] [stdout] test tests::simple_and ... ok
[INFO] [stdout] test tests::three_level_cnf_hash ... ok
[INFO] [stdout] test tests::simple_bool ... ok
[INFO] [stdout] test tests::three_level_dnf_hash ... ok
[INFO] [stdout] test tests::serialize_tests ... FAILED
[INFO] [stdout] test tests::three_level_cnf_vec ... ok
[INFO] [stdout] test tests::three_level_dnf_vec ... ok
[INFO] [stdout] test tests::simple_not ... ok
[INFO] [stdout] 
[INFO] [stdout] failures:
[INFO] [stdout] 
[INFO] [stdout] ---- tests::serialize_tests stdout ----
[INFO] [stdout] thread 'tests::serialize_tests' panicked at src/tests.rs:302:5:
[INFO] [stdout] Enable "serde" (--all-features) feature to run serde tests.
[INFO] [stdout] stack backtrace:
[INFO] [stdout]    0:     0x636cb381cc2a - <std::sys::backtrace::BacktraceLock::print::DisplayBacktrace as core::fmt::Display>::fmt::h98c26ac25ffe89bb
[INFO] [stdout]    1:     0x636cb38426d3 - core::fmt::write::h0dd5f6e2238c7982
[INFO] [stdout]    2:     0x636cb3819dc3 - std::io::Write::write_fmt::h03bb0ca26e6faf8c
[INFO] [stdout]    3:     0x636cb381ca72 - std::sys::backtrace::BacktraceLock::print::h5c19c1c038ee186d
[INFO] [stdout]    4:     0x636cb381e0ad - std::panicking::default_hook::{{closure}}::h77172f079a1fcb13
[INFO] [stdout]    5:     0x636cb381deb7 - std::panicking::default_hook::he5f8e3b203ccddba
[INFO] [stdout]    6:     0x636cb37e77e7 - test::test_main::{{closure}}::hf0d3b69ae9b353d1
[INFO] [stdout]    7:     0x636cb381e758 - std::panicking::rust_panic_with_hook::h53863d4e9018df39
[INFO] [stdout]    8:     0x636cb37a93ba - std::panicking::begin_panic::{{closure}}::hc4c3e30c886d6782
[INFO] [stdout]    9:     0x636cb37a6c36 - std::sys::backtrace::__rust_end_short_backtrace::h1013560184a35796
[INFO] [stdout]   10:     0x636cb37a9366 - std::panicking::begin_panic::haf45db984c7f297b
[INFO] [stdout]   11:     0x636cb37a6839 - simple_predicates::tests::serialize_tests::hf6f3fa3bb63d6c02
[INFO] [stdout]   12:     0x636cb37a6803 - simple_predicates::tests::serialize_tests::{{closure}}::h14ed00e1f93b6ada
[INFO] [stdout]   13:     0x636cb37a9e36 - core::ops::function::FnOnce::call_once::h03a10c0a8aa545bd
[INFO] [stdout]   14:     0x636cb37ec30b - test::__rust_begin_short_backtrace::h2167df1e2b7d76fd
[INFO] [stdout]   15:     0x636cb37ebcf8 - test::run_test::{{closure}}::hac2a9cb07be3d48d
[INFO] [stdout]   16:     0x636cb37af79a - std::sys::backtrace::__rust_begin_short_backtrace::h0496fb742492f573
[INFO] [stdout]   17:     0x636cb37b3114 - core::ops::function::FnOnce::call_once{{vtable.shim}}::h6127de71b8124639
[INFO] [stdout]   18:     0x636cb382269b - std::sys::pal::unix::thread::Thread::new::thread_start::h48cf765408f6f5f2
[INFO] [stdout]   19:     0x71094bb3cac3 - <unknown>
[INFO] [stdout]   20:     0x71094bbcda04 - clone
[INFO] [stdout]   21:                0x0 - <unknown>
[INFO] [stdout] 
[INFO] [stdout] 
[INFO] [stdout] failures:
[INFO] [stdout]     tests::serialize_tests
[INFO] [stdout] 
[INFO] [stdout] test result: FAILED. 9 passed; 1 failed; 0 ignored; 0 measured; 0 filtered out; finished in 0.01s
[INFO] [stdout] 
[INFO] [stderr] error: test failed, to rerun pass `--lib`
[INFO] running `Command { std: "docker" "inspect" "a20625cedcc8ed926e7c85801cf29e2fe3c681c7cad83804fa159e5c70ea458a", kill_on_drop: false }`
[INFO] running `Command { std: "docker" "rm" "-f" "a20625cedcc8ed926e7c85801cf29e2fe3c681c7cad83804fa159e5c70ea458a", kill_on_drop: false }`
[INFO] [stdout] a20625cedcc8ed926e7c85801cf29e2fe3c681c7cad83804fa159e5c70ea458a
