[INFO] cloning repository https://github.com/simonsan/sqlite-watcher
[INFO] running `Command { std: "git" "-c" "credential.helper=" "-c" "credential.helper=/workspace/cargo-home/bin/git-credential-null" "clone" "--bare" "https://github.com/simonsan/sqlite-watcher" "/workspace/cache/git-repos/https%3A%2F%2Fgithub.com%2Fsimonsan%2Fsqlite-watcher", kill_on_drop: false }`
[INFO] [stderr] Cloning into bare repository '/workspace/cache/git-repos/https%3A%2F%2Fgithub.com%2Fsimonsan%2Fsqlite-watcher'...
[INFO] running `Command { std: "git" "rev-parse" "HEAD", kill_on_drop: false }`
[INFO] [stdout] aed6d591e97fa6ef259cfe66fa9d8fbf7ad1a43b
[INFO] testing simonsan/sqlite-watcher against 1.83.0 for beta-1.84.0-4-retry
[INFO] running `Command { std: "git" "clone" "/workspace/cache/git-repos/https%3A%2F%2Fgithub.com%2Fsimonsan%2Fsqlite-watcher" "/workspace/builds/worker-3-tc1/source", kill_on_drop: false }`
[INFO] [stderr] Cloning into '/workspace/builds/worker-3-tc1/source'...
[INFO] [stderr] done.
[INFO] validating manifest of git repo https://github.com/simonsan/sqlite-watcher on toolchain 1.83.0
[INFO] running `Command { std: CARGO_HOME="/workspace/cargo-home" RUSTUP_HOME="/workspace/rustup-home" "/workspace/cargo-home/bin/cargo" "+1.83.0" "metadata" "--manifest-path" "Cargo.toml" "--no-deps", kill_on_drop: false }`
[INFO] started tweaking git repo https://github.com/simonsan/sqlite-watcher
[INFO] removed 0 missing examples
[INFO] finished tweaking git repo https://github.com/simonsan/sqlite-watcher
[INFO] tweaked toml for git repo https://github.com/simonsan/sqlite-watcher written to /workspace/builds/worker-3-tc1/source/Cargo.toml
[INFO] crate git repo https://github.com/simonsan/sqlite-watcher already has a lockfile, it will not be regenerated
[INFO] running `Command { std: CARGO_HOME="/workspace/cargo-home" RUSTUP_HOME="/workspace/rustup-home" "/workspace/cargo-home/bin/cargo" "+1.83.0" "fetch" "--manifest-path" "Cargo.toml", kill_on_drop: false }`
[INFO] running `Command { std: "docker" "create" "-v" "/var/lib/crater-agent-workspace/builds/worker-3-tc1/target:/opt/rustwide/target:rw,Z" "-v" "/var/lib/crater-agent-workspace/builds/worker-3-tc1/source:/opt/rustwide/workdir:ro,Z" "-v" "/var/lib/crater-agent-workspace/cargo-home:/opt/rustwide/cargo-home:ro,Z" "-v" "/var/lib/crater-agent-workspace/rustup-home:/opt/rustwide/rustup-home:ro,Z" "-e" "SOURCE_DIR=/opt/rustwide/workdir" "-e" "CARGO_TARGET_DIR=/opt/rustwide/target" "-e" "CARGO_HOME=/opt/rustwide/cargo-home" "-e" "RUSTUP_HOME=/opt/rustwide/rustup-home" "-w" "/opt/rustwide/workdir" "-m" "1610612736" "--user" "0:0" "--network" "none" "ghcr.io/rust-lang/crates-build-env/linux@sha256:f3a9d4ad9d972b27faf3965f35b62e55ba32bbce8f20bc8fe909558a86702fde" "/opt/rustwide/cargo-home/bin/cargo" "+1.83.0" "metadata" "--no-deps" "--format-version=1", kill_on_drop: false }`
[INFO] [stdout] ebc0ace1b80864ee2e21b2f3875df129c1c50271ef1e9128f43d5edf952088e6
[INFO] running `Command { std: "docker" "start" "-a" "ebc0ace1b80864ee2e21b2f3875df129c1c50271ef1e9128f43d5edf952088e6", kill_on_drop: false }`
[INFO] running `Command { std: "docker" "inspect" "ebc0ace1b80864ee2e21b2f3875df129c1c50271ef1e9128f43d5edf952088e6", kill_on_drop: false }`
[INFO] running `Command { std: "docker" "rm" "-f" "ebc0ace1b80864ee2e21b2f3875df129c1c50271ef1e9128f43d5edf952088e6", kill_on_drop: false }`
[INFO] [stdout] ebc0ace1b80864ee2e21b2f3875df129c1c50271ef1e9128f43d5edf952088e6
[INFO] running `Command { std: "docker" "create" "-v" "/var/lib/crater-agent-workspace/builds/worker-3-tc1/target:/opt/rustwide/target:rw,Z" "-v" "/var/lib/crater-agent-workspace/builds/worker-3-tc1/source:/opt/rustwide/workdir:ro,Z" "-v" "/var/lib/crater-agent-workspace/cargo-home:/opt/rustwide/cargo-home:ro,Z" "-v" "/var/lib/crater-agent-workspace/rustup-home:/opt/rustwide/rustup-home:ro,Z" "-e" "SOURCE_DIR=/opt/rustwide/workdir" "-e" "CARGO_TARGET_DIR=/opt/rustwide/target" "-e" "CARGO_INCREMENTAL=0" "-e" "RUST_BACKTRACE=full" "-e" "RUSTFLAGS=--cap-lints=warn" "-e" "RUSTDOCFLAGS=--cap-lints=warn" "-e" "CARGO_HOME=/opt/rustwide/cargo-home" "-e" "RUSTUP_HOME=/opt/rustwide/rustup-home" "-w" "/opt/rustwide/workdir" "-m" "1610612736" "--user" "0:0" "--network" "none" "ghcr.io/rust-lang/crates-build-env/linux@sha256:f3a9d4ad9d972b27faf3965f35b62e55ba32bbce8f20bc8fe909558a86702fde" "/opt/rustwide/cargo-home/bin/cargo" "+1.83.0" "build" "--frozen" "--message-format=json", kill_on_drop: false }`
[INFO] [stdout] 9b7df82d9e71b5667a966fd175b70d4c49da57c6ba856093263afbe0e5f268b3
[INFO] running `Command { std: "docker" "start" "-a" "9b7df82d9e71b5667a966fd175b70d4c49da57c6ba856093263afbe0e5f268b3", kill_on_drop: false }`
[INFO] [stderr]    Compiling proc-macro2 v1.0.87
[INFO] [stderr]    Compiling unicode-ident v1.0.13
[INFO] [stderr]    Compiling libc v0.2.159
[INFO] [stderr]    Compiling autocfg v1.4.0
[INFO] [stderr]    Compiling cfg-if v1.0.0
[INFO] [stderr]    Compiling scopeguard v1.2.0
[INFO] [stderr]    Compiling version_check v0.9.5
[INFO] [stderr]    Compiling parking_lot_core v0.9.10
[INFO] [stderr]    Compiling thiserror v1.0.64
[INFO] [stderr]    Compiling smallvec v1.13.2
[INFO] [stderr]    Compiling once_cell v1.20.2
[INFO] [stderr]    Compiling futures-sink v0.3.31
[INFO] [stderr]    Compiling futures-core v0.3.31
[INFO] [stderr]    Compiling lock_api v0.4.12
[INFO] [stderr]    Compiling tracing-core v0.1.32
[INFO] [stderr]    Compiling pin-project-lite v0.2.14
[INFO] [stderr]    Compiling slotmap v1.0.7
[INFO] [stderr]    Compiling fixedbitset v0.5.7
[INFO] [stderr]    Compiling oneshot v0.1.8
[INFO] [stderr]    Compiling quote v1.0.37
[INFO] [stderr]    Compiling spin v0.9.8
[INFO] [stderr]    Compiling getrandom v0.2.15
[INFO] [stderr]    Compiling syn v2.0.79
[INFO] [stderr]    Compiling nanorand v0.7.0
[INFO] [stderr]    Compiling parking_lot v0.12.3
[INFO] [stderr]    Compiling flume v0.11.0
[INFO] [stderr]    Compiling thiserror-impl v1.0.64
[INFO] [stderr]    Compiling tracing-attributes v0.1.27
[INFO] [stderr]    Compiling tracing v0.1.40
[INFO] [stderr]    Compiling sqlite-watcher v0.2.0 (/opt/rustwide/workdir)
[INFO] [stderr]     Finished `dev` profile [unoptimized + debuginfo] target(s) in 18.60s
[INFO] running `Command { std: "docker" "inspect" "9b7df82d9e71b5667a966fd175b70d4c49da57c6ba856093263afbe0e5f268b3", kill_on_drop: false }`
[INFO] running `Command { std: "docker" "rm" "-f" "9b7df82d9e71b5667a966fd175b70d4c49da57c6ba856093263afbe0e5f268b3", kill_on_drop: false }`
[INFO] [stdout] 9b7df82d9e71b5667a966fd175b70d4c49da57c6ba856093263afbe0e5f268b3
[INFO] running `Command { std: "docker" "create" "-v" "/var/lib/crater-agent-workspace/builds/worker-3-tc1/target:/opt/rustwide/target:rw,Z" "-v" "/var/lib/crater-agent-workspace/builds/worker-3-tc1/source:/opt/rustwide/workdir:ro,Z" "-v" "/var/lib/crater-agent-workspace/cargo-home:/opt/rustwide/cargo-home:ro,Z" "-v" "/var/lib/crater-agent-workspace/rustup-home:/opt/rustwide/rustup-home:ro,Z" "-e" "SOURCE_DIR=/opt/rustwide/workdir" "-e" "CARGO_TARGET_DIR=/opt/rustwide/target" "-e" "CARGO_INCREMENTAL=0" "-e" "RUST_BACKTRACE=full" "-e" "RUSTFLAGS=--cap-lints=warn" "-e" "RUSTDOCFLAGS=--cap-lints=warn" "-e" "CARGO_HOME=/opt/rustwide/cargo-home" "-e" "RUSTUP_HOME=/opt/rustwide/rustup-home" "-w" "/opt/rustwide/workdir" "-m" "1610612736" "--user" "0:0" "--network" "none" "ghcr.io/rust-lang/crates-build-env/linux@sha256:f3a9d4ad9d972b27faf3965f35b62e55ba32bbce8f20bc8fe909558a86702fde" "/opt/rustwide/cargo-home/bin/cargo" "+1.83.0" "test" "--frozen" "--no-run" "--message-format=json", kill_on_drop: false }`
[INFO] [stdout] 6d907dfccd68e44e97e64f73d67d6b66caae8017a2e51ebfac97ceb45dd49f2b
[INFO] running `Command { std: "docker" "start" "-a" "6d907dfccd68e44e97e64f73d67d6b66caae8017a2e51ebfac97ceb45dd49f2b", kill_on_drop: false }`
[INFO] [stderr]    Compiling futures-sink v0.3.31
[INFO] [stderr]    Compiling futures-core v0.3.31
[INFO] [stderr]    Compiling slab v0.4.9
[INFO] [stderr]    Compiling futures-macro v0.3.31
[INFO] [stderr]    Compiling memchr v2.7.4
[INFO] [stderr]    Compiling pin-utils v0.1.0
[INFO] [stderr]    Compiling futures-io v0.3.31
[INFO] [stderr]    Compiling futures-task v0.3.31
[INFO] [stderr]    Compiling rand v0.4.6
[INFO] [stderr]    Compiling tokio-macros v2.4.0
[INFO] [stderr]    Compiling futures-channel v0.3.31
[INFO] [stderr]    Compiling flume v0.11.0
[INFO] [stderr]    Compiling remove_dir_all v0.5.3
[INFO] [stderr]    Compiling sqlite-watcher v0.2.0 (/opt/rustwide/workdir)
[INFO] [stderr]    Compiling tempdir v0.3.7
[INFO] [stderr]    Compiling futures-util v0.3.31
[INFO] [stderr]    Compiling tokio v1.40.0
[INFO] [stderr]    Compiling futures-executor v0.3.31
[INFO] [stderr]    Compiling futures v0.3.31
[INFO] [stdout] warning: associated function `new` is never used
[INFO] [stdout]    --> src/connection.rs:879:16
[INFO] [stdout]     |
[INFO] [stdout] 878 |     impl TestObserver {
[INFO] [stdout]     |     ----------------- associated function in this implementation
[INFO] [stdout] 879 |         pub fn new(
[INFO] [stdout]     |                ^^^
[INFO] [stdout]     |
[INFO] [stdout]     = note: `#[warn(dead_code)]` on by default
[INFO] [stdout] 
[INFO] [stdout] 
[INFO] [stderr]     Finished `test` profile [unoptimized + debuginfo] target(s) in 14.56s
[INFO] running `Command { std: "docker" "inspect" "6d907dfccd68e44e97e64f73d67d6b66caae8017a2e51ebfac97ceb45dd49f2b", kill_on_drop: false }`
[INFO] running `Command { std: "docker" "rm" "-f" "6d907dfccd68e44e97e64f73d67d6b66caae8017a2e51ebfac97ceb45dd49f2b", kill_on_drop: false }`
[INFO] [stdout] 6d907dfccd68e44e97e64f73d67d6b66caae8017a2e51ebfac97ceb45dd49f2b
[INFO] running `Command { std: "docker" "create" "-v" "/var/lib/crater-agent-workspace/builds/worker-3-tc1/target:/opt/rustwide/target:rw,Z" "-v" "/var/lib/crater-agent-workspace/builds/worker-3-tc1/source:/opt/rustwide/workdir:ro,Z" "-v" "/var/lib/crater-agent-workspace/cargo-home:/opt/rustwide/cargo-home:ro,Z" "-v" "/var/lib/crater-agent-workspace/rustup-home:/opt/rustwide/rustup-home:ro,Z" "-e" "SOURCE_DIR=/opt/rustwide/workdir" "-e" "CARGO_TARGET_DIR=/opt/rustwide/target" "-e" "CARGO_INCREMENTAL=0" "-e" "RUST_BACKTRACE=full" "-e" "RUSTFLAGS=--cap-lints=warn" "-e" "RUSTDOCFLAGS=--cap-lints=warn" "-e" "CARGO_HOME=/opt/rustwide/cargo-home" "-e" "RUSTUP_HOME=/opt/rustwide/rustup-home" "-w" "/opt/rustwide/workdir" "-m" "1610612736" "--user" "0:0" "--network" "none" "ghcr.io/rust-lang/crates-build-env/linux@sha256:f3a9d4ad9d972b27faf3965f35b62e55ba32bbce8f20bc8fe909558a86702fde" "/opt/rustwide/cargo-home/bin/cargo" "+1.83.0" "test" "--frozen", kill_on_drop: false }`
[INFO] [stdout] 0375b7492840f6301c023c0b43e38a7ae4191a3e520849f43115e207378e6535
[INFO] running `Command { std: "docker" "start" "-a" "0375b7492840f6301c023c0b43e38a7ae4191a3e520849f43115e207378e6535", kill_on_drop: false }`
[INFO] [stderr] warning: associated function `new` is never used
[INFO] [stderr]    --> src/connection.rs:879:16
[INFO] [stderr]     |
[INFO] [stderr] 878 |     impl TestObserver {
[INFO] [stderr]     |     ----------------- associated function in this implementation
[INFO] [stderr] 879 |         pub fn new(
[INFO] [stderr]     |                ^^^
[INFO] [stderr]     |
[INFO] [stderr]     = note: `#[warn(dead_code)]` on by default
[INFO] [stderr] 
[INFO] [stderr] warning: `sqlite-watcher` (lib test) generated 1 warning
[INFO] [stderr]     Finished `test` profile [unoptimized + debuginfo] target(s) in 0.10s
[INFO] [stderr]      Running unittests src/lib.rs (/opt/rustwide/target/debug/deps/sqlite_watcher-e86647e5043d25c1)
[INFO] [stdout] 
[INFO] [stdout] running 2 tests
[INFO] [stdout] test watcher::test_observer_tables_version_counter ... ok
[INFO] [stdout] test connection::test::connection_state ... ok
[INFO] [stdout] 
[INFO] [stdout] test result: ok. 2 passed; 0 failed; 0 ignored; 0 measured; 0 filtered out; finished in 0.01s
[INFO] [stdout] 
[INFO] [stderr]    Doc-tests sqlite_watcher
[INFO] [stdout] 
[INFO] [stdout] running 3 tests
[INFO] [stdout] test src/lib.rs - (line 12) ... FAILED
[INFO] [stdout] test src/connection.rs - connection::Connection (line 460) ... ok
[INFO] [stdout] test src/connection.rs - connection::Connection (line 481) ... ok
[INFO] [stdout] 
[INFO] [stdout] failures:
[INFO] [stdout] 
[INFO] [stdout] ---- src/lib.rs - (line 12) stdout ----
[INFO] [stdout] error[E0433]: failed to resolve: use of undeclared crate or module `rusqlite`
[INFO] [stdout]   --> src/lib.rs:33:26
[INFO] [stdout]    |
[INFO] [stdout] 24 | let mut sql_connection = rusqlite::Connection::open_in_memory().unwrap();
[INFO] [stdout]    |                          ^^^^^^^^ use of undeclared crate or module `rusqlite`
[INFO] [stdout]    |
[INFO] [stdout] help: consider importing this struct
[INFO] [stdout]    |
[INFO] [stdout] 2  + use sqlite_watcher::connection::Connection;
[INFO] [stdout]    |
[INFO] [stdout] help: if you import `Connection`, refer to it directly
[INFO] [stdout]    |
[INFO] [stdout] 24 - let mut sql_connection = rusqlite::Connection::open_in_memory().unwrap();
[INFO] [stdout] 24 + let mut sql_connection = Connection::open_in_memory().unwrap();
[INFO] [stdout]    |
[INFO] [stdout] 
[INFO] [stdout] error: aborting due to 1 previous error
[INFO] [stdout] 
[INFO] [stdout] For more information about this error, try `rustc --explain E0433`.
[INFO] [stdout] Couldn't compile the test.
[INFO] [stdout] 
[INFO] [stdout] failures:
[INFO] [stdout]     src/lib.rs - (line 12)
[INFO] [stdout] 
[INFO] [stdout] test result: FAILED. 2 passed; 1 failed; 0 ignored; 0 measured; 0 filtered out; finished in 0.67s
[INFO] [stdout] 
[INFO] [stderr] error: doctest failed, to rerun pass `--doc`
[INFO] running `Command { std: "docker" "inspect" "0375b7492840f6301c023c0b43e38a7ae4191a3e520849f43115e207378e6535", kill_on_drop: false }`
[INFO] running `Command { std: "docker" "rm" "-f" "0375b7492840f6301c023c0b43e38a7ae4191a3e520849f43115e207378e6535", kill_on_drop: false }`
[INFO] [stdout] 0375b7492840f6301c023c0b43e38a7ae4191a3e520849f43115e207378e6535
