[INFO] cloning repository https://github.com/simd-lite/axum-simd-json
[INFO] running `Command { std: "git" "-c" "credential.helper=" "-c" "credential.helper=/workspace/cargo-home/bin/git-credential-null" "clone" "--bare" "https://github.com/simd-lite/axum-simd-json" "/workspace/cache/git-repos/https%3A%2F%2Fgithub.com%2Fsimd-lite%2Faxum-simd-json", kill_on_drop: false }`
[INFO] [stderr] Cloning into bare repository '/workspace/cache/git-repos/https%3A%2F%2Fgithub.com%2Fsimd-lite%2Faxum-simd-json'...
[INFO] running `Command { std: "git" "rev-parse" "HEAD", kill_on_drop: false }`
[INFO] [stdout] 4f5cae3904c04f189768002c073ea0a8f78ab57d
[INFO] testing simd-lite/axum-simd-json against beta-2024-12-08 for beta-1.84.0-4-retry
[INFO] running `Command { std: "git" "clone" "/workspace/cache/git-repos/https%3A%2F%2Fgithub.com%2Fsimd-lite%2Faxum-simd-json" "/workspace/builds/worker-3-tc2/source", kill_on_drop: false }`
[INFO] [stderr] Cloning into '/workspace/builds/worker-3-tc2/source'...
[INFO] [stderr] done.
[INFO] validating manifest of git repo https://github.com/simd-lite/axum-simd-json on toolchain beta-2024-12-08
[INFO] running `Command { std: CARGO_HOME="/workspace/cargo-home" RUSTUP_HOME="/workspace/rustup-home" "/workspace/cargo-home/bin/cargo" "+beta-2024-12-08" "metadata" "--manifest-path" "Cargo.toml" "--no-deps", kill_on_drop: false }`
[INFO] started tweaking git repo https://github.com/simd-lite/axum-simd-json
[INFO] finished tweaking git repo https://github.com/simd-lite/axum-simd-json
[INFO] tweaked toml for git repo https://github.com/simd-lite/axum-simd-json written to /workspace/builds/worker-3-tc2/source/Cargo.toml
[INFO] crate git repo https://github.com/simd-lite/axum-simd-json already has a lockfile, it will not be regenerated
[INFO] running `Command { std: CARGO_HOME="/workspace/cargo-home" RUSTUP_HOME="/workspace/rustup-home" "/workspace/cargo-home/bin/cargo" "+beta-2024-12-08" "fetch" "--manifest-path" "Cargo.toml", kill_on_drop: false }`
[INFO] running `Command { std: "docker" "create" "-v" "/var/lib/crater-agent-workspace/builds/worker-3-tc2/target:/opt/rustwide/target:rw,Z" "-v" "/var/lib/crater-agent-workspace/builds/worker-3-tc2/source:/opt/rustwide/workdir:ro,Z" "-v" "/var/lib/crater-agent-workspace/cargo-home:/opt/rustwide/cargo-home:ro,Z" "-v" "/var/lib/crater-agent-workspace/rustup-home:/opt/rustwide/rustup-home:ro,Z" "-e" "SOURCE_DIR=/opt/rustwide/workdir" "-e" "CARGO_TARGET_DIR=/opt/rustwide/target" "-e" "CARGO_HOME=/opt/rustwide/cargo-home" "-e" "RUSTUP_HOME=/opt/rustwide/rustup-home" "-w" "/opt/rustwide/workdir" "-m" "1610612736" "--user" "0:0" "--network" "none" "ghcr.io/rust-lang/crates-build-env/linux@sha256:f3a9d4ad9d972b27faf3965f35b62e55ba32bbce8f20bc8fe909558a86702fde" "/opt/rustwide/cargo-home/bin/cargo" "+beta-2024-12-08" "metadata" "--no-deps" "--format-version=1", kill_on_drop: false }`
[INFO] [stdout] d596a059cc9ad15dc18422fe43ab56ee6213ab9edf7c7a90b9b6380a94adff2f
[INFO] running `Command { std: "docker" "start" "-a" "d596a059cc9ad15dc18422fe43ab56ee6213ab9edf7c7a90b9b6380a94adff2f", kill_on_drop: false }`
[INFO] running `Command { std: "docker" "inspect" "d596a059cc9ad15dc18422fe43ab56ee6213ab9edf7c7a90b9b6380a94adff2f", kill_on_drop: false }`
[INFO] running `Command { std: "docker" "rm" "-f" "d596a059cc9ad15dc18422fe43ab56ee6213ab9edf7c7a90b9b6380a94adff2f", kill_on_drop: false }`
[INFO] [stdout] d596a059cc9ad15dc18422fe43ab56ee6213ab9edf7c7a90b9b6380a94adff2f
[INFO] running `Command { std: "docker" "create" "-v" "/var/lib/crater-agent-workspace/builds/worker-3-tc2/target:/opt/rustwide/target:rw,Z" "-v" "/var/lib/crater-agent-workspace/builds/worker-3-tc2/source:/opt/rustwide/workdir:ro,Z" "-v" "/var/lib/crater-agent-workspace/cargo-home:/opt/rustwide/cargo-home:ro,Z" "-v" "/var/lib/crater-agent-workspace/rustup-home:/opt/rustwide/rustup-home:ro,Z" "-e" "SOURCE_DIR=/opt/rustwide/workdir" "-e" "CARGO_TARGET_DIR=/opt/rustwide/target" "-e" "CARGO_INCREMENTAL=0" "-e" "RUST_BACKTRACE=full" "-e" "RUSTFLAGS=--cap-lints=warn" "-e" "RUSTDOCFLAGS=--cap-lints=warn" "-e" "CARGO_HOME=/opt/rustwide/cargo-home" "-e" "RUSTUP_HOME=/opt/rustwide/rustup-home" "-w" "/opt/rustwide/workdir" "-m" "1610612736" "--user" "0:0" "--network" "none" "ghcr.io/rust-lang/crates-build-env/linux@sha256:f3a9d4ad9d972b27faf3965f35b62e55ba32bbce8f20bc8fe909558a86702fde" "/opt/rustwide/cargo-home/bin/cargo" "+beta-2024-12-08" "build" "--frozen" "--message-format=json", kill_on_drop: false }`
[INFO] [stdout] 7d7295c2e68a5eaf8a1e0b4574717e8210895306ad77985898635bf98cf4bd00
[INFO] running `Command { std: "docker" "start" "-a" "7d7295c2e68a5eaf8a1e0b4574717e8210895306ad77985898635bf98cf4bd00", kill_on_drop: false }`
[INFO] [stderr]    Compiling proc-macro2 v1.0.89
[INFO] [stderr]    Compiling unicode-ident v1.0.13
[INFO] [stderr]    Compiling itoa v1.0.11
[INFO] [stderr]    Compiling serde v1.0.213
[INFO] [stderr]    Compiling version_check v0.9.5
[INFO] [stderr]    Compiling zerocopy v0.7.35
[INFO] [stderr]    Compiling cfg-if v1.0.0
[INFO] [stderr]    Compiling once_cell v1.20.2
[INFO] [stderr]    Compiling autocfg v1.4.0
[INFO] [stderr]    Compiling allocator-api2 v0.2.18
[INFO] [stderr]    Compiling ryu v1.0.18
[INFO] [stderr]    Compiling pin-project-lite v0.2.14
[INFO] [stderr]    Compiling libc v0.2.161
[INFO] [stderr]    Compiling futures-core v0.3.31
[INFO] [stderr]    Compiling ahash v0.8.11
[INFO] [stderr]    Compiling pin-utils v0.1.0
[INFO] [stderr]    Compiling bytes v1.8.0
[INFO] [stderr]    Compiling fnv v1.0.7
[INFO] [stderr]    Compiling futures-task v0.3.31
[INFO] [stderr]    Compiling num-traits v0.2.19
[INFO] [stderr]    Compiling futures-util v0.3.31
[INFO] [stderr]    Compiling ref-cast v1.0.23
[INFO] [stderr]    Compiling hashbrown v0.14.5
[INFO] [stderr]    Compiling serde_json v1.0.132
[INFO] [stderr]    Compiling quote v1.0.37
[INFO] [stderr]    Compiling http v1.1.0
[INFO] [stderr]    Compiling mio v1.0.2
[INFO] [stderr]    Compiling syn v2.0.85
[INFO] [stderr]    Compiling socket2 v0.5.7
[INFO] [stderr]    Compiling httparse v1.9.5
[INFO] [stderr]    Compiling float-cmp v0.10.0
[INFO] [stderr]    Compiling tracing-core v0.1.32
[INFO] [stderr]    Compiling log v0.4.22
[INFO] [stderr]    Compiling memchr v2.7.4
[INFO] [stderr]    Compiling rustversion v1.0.18
[INFO] [stderr]    Compiling tower-service v0.3.3
[INFO] [stderr]    Compiling http-body v1.0.1
[INFO] [stderr]    Compiling thiserror v1.0.65
[INFO] [stderr]    Compiling simdutf8 v0.1.5
[INFO] [stderr]    Compiling tracing v0.1.40
[INFO] [stderr]    Compiling futures-channel v0.3.31
[INFO] [stderr]    Compiling httpdate v1.0.3
[INFO] [stderr]    Compiling tower-layer v0.3.3
[INFO] [stderr]    Compiling percent-encoding v2.3.1
[INFO] [stderr]    Compiling smallvec v1.13.2
[INFO] [stderr]    Compiling form_urlencoded v1.2.1
[INFO] [stderr]    Compiling http-body-util v0.1.2
[INFO] [stderr]    Compiling mime v0.3.17
[INFO] [stderr]    Compiling iana-time-zone v0.1.61
[INFO] [stderr]    Compiling sync_wrapper v0.1.2
[INFO] [stderr]    Compiling sync_wrapper v1.0.1
[INFO] [stderr]    Compiling matchit v0.7.3
[INFO] [stderr]    Compiling chrono v0.4.38
[INFO] [stderr]    Compiling serde_derive v1.0.213
[INFO] [stderr]    Compiling tokio-macros v2.4.0
[INFO] [stderr]    Compiling ref-cast-impl v1.0.23
[INFO] [stderr]    Compiling thiserror-impl v1.0.65
[INFO] [stderr]    Compiling async-trait v0.1.83
[INFO] [stderr]    Compiling tokio v1.41.0
[INFO] [stderr]    Compiling axum-core v0.4.5
[INFO] [stderr]    Compiling hyper v1.5.0
[INFO] [stderr]    Compiling tower v0.5.1
[INFO] [stderr]    Compiling hyper-util v0.1.9
[INFO] [stderr]    Compiling halfbrown v0.2.5
[INFO] [stderr]    Compiling serde_urlencoded v0.7.1
[INFO] [stderr]    Compiling serde_path_to_error v0.1.16
[INFO] [stderr]    Compiling value-trait v0.10.1
[INFO] [stderr]    Compiling simd-json v0.14.2
[INFO] [stderr]    Compiling axum v0.7.7
[INFO] [stderr]    Compiling simd-json-derive-int v0.15.0
[INFO] [stderr]    Compiling simd-json-derive v0.15.0
[INFO] [stderr]    Compiling axum-simd-json v0.1.0 (/opt/rustwide/workdir)
[INFO] [stderr]     Finished `dev` profile [unoptimized + debuginfo] target(s) in 1m 11s
[INFO] running `Command { std: "docker" "inspect" "7d7295c2e68a5eaf8a1e0b4574717e8210895306ad77985898635bf98cf4bd00", kill_on_drop: false }`
[INFO] running `Command { std: "docker" "rm" "-f" "7d7295c2e68a5eaf8a1e0b4574717e8210895306ad77985898635bf98cf4bd00", kill_on_drop: false }`
[INFO] [stdout] 7d7295c2e68a5eaf8a1e0b4574717e8210895306ad77985898635bf98cf4bd00
[INFO] running `Command { std: "docker" "create" "-v" "/var/lib/crater-agent-workspace/builds/worker-3-tc2/target:/opt/rustwide/target:rw,Z" "-v" "/var/lib/crater-agent-workspace/builds/worker-3-tc2/source:/opt/rustwide/workdir:ro,Z" "-v" "/var/lib/crater-agent-workspace/cargo-home:/opt/rustwide/cargo-home:ro,Z" "-v" "/var/lib/crater-agent-workspace/rustup-home:/opt/rustwide/rustup-home:ro,Z" "-e" "SOURCE_DIR=/opt/rustwide/workdir" "-e" "CARGO_TARGET_DIR=/opt/rustwide/target" "-e" "CARGO_INCREMENTAL=0" "-e" "RUST_BACKTRACE=full" "-e" "RUSTFLAGS=--cap-lints=warn" "-e" "RUSTDOCFLAGS=--cap-lints=warn" "-e" "CARGO_HOME=/opt/rustwide/cargo-home" "-e" "RUSTUP_HOME=/opt/rustwide/rustup-home" "-w" "/opt/rustwide/workdir" "-m" "1610612736" "--user" "0:0" "--network" "none" "ghcr.io/rust-lang/crates-build-env/linux@sha256:f3a9d4ad9d972b27faf3965f35b62e55ba32bbce8f20bc8fe909558a86702fde" "/opt/rustwide/cargo-home/bin/cargo" "+beta-2024-12-08" "test" "--frozen" "--no-run" "--message-format=json", kill_on_drop: false }`
[INFO] [stdout] aa712ea878a2c1bf0f50df0d0eae14bff713655e2b5890e7d8212cab0cd2c8bd
[INFO] running `Command { std: "docker" "start" "-a" "aa712ea878a2c1bf0f50df0d0eae14bff713655e2b5890e7d8212cab0cd2c8bd", kill_on_drop: false }`
[INFO] [stderr]    Compiling axum-simd-json v0.1.0 (/opt/rustwide/workdir)
[INFO] [stderr]     Finished `test` profile [unoptimized + debuginfo] target(s) in 0.75s
[INFO] running `Command { std: "docker" "inspect" "aa712ea878a2c1bf0f50df0d0eae14bff713655e2b5890e7d8212cab0cd2c8bd", kill_on_drop: false }`
[INFO] running `Command { std: "docker" "rm" "-f" "aa712ea878a2c1bf0f50df0d0eae14bff713655e2b5890e7d8212cab0cd2c8bd", kill_on_drop: false }`
[INFO] [stdout] aa712ea878a2c1bf0f50df0d0eae14bff713655e2b5890e7d8212cab0cd2c8bd
[INFO] running `Command { std: "docker" "create" "-v" "/var/lib/crater-agent-workspace/builds/worker-3-tc2/target:/opt/rustwide/target:rw,Z" "-v" "/var/lib/crater-agent-workspace/builds/worker-3-tc2/source:/opt/rustwide/workdir:ro,Z" "-v" "/var/lib/crater-agent-workspace/cargo-home:/opt/rustwide/cargo-home:ro,Z" "-v" "/var/lib/crater-agent-workspace/rustup-home:/opt/rustwide/rustup-home:ro,Z" "-e" "SOURCE_DIR=/opt/rustwide/workdir" "-e" "CARGO_TARGET_DIR=/opt/rustwide/target" "-e" "CARGO_INCREMENTAL=0" "-e" "RUST_BACKTRACE=full" "-e" "RUSTFLAGS=--cap-lints=warn" "-e" "RUSTDOCFLAGS=--cap-lints=warn" "-e" "CARGO_HOME=/opt/rustwide/cargo-home" "-e" "RUSTUP_HOME=/opt/rustwide/rustup-home" "-w" "/opt/rustwide/workdir" "-m" "1610612736" "--user" "0:0" "--network" "none" "ghcr.io/rust-lang/crates-build-env/linux@sha256:f3a9d4ad9d972b27faf3965f35b62e55ba32bbce8f20bc8fe909558a86702fde" "/opt/rustwide/cargo-home/bin/cargo" "+beta-2024-12-08" "test" "--frozen", kill_on_drop: false }`
[INFO] [stdout] 91c7343fc4704a4370f2e8300b6d7c621d67b9759e91bf04d10ee4a0605dc0fd
[INFO] running `Command { std: "docker" "start" "-a" "91c7343fc4704a4370f2e8300b6d7c621d67b9759e91bf04d10ee4a0605dc0fd", kill_on_drop: false }`
[INFO] [stderr]     Finished `test` profile [unoptimized + debuginfo] target(s) in 0.12s
[INFO] [stderr]      Running unittests src/lib.rs (/opt/rustwide/target/debug/deps/axum_simd_json-00d7a7fd9a800d76)
[INFO] [stderr]    Doc-tests axum_simd_json
[INFO] [stdout] 
[INFO] [stdout] running 0 tests
[INFO] [stdout] 
[INFO] [stdout] test result: ok. 0 passed; 0 failed; 0 ignored; 0 measured; 0 filtered out; finished in 0.00s
[INFO] [stdout] 
[INFO] [stdout] 
[INFO] [stdout] running 2 tests
[INFO] [stdout] test src/lib.rs - Json (line 32) - compile ... FAILED
[INFO] [stdout] test src/lib.rs - Json (line 59) ... FAILED
[INFO] [stderr] error: doctest failed, to rerun pass `--doc`
[INFO] [stdout] 
[INFO] [stdout] failures:
[INFO] [stdout] 
[INFO] [stdout] ---- src/lib.rs - Json (line 32) stdout ----
[INFO] [stdout] error[E0432]: unresolved import `serde`
[INFO] [stdout]  --> src/lib.rs:38:5
[INFO] [stdout]   |
[INFO] [stdout] 8 | use serde::Deserialize;
[INFO] [stdout]   |     ^^^^^ use of undeclared crate or module `serde`
[INFO] [stdout] 
[INFO] [stdout] error[E0277]: the trait bound `fn(Json<CreateUser>) -> impl Future<Output = ()> {create_user}: Handler<_, _>` is not satisfied
[INFO] [stdout]    --> src/lib.rs:50:46
[INFO] [stdout]     |
[INFO] [stdout] 20  | let app = Router::new().route("/users", post(create_user));
[INFO] [stdout]     |                                         ---- ^^^^^^^^^^^ the trait `Handler<_, _>` is not implemented for fn item `fn(Json<CreateUser>) -> impl Future<Output = ()> {create_user}`
[INFO] [stdout]     |                                         |
[INFO] [stdout]     |                                         required by a bound introduced by this call
[INFO] [stdout]     |
[INFO] [stdout]     = note: Consider using `#[axum::debug_handler]` to improve the error message
[INFO] [stdout]     = help: the following other types implement trait `Handler<T, S>`:
[INFO] [stdout]               `Layered<L, H, T, S>` implements `Handler<T, S>`
[INFO] [stdout]               `MethodRouter<S>` implements `Handler<(), S>`
[INFO] [stdout] note: required by a bound in `post`
[INFO] [stdout]    --> /opt/rustwide/cargo-home/registry/src/index.crates.io-6f17d22bba15001f/axum-0.7.7/src/routing/method_routing.rs:389:1
[INFO] [stdout]     |
[INFO] [stdout] 389 | top_level_handler_fn!(post, POST);
[INFO] [stdout]     | ^^^^^^^^^^^^^^^^^^^^^^----^^^^^^^
[INFO] [stdout]     | |                     |
[INFO] [stdout]     | |                     required by a bound in this function
[INFO] [stdout]     | required by this bound in `post`
[INFO] [stdout]     = note: this error originates in the macro `top_level_handler_fn` (in Nightly builds, run with -Z macro-backtrace for more info)
[INFO] [stdout] 
[INFO] [stdout] error: aborting due to 2 previous errors
[INFO] [stdout] 
[INFO] [stdout] Some errors have detailed explanations: E0277, E0432.
[INFO] [stdout] For more information about an error, try `rustc --explain E0277`.
[INFO] [stdout] Couldn't compile the test.
[INFO] [stdout] ---- src/lib.rs - Json (line 59) stdout ----
[INFO] [stdout] error[E0432]: unresolved import `serde`
[INFO] [stdout]  --> src/lib.rs:66:5
[INFO] [stdout]   |
[INFO] [stdout] 9 | use serde::Serialize;
[INFO] [stdout]   |     ^^^^^ use of undeclared crate or module `serde`
[INFO] [stdout] 
[INFO] [stdout] error[E0432]: unresolved import `uuid`
[INFO] [stdout]   --> src/lib.rs:67:5
[INFO] [stdout]    |
[INFO] [stdout] 10 | use uuid::Uuid;
[INFO] [stdout]    |     ^^^^ use of undeclared crate or module `uuid`
[INFO] [stdout] 
[INFO] [stdout] error[E0277]: the trait bound `fn(axum::extract::Path<{type error}>) -> impl Future<Output = Json<User>> {get_user}: Handler<_, _>` is not satisfied
[INFO] [stdout]    --> src/lib.rs:85:49
[INFO] [stdout]     |
[INFO] [stdout] 28  | let app = Router::new().route("/users/:id", get(get_user));
[INFO] [stdout]     |                                             --- ^^^^^^^^ unsatisfied trait bound
[INFO] [stdout]     |                                             |
[INFO] [stdout]     |                                             required by a bound introduced by this call
[INFO] [stdout]     |
[INFO] [stdout]     = help: the trait `Handler<_, _>` is not implemented for fn item `fn(axum::extract::Path<{type error}>) -> impl Future<Output = Json<User>> {get_user}`
[INFO] [stdout]     = note: Consider using `#[axum::debug_handler]` to improve the error message
[INFO] [stdout]     = help: the following other types implement trait `Handler<T, S>`:
[INFO] [stdout]               `Layered<L, H, T, S>` implements `Handler<T, S>`
[INFO] [stdout]               `MethodRouter<S>` implements `Handler<(), S>`
[INFO] [stdout] note: required by a bound in `axum::routing::get`
[INFO] [stdout]    --> /opt/rustwide/cargo-home/registry/src/index.crates.io-6f17d22bba15001f/axum-0.7.7/src/routing/method_routing.rs:385:1
[INFO] [stdout]     |
[INFO] [stdout] 385 | top_level_handler_fn!(get, GET);
[INFO] [stdout]     | ^^^^^^^^^^^^^^^^^^^^^^---^^^^^^
[INFO] [stdout]     | |                     |
[INFO] [stdout]     | |                     required by a bound in this function
[INFO] [stdout]     | required by this bound in `get`
[INFO] [stdout]     = note: this error originates in the macro `top_level_handler_fn` (in Nightly builds, run with -Z macro-backtrace for more info)
[INFO] [stdout] 
[INFO] [stdout] error: aborting due to 3 previous errors
[INFO] [stdout] 
[INFO] [stdout] Some errors have detailed explanations: E0277, E0432.
[INFO] [stdout] For more information about an error, try `rustc --explain E0277`.
[INFO] [stdout] Couldn't compile the test.
[INFO] [stdout] 
[INFO] [stdout] failures:
[INFO] [stdout]     src/lib.rs - Json (line 32)
[INFO] [stdout]     src/lib.rs - Json (line 59)
[INFO] [stdout] 
[INFO] [stdout] test result: FAILED. 0 passed; 2 failed; 0 ignored; 0 measured; 0 filtered out; finished in 0.23s
[INFO] [stdout] 
[INFO] running `Command { std: "docker" "inspect" "91c7343fc4704a4370f2e8300b6d7c621d67b9759e91bf04d10ee4a0605dc0fd", kill_on_drop: false }`
[INFO] running `Command { std: "docker" "rm" "-f" "91c7343fc4704a4370f2e8300b6d7c621d67b9759e91bf04d10ee4a0605dc0fd", kill_on_drop: false }`
[INFO] [stdout] 91c7343fc4704a4370f2e8300b6d7c621d67b9759e91bf04d10ee4a0605dc0fd
