[INFO] cloning repository https://github.com/sigpher/rust_book
[INFO] running `Command { std: "git" "-c" "credential.helper=" "-c" "credential.helper=/workspace/cargo-home/bin/git-credential-null" "clone" "--bare" "https://github.com/sigpher/rust_book" "/workspace/cache/git-repos/https%3A%2F%2Fgithub.com%2Fsigpher%2Frust_book", kill_on_drop: false }`
[INFO] [stderr] Cloning into bare repository '/workspace/cache/git-repos/https%3A%2F%2Fgithub.com%2Fsigpher%2Frust_book'...
[INFO] running `Command { std: "git" "rev-parse" "HEAD", kill_on_drop: false }`
[INFO] [stdout] 9cff653aa41d400fc7d1ec9d976c71a0de290474
[INFO] testing sigpher/rust_book against beta-2024-12-08 for beta-1.84.0-4-retry
[INFO] running `Command { std: "git" "clone" "/workspace/cache/git-repos/https%3A%2F%2Fgithub.com%2Fsigpher%2Frust_book" "/workspace/builds/worker-3-tc2/source", kill_on_drop: false }`
[INFO] [stderr] Cloning into '/workspace/builds/worker-3-tc2/source'...
[INFO] [stderr] done.
[INFO] validating manifest of git repo https://github.com/sigpher/rust_book on toolchain beta-2024-12-08
[INFO] running `Command { std: CARGO_HOME="/workspace/cargo-home" RUSTUP_HOME="/workspace/rustup-home" "/workspace/cargo-home/bin/cargo" "+beta-2024-12-08" "metadata" "--manifest-path" "Cargo.toml" "--no-deps", kill_on_drop: false }`
[INFO] started tweaking git repo https://github.com/sigpher/rust_book
[INFO] finished tweaking git repo https://github.com/sigpher/rust_book
[INFO] tweaked toml for git repo https://github.com/sigpher/rust_book written to /workspace/builds/worker-3-tc2/source/Cargo.toml
[INFO] crate git repo https://github.com/sigpher/rust_book already has a lockfile, it will not be regenerated
[INFO] running `Command { std: CARGO_HOME="/workspace/cargo-home" RUSTUP_HOME="/workspace/rustup-home" "/workspace/cargo-home/bin/cargo" "+beta-2024-12-08" "fetch" "--manifest-path" "Cargo.toml", kill_on_drop: false }`
[INFO] [stderr] warning: virtual workspace defaulting to `resolver = "1"` despite one or more workspace members being on edition 2021 which implies `resolver = "2"`
[INFO] [stderr] note: to keep the current resolver, specify `workspace.resolver = "1"` in the workspace root's manifest
[INFO] [stderr] note: to use the edition 2021 resolver, specify `workspace.resolver = "2"` in the workspace root's manifest
[INFO] [stderr] note: for more details see https://doc.rust-lang.org/cargo/reference/resolver.html#resolver-versions
[INFO] running `Command { std: "docker" "create" "-v" "/var/lib/crater-agent-workspace/builds/worker-3-tc2/target:/opt/rustwide/target:rw,Z" "-v" "/var/lib/crater-agent-workspace/builds/worker-3-tc2/source:/opt/rustwide/workdir:ro,Z" "-v" "/var/lib/crater-agent-workspace/cargo-home:/opt/rustwide/cargo-home:ro,Z" "-v" "/var/lib/crater-agent-workspace/rustup-home:/opt/rustwide/rustup-home:ro,Z" "-e" "SOURCE_DIR=/opt/rustwide/workdir" "-e" "CARGO_TARGET_DIR=/opt/rustwide/target" "-e" "CARGO_HOME=/opt/rustwide/cargo-home" "-e" "RUSTUP_HOME=/opt/rustwide/rustup-home" "-w" "/opt/rustwide/workdir" "-m" "1610612736" "--user" "0:0" "--network" "none" "ghcr.io/rust-lang/crates-build-env/linux@sha256:f3a9d4ad9d972b27faf3965f35b62e55ba32bbce8f20bc8fe909558a86702fde" "/opt/rustwide/cargo-home/bin/cargo" "+beta-2024-12-08" "metadata" "--no-deps" "--format-version=1", kill_on_drop: false }`
[INFO] [stdout] 8bc1622b255a781a520161de95034a90d802004000ce9b6db12e1ef3eb020301
[INFO] running `Command { std: "docker" "start" "-a" "8bc1622b255a781a520161de95034a90d802004000ce9b6db12e1ef3eb020301", kill_on_drop: false }`
[INFO] running `Command { std: "docker" "inspect" "8bc1622b255a781a520161de95034a90d802004000ce9b6db12e1ef3eb020301", kill_on_drop: false }`
[INFO] running `Command { std: "docker" "rm" "-f" "8bc1622b255a781a520161de95034a90d802004000ce9b6db12e1ef3eb020301", kill_on_drop: false }`
[INFO] [stdout] 8bc1622b255a781a520161de95034a90d802004000ce9b6db12e1ef3eb020301
[INFO] running `Command { std: "docker" "create" "-v" "/var/lib/crater-agent-workspace/builds/worker-3-tc2/target:/opt/rustwide/target:rw,Z" "-v" "/var/lib/crater-agent-workspace/builds/worker-3-tc2/source:/opt/rustwide/workdir:ro,Z" "-v" "/var/lib/crater-agent-workspace/cargo-home:/opt/rustwide/cargo-home:ro,Z" "-v" "/var/lib/crater-agent-workspace/rustup-home:/opt/rustwide/rustup-home:ro,Z" "-e" "SOURCE_DIR=/opt/rustwide/workdir" "-e" "CARGO_TARGET_DIR=/opt/rustwide/target" "-e" "CARGO_INCREMENTAL=0" "-e" "RUST_BACKTRACE=full" "-e" "RUSTFLAGS=--cap-lints=warn" "-e" "RUSTDOCFLAGS=--cap-lints=warn" "-e" "CARGO_HOME=/opt/rustwide/cargo-home" "-e" "RUSTUP_HOME=/opt/rustwide/rustup-home" "-w" "/opt/rustwide/workdir" "-m" "1610612736" "--user" "0:0" "--network" "none" "ghcr.io/rust-lang/crates-build-env/linux@sha256:f3a9d4ad9d972b27faf3965f35b62e55ba32bbce8f20bc8fe909558a86702fde" "/opt/rustwide/cargo-home/bin/cargo" "+beta-2024-12-08" "build" "--frozen" "--message-format=json", kill_on_drop: false }`
[INFO] [stdout] 3c74f916c510e91ea95bec870fdeaf9d5e8218c5012414685228c4f88ca83733
[INFO] running `Command { std: "docker" "start" "-a" "3c74f916c510e91ea95bec870fdeaf9d5e8218c5012414685228c4f88ca83733", kill_on_drop: false }`
[INFO] [stderr] warning: virtual workspace defaulting to `resolver = "1"` despite one or more workspace members being on edition 2021 which implies `resolver = "2"`
[INFO] [stderr] note: to keep the current resolver, specify `workspace.resolver = "1"` in the workspace root's manifest
[INFO] [stderr] note: to use the edition 2021 resolver, specify `workspace.resolver = "2"` in the workspace root's manifest
[INFO] [stderr] note: for more details see https://doc.rust-lang.org/cargo/reference/resolver.html#resolver-versions
[INFO] [stderr]    Compiling libc v0.2.140
[INFO] [stderr]    Compiling ch07 v0.1.0 (/opt/rustwide/workdir/ch07)
[INFO] [stderr]    Compiling ch10 v0.1.0 (/opt/rustwide/workdir/ch10)
[INFO] [stderr]    Compiling demo v0.1.0 (/opt/rustwide/workdir/demo)
[INFO] [stderr]    Compiling ch15 v0.1.0 (/opt/rustwide/workdir/ch15)
[INFO] [stderr]    Compiling ch12 v0.1.0 (/opt/rustwide/workdir/ch12)
[INFO] [stderr]    Compiling ch16 v0.1.0 (/opt/rustwide/workdir/ch16)
[INFO] [stderr]    Compiling ch06 v0.1.0 (/opt/rustwide/workdir/ch06)
[INFO] [stderr]    Compiling ch05 v0.1.0 (/opt/rustwide/workdir/ch05)
[INFO] [stderr]    Compiling ch09 v0.1.0 (/opt/rustwide/workdir/ch09)
[INFO] [stderr]    Compiling ch11 v0.1.0 (/opt/rustwide/workdir/ch11)
[INFO] [stderr]    Compiling ch01 v0.1.0 (/opt/rustwide/workdir/ch01)
[INFO] [stderr]    Compiling ch04 v0.1.0 (/opt/rustwide/workdir/ch04)
[INFO] [stderr]    Compiling ch08 v0.1.0 (/opt/rustwide/workdir/ch08)
[INFO] [stderr]    Compiling ch14 v0.1.0 (/opt/rustwide/workdir/ch14)
[INFO] [stderr]    Compiling ch03 v0.1.0 (/opt/rustwide/workdir/ch03)
[INFO] [stdout] warning: unused import: `super::*`
[INFO] [stdout]   --> ch11/src/lib.rs:13:9
[INFO] [stdout]    |
[INFO] [stdout] 13 |     use super::*;
[INFO] [stdout]    |         ^^^^^^^^
[INFO] [stdout]    |
[INFO] [stdout] help: if this is a test module, consider adding a `#[cfg(test)]` to the containing module
[INFO] [stdout]   --> ch11/src/lib.rs:12:1
[INFO] [stdout]    |
[INFO] [stdout] 12 | mod tests {
[INFO] [stdout]    | ^^^^^^^^^
[INFO] [stdout]    = note: `#[warn(unused_imports)]` on by default
[INFO] [stdout] 
[INFO] [stdout] 
[INFO] [stdout] warning: function `deliver_order` is never used
[INFO] [stdout]   --> ch07/src/lib.rs:12:4
[INFO] [stdout]    |
[INFO] [stdout] 12 | fn deliver_order() {}
[INFO] [stdout]    |    ^^^^^^^^^^^^^
[INFO] [stdout]    |
[INFO] [stdout]    = note: `#[warn(dead_code)]` on by default
[INFO] [stdout] 
[INFO] [stdout] 
[INFO] [stdout] warning: function `fix_incorrect_order` is never used
[INFO] [stdout]   --> ch07/src/lib.rs:15:8
[INFO] [stdout]    |
[INFO] [stdout] 15 |     fn fix_incorrect_order() {
[INFO] [stdout]    |        ^^^^^^^^^^^^^^^^^^^
[INFO] [stdout] 
[INFO] [stdout] 
[INFO] [stdout] warning: function `cook_order` is never used
[INFO] [stdout]   --> ch07/src/lib.rs:20:8
[INFO] [stdout]    |
[INFO] [stdout] 20 |     fn cook_order() {}
[INFO] [stdout]    |        ^^^^^^^^^^
[INFO] [stdout] 
[INFO] [stdout] 
[INFO] [stdout] warning: unused variable: `f1`
[INFO] [stdout]   --> ch03/src/main.rs:24:9
[INFO] [stdout]    |
[INFO] [stdout] 24 |     let f1 = 2f64;
[INFO] [stdout]    |         ^^ help: if this is intentional, prefix it with an underscore: `_f1`
[INFO] [stdout]    |
[INFO] [stdout]    = note: `#[warn(unused_variables)]` on by default
[INFO] [stdout] 
[INFO] [stdout] 
[INFO] [stdout] warning: unused variable: `f2`
[INFO] [stdout]   --> ch03/src/main.rs:25:9
[INFO] [stdout]    |
[INFO] [stdout] 25 |     let f2 = 3f32;
[INFO] [stdout]    |         ^^ help: if this is intentional, prefix it with an underscore: `_f2`
[INFO] [stdout] 
[INFO] [stdout] 
[INFO] [stdout] warning: unused variable: `tup`
[INFO] [stdout]   --> ch03/src/main.rs:27:9
[INFO] [stdout]    |
[INFO] [stdout] 27 |     let tup = (500, 6.4, true);
[INFO] [stdout]    |         ^^^ help: if this is intentional, prefix it with an underscore: `_tup`
[INFO] [stdout] 
[INFO] [stdout] 
[INFO] [stdout] warning: unused variable: `arr`
[INFO] [stdout]   --> ch03/src/main.rs:29:9
[INFO] [stdout]    |
[INFO] [stdout] 29 |     let arr = [1, 2, 3, 4, 5, 6];
[INFO] [stdout]    |         ^^^ help: if this is intentional, prefix it with an underscore: `_arr`
[INFO] [stdout] 
[INFO] [stdout] 
[INFO] [stdout] warning: function `find_number` is never used
[INFO] [stdout]   --> ch04/src/main.rs:17:4
[INFO] [stdout]    |
[INFO] [stdout] 17 | fn find_number(numbers:&[u8],num:u8)->usize{
[INFO] [stdout]    |    ^^^^^^^^^^^
[INFO] [stdout]    |
[INFO] [stdout]    = note: `#[warn(dead_code)]` on by default
[INFO] [stdout] 
[INFO] [stdout] 
[INFO] [stdout] warning: unused imports: `reference_cycles::list` and `tracker`
[INFO] [stdout]   --> ch15/src/main.rs:11:12
[INFO] [stdout]    |
[INFO] [stdout] 11 | use ch15::{reference_cycles::list, tracker};
[INFO] [stdout]    |            ^^^^^^^^^^^^^^^^^^^^^^  ^^^^^^^
[INFO] [stdout]    |
[INFO] [stdout]    = note: `#[warn(unused_imports)]` on by default
[INFO] [stdout] 
[INFO] [stdout] 
[INFO] [stdout] warning: unused variable: `num_spaces`
[INFO] [stdout]   --> ch06/src/main.rs:33:20
[INFO] [stdout]    |
[INFO] [stdout] 33 | pub fn move_player(num_spaces: u8) {}
[INFO] [stdout]    |                    ^^^^^^^^^^ help: if this is intentional, prefix it with an underscore: `_num_spaces`
[INFO] [stdout]    |
[INFO] [stdout]    = note: `#[warn(unused_variables)]` on by default
[INFO] [stdout] 
[INFO] [stdout] 
[INFO] [stdout] warning: unused imports: `Color` and `Point`
[INFO] [stdout]  --> ch05/src/main.rs:1:12
[INFO] [stdout]   |
[INFO] [stdout] 1 | use ch05::{Color, Point, Rectangle, User};
[INFO] [stdout]   |            ^^^^^  ^^^^^
[INFO] [stdout]   |
[INFO] [stdout]   = note: `#[warn(unused_imports)]` on by default
[INFO] [stdout] 
[INFO] [stdout] 
[INFO] [stderr]    Compiling getrandom v0.2.8
[INFO] [stderr]    Compiling rand_core v0.6.4
[INFO] [stderr]    Compiling rand_chacha v0.3.1
[INFO] [stderr]    Compiling rand v0.8.5
[INFO] [stderr]    Compiling ch13 v0.1.0 (/opt/rustwide/workdir/ch13)
[INFO] [stderr]    Compiling ch02 v0.1.0 (/opt/rustwide/workdir/ch02)
[INFO] [stdout] warning: unused variable: `unwrap_number`
[INFO] [stdout]   --> ch13/src/main.rs:48:9
[INFO] [stdout]    |
[INFO] [stdout] 48 |     let unwrap_number = number.yes_or_else(|| list[random_number]);
[INFO] [stdout]    |         ^^^^^^^^^^^^^ help: if this is intentional, prefix it with an underscore: `_unwrap_number`
[INFO] [stdout]    |
[INFO] [stdout]    = note: `#[warn(unused_variables)]` on by default
[INFO] [stdout] 
[INFO] [stdout] 
[INFO] [stdout] warning: field `width` is never read
[INFO] [stdout]   --> ch13/src/main.rs:98:5
[INFO] [stdout]    |
[INFO] [stdout] 97 | struct Rectangle<T> {
[INFO] [stdout]    |        --------- field in this struct
[INFO] [stdout] 98 |     width: T,
[INFO] [stdout]    |     ^^^^^
[INFO] [stdout]    |
[INFO] [stdout]    = note: `Rectangle` has derived impls for the traits `Clone` and `Debug`, but these are intentionally ignored during dead code analysis
[INFO] [stdout]    = note: `#[warn(dead_code)]` on by default
[INFO] [stdout] 
[INFO] [stdout] 
[INFO] [stderr]     Finished `dev` profile [unoptimized + debuginfo] target(s) in 6.57s
[INFO] running `Command { std: "docker" "inspect" "3c74f916c510e91ea95bec870fdeaf9d5e8218c5012414685228c4f88ca83733", kill_on_drop: false }`
[INFO] running `Command { std: "docker" "rm" "-f" "3c74f916c510e91ea95bec870fdeaf9d5e8218c5012414685228c4f88ca83733", kill_on_drop: false }`
[INFO] [stdout] 3c74f916c510e91ea95bec870fdeaf9d5e8218c5012414685228c4f88ca83733
[INFO] running `Command { std: "docker" "create" "-v" "/var/lib/crater-agent-workspace/builds/worker-3-tc2/target:/opt/rustwide/target:rw,Z" "-v" "/var/lib/crater-agent-workspace/builds/worker-3-tc2/source:/opt/rustwide/workdir:ro,Z" "-v" "/var/lib/crater-agent-workspace/cargo-home:/opt/rustwide/cargo-home:ro,Z" "-v" "/var/lib/crater-agent-workspace/rustup-home:/opt/rustwide/rustup-home:ro,Z" "-e" "SOURCE_DIR=/opt/rustwide/workdir" "-e" "CARGO_TARGET_DIR=/opt/rustwide/target" "-e" "CARGO_INCREMENTAL=0" "-e" "RUST_BACKTRACE=full" "-e" "RUSTFLAGS=--cap-lints=warn" "-e" "RUSTDOCFLAGS=--cap-lints=warn" "-e" "CARGO_HOME=/opt/rustwide/cargo-home" "-e" "RUSTUP_HOME=/opt/rustwide/rustup-home" "-w" "/opt/rustwide/workdir" "-m" "1610612736" "--user" "0:0" "--network" "none" "ghcr.io/rust-lang/crates-build-env/linux@sha256:f3a9d4ad9d972b27faf3965f35b62e55ba32bbce8f20bc8fe909558a86702fde" "/opt/rustwide/cargo-home/bin/cargo" "+beta-2024-12-08" "test" "--frozen" "--no-run" "--message-format=json", kill_on_drop: false }`
[INFO] [stdout] f3ad0160fe94e8999c29029cdade4349a2f6a9dae9bf010f5a1c77acb252f087
[INFO] running `Command { std: "docker" "start" "-a" "f3ad0160fe94e8999c29029cdade4349a2f6a9dae9bf010f5a1c77acb252f087", kill_on_drop: false }`
[INFO] [stderr] warning: virtual workspace defaulting to `resolver = "1"` despite one or more workspace members being on edition 2021 which implies `resolver = "2"`
[INFO] [stderr] note: to keep the current resolver, specify `workspace.resolver = "1"` in the workspace root's manifest
[INFO] [stderr] note: to use the edition 2021 resolver, specify `workspace.resolver = "2"` in the workspace root's manifest
[INFO] [stderr] note: for more details see https://doc.rust-lang.org/cargo/reference/resolver.html#resolver-versions
[INFO] [stdout] warning: function `deliver_order` is never used
[INFO] [stdout]   --> ch07/src/lib.rs:12:4
[INFO] [stdout]    |
[INFO] [stdout] 12 | fn deliver_order() {}
[INFO] [stdout]    |    ^^^^^^^^^^^^^
[INFO] [stdout]    |
[INFO] [stdout]    = note: `#[warn(dead_code)]` on by default
[INFO] [stdout] 
[INFO] [stdout] 
[INFO] [stdout] warning: function `fix_incorrect_order` is never used
[INFO] [stdout]   --> ch07/src/lib.rs:15:8
[INFO] [stdout]    |
[INFO] [stdout] 15 |     fn fix_incorrect_order() {
[INFO] [stdout]    |        ^^^^^^^^^^^^^^^^^^^
[INFO] [stdout] 
[INFO] [stdout] 
[INFO] [stdout] warning: function `cook_order` is never used
[INFO] [stdout]   --> ch07/src/lib.rs:20:8
[INFO] [stdout]    |
[INFO] [stdout] 20 |     fn cook_order() {}
[INFO] [stdout]    |        ^^^^^^^^^^
[INFO] [stdout] 
[INFO] [stdout] 
[INFO] [stdout] warning: unused import: `super::*`
[INFO] [stdout]   --> ch11/src/lib.rs:13:9
[INFO] [stdout]    |
[INFO] [stdout] 13 |     use super::*;
[INFO] [stdout]    |         ^^^^^^^^
[INFO] [stdout]    |
[INFO] [stdout] help: if this is a test module, consider adding a `#[cfg(test)]` to the containing module
[INFO] [stdout]   --> ch11/src/lib.rs:12:1
[INFO] [stdout]    |
[INFO] [stdout] 12 | mod tests {
[INFO] [stdout]    | ^^^^^^^^^
[INFO] [stdout]    = note: `#[warn(unused_imports)]` on by default
[INFO] [stdout] 
[INFO] [stdout] 
[INFO] [stderr]    Compiling ch05 v0.1.0 (/opt/rustwide/workdir/ch05)
[INFO] [stderr]    Compiling demo v0.1.0 (/opt/rustwide/workdir/demo)
[INFO] [stderr]    Compiling ch15 v0.1.0 (/opt/rustwide/workdir/ch15)
[INFO] [stderr]    Compiling ch06 v0.1.0 (/opt/rustwide/workdir/ch06)
[INFO] [stderr]    Compiling ch16 v0.1.0 (/opt/rustwide/workdir/ch16)
[INFO] [stderr]    Compiling ch12 v0.1.0 (/opt/rustwide/workdir/ch12)
[INFO] [stderr]    Compiling ch10 v0.1.0 (/opt/rustwide/workdir/ch10)
[INFO] [stderr]    Compiling ch07 v0.1.0 (/opt/rustwide/workdir/ch07)
[INFO] [stderr]    Compiling ch02 v0.1.0 (/opt/rustwide/workdir/ch02)
[INFO] [stderr]    Compiling ch13 v0.1.0 (/opt/rustwide/workdir/ch13)
[INFO] [stderr]    Compiling ch01 v0.1.0 (/opt/rustwide/workdir/ch01)
[INFO] [stdout] warning: unused imports: `reference_cycles::list` and `tracker`
[INFO] [stdout]   --> ch15/src/main.rs:11:12
[INFO] [stdout]    |
[INFO] [stdout] 11 | use ch15::{reference_cycles::list, tracker};
[INFO] [stdout]    |            ^^^^^^^^^^^^^^^^^^^^^^  ^^^^^^^
[INFO] [stdout]    |
[INFO] [stdout]    = note: `#[warn(unused_imports)]` on by default
[INFO] [stdout] 
[INFO] [stdout] 
[INFO] [stdout] warning: unused variable: `num_spaces`
[INFO] [stdout]   --> ch06/src/main.rs:33:20
[INFO] [stdout]    |
[INFO] [stdout] 33 | pub fn move_player(num_spaces: u8) {}
[INFO] [stdout]    |                    ^^^^^^^^^^ help: if this is intentional, prefix it with an underscore: `_num_spaces`
[INFO] [stdout]    |
[INFO] [stdout]    = note: `#[warn(unused_variables)]` on by default
[INFO] [stdout] 
[INFO] [stdout] 
[INFO] [stdout] warning: unused imports: `Color` and `Point`
[INFO] [stdout]  --> ch05/src/main.rs:1:12
[INFO] [stdout]   |
[INFO] [stdout] 1 | use ch05::{Color, Point, Rectangle, User};
[INFO] [stdout]   |            ^^^^^  ^^^^^
[INFO] [stdout]   |
[INFO] [stdout]   = note: `#[warn(unused_imports)]` on by default
[INFO] [stdout] 
[INFO] [stdout] 
[INFO] [stdout] warning: unused variable: `unwrap_number`
[INFO] [stdout]   --> ch13/src/main.rs:48:9
[INFO] [stdout]    |
[INFO] [stdout] 48 |     let unwrap_number = number.yes_or_else(|| list[random_number]);
[INFO] [stdout]    |         ^^^^^^^^^^^^^ help: if this is intentional, prefix it with an underscore: `_unwrap_number`
[INFO] [stdout]    |
[INFO] [stdout]    = note: `#[warn(unused_variables)]` on by default
[INFO] [stdout] 
[INFO] [stdout] 
[INFO] [stdout] warning: field `width` is never read
[INFO] [stdout]   --> ch13/src/main.rs:98:5
[INFO] [stdout]    |
[INFO] [stdout] 97 | struct Rectangle<T> {
[INFO] [stdout]    |        --------- field in this struct
[INFO] [stdout] 98 |     width: T,
[INFO] [stdout]    |     ^^^^^
[INFO] [stdout]    |
[INFO] [stdout]    = note: `Rectangle` has derived impls for the traits `Clone` and `Debug`, but these are intentionally ignored during dead code analysis
[INFO] [stdout]    = note: `#[warn(dead_code)]` on by default
[INFO] [stdout] 
[INFO] [stdout] 
[INFO] [stderr]    Compiling ch11 v0.1.0 (/opt/rustwide/workdir/ch11)
[INFO] [stderr]    Compiling ch14 v0.1.0 (/opt/rustwide/workdir/ch14)
[INFO] [stderr]    Compiling ch03 v0.1.0 (/opt/rustwide/workdir/ch03)
[INFO] [stdout] warning: unused variable: `f1`
[INFO] [stdout]   --> ch03/src/main.rs:24:9
[INFO] [stdout]    |
[INFO] [stdout] 24 |     let f1 = 2f64;
[INFO] [stdout]    |         ^^ help: if this is intentional, prefix it with an underscore: `_f1`
[INFO] [stdout]    |
[INFO] [stdout]    = note: `#[warn(unused_variables)]` on by default
[INFO] [stdout] 
[INFO] [stdout] 
[INFO] [stdout] warning: unused variable: `f2`
[INFO] [stdout]   --> ch03/src/main.rs:25:9
[INFO] [stdout]    |
[INFO] [stdout] 25 |     let f2 = 3f32;
[INFO] [stdout]    |         ^^ help: if this is intentional, prefix it with an underscore: `_f2`
[INFO] [stdout] 
[INFO] [stdout] 
[INFO] [stdout] warning: unused variable: `tup`
[INFO] [stdout]   --> ch03/src/main.rs:27:9
[INFO] [stdout]    |
[INFO] [stdout] 27 |     let tup = (500, 6.4, true);
[INFO] [stdout]    |         ^^^ help: if this is intentional, prefix it with an underscore: `_tup`
[INFO] [stdout] 
[INFO] [stdout] 
[INFO] [stdout] warning: unused variable: `arr`
[INFO] [stdout]   --> ch03/src/main.rs:29:9
[INFO] [stdout]    |
[INFO] [stdout] 29 |     let arr = [1, 2, 3, 4, 5, 6];
[INFO] [stdout]    |         ^^^ help: if this is intentional, prefix it with an underscore: `_arr`
[INFO] [stdout] 
[INFO] [stdout] 
[INFO] [stderr]    Compiling ch04 v0.1.0 (/opt/rustwide/workdir/ch04)
[INFO] [stderr]    Compiling ch08 v0.1.0 (/opt/rustwide/workdir/ch08)
[INFO] [stdout] warning: function `find_number` is never used
[INFO] [stdout]   --> ch04/src/main.rs:17:4
[INFO] [stdout]    |
[INFO] [stdout] 17 | fn find_number(numbers:&[u8],num:u8)->usize{
[INFO] [stdout]    |    ^^^^^^^^^^^
[INFO] [stdout]    |
[INFO] [stdout]    = note: `#[warn(dead_code)]` on by default
[INFO] [stdout] 
[INFO] [stdout] 
[INFO] [stderr]    Compiling ch09 v0.1.0 (/opt/rustwide/workdir/ch09)
[INFO] [stdout] warning: function `deliver_order` is never used
[INFO] [stdout]   --> ch07/src/lib.rs:12:4
[INFO] [stdout]    |
[INFO] [stdout] 12 | fn deliver_order() {}
[INFO] [stdout]    |    ^^^^^^^^^^^^^
[INFO] [stdout]    |
[INFO] [stdout]    = note: `#[warn(dead_code)]` on by default
[INFO] [stdout] 
[INFO] [stdout] 
[INFO] [stdout] warning: function `fix_incorrect_order` is never used
[INFO] [stdout]   --> ch07/src/lib.rs:15:8
[INFO] [stdout]    |
[INFO] [stdout] 15 |     fn fix_incorrect_order() {
[INFO] [stdout]    |        ^^^^^^^^^^^^^^^^^^^
[INFO] [stdout] 
[INFO] [stdout] 
[INFO] [stdout] warning: function `cook_order` is never used
[INFO] [stdout]   --> ch07/src/lib.rs:20:8
[INFO] [stdout]    |
[INFO] [stdout] 20 |     fn cook_order() {}
[INFO] [stdout]    |        ^^^^^^^^^^
[INFO] [stdout] 
[INFO] [stdout] 
[INFO] [stderr]     Finished `test` profile [unoptimized + debuginfo] target(s) in 3.46s
[INFO] running `Command { std: "docker" "inspect" "f3ad0160fe94e8999c29029cdade4349a2f6a9dae9bf010f5a1c77acb252f087", kill_on_drop: false }`
[INFO] running `Command { std: "docker" "rm" "-f" "f3ad0160fe94e8999c29029cdade4349a2f6a9dae9bf010f5a1c77acb252f087", kill_on_drop: false }`
[INFO] [stdout] f3ad0160fe94e8999c29029cdade4349a2f6a9dae9bf010f5a1c77acb252f087
[INFO] running `Command { std: "docker" "create" "-v" "/var/lib/crater-agent-workspace/builds/worker-3-tc2/target:/opt/rustwide/target:rw,Z" "-v" "/var/lib/crater-agent-workspace/builds/worker-3-tc2/source:/opt/rustwide/workdir:ro,Z" "-v" "/var/lib/crater-agent-workspace/cargo-home:/opt/rustwide/cargo-home:ro,Z" "-v" "/var/lib/crater-agent-workspace/rustup-home:/opt/rustwide/rustup-home:ro,Z" "-e" "SOURCE_DIR=/opt/rustwide/workdir" "-e" "CARGO_TARGET_DIR=/opt/rustwide/target" "-e" "CARGO_INCREMENTAL=0" "-e" "RUST_BACKTRACE=full" "-e" "RUSTFLAGS=--cap-lints=warn" "-e" "RUSTDOCFLAGS=--cap-lints=warn" "-e" "CARGO_HOME=/opt/rustwide/cargo-home" "-e" "RUSTUP_HOME=/opt/rustwide/rustup-home" "-w" "/opt/rustwide/workdir" "-m" "1610612736" "--user" "0:0" "--network" "none" "ghcr.io/rust-lang/crates-build-env/linux@sha256:f3a9d4ad9d972b27faf3965f35b62e55ba32bbce8f20bc8fe909558a86702fde" "/opt/rustwide/cargo-home/bin/cargo" "+beta-2024-12-08" "test" "--frozen", kill_on_drop: false }`
[INFO] [stdout] 98e61017d5c14a4b29a0e3a1e98ce8ddbab77b75ec5bafe9ac6bd378517745ce
[INFO] running `Command { std: "docker" "start" "-a" "98e61017d5c14a4b29a0e3a1e98ce8ddbab77b75ec5bafe9ac6bd378517745ce", kill_on_drop: false }`
[INFO] [stderr] warning: virtual workspace defaulting to `resolver = "1"` despite one or more workspace members being on edition 2021 which implies `resolver = "2"`
[INFO] [stderr] note: to keep the current resolver, specify `workspace.resolver = "1"` in the workspace root's manifest
[INFO] [stderr] note: to use the edition 2021 resolver, specify `workspace.resolver = "2"` in the workspace root's manifest
[INFO] [stderr] note: for more details see https://doc.rust-lang.org/cargo/reference/resolver.html#resolver-versions
[INFO] [stderr] warning: function `deliver_order` is never used
[INFO] [stderr]   --> ch07/src/lib.rs:12:4
[INFO] [stderr]    |
[INFO] [stderr] 12 | fn deliver_order() {}
[INFO] [stderr]    |    ^^^^^^^^^^^^^
[INFO] [stderr]    |
[INFO] [stderr]    = note: `#[warn(dead_code)]` on by default
[INFO] [stderr] 
[INFO] [stderr] warning: function `fix_incorrect_order` is never used
[INFO] [stderr]   --> ch07/src/lib.rs:15:8
[INFO] [stderr]    |
[INFO] [stderr] 15 |     fn fix_incorrect_order() {
[INFO] [stderr]    |        ^^^^^^^^^^^^^^^^^^^
[INFO] [stderr] 
[INFO] [stderr] warning: function `cook_order` is never used
[INFO] [stderr]   --> ch07/src/lib.rs:20:8
[INFO] [stderr]    |
[INFO] [stderr] 20 |     fn cook_order() {}
[INFO] [stderr]    |        ^^^^^^^^^^
[INFO] [stderr] 
[INFO] [stderr] warning: `ch07` (lib) generated 3 warnings
[INFO] [stderr] warning: unused import: `super::*`
[INFO] [stderr]   --> ch11/src/lib.rs:13:9
[INFO] [stderr]    |
[INFO] [stderr] 13 |     use super::*;
[INFO] [stderr]    |         ^^^^^^^^
[INFO] [stderr]    |
[INFO] [stderr] help: if this is a test module, consider adding a `#[cfg(test)]` to the containing module
[INFO] [stderr]   --> ch11/src/lib.rs:12:1
[INFO] [stderr]    |
[INFO] [stderr] 12 | mod tests {
[INFO] [stderr]    | ^^^^^^^^^
[INFO] [stderr]    = note: `#[warn(unused_imports)]` on by default
[INFO] [stderr] 
[INFO] [stderr] warning: unused variable: `num_spaces`
[INFO] [stderr]   --> ch06/src/main.rs:33:20
[INFO] [stderr]    |
[INFO] [stderr] 33 | pub fn move_player(num_spaces: u8) {}
[INFO] [stderr]    |                    ^^^^^^^^^^ help: if this is intentional, prefix it with an underscore: `_num_spaces`
[INFO] [stderr]    |
[INFO] [stderr]    = note: `#[warn(unused_variables)]` on by default
[INFO] [stderr] 
[INFO] [stderr] warning: `ch11` (lib) generated 1 warning (run `cargo fix --lib -p ch11` to apply 1 suggestion)
[INFO] [stderr] warning: `ch06` (bin "ch06" test) generated 1 warning
[INFO] [stderr] warning: unused imports: `reference_cycles::list` and `tracker`
[INFO] [stderr]   --> ch15/src/main.rs:11:12
[INFO] [stderr]    |
[INFO] [stderr] 11 | use ch15::{reference_cycles::list, tracker};
[INFO] [stderr]    |            ^^^^^^^^^^^^^^^^^^^^^^  ^^^^^^^
[INFO] [stderr]    |
[INFO] [stderr]    = note: `#[warn(unused_imports)]` on by default
[INFO] [stderr] 
[INFO] [stderr] warning: unused imports: `Color` and `Point`
[INFO] [stderr]  --> ch05/src/main.rs:1:12
[INFO] [stderr]   |
[INFO] [stderr] 1 | use ch05::{Color, Point, Rectangle, User};
[INFO] [stderr]   |            ^^^^^  ^^^^^
[INFO] [stderr]   |
[INFO] [stderr]   = note: `#[warn(unused_imports)]` on by default
[INFO] [stderr] 
[INFO] [stderr] warning: function `find_number` is never used
[INFO] [stderr]   --> ch04/src/main.rs:17:4
[INFO] [stderr]    |
[INFO] [stderr] 17 | fn find_number(numbers:&[u8],num:u8)->usize{
[INFO] [stderr]    |    ^^^^^^^^^^^
[INFO] [stderr]    |
[INFO] [stderr]    = note: `#[warn(dead_code)]` on by default
[INFO] [stderr] 
[INFO] [stderr] warning: `ch15` (bin "ch15" test) generated 1 warning (run `cargo fix --bin "ch15" --tests` to apply 1 suggestion)
[INFO] [stderr] warning: `ch05` (bin "ch05" test) generated 1 warning (run `cargo fix --bin "ch05" --tests` to apply 1 suggestion)
[INFO] [stderr] warning: `ch04` (bin "ch04" test) generated 1 warning
[INFO] [stderr] warning: unused variable: `f1`
[INFO] [stderr]   --> ch03/src/main.rs:24:9
[INFO] [stderr]    |
[INFO] [stderr] 24 |     let f1 = 2f64;
[INFO] [stderr]    |         ^^ help: if this is intentional, prefix it with an underscore: `_f1`
[INFO] [stderr]    |
[INFO] [stderr]    = note: `#[warn(unused_variables)]` on by default
[INFO] [stderr] 
[INFO] [stderr] warning: unused variable: `f2`
[INFO] [stderr]   --> ch03/src/main.rs:25:9
[INFO] [stderr]    |
[INFO] [stderr] 25 |     let f2 = 3f32;
[INFO] [stderr]    |         ^^ help: if this is intentional, prefix it with an underscore: `_f2`
[INFO] [stderr] 
[INFO] [stderr] warning: unused variable: `tup`
[INFO] [stderr]   --> ch03/src/main.rs:27:9
[INFO] [stderr]    |
[INFO] [stderr] 27 |     let tup = (500, 6.4, true);
[INFO] [stderr]    |         ^^^ help: if this is intentional, prefix it with an underscore: `_tup`
[INFO] [stderr] 
[INFO] [stderr] warning: unused variable: `arr`
[INFO] [stderr]   --> ch03/src/main.rs:29:9
[INFO] [stderr]    |
[INFO] [stderr] 29 |     let arr = [1, 2, 3, 4, 5, 6];
[INFO] [stderr]    |         ^^^ help: if this is intentional, prefix it with an underscore: `_arr`
[INFO] [stderr] 
[INFO] [stderr] warning: `ch03` (bin "ch03" test) generated 4 warnings
[INFO] [stderr] warning: `ch07` (lib test) generated 3 warnings (3 duplicates)
[INFO] [stderr] warning: unused variable: `unwrap_number`
[INFO] [stderr]   --> ch13/src/main.rs:48:9
[INFO] [stderr]    |
[INFO] [stderr] 48 |     let unwrap_number = number.yes_or_else(|| list[random_number]);
[INFO] [stderr]    |         ^^^^^^^^^^^^^ help: if this is intentional, prefix it with an underscore: `_unwrap_number`
[INFO] [stderr]    |
[INFO] [stderr]    = note: `#[warn(unused_variables)]` on by default
[INFO] [stderr] 
[INFO] [stderr] warning: field `width` is never read
[INFO] [stderr]   --> ch13/src/main.rs:98:5
[INFO] [stderr]    |
[INFO] [stderr] 97 | struct Rectangle<T> {
[INFO] [stderr]    |        --------- field in this struct
[INFO] [stderr] 98 |     width: T,
[INFO] [stderr]    |     ^^^^^
[INFO] [stderr]    |
[INFO] [stderr]    = note: `Rectangle` has derived impls for the traits `Clone` and `Debug`, but these are intentionally ignored during dead code analysis
[INFO] [stderr]    = note: `#[warn(dead_code)]` on by default
[INFO] [stderr] 
[INFO] [stderr] warning: `ch13` (bin "ch13" test) generated 2 warnings
[INFO] [stderr]     Finished `test` profile [unoptimized + debuginfo] target(s) in 0.08s
[INFO] [stderr]      Running unittests src/main.rs (/opt/rustwide/target/debug/deps/ch01-46580996fafa355d)
[INFO] [stderr]      Running unittests src/lib.rs (/opt/rustwide/target/debug/deps/ch02-4ec28841cfea83bb)
[INFO] [stdout] 
[INFO] [stderr]      Running unittests src/main.rs (/opt/rustwide/target/debug/deps/ch02-9a753b5072d5881b)
[INFO] [stdout] running 0 tests
[INFO] [stdout] 
[INFO] [stdout] test result: ok. 0 passed; 0 failed; 0 ignored; 0 measured; 0 filtered out; finished in 0.00s
[INFO] [stdout] 
[INFO] [stdout] 
[INFO] [stdout] running 0 tests
[INFO] [stdout] 
[INFO] [stdout] test result: ok. 0 passed; 0 failed; 0 ignored; 0 measured; 0 filtered out; finished in 0.00s
[INFO] [stdout] 
[INFO] [stdout] 
[INFO] [stdout] running 0 tests
[INFO] [stdout] 
[INFO] [stdout] test result: ok. 0 passed; 0 failed; 0 ignored; 0 measured; 0 filtered out; finished in 0.00s
[INFO] [stdout] 
[INFO] [stderr]      Running unittests src/main.rs (/opt/rustwide/target/debug/deps/ch03-f93ddeeb81d35922)
[INFO] [stdout] 
[INFO] [stdout] running 0 tests
[INFO] [stdout] 
[INFO] [stdout] test result: ok. 0 passed; 0 failed; 0 ignored; 0 measured; 0 filtered out; finished in 0.00s
[INFO] [stdout] 
[INFO] [stderr]      Running unittests src/main.rs (/opt/rustwide/target/debug/deps/ch04-b4e1afb01a793305)
[INFO] [stdout] 
[INFO] [stdout] running 0 tests
[INFO] [stdout] 
[INFO] [stdout] test result: ok. 0 passed; 0 failed; 0 ignored; 0 measured; 0 filtered out; finished in 0.00s
[INFO] [stdout] 
[INFO] [stderr]      Running unittests src/lib.rs (/opt/rustwide/target/debug/deps/ch05-41bb1e4a8802c7d2)
[INFO] [stdout] 
[INFO] [stdout] running 0 tests
[INFO] [stderr]      Running unittests src/main.rs (/opt/rustwide/target/debug/deps/ch05-3ec27f8190862f32)
[INFO] [stdout] 
[INFO] [stdout] test result: ok. 0 passed; 0 failed; 0 ignored; 0 measured; 0 filtered out; finished in 0.00s
[INFO] [stdout] 
[INFO] [stdout] 
[INFO] [stderr]      Running unittests src/lib.rs (/opt/rustwide/target/debug/deps/ch06-f6d3596868f83c6b)
[INFO] [stdout] running 0 tests
[INFO] [stdout] 
[INFO] [stdout] test result: ok. 0 passed; 0 failed; 0 ignored; 0 measured; 0 filtered out; finished in 0.00s
[INFO] [stdout] 
[INFO] [stdout] 
[INFO] [stdout] running 0 tests
[INFO] [stderr]      Running unittests src/main.rs (/opt/rustwide/target/debug/deps/ch06-25326d01ad104e81)
[INFO] [stdout] 
[INFO] [stdout] test result: ok. 0 passed; 0 failed; 0 ignored; 0 measured; 0 filtered out; finished in 0.00s
[INFO] [stdout] 
[INFO] [stdout] 
[INFO] [stdout] running 0 tests
[INFO] [stdout] 
[INFO] [stdout] test result: ok. 0 passed; 0 failed; 0 ignored; 0 measured; 0 filtered out; finished in 0.00s
[INFO] [stdout] 
[INFO] [stderr]      Running unittests src/lib.rs (/opt/rustwide/target/debug/deps/ch07-cc220a6b11cb83e3)
[INFO] [stdout] 
[INFO] [stdout] running 0 tests
[INFO] [stdout] 
[INFO] [stdout] test result: ok. 0 passed; 0 failed; 0 ignored; 0 measured; 0 filtered out; finished in 0.00s
[INFO] [stdout] 
[INFO] [stderr]      Running unittests src/main.rs (/opt/rustwide/target/debug/deps/ch07-16d8bef1936f394e)
[INFO] [stderr]      Running unittests src/main.rs (/opt/rustwide/target/debug/deps/ch08-329831b7952ce8af)
[INFO] [stdout] 
[INFO] [stdout] running 0 tests
[INFO] [stdout] 
[INFO] [stdout] test result: ok. 0 passed; 0 failed; 0 ignored; 0 measured; 0 filtered out; finished in 0.00s
[INFO] [stdout] 
[INFO] [stdout] 
[INFO] [stdout] running 0 tests
[INFO] [stdout] 
[INFO] [stdout] test result: ok. 0 passed; 0 failed; 0 ignored; 0 measured; 0 filtered out; finished in 0.00s
[INFO] [stdout] 
[INFO] [stderr]      Running unittests src/main.rs (/opt/rustwide/target/debug/deps/ch09-b4f2b9c520297700)
[INFO] [stdout] 
[INFO] [stdout] running 0 tests
[INFO] [stdout] 
[INFO] [stdout] test result: ok. 0 passed; 0 failed; 0 ignored; 0 measured; 0 filtered out; finished in 0.00s
[INFO] [stdout] 
[INFO] [stderr]      Running unittests src/lib.rs (/opt/rustwide/target/debug/deps/ch10-1851222f096bfa64)
[INFO] [stdout] 
[INFO] [stdout] running 0 tests
[INFO] [stdout] 
[INFO] [stdout] test result: ok. 0 passed; 0 failed; 0 ignored; 0 measured; 0 filtered out; finished in 0.00s
[INFO] [stdout] 
[INFO] [stderr]      Running unittests src/main.rs (/opt/rustwide/target/debug/deps/ch10-2c4b3a3a7a52b6bb)
[INFO] [stdout] 
[INFO] [stdout] running 0 tests
[INFO] [stdout] 
[INFO] [stdout] test result: ok. 0 passed; 0 failed; 0 ignored; 0 measured; 0 filtered out; finished in 0.00s
[INFO] [stdout] 
[INFO] [stderr]      Running unittests src/lib.rs (/opt/rustwide/target/debug/deps/ch11-21ec7d850a389b80)
[INFO] [stdout] 
[INFO] [stdout] running 2 tests
[INFO] [stdout] test tests::exploration ... ok
[INFO] [stdout] test tests::another ... FAILED
[INFO] [stdout] 
[INFO] [stdout] failures:
[INFO] [stdout] 
[INFO] [stdout] ---- tests::another stdout ----
[INFO] [stdout] thread 'tests::another' panicked at ch11/src/lib.rs:23:9:
[INFO] [stdout] assertion `left == right` failed
[INFO] [stdout]   left: 4
[INFO] [stdout]  right: 5
[INFO] [stdout] stack backtrace:
[INFO] [stdout]    0:     0x5ee239f2dd9a - std::backtrace_rs::backtrace::libunwind::trace::h8810477743020387
[INFO] [stdout]                                at /rustc/202008a1b8de96d2e5b6bc02d379db03a877d34d/library/std/src/../../backtrace/src/backtrace/libunwind.rs:116:5
[INFO] [stdout]    1:     0x5ee239f2dd9a - std::backtrace_rs::backtrace::trace_unsynchronized::h3aa55355dd6c54a6
[INFO] [stdout]                                at /rustc/202008a1b8de96d2e5b6bc02d379db03a877d34d/library/std/src/../../backtrace/src/backtrace/mod.rs:66:5
[INFO] [stdout]    2:     0x5ee239f2dd9a - std::sys::backtrace::_print_fmt::h8588b0f62410823f
[INFO] [stdout]                                at /rustc/202008a1b8de96d2e5b6bc02d379db03a877d34d/library/std/src/sys/backtrace.rs:66:9
[INFO] [stdout]    3:     0x5ee239f2dd9a - <std::sys::backtrace::BacktraceLock::print::DisplayBacktrace as core::fmt::Display>::fmt::h98c26ac25ffe89bb
[INFO] [stdout]                                at /rustc/202008a1b8de96d2e5b6bc02d379db03a877d34d/library/std/src/sys/backtrace.rs:39:26
[INFO] [stdout]    4:     0x5ee239f537d3 - core::fmt::rt::Argument::fmt::hf95377f4aebd453b
[INFO] [stdout]                                at /rustc/202008a1b8de96d2e5b6bc02d379db03a877d34d/library/core/src/fmt/rt.rs:177:76
[INFO] [stdout]    5:     0x5ee239f537d3 - core::fmt::write::h0dd5f6e2238c7982
[INFO] [stdout]                                at /rustc/202008a1b8de96d2e5b6bc02d379db03a877d34d/library/core/src/fmt/mod.rs:1189:21
[INFO] [stdout]    6:     0x5ee239f2af33 - std::io::Write::write_fmt::h03bb0ca26e6faf8c
[INFO] [stdout]                                at /rustc/202008a1b8de96d2e5b6bc02d379db03a877d34d/library/std/src/io/mod.rs:1884:15
[INFO] [stdout]    7:     0x5ee239f2dbe2 - std::sys::backtrace::BacktraceLock::print::h5c19c1c038ee186d
[INFO] [stdout]                                at /rustc/202008a1b8de96d2e5b6bc02d379db03a877d34d/library/std/src/sys/backtrace.rs:42:9
[INFO] [stdout]    8:     0x5ee239f2f21d - std::panicking::default_hook::{{closure}}::h77172f079a1fcb13
[INFO] [stdout]                                at /rustc/202008a1b8de96d2e5b6bc02d379db03a877d34d/library/std/src/panicking.rs:268:22
[INFO] [stdout]    9:     0x5ee239f2f027 - std::panicking::default_hook::he5f8e3b203ccddba
[INFO] [stdout]                                at /rustc/202008a1b8de96d2e5b6bc02d379db03a877d34d/library/std/src/panicking.rs:292:9
[INFO] [stdout]   10:     0x5ee239ef8957 - <alloc::boxed::Box<F,A> as core::ops::function::Fn<Args>>::call::h7a3c7b4a1ae77f2f
[INFO] [stdout]                                at /rustc/202008a1b8de96d2e5b6bc02d379db03a877d34d/library/alloc/src/boxed.rs:1986:9
[INFO] [stdout]   11:     0x5ee239ef8957 - test::test_main::{{closure}}::hf0d3b69ae9b353d1
[INFO] [stdout]                                at /rustc/202008a1b8de96d2e5b6bc02d379db03a877d34d/library/test/src/lib.rs:134:21
[INFO] [stdout]   12:     0x5ee239f2f8c8 - <alloc::boxed::Box<F,A> as core::ops::function::Fn<Args>>::call::h6332e82e7b189abd
[INFO] [stdout]                                at /rustc/202008a1b8de96d2e5b6bc02d379db03a877d34d/library/alloc/src/boxed.rs:1986:9
[INFO] [stdout]   13:     0x5ee239f2f8c8 - std::panicking::rust_panic_with_hook::h53863d4e9018df39
[INFO] [stdout]                                at /rustc/202008a1b8de96d2e5b6bc02d379db03a877d34d/library/std/src/panicking.rs:809:13
[INFO] [stdout]   14:     0x5ee239f2f68a - std::panicking::begin_panic_handler::{{closure}}::h67280e6fa0757873
[INFO] [stdout]                                at /rustc/202008a1b8de96d2e5b6bc02d379db03a877d34d/library/std/src/panicking.rs:674:13
[INFO] [stdout]   15:     0x5ee239f2e279 - std::sys::backtrace::__rust_end_short_backtrace::h1dac3f54d6fbbeb2
[INFO] [stdout]                                at /rustc/202008a1b8de96d2e5b6bc02d379db03a877d34d/library/std/src/sys/backtrace.rs:170:18
[INFO] [stdout]   16:     0x5ee239f2f31c - rust_begin_unwind
[INFO] [stdout]                                at /rustc/202008a1b8de96d2e5b6bc02d379db03a877d34d/library/std/src/panicking.rs:665:5
[INFO] [stdout]   17:     0x5ee239ebda90 - core::panicking::panic_fmt::h6792bd1b2bf01041
[INFO] [stdout]                                at /rustc/202008a1b8de96d2e5b6bc02d379db03a877d34d/library/core/src/panicking.rs:76:14
[INFO] [stdout]   18:     0x5ee239ebddbb - core::panicking::assert_failed_inner::hf2c17e6d30928787
[INFO] [stdout]   19:     0x5ee239ebe9b4 - core::panicking::assert_failed::head34ea5938a1bb7
[INFO] [stdout]                                at /rustc/202008a1b8de96d2e5b6bc02d379db03a877d34d/library/core/src/panicking.rs:373:5
[INFO] [stdout]   20:     0x5ee239ebf0aa - ch11::tests::another::he6f2f71c60f21104
[INFO] [stdout]                                at /opt/rustwide/workdir/ch11/src/lib.rs:23:9
[INFO] [stdout]   21:     0x5ee239ebf027 - ch11::tests::another::{{closure}}::h8be4007c1f820e51
[INFO] [stdout]                                at /opt/rustwide/workdir/ch11/src/lib.rs:21:17
[INFO] [stdout]   22:     0x5ee239ebe7e6 - core::ops::function::FnOnce::call_once::h7dec9b2ab398106e
[INFO] [stdout]                                at /rustc/202008a1b8de96d2e5b6bc02d379db03a877d34d/library/core/src/ops/function.rs:250:5
[INFO] [stdout]   23:     0x5ee239efd47b - core::ops::function::FnOnce::call_once::h871bf86719ec9aa4
[INFO] [stdout]                                at /rustc/202008a1b8de96d2e5b6bc02d379db03a877d34d/library/core/src/ops/function.rs:250:5
[INFO] [stdout]   24:     0x5ee239efd47b - test::__rust_begin_short_backtrace::h2167df1e2b7d76fd
[INFO] [stdout]                                at /rustc/202008a1b8de96d2e5b6bc02d379db03a877d34d/library/test/src/lib.rs:632:18
[INFO] [stdout]   25:     0x5ee239efce68 - test::run_test_in_process::{{closure}}::h15d92f75a3adfb79
[INFO] [stdout]                                at /rustc/202008a1b8de96d2e5b6bc02d379db03a877d34d/library/test/src/lib.rs:655:60
[INFO] [stdout]   26:     0x5ee239efce68 - <core::panic::unwind_safe::AssertUnwindSafe<F> as core::ops::function::FnOnce<()>>::call_once::hb6c8955835a8dbbb
[INFO] [stdout]                                at /rustc/202008a1b8de96d2e5b6bc02d379db03a877d34d/library/core/src/panic/unwind_safe.rs:272:9
[INFO] [stdout]   27:     0x5ee239efce68 - std::panicking::try::do_call::hc79d0fc888a0bd30
[INFO] [stdout]                                at /rustc/202008a1b8de96d2e5b6bc02d379db03a877d34d/library/std/src/panicking.rs:557:40
[INFO] [stdout]   28:     0x5ee239efce68 - std::panicking::try::hb8a7878e3a8589d6
[INFO] [stdout]                                at /rustc/202008a1b8de96d2e5b6bc02d379db03a877d34d/library/std/src/panicking.rs:520:19
[INFO] [stdout]   29:     0x5ee239efce68 - std::panic::catch_unwind::hb8e4600ff0ff5cfa
[INFO] [stdout]                                at /rustc/202008a1b8de96d2e5b6bc02d379db03a877d34d/library/std/src/panic.rs:358:14
[INFO] [stdout]   30:     0x5ee239efce68 - test::run_test_in_process::hc2900b0b18688dd6
[INFO] [stdout]                                at /rustc/202008a1b8de96d2e5b6bc02d379db03a877d34d/library/test/src/lib.rs:655:27
[INFO] [stdout]   31:     0x5ee239efce68 - test::run_test::{{closure}}::hac2a9cb07be3d48d
[INFO] [stdout]                                at /rustc/202008a1b8de96d2e5b6bc02d379db03a877d34d/library/test/src/lib.rs:576:43
[INFO] [stdout]   32:     0x5ee239ec090a - test::run_test::{{closure}}::h4a5b729e66a38cd8
[INFO] [stdout]                                at /rustc/202008a1b8de96d2e5b6bc02d379db03a877d34d/library/test/src/lib.rs:606:41
[INFO] [stdout]   33:     0x5ee239ec090a - std::sys::backtrace::__rust_begin_short_backtrace::h0496fb742492f573
[INFO] [stdout]                                at /rustc/202008a1b8de96d2e5b6bc02d379db03a877d34d/library/std/src/sys/backtrace.rs:154:18
[INFO] [stdout]   34:     0x5ee239ec4284 - std::thread::Builder::spawn_unchecked_::{{closure}}::{{closure}}::hbb6d257c550a54bd
[INFO] [stdout]                                at /rustc/202008a1b8de96d2e5b6bc02d379db03a877d34d/library/std/src/thread/mod.rs:561:17
[INFO] [stdout]   35:     0x5ee239ec4284 - <core::panic::unwind_safe::AssertUnwindSafe<F> as core::ops::function::FnOnce<()>>::call_once::h46696fe4a6832328
[INFO] [stdout]                                at /rustc/202008a1b8de96d2e5b6bc02d379db03a877d34d/library/core/src/panic/unwind_safe.rs:272:9
[INFO] [stdout]   36:     0x5ee239ec4284 - std::panicking::try::do_call::h2625a51b667bfb64
[INFO] [stdout]                                at /rustc/202008a1b8de96d2e5b6bc02d379db03a877d34d/library/std/src/panicking.rs:557:40
[INFO] [stdout]   37:     0x5ee239ec4284 - std::panicking::try::hb956a59a1973aa4c
[INFO] [stdout]                                at /rustc/202008a1b8de96d2e5b6bc02d379db03a877d34d/library/std/src/panicking.rs:520:19
[INFO] [stdout]   38:     0x5ee239ec4284 - std::panic::catch_unwind::h64f3b9d1067ef6a0
[INFO] [stdout]                                at /rustc/202008a1b8de96d2e5b6bc02d379db03a877d34d/library/std/src/panic.rs:358:14
[INFO] [stdout]   39:     0x5ee239ec4284 - std::thread::Builder::spawn_unchecked_::{{closure}}::h42b2841295b6c0b2
[INFO] [stdout]                                at /rustc/202008a1b8de96d2e5b6bc02d379db03a877d34d/library/std/src/thread/mod.rs:559:30
[INFO] [stdout]   40:     0x5ee239ec4284 - core::ops::function::FnOnce::call_once{{vtable.shim}}::h6127de71b8124639
[INFO] [stdout]                                at /rustc/202008a1b8de96d2e5b6bc02d379db03a877d34d/library/core/src/ops/function.rs:250:5
[INFO] [stdout]   41:     0x5ee239f3380b - <alloc::boxed::Box<F,A> as core::ops::function::FnOnce<Args>>::call_once::h42f0ba71002a1b2c
[INFO] [stdout]                                at /rustc/202008a1b8de96d2e5b6bc02d379db03a877d34d/library/alloc/src/boxed.rs:1972:9
[INFO] [stdout]   42:     0x5ee239f3380b - <alloc::boxed::Box<F,A> as core::ops::function::FnOnce<Args>>::call_once::had9e47d7a3dcecb8
[INFO] [stdout]                                at /rustc/202008a1b8de96d2e5b6bc02d379db03a877d34d/library/alloc/src/boxed.rs:1972:9
[INFO] [stdout]   43:     0x5ee239f3380b - std::sys::pal::unix::thread::Thread::new::thread_start::h48cf765408f6f5f2
[INFO] [stdout]                                at /rustc/202008a1b8de96d2e5b6bc02d379db03a877d34d/library/std/src/sys/pal/unix/thread.rs:105:17
[INFO] [stdout]   44:     0x7daf72990ac3 - <unknown>
[INFO] [stdout]   45:     0x7daf72a21a04 - clone
[INFO] [stdout]   46:                0x0 - <unknown>
[INFO] [stdout] 
[INFO] [stdout] 
[INFO] [stdout] failures:
[INFO] [stdout]     tests::another
[INFO] [stdout] 
[INFO] [stdout] test result: FAILED. 1 passed; 1 failed; 0 ignored; 0 measured; 0 filtered out; finished in 0.02s
[INFO] [stdout] 
[INFO] [stderr] error: test failed, to rerun pass `-p ch11 --lib`
[INFO] running `Command { std: "docker" "inspect" "98e61017d5c14a4b29a0e3a1e98ce8ddbab77b75ec5bafe9ac6bd378517745ce", kill_on_drop: false }`
[INFO] running `Command { std: "docker" "rm" "-f" "98e61017d5c14a4b29a0e3a1e98ce8ddbab77b75ec5bafe9ac6bd378517745ce", kill_on_drop: false }`
[INFO] [stdout] 98e61017d5c14a4b29a0e3a1e98ce8ddbab77b75ec5bafe9ac6bd378517745ce
