[INFO] cloning repository https://github.com/sigdelakshey/PeerChunks
[INFO] running `Command { std: "git" "-c" "credential.helper=" "-c" "credential.helper=/workspace/cargo-home/bin/git-credential-null" "clone" "--bare" "https://github.com/sigdelakshey/PeerChunks" "/workspace/cache/git-repos/https%3A%2F%2Fgithub.com%2Fsigdelakshey%2FPeerChunks", kill_on_drop: false }`
[INFO] [stderr] Cloning into bare repository '/workspace/cache/git-repos/https%3A%2F%2Fgithub.com%2Fsigdelakshey%2FPeerChunks'...
[INFO] running `Command { std: "git" "rev-parse" "HEAD", kill_on_drop: false }`
[INFO] [stdout] d3fc5b6dab1a582090624de9134f46315dd97d35
[INFO] testing sigdelakshey/PeerChunks against 1.83.0 for beta-1.84.0-4-retry
[INFO] running `Command { std: "git" "clone" "/workspace/cache/git-repos/https%3A%2F%2Fgithub.com%2Fsigdelakshey%2FPeerChunks" "/workspace/builds/worker-2-tc1/source", kill_on_drop: false }`
[INFO] [stderr] Cloning into '/workspace/builds/worker-2-tc1/source'...
[INFO] [stderr] done.
[INFO] validating manifest of git repo https://github.com/sigdelakshey/PeerChunks on toolchain 1.83.0
[INFO] running `Command { std: CARGO_HOME="/workspace/cargo-home" RUSTUP_HOME="/workspace/rustup-home" "/workspace/cargo-home/bin/cargo" "+1.83.0" "metadata" "--manifest-path" "Cargo.toml" "--no-deps", kill_on_drop: false }`
[INFO] started tweaking git repo https://github.com/sigdelakshey/PeerChunks
[INFO] finished tweaking git repo https://github.com/sigdelakshey/PeerChunks
[INFO] tweaked toml for git repo https://github.com/sigdelakshey/PeerChunks written to /workspace/builds/worker-2-tc1/source/Cargo.toml
[INFO] crate git repo https://github.com/sigdelakshey/PeerChunks already has a lockfile, it will not be regenerated
[INFO] running `Command { std: CARGO_HOME="/workspace/cargo-home" RUSTUP_HOME="/workspace/rustup-home" "/workspace/cargo-home/bin/cargo" "+1.83.0" "fetch" "--manifest-path" "Cargo.toml", kill_on_drop: false }`
[INFO] running `Command { std: "docker" "create" "-v" "/var/lib/crater-agent-workspace/builds/worker-2-tc1/target:/opt/rustwide/target:rw,Z" "-v" "/var/lib/crater-agent-workspace/builds/worker-2-tc1/source:/opt/rustwide/workdir:ro,Z" "-v" "/var/lib/crater-agent-workspace/cargo-home:/opt/rustwide/cargo-home:ro,Z" "-v" "/var/lib/crater-agent-workspace/rustup-home:/opt/rustwide/rustup-home:ro,Z" "-e" "SOURCE_DIR=/opt/rustwide/workdir" "-e" "CARGO_TARGET_DIR=/opt/rustwide/target" "-e" "CARGO_HOME=/opt/rustwide/cargo-home" "-e" "RUSTUP_HOME=/opt/rustwide/rustup-home" "-w" "/opt/rustwide/workdir" "-m" "1610612736" "--user" "0:0" "--network" "none" "ghcr.io/rust-lang/crates-build-env/linux@sha256:f3a9d4ad9d972b27faf3965f35b62e55ba32bbce8f20bc8fe909558a86702fde" "/opt/rustwide/cargo-home/bin/cargo" "+1.83.0" "metadata" "--no-deps" "--format-version=1", kill_on_drop: false }`
[INFO] [stdout] 948921503b647fb1106626964b611cb4b838fb2412fe4285cb3c466745844f24
[INFO] running `Command { std: "docker" "start" "-a" "948921503b647fb1106626964b611cb4b838fb2412fe4285cb3c466745844f24", kill_on_drop: false }`
[INFO] running `Command { std: "docker" "inspect" "948921503b647fb1106626964b611cb4b838fb2412fe4285cb3c466745844f24", kill_on_drop: false }`
[INFO] running `Command { std: "docker" "rm" "-f" "948921503b647fb1106626964b611cb4b838fb2412fe4285cb3c466745844f24", kill_on_drop: false }`
[INFO] [stdout] 948921503b647fb1106626964b611cb4b838fb2412fe4285cb3c466745844f24
[INFO] running `Command { std: "docker" "create" "-v" "/var/lib/crater-agent-workspace/builds/worker-2-tc1/target:/opt/rustwide/target:rw,Z" "-v" "/var/lib/crater-agent-workspace/builds/worker-2-tc1/source:/opt/rustwide/workdir:ro,Z" "-v" "/var/lib/crater-agent-workspace/cargo-home:/opt/rustwide/cargo-home:ro,Z" "-v" "/var/lib/crater-agent-workspace/rustup-home:/opt/rustwide/rustup-home:ro,Z" "-e" "SOURCE_DIR=/opt/rustwide/workdir" "-e" "CARGO_TARGET_DIR=/opt/rustwide/target" "-e" "CARGO_INCREMENTAL=0" "-e" "RUST_BACKTRACE=full" "-e" "RUSTFLAGS=--cap-lints=warn" "-e" "RUSTDOCFLAGS=--cap-lints=warn" "-e" "CARGO_HOME=/opt/rustwide/cargo-home" "-e" "RUSTUP_HOME=/opt/rustwide/rustup-home" "-w" "/opt/rustwide/workdir" "-m" "1610612736" "--user" "0:0" "--network" "none" "ghcr.io/rust-lang/crates-build-env/linux@sha256:f3a9d4ad9d972b27faf3965f35b62e55ba32bbce8f20bc8fe909558a86702fde" "/opt/rustwide/cargo-home/bin/cargo" "+1.83.0" "build" "--frozen" "--message-format=json", kill_on_drop: false }`
[INFO] [stdout] 5761daa9e6e1ee6a53accf8025448d54cf65045098601e6e53b6286f67e6031b
[INFO] running `Command { std: "docker" "start" "-a" "5761daa9e6e1ee6a53accf8025448d54cf65045098601e6e53b6286f67e6031b", kill_on_drop: false }`
[INFO] [stderr]    Compiling libc v0.2.161
[INFO] [stderr]    Compiling proc-macro2 v1.0.89
[INFO] [stderr]    Compiling cfg-if v1.0.0
[INFO] [stderr]    Compiling unicode-ident v1.0.13
[INFO] [stderr]    Compiling version_check v0.9.5
[INFO] [stderr]    Compiling typenum v1.17.0
[INFO] [stderr]    Compiling autocfg v1.4.0
[INFO] [stderr]    Compiling byteorder v1.5.0
[INFO] [stderr]    Compiling subtle v2.6.1
[INFO] [stderr]    Compiling cpufeatures v0.2.14
[INFO] [stderr]    Compiling parking_lot_core v0.9.10
[INFO] [stderr]    Compiling memchr v2.7.4
[INFO] [stderr]    Compiling utf8parse v0.2.2
[INFO] [stderr]    Compiling is_terminal_polyfill v1.70.1
[INFO] [stderr]    Compiling smallvec v1.13.2
[INFO] [stderr]    Compiling scopeguard v1.2.0
[INFO] [stderr]    Compiling regex-syntax v0.8.5
[INFO] [stderr]    Compiling anstyle-query v1.1.2
[INFO] [stderr]    Compiling anstyle-parse v0.2.6
[INFO] [stderr]    Compiling anstyle v1.0.9
[INFO] [stderr]    Compiling serde v1.0.213
[INFO] [stderr]    Compiling colorchoice v1.0.3
[INFO] [stderr]    Compiling opaque-debug v0.3.1
[INFO] [stderr]    Compiling heck v0.5.0
[INFO] [stderr]    Compiling thiserror v1.0.65
[INFO] [stderr]    Compiling equivalent v1.0.1
[INFO] [stderr]    Compiling anstream v0.6.17
[INFO] [stderr]    Compiling hashbrown v0.15.0
[INFO] [stderr]    Compiling strsim v0.11.1
[INFO] [stderr]    Compiling clap_lex v0.7.2
[INFO] [stderr]    Compiling unsafe-libyaml v0.2.11
[INFO] [stderr]    Compiling termcolor v1.4.1
[INFO] [stderr]    Compiling generic-array v0.14.7
[INFO] [stderr]    Compiling humantime v2.1.0
[INFO] [stderr]    Compiling pin-project-lite v0.2.15
[INFO] [stderr]    Compiling bytes v1.8.0
[INFO] [stderr]    Compiling clap_builder v4.5.20
[INFO] [stderr]    Compiling aho-corasick v1.1.3
[INFO] [stderr]    Compiling itoa v1.0.11
[INFO] [stderr]    Compiling lock_api v0.4.12
[INFO] [stderr]    Compiling ryu v1.0.18
[INFO] [stderr]    Compiling log v0.4.22
[INFO] [stderr]    Compiling hex v0.4.3
[INFO] [stderr]    Compiling quote v1.0.37
[INFO] [stderr]    Compiling indexmap v2.6.0
[INFO] [stderr]    Compiling syn v2.0.85
[INFO] [stderr]    Compiling getrandom v0.2.15
[INFO] [stderr]    Compiling is-terminal v0.4.13
[INFO] [stderr]    Compiling signal-hook-registry v1.4.2
[INFO] [stderr]    Compiling mio v1.0.2
[INFO] [stderr]    Compiling socket2 v0.5.7
[INFO] [stderr]    Compiling rand_core v0.6.4
[INFO] [stderr]    Compiling uuid v1.11.0
[INFO] [stderr]    Compiling regex-automata v0.4.8
[INFO] [stderr]    Compiling parking_lot v0.12.3
[INFO] [stderr]    Compiling crypto-common v0.1.6
[INFO] [stderr]    Compiling inout v0.1.3
[INFO] [stderr]    Compiling universal-hash v0.5.1
[INFO] [stderr]    Compiling cipher v0.4.4
[INFO] [stderr]    Compiling aead v0.5.2
[INFO] [stderr]    Compiling polyval v0.6.2
[INFO] [stderr]    Compiling ghash v0.5.1
[INFO] [stderr]    Compiling aes v0.8.4
[INFO] [stderr]    Compiling ctr v0.9.2
[INFO] [stderr]    Compiling aes-gcm v0.10.3
[INFO] [stderr]    Compiling regex v1.11.1
[INFO] [stderr]    Compiling zerocopy-derive v0.7.35
[INFO] [stderr]    Compiling serde_derive v1.0.213
[INFO] [stderr]    Compiling tokio-macros v2.4.0
[INFO] [stderr]    Compiling clap_derive v4.5.18
[INFO] [stderr]    Compiling thiserror-impl v1.0.65
[INFO] [stderr]    Compiling env_logger v0.10.2
[INFO] [stderr]    Compiling zerocopy v0.7.35
[INFO] [stderr]    Compiling tokio v1.41.0
[INFO] [stderr]    Compiling clap v4.5.20
[INFO] [stderr]    Compiling ppv-lite86 v0.2.20
[INFO] [stderr]    Compiling rand_chacha v0.3.1
[INFO] [stderr]    Compiling rand v0.8.5
[INFO] [stderr]    Compiling serde_yaml v0.9.34+deprecated
[INFO] [stderr]    Compiling peerchunks v0.1.0 (/opt/rustwide/workdir)
[INFO] [stdout] warning: unused variable: `peers`
[INFO] [stdout]   --> src/peer/connection.rs:19:5
[INFO] [stdout]    |
[INFO] [stdout] 19 |     peers: Vec<Peer>,
[INFO] [stdout]    |     ^^^^^ help: if this is intentional, prefix it with an underscore: `_peers`
[INFO] [stdout]    |
[INFO] [stdout]    = note: `#[warn(unused_variables)]` on by default
[INFO] [stdout] 
[INFO] [stdout] 
[INFO] [stdout] warning: unused variable: `local_peer`
[INFO] [stdout]   --> src/peer/connection.rs:21:5
[INFO] [stdout]    |
[INFO] [stdout] 21 |     local_peer: Peer,
[INFO] [stdout]    |     ^^^^^^^^^^ help: if this is intentional, prefix it with an underscore: `_local_peer`
[INFO] [stdout] 
[INFO] [stdout] 
[INFO] [stdout] warning: unused variable: `encryption_key`
[INFO] [stdout]   --> src/ui/cli.rs:46:5
[INFO] [stdout]    |
[INFO] [stdout] 46 |     encryption_key: String,
[INFO] [stdout]    |     ^^^^^^^^^^^^^^ help: if this is intentional, prefix it with an underscore: `_encryption_key`
[INFO] [stdout] 
[INFO] [stdout] 
[INFO] [stdout] warning: unused variable: `peers`
[INFO] [stdout]    --> src/ui/cli.rs:142:5
[INFO] [stdout]     |
[INFO] [stdout] 142 |     peers: &[Peer],
[INFO] [stdout]     |     ^^^^^ help: if this is intentional, prefix it with an underscore: `_peers`
[INFO] [stdout] 
[INFO] [stdout] 
[INFO] [stdout] warning: unused variable: `fid_str`
[INFO] [stdout]    --> src/ui/cli.rs:211:25
[INFO] [stdout]     |
[INFO] [stdout] 211 |                     let fid_str = parts[1];
[INFO] [stdout]     |                         ^^^^^^^ help: if this is intentional, prefix it with an underscore: `_fid_str`
[INFO] [stdout] 
[INFO] [stdout] 
[INFO] [stdout] warning: unused variable: `cindex_str`
[INFO] [stdout]    --> src/ui/cli.rs:212:25
[INFO] [stdout]     |
[INFO] [stdout] 212 |                     let cindex_str = parts[2];
[INFO] [stdout]     |                         ^^^^^^^^^^ help: if this is intentional, prefix it with an underscore: `_cindex_str`
[INFO] [stdout] 
[INFO] [stdout] 
[INFO] [stdout] warning: fields `file_id`, `chunk_size`, and `total_chunks` are never read
[INFO] [stdout]   --> src/file_manager/chunker.rs:8:9
[INFO] [stdout]    |
[INFO] [stdout] 7  | pub struct ChunkMetadata {
[INFO] [stdout]    |            ------------- fields in this struct
[INFO] [stdout] 8  |     pub file_id: Uuid,        // Unique identifier for the file
[INFO] [stdout]    |         ^^^^^^^
[INFO] [stdout] 9  |     pub chunk_index: usize,   // Index of the chunk within the file
[INFO] [stdout] 10 |     pub chunk_size: usize,    // Size of the chunk in bytes
[INFO] [stdout]    |         ^^^^^^^^^^
[INFO] [stdout] 11 |     pub total_chunks: usize,  // Total number of chunks for the file
[INFO] [stdout]    |         ^^^^^^^^^^^^
[INFO] [stdout]    |
[INFO] [stdout]    = note: `ChunkMetadata` has derived impls for the traits `Clone` and `Debug`, but these are intentionally ignored during dead code analysis
[INFO] [stdout]    = note: `#[warn(dead_code)]` on by default
[INFO] [stdout] 
[INFO] [stdout] 
[INFO] [stdout] warning: variant `InvalidPath` is never constructed
[INFO] [stdout]   --> src/file_manager/storage.rs:17:5
[INFO] [stdout]    |
[INFO] [stdout] 12 | pub enum StorageError {
[INFO] [stdout]    |          ------------ variant in this enum
[INFO] [stdout] ...
[INFO] [stdout] 17 |     InvalidPath(String),
[INFO] [stdout]    |     ^^^^^^^^^^^
[INFO] [stdout]    |
[INFO] [stdout]    = note: `StorageError` has a derived impl for the trait `Debug`, but this is intentionally ignored during dead code analysis
[INFO] [stdout] 
[INFO] [stdout] 
[INFO] [stderr]     Finished `dev` profile [unoptimized + debuginfo] target(s) in 33.25s
[INFO] running `Command { std: "docker" "inspect" "5761daa9e6e1ee6a53accf8025448d54cf65045098601e6e53b6286f67e6031b", kill_on_drop: false }`
[INFO] running `Command { std: "docker" "rm" "-f" "5761daa9e6e1ee6a53accf8025448d54cf65045098601e6e53b6286f67e6031b", kill_on_drop: false }`
[INFO] [stdout] 5761daa9e6e1ee6a53accf8025448d54cf65045098601e6e53b6286f67e6031b
[INFO] running `Command { std: "docker" "create" "-v" "/var/lib/crater-agent-workspace/builds/worker-2-tc1/target:/opt/rustwide/target:rw,Z" "-v" "/var/lib/crater-agent-workspace/builds/worker-2-tc1/source:/opt/rustwide/workdir:ro,Z" "-v" "/var/lib/crater-agent-workspace/cargo-home:/opt/rustwide/cargo-home:ro,Z" "-v" "/var/lib/crater-agent-workspace/rustup-home:/opt/rustwide/rustup-home:ro,Z" "-e" "SOURCE_DIR=/opt/rustwide/workdir" "-e" "CARGO_TARGET_DIR=/opt/rustwide/target" "-e" "CARGO_INCREMENTAL=0" "-e" "RUST_BACKTRACE=full" "-e" "RUSTFLAGS=--cap-lints=warn" "-e" "RUSTDOCFLAGS=--cap-lints=warn" "-e" "CARGO_HOME=/opt/rustwide/cargo-home" "-e" "RUSTUP_HOME=/opt/rustwide/rustup-home" "-w" "/opt/rustwide/workdir" "-m" "1610612736" "--user" "0:0" "--network" "none" "ghcr.io/rust-lang/crates-build-env/linux@sha256:f3a9d4ad9d972b27faf3965f35b62e55ba32bbce8f20bc8fe909558a86702fde" "/opt/rustwide/cargo-home/bin/cargo" "+1.83.0" "test" "--frozen" "--no-run" "--message-format=json", kill_on_drop: false }`
[INFO] [stdout] dc2d150c5e042a6ea498f3182937fdaef483a77349aded58aaa092d380d7e5fc
[INFO] running `Command { std: "docker" "start" "-a" "dc2d150c5e042a6ea498f3182937fdaef483a77349aded58aaa092d380d7e5fc", kill_on_drop: false }`
[INFO] [stderr]    Compiling rustix v0.38.39
[INFO] [stderr]    Compiling bitflags v2.6.0
[INFO] [stderr]    Compiling linux-raw-sys v0.4.14
[INFO] [stderr]    Compiling fastrand v2.2.0
[INFO] [stderr]    Compiling once_cell v1.20.2
[INFO] [stderr]    Compiling tempfile v3.14.0
[INFO] [stderr]    Compiling peerchunks v0.1.0 (/opt/rustwide/workdir)
[INFO] [stdout] warning: unused variable: `peers`
[INFO] [stdout]   --> src/peer/connection.rs:19:5
[INFO] [stdout]    |
[INFO] [stdout] 19 |     peers: Vec<Peer>,
[INFO] [stdout]    |     ^^^^^ help: if this is intentional, prefix it with an underscore: `_peers`
[INFO] [stdout]    |
[INFO] [stdout]    = note: `#[warn(unused_variables)]` on by default
[INFO] [stdout] 
[INFO] [stdout] 
[INFO] [stdout] warning: unused variable: `local_peer`
[INFO] [stdout]   --> src/peer/connection.rs:21:5
[INFO] [stdout]    |
[INFO] [stdout] 21 |     local_peer: Peer,
[INFO] [stdout]    |     ^^^^^^^^^^ help: if this is intentional, prefix it with an underscore: `_local_peer`
[INFO] [stdout] 
[INFO] [stdout] 
[INFO] [stdout] warning: unused variable: `peer`
[INFO] [stdout]   --> src/file_manager/replication.rs:65:9
[INFO] [stdout]    |
[INFO] [stdout] 65 |         peer: &Peer,
[INFO] [stdout]    |         ^^^^ help: if this is intentional, prefix it with an underscore: `_peer`
[INFO] [stdout] 
[INFO] [stdout] 
[INFO] [stdout] warning: unused variable: `storage_dir`
[INFO] [stdout]   --> src/file_manager/replication.rs:66:9
[INFO] [stdout]    |
[INFO] [stdout] 66 |         storage_dir: &str,
[INFO] [stdout]    |         ^^^^^^^^^^^ help: if this is intentional, prefix it with an underscore: `_storage_dir`
[INFO] [stdout] 
[INFO] [stdout] 
[INFO] [stdout] warning: unused variable: `file_id`
[INFO] [stdout]   --> src/file_manager/replication.rs:67:9
[INFO] [stdout]    |
[INFO] [stdout] 67 |         file_id: &Uuid,
[INFO] [stdout]    |         ^^^^^^^ help: if this is intentional, prefix it with an underscore: `_file_id`
[INFO] [stdout] 
[INFO] [stdout] 
[INFO] [stdout] warning: unused variable: `chunk_index`
[INFO] [stdout]   --> src/file_manager/replication.rs:68:9
[INFO] [stdout]    |
[INFO] [stdout] 68 |         chunk_index: usize,
[INFO] [stdout]    |         ^^^^^^^^^^^ help: if this is intentional, prefix it with an underscore: `_chunk_index`
[INFO] [stdout] 
[INFO] [stdout] 
[INFO] [stdout] warning: unused variable: `encryption_key`
[INFO] [stdout]   --> src/ui/cli.rs:46:5
[INFO] [stdout]    |
[INFO] [stdout] 46 |     encryption_key: String,
[INFO] [stdout]    |     ^^^^^^^^^^^^^^ help: if this is intentional, prefix it with an underscore: `_encryption_key`
[INFO] [stdout] 
[INFO] [stdout] 
[INFO] [stdout] warning: unused variable: `peers`
[INFO] [stdout]    --> src/ui/cli.rs:142:5
[INFO] [stdout]     |
[INFO] [stdout] 142 |     peers: &[Peer],
[INFO] [stdout]     |     ^^^^^ help: if this is intentional, prefix it with an underscore: `_peers`
[INFO] [stdout] 
[INFO] [stdout] 
[INFO] [stdout] warning: unused variable: `fid_str`
[INFO] [stdout]    --> src/ui/cli.rs:211:25
[INFO] [stdout]     |
[INFO] [stdout] 211 |                     let fid_str = parts[1];
[INFO] [stdout]     |                         ^^^^^^^ help: if this is intentional, prefix it with an underscore: `_fid_str`
[INFO] [stdout] 
[INFO] [stdout] 
[INFO] [stdout] warning: unused variable: `cindex_str`
[INFO] [stdout]    --> src/ui/cli.rs:212:25
[INFO] [stdout]     |
[INFO] [stdout] 212 |                     let cindex_str = parts[2];
[INFO] [stdout]     |                         ^^^^^^^^^^ help: if this is intentional, prefix it with an underscore: `_cindex_str`
[INFO] [stdout] 
[INFO] [stdout] 
[INFO] [stdout] warning: field `total_chunks` is never read
[INFO] [stdout]   --> src/file_manager/chunker.rs:11:9
[INFO] [stdout]    |
[INFO] [stdout] 7  | pub struct ChunkMetadata {
[INFO] [stdout]    |            ------------- field in this struct
[INFO] [stdout] ...
[INFO] [stdout] 11 |     pub total_chunks: usize,  // Total number of chunks for the file
[INFO] [stdout]    |         ^^^^^^^^^^^^
[INFO] [stdout]    |
[INFO] [stdout]    = note: `ChunkMetadata` has derived impls for the traits `Clone` and `Debug`, but these are intentionally ignored during dead code analysis
[INFO] [stdout]    = note: `#[warn(dead_code)]` on by default
[INFO] [stdout] 
[INFO] [stdout] 
[INFO] [stdout] warning: variant `InvalidPath` is never constructed
[INFO] [stdout]   --> src/file_manager/storage.rs:17:5
[INFO] [stdout]    |
[INFO] [stdout] 12 | pub enum StorageError {
[INFO] [stdout]    |          ------------ variant in this enum
[INFO] [stdout] ...
[INFO] [stdout] 17 |     InvalidPath(String),
[INFO] [stdout]    |     ^^^^^^^^^^^
[INFO] [stdout]    |
[INFO] [stdout]    = note: `StorageError` has a derived impl for the trait `Debug`, but this is intentionally ignored during dead code analysis
[INFO] [stdout] 
[INFO] [stdout] 
[INFO] [stdout] warning: function `mock_send_chunk_to_peer` is never used
[INFO] [stdout]   --> src/file_manager/replication.rs:64:14
[INFO] [stdout]    |
[INFO] [stdout] 64 |     async fn mock_send_chunk_to_peer(
[INFO] [stdout]    |              ^^^^^^^^^^^^^^^^^^^^^^^
[INFO] [stdout] 
[INFO] [stdout] 
[INFO] [stderr]     Finished `test` profile [unoptimized + debuginfo] target(s) in 7.45s
[INFO] running `Command { std: "docker" "inspect" "dc2d150c5e042a6ea498f3182937fdaef483a77349aded58aaa092d380d7e5fc", kill_on_drop: false }`
[INFO] running `Command { std: "docker" "rm" "-f" "dc2d150c5e042a6ea498f3182937fdaef483a77349aded58aaa092d380d7e5fc", kill_on_drop: false }`
[INFO] [stdout] dc2d150c5e042a6ea498f3182937fdaef483a77349aded58aaa092d380d7e5fc
[INFO] running `Command { std: "docker" "create" "-v" "/var/lib/crater-agent-workspace/builds/worker-2-tc1/target:/opt/rustwide/target:rw,Z" "-v" "/var/lib/crater-agent-workspace/builds/worker-2-tc1/source:/opt/rustwide/workdir:ro,Z" "-v" "/var/lib/crater-agent-workspace/cargo-home:/opt/rustwide/cargo-home:ro,Z" "-v" "/var/lib/crater-agent-workspace/rustup-home:/opt/rustwide/rustup-home:ro,Z" "-e" "SOURCE_DIR=/opt/rustwide/workdir" "-e" "CARGO_TARGET_DIR=/opt/rustwide/target" "-e" "CARGO_INCREMENTAL=0" "-e" "RUST_BACKTRACE=full" "-e" "RUSTFLAGS=--cap-lints=warn" "-e" "RUSTDOCFLAGS=--cap-lints=warn" "-e" "CARGO_HOME=/opt/rustwide/cargo-home" "-e" "RUSTUP_HOME=/opt/rustwide/rustup-home" "-w" "/opt/rustwide/workdir" "-m" "1610612736" "--user" "0:0" "--network" "none" "ghcr.io/rust-lang/crates-build-env/linux@sha256:f3a9d4ad9d972b27faf3965f35b62e55ba32bbce8f20bc8fe909558a86702fde" "/opt/rustwide/cargo-home/bin/cargo" "+1.83.0" "test" "--frozen", kill_on_drop: false }`
[INFO] [stdout] db7079790d76d24c7a2cafeb22299b80102a6df4cc083779fa085864daee585e
[INFO] running `Command { std: "docker" "start" "-a" "db7079790d76d24c7a2cafeb22299b80102a6df4cc083779fa085864daee585e", kill_on_drop: false }`
[INFO] [stderr] warning: unused variable: `peers`
[INFO] [stderr]   --> src/peer/connection.rs:19:5
[INFO] [stderr]    |
[INFO] [stderr] 19 |     peers: Vec<Peer>,
[INFO] [stderr]    |     ^^^^^ help: if this is intentional, prefix it with an underscore: `_peers`
[INFO] [stderr]    |
[INFO] [stderr]    = note: `#[warn(unused_variables)]` on by default
[INFO] [stderr] 
[INFO] [stderr] warning: unused variable: `local_peer`
[INFO] [stderr]   --> src/peer/connection.rs:21:5
[INFO] [stderr]    |
[INFO] [stderr] 21 |     local_peer: Peer,
[INFO] [stderr]    |     ^^^^^^^^^^ help: if this is intentional, prefix it with an underscore: `_local_peer`
[INFO] [stderr] 
[INFO] [stderr] warning: unused variable: `peer`
[INFO] [stderr]   --> src/file_manager/replication.rs:65:9
[INFO] [stderr]    |
[INFO] [stderr] 65 |         peer: &Peer,
[INFO] [stderr]    |         ^^^^ help: if this is intentional, prefix it with an underscore: `_peer`
[INFO] [stderr] 
[INFO] [stderr] warning: unused variable: `storage_dir`
[INFO] [stderr]   --> src/file_manager/replication.rs:66:9
[INFO] [stderr]    |
[INFO] [stderr] 66 |         storage_dir: &str,
[INFO] [stderr]    |         ^^^^^^^^^^^ help: if this is intentional, prefix it with an underscore: `_storage_dir`
[INFO] [stderr] 
[INFO] [stderr] warning: unused variable: `file_id`
[INFO] [stderr]   --> src/file_manager/replication.rs:67:9
[INFO] [stderr]    |
[INFO] [stderr] 67 |         file_id: &Uuid,
[INFO] [stderr]    |         ^^^^^^^ help: if this is intentional, prefix it with an underscore: `_file_id`
[INFO] [stderr] 
[INFO] [stderr] warning: unused variable: `chunk_index`
[INFO] [stderr]   --> src/file_manager/replication.rs:68:9
[INFO] [stderr]    |
[INFO] [stderr] 68 |         chunk_index: usize,
[INFO] [stderr]    |         ^^^^^^^^^^^ help: if this is intentional, prefix it with an underscore: `_chunk_index`
[INFO] [stderr] 
[INFO] [stderr] warning: unused variable: `encryption_key`
[INFO] [stderr]   --> src/ui/cli.rs:46:5
[INFO] [stderr]    |
[INFO] [stderr] 46 |     encryption_key: String,
[INFO] [stderr]    |     ^^^^^^^^^^^^^^ help: if this is intentional, prefix it with an underscore: `_encryption_key`
[INFO] [stderr] 
[INFO] [stderr] warning: unused variable: `peers`
[INFO] [stderr]    --> src/ui/cli.rs:142:5
[INFO] [stderr]     |
[INFO] [stderr] 142 |     peers: &[Peer],
[INFO] [stderr]     |     ^^^^^ help: if this is intentional, prefix it with an underscore: `_peers`
[INFO] [stderr] 
[INFO] [stderr] warning: unused variable: `fid_str`
[INFO] [stderr]    --> src/ui/cli.rs:211:25
[INFO] [stderr]     |
[INFO] [stderr] 211 |                     let fid_str = parts[1];
[INFO] [stderr]     |                         ^^^^^^^ help: if this is intentional, prefix it with an underscore: `_fid_str`
[INFO] [stderr] 
[INFO] [stderr] warning: unused variable: `cindex_str`
[INFO] [stderr]    --> src/ui/cli.rs:212:25
[INFO] [stderr]     |
[INFO] [stderr] 212 |                     let cindex_str = parts[2];
[INFO] [stderr]     |                         ^^^^^^^^^^ help: if this is intentional, prefix it with an underscore: `_cindex_str`
[INFO] [stderr] 
[INFO] [stderr] warning: field `total_chunks` is never read
[INFO] [stderr]   --> src/file_manager/chunker.rs:11:9
[INFO] [stderr]    |
[INFO] [stderr] 7  | pub struct ChunkMetadata {
[INFO] [stderr]    |            ------------- field in this struct
[INFO] [stderr] ...
[INFO] [stderr] 11 |     pub total_chunks: usize,  // Total number of chunks for the file
[INFO] [stderr]    |         ^^^^^^^^^^^^
[INFO] [stderr]    |
[INFO] [stderr]    = note: `ChunkMetadata` has derived impls for the traits `Clone` and `Debug`, but these are intentionally ignored during dead code analysis
[INFO] [stderr]    = note: `#[warn(dead_code)]` on by default
[INFO] [stderr] 
[INFO] [stderr] warning: variant `InvalidPath` is never constructed
[INFO] [stderr]   --> src/file_manager/storage.rs:17:5
[INFO] [stderr]    |
[INFO] [stderr] 12 | pub enum StorageError {
[INFO] [stderr]    |          ------------ variant in this enum
[INFO] [stderr] ...
[INFO] [stderr] 17 |     InvalidPath(String),
[INFO] [stderr]    |     ^^^^^^^^^^^
[INFO] [stderr]    |
[INFO] [stderr]    = note: `StorageError` has a derived impl for the trait `Debug`, but this is intentionally ignored during dead code analysis
[INFO] [stderr] 
[INFO] [stderr] warning: function `mock_send_chunk_to_peer` is never used
[INFO] [stderr]   --> src/file_manager/replication.rs:64:14
[INFO] [stderr]    |
[INFO] [stderr] 64 |     async fn mock_send_chunk_to_peer(
[INFO] [stderr]    |              ^^^^^^^^^^^^^^^^^^^^^^^
[INFO] [stderr] 
[INFO] [stderr] warning: `peerchunks` (bin "peerchunks" test) generated 13 warnings
[INFO] [stderr]     Finished `test` profile [unoptimized + debuginfo] target(s) in 0.20s
[INFO] [stderr]      Running unittests src/main.rs (/opt/rustwide/target/debug/deps/peerchunks-6657e7d1d28f5d84)
[INFO] [stdout] 
[INFO] [stdout] running 6 tests
[INFO] [stdout] test file_manager::replication::tests::test_replicate_chunks_insufficient_peers ... ok
[INFO] [stdout] test file_manager::storage::tests::test_split_and_save_chunks ... ok
[INFO] [stdout] test file_manager::storage::tests::test_list_chunks ... ok
[INFO] [stdout] test file_manager::storage::tests::test_save_and_get_chunk ... ok
[INFO] [stdout] test file_manager::chunker::tests::test_split_file_into_chunks ... FAILED
[INFO] [stdout] test file_manager::replication::tests::test_replicate_chunks_success ... FAILED
[INFO] [stdout] 
[INFO] [stdout] failures:
[INFO] [stdout] 
[INFO] [stdout] ---- file_manager::chunker::tests::test_split_file_into_chunks stdout ----
[INFO] [stdout] thread 'file_manager::chunker::tests::test_split_file_into_chunks' panicked at src/file_manager/chunker.rs:72:9:
[INFO] [stdout] assertion `left == right` failed
[INFO] [stdout]   left: 6
[INFO] [stdout]  right: 5
[INFO] [stdout] stack backtrace:
[INFO] [stdout]    0:     0x560c65d7ef1a - std::backtrace_rs::backtrace::libunwind::trace::h5a5b8284f2d0c266
[INFO] [stdout]                                at /rustc/90b35a6239c3d8bdabc530a6a0816f7ff89a0aaf/library/std/src/../../backtrace/src/backtrace/libunwind.rs:116:5
[INFO] [stdout]    1:     0x560c65d7ef1a - std::backtrace_rs::backtrace::trace_unsynchronized::h76d4f1c9b0b875e3
[INFO] [stdout]                                at /rustc/90b35a6239c3d8bdabc530a6a0816f7ff89a0aaf/library/std/src/../../backtrace/src/backtrace/mod.rs:66:5
[INFO] [stdout]    2:     0x560c65d7ef1a - std::sys::backtrace::_print_fmt::hc4546b8364a537c6
[INFO] [stdout]                                at /rustc/90b35a6239c3d8bdabc530a6a0816f7ff89a0aaf/library/std/src/sys/backtrace.rs:66:9
[INFO] [stdout]    3:     0x560c65d7ef1a - <std::sys::backtrace::BacktraceLock::print::DisplayBacktrace as core::fmt::Display>::fmt::h5b6bd5631a6d1f6b
[INFO] [stdout]                                at /rustc/90b35a6239c3d8bdabc530a6a0816f7ff89a0aaf/library/std/src/sys/backtrace.rs:39:26
[INFO] [stdout]    4:     0x560c65da6483 - core::fmt::rt::Argument::fmt::h270f6602a2b96f62
[INFO] [stdout]                                at /rustc/90b35a6239c3d8bdabc530a6a0816f7ff89a0aaf/library/core/src/fmt/rt.rs:177:76
[INFO] [stdout]    5:     0x560c65da6483 - core::fmt::write::h7550c97b06c86515
[INFO] [stdout]                                at /rustc/90b35a6239c3d8bdabc530a6a0816f7ff89a0aaf/library/core/src/fmt/mod.rs:1186:21
[INFO] [stdout]    6:     0x560c65d7b7a3 - std::io::Write::write_fmt::h509ff860e5956e5e
[INFO] [stdout]                                at /rustc/90b35a6239c3d8bdabc530a6a0816f7ff89a0aaf/library/std/src/io/mod.rs:1839:15
[INFO] [stdout]    7:     0x560c65d7ed62 - std::sys::backtrace::BacktraceLock::print::h2395ccd2c84ba3aa
[INFO] [stdout]                                at /rustc/90b35a6239c3d8bdabc530a6a0816f7ff89a0aaf/library/std/src/sys/backtrace.rs:42:9
[INFO] [stdout]    8:     0x560c65d8037a - std::panicking::default_hook::{{closure}}::he19d4c7230e07961
[INFO] [stdout]                                at /rustc/90b35a6239c3d8bdabc530a6a0816f7ff89a0aaf/library/std/src/panicking.rs:268:22
[INFO] [stdout]    9:     0x560c65d80184 - std::panicking::default_hook::hf614597d3c67bbdb
[INFO] [stdout]                                at /rustc/90b35a6239c3d8bdabc530a6a0816f7ff89a0aaf/library/std/src/panicking.rs:292:9
[INFO] [stdout]   10:     0x560c65c914e9 - <alloc::boxed::Box<F,A> as core::ops::function::Fn<Args>>::call::h39b51ce4599c23d1
[INFO] [stdout]                                at /rustc/90b35a6239c3d8bdabc530a6a0816f7ff89a0aaf/library/alloc/src/boxed.rs:2468:9
[INFO] [stdout]   11:     0x560c65c914e9 - test::test_main::{{closure}}::he977ae839a582784
[INFO] [stdout]                                at /rustc/90b35a6239c3d8bdabc530a6a0816f7ff89a0aaf/library/test/src/lib.rs:133:21
[INFO] [stdout]   12:     0x560c65d80a18 - <alloc::boxed::Box<F,A> as core::ops::function::Fn<Args>>::call::h9455091b6b06f9fb
[INFO] [stdout]                                at /rustc/90b35a6239c3d8bdabc530a6a0816f7ff89a0aaf/library/alloc/src/boxed.rs:2468:9
[INFO] [stdout]   13:     0x560c65d80a18 - std::panicking::rust_panic_with_hook::h8942133a8b252070
[INFO] [stdout]                                at /rustc/90b35a6239c3d8bdabc530a6a0816f7ff89a0aaf/library/std/src/panicking.rs:809:13
[INFO] [stdout]   14:     0x560c65d807da - std::panicking::begin_panic_handler::{{closure}}::hb5f5963570096b29
[INFO] [stdout]                                at /rustc/90b35a6239c3d8bdabc530a6a0816f7ff89a0aaf/library/std/src/panicking.rs:674:13
[INFO] [stdout]   15:     0x560c65d7f3f9 - std::sys::backtrace::__rust_end_short_backtrace::h6208cedc1922feda
[INFO] [stdout]                                at /rustc/90b35a6239c3d8bdabc530a6a0816f7ff89a0aaf/library/std/src/sys/backtrace.rs:170:18
[INFO] [stdout]   16:     0x560c65d8046c - rust_begin_unwind
[INFO] [stdout]                                at /rustc/90b35a6239c3d8bdabc530a6a0816f7ff89a0aaf/library/std/src/panicking.rs:665:5
[INFO] [stdout]   17:     0x560c65c39d60 - core::panicking::panic_fmt::h0c3082644d1bf418
[INFO] [stdout]                                at /rustc/90b35a6239c3d8bdabc530a6a0816f7ff89a0aaf/library/core/src/panicking.rs:74:14
[INFO] [stdout]   18:     0x560c65c3a18c - core::panicking::assert_failed_inner::h2ddf1fcc067fa858
[INFO] [stdout]   19:     0x560c65d5230e - core::panicking::assert_failed::h2062f2a261c61af4
[INFO] [stdout]                                at /rustc/90b35a6239c3d8bdabc530a6a0816f7ff89a0aaf/library/core/src/panicking.rs:367:5
[INFO] [stdout]   20:     0x560c65c55fe4 - peerchunks::file_manager::chunker::tests::test_split_file_into_chunks::haf88852d8870870e
[INFO] [stdout]                                at /opt/rustwide/workdir/src/file_manager/chunker.rs:72:9
[INFO] [stdout]   21:     0x560c65c55b87 - peerchunks::file_manager::chunker::tests::test_split_file_into_chunks::{{closure}}::h84c005d9e33264c2
[INFO] [stdout]                                at /opt/rustwide/workdir/src/file_manager/chunker.rs:63:37
[INFO] [stdout]   22:     0x560c65c3b1b6 - core::ops::function::FnOnce::call_once::h1a2eb6fb551d3ea7
[INFO] [stdout]                                at /rustc/90b35a6239c3d8bdabc530a6a0816f7ff89a0aaf/library/core/src/ops/function.rs:250:5
[INFO] [stdout]   23:     0x560c65c95eab - core::ops::function::FnOnce::call_once::h109cf8051a59b34e
[INFO] [stdout]                                at /rustc/90b35a6239c3d8bdabc530a6a0816f7ff89a0aaf/library/core/src/ops/function.rs:250:5
[INFO] [stdout]   24:     0x560c65c95eab - test::__rust_begin_short_backtrace::hf4fff89d377446ba
[INFO] [stdout]                                at /rustc/90b35a6239c3d8bdabc530a6a0816f7ff89a0aaf/library/test/src/lib.rs:621:18
[INFO] [stdout]   25:     0x560c65c956e7 - test::run_test_in_process::{{closure}}::h0e39181dd7ee5a43
[INFO] [stdout]                                at /rustc/90b35a6239c3d8bdabc530a6a0816f7ff89a0aaf/library/test/src/lib.rs:644:60
[INFO] [stdout]   26:     0x560c65c956e7 - <core::panic::unwind_safe::AssertUnwindSafe<F> as core::ops::function::FnOnce<()>>::call_once::hc5a66a30f0bdfd1f
[INFO] [stdout]                                at /rustc/90b35a6239c3d8bdabc530a6a0816f7ff89a0aaf/library/core/src/panic/unwind_safe.rs:272:9
[INFO] [stdout]   27:     0x560c65c956e7 - std::panicking::try::do_call::h873b7cf639554a5e
[INFO] [stdout]                                at /rustc/90b35a6239c3d8bdabc530a6a0816f7ff89a0aaf/library/std/src/panicking.rs:557:40
[INFO] [stdout]   28:     0x560c65c956e7 - std::panicking::try::hdb19862fad9c8bd1
[INFO] [stdout]                                at /rustc/90b35a6239c3d8bdabc530a6a0816f7ff89a0aaf/library/std/src/panicking.rs:520:19
[INFO] [stdout]   29:     0x560c65c956e7 - std::panic::catch_unwind::h281fe732d236d260
[INFO] [stdout]                                at /rustc/90b35a6239c3d8bdabc530a6a0816f7ff89a0aaf/library/std/src/panic.rs:358:14
[INFO] [stdout]   30:     0x560c65c956e7 - test::run_test_in_process::h949b6df8457ed338
[INFO] [stdout]                                at /rustc/90b35a6239c3d8bdabc530a6a0816f7ff89a0aaf/library/test/src/lib.rs:644:27
[INFO] [stdout]   31:     0x560c65c956e7 - test::run_test::{{closure}}::h52c556a6d4740e10
[INFO] [stdout]                                at /rustc/90b35a6239c3d8bdabc530a6a0816f7ff89a0aaf/library/test/src/lib.rs:565:43
[INFO] [stdout]   32:     0x560c65c5a9c4 - test::run_test::{{closure}}::h4237f6381c45ccb9
[INFO] [stdout]                                at /rustc/90b35a6239c3d8bdabc530a6a0816f7ff89a0aaf/library/test/src/lib.rs:595:41
[INFO] [stdout]   33:     0x560c65c5a9c4 - std::sys::backtrace::__rust_begin_short_backtrace::h505c97a579eca628
[INFO] [stdout]                                at /rustc/90b35a6239c3d8bdabc530a6a0816f7ff89a0aaf/library/std/src/sys/backtrace.rs:154:18
[INFO] [stdout]   34:     0x560c65c5e08e - std::thread::Builder::spawn_unchecked_::{{closure}}::{{closure}}::h9e86b2e2bc107ea3
[INFO] [stdout]                                at /rustc/90b35a6239c3d8bdabc530a6a0816f7ff89a0aaf/library/std/src/thread/mod.rs:538:17
[INFO] [stdout]   35:     0x560c65c5e08e - <core::panic::unwind_safe::AssertUnwindSafe<F> as core::ops::function::FnOnce<()>>::call_once::h8b06ddb275ff4a25
[INFO] [stdout]                                at /rustc/90b35a6239c3d8bdabc530a6a0816f7ff89a0aaf/library/core/src/panic/unwind_safe.rs:272:9
[INFO] [stdout]   36:     0x560c65c5e08e - std::panicking::try::do_call::hb26ecd7cd9a9355d
[INFO] [stdout]                                at /rustc/90b35a6239c3d8bdabc530a6a0816f7ff89a0aaf/library/std/src/panicking.rs:557:40
[INFO] [stdout]   37:     0x560c65c5e08e - std::panicking::try::h8ddeca9d705f9069
[INFO] [stdout]                                at /rustc/90b35a6239c3d8bdabc530a6a0816f7ff89a0aaf/library/std/src/panicking.rs:520:19
[INFO] [stdout]   38:     0x560c65c5e08e - std::panic::catch_unwind::h49e1c33078844c46
[INFO] [stdout]                                at /rustc/90b35a6239c3d8bdabc530a6a0816f7ff89a0aaf/library/std/src/panic.rs:358:14
[INFO] [stdout]   39:     0x560c65c5e08e - std::thread::Builder::spawn_unchecked_::{{closure}}::h6073db6ff56ad35d
[INFO] [stdout]                                at /rustc/90b35a6239c3d8bdabc530a6a0816f7ff89a0aaf/library/std/src/thread/mod.rs:537:30
[INFO] [stdout]   40:     0x560c65c5e08e - core::ops::function::FnOnce::call_once{{vtable.shim}}::h2c5a5f3779c774f1
[INFO] [stdout]                                at /rustc/90b35a6239c3d8bdabc530a6a0816f7ff89a0aaf/library/core/src/ops/function.rs:250:5
[INFO] [stdout]   41:     0x560c65d8569b - <alloc::boxed::Box<F,A> as core::ops::function::FnOnce<Args>>::call_once::hf75717d9f28faebf
[INFO] [stdout]                                at /rustc/90b35a6239c3d8bdabc530a6a0816f7ff89a0aaf/library/alloc/src/boxed.rs:2454:9
[INFO] [stdout]   42:     0x560c65d8569b - <alloc::boxed::Box<F,A> as core::ops::function::FnOnce<Args>>::call_once::h7bd883a5f3c5f3c1
[INFO] [stdout]                                at /rustc/90b35a6239c3d8bdabc530a6a0816f7ff89a0aaf/library/alloc/src/boxed.rs:2454:9
[INFO] [stdout]   43:     0x560c65d8569b - std::sys::pal::unix::thread::Thread::new::thread_start::hcc78f3943333fa94
[INFO] [stdout]                                at /rustc/90b35a6239c3d8bdabc530a6a0816f7ff89a0aaf/library/std/src/sys/pal/unix/thread.rs:105:17
[INFO] [stdout]   44:     0x79d2eebe8ac3 - <unknown>
[INFO] [stdout]   45:     0x79d2eec79a04 - clone
[INFO] [stdout]   46:                0x0 - <unknown>
[INFO] [stdout] 
[INFO] [stdout] ---- file_manager::replication::tests::test_replicate_chunks_success stdout ----
[INFO] [stdout] thread 'file_manager::replication::tests::test_replicate_chunks_success' panicked at src/file_manager/replication.rs:95:9:
[INFO] [stdout] assertion failed: result.is_ok()
[INFO] [stdout] stack backtrace:
[INFO] [stdout]    0:     0x560c65d7ef1a - std::backtrace_rs::backtrace::libunwind::trace::h5a5b8284f2d0c266
[INFO] [stdout]                                at /rustc/90b35a6239c3d8bdabc530a6a0816f7ff89a0aaf/library/std/src/../../backtrace/src/backtrace/libunwind.rs:116:5
[INFO] [stdout]    1:     0x560c65d7ef1a - std::backtrace_rs::backtrace::trace_unsynchronized::h76d4f1c9b0b875e3
[INFO] [stdout]                                at /rustc/90b35a6239c3d8bdabc530a6a0816f7ff89a0aaf/library/std/src/../../backtrace/src/backtrace/mod.rs:66:5
[INFO] [stdout]    2:     0x560c65d7ef1a - std::sys::backtrace::_print_fmt::hc4546b8364a537c6
[INFO] [stdout]                                at /rustc/90b35a6239c3d8bdabc530a6a0816f7ff89a0aaf/library/std/src/sys/backtrace.rs:66:9
[INFO] [stdout]    3:     0x560c65d7ef1a - <std::sys::backtrace::BacktraceLock::print::DisplayBacktrace as core::fmt::Display>::fmt::h5b6bd5631a6d1f6b
[INFO] [stdout]                                at /rustc/90b35a6239c3d8bdabc530a6a0816f7ff89a0aaf/library/std/src/sys/backtrace.rs:39:26
[INFO] [stdout]    4:     0x560c65da6483 - core::fmt::rt::Argument::fmt::h270f6602a2b96f62
[INFO] [stdout]                                at /rustc/90b35a6239c3d8bdabc530a6a0816f7ff89a0aaf/library/core/src/fmt/rt.rs:177:76
[INFO] [stdout]    5:     0x560c65da6483 - core::fmt::write::h7550c97b06c86515
[INFO] [stdout]                                at /rustc/90b35a6239c3d8bdabc530a6a0816f7ff89a0aaf/library/core/src/fmt/mod.rs:1186:21
[INFO] [stdout]    6:     0x560c65d7b7a3 - std::io::Write::write_fmt::h509ff860e5956e5e
[INFO] [stdout]                                at /rustc/90b35a6239c3d8bdabc530a6a0816f7ff89a0aaf/library/std/src/io/mod.rs:1839:15
[INFO] [stdout]    7:     0x560c65d7ed62 - std::sys::backtrace::BacktraceLock::print::h2395ccd2c84ba3aa
[INFO] [stdout]                                at /rustc/90b35a6239c3d8bdabc530a6a0816f7ff89a0aaf/library/std/src/sys/backtrace.rs:42:9
[INFO] [stdout]    8:     0x560c65d8037a - std::panicking::default_hook::{{closure}}::he19d4c7230e07961
[INFO] [stdout]                                at /rustc/90b35a6239c3d8bdabc530a6a0816f7ff89a0aaf/library/std/src/panicking.rs:268:22
[INFO] [stdout]    9:     0x560c65d80184 - std::panicking::default_hook::hf614597d3c67bbdb
[INFO] [stdout]                                at /rustc/90b35a6239c3d8bdabc530a6a0816f7ff89a0aaf/library/std/src/panicking.rs:292:9
[INFO] [stdout]   10:     0x560c65c914e9 - <alloc::boxed::Box<F,A> as core::ops::function::Fn<Args>>::call::h39b51ce4599c23d1
[INFO] [stdout]                                at /rustc/90b35a6239c3d8bdabc530a6a0816f7ff89a0aaf/library/alloc/src/boxed.rs:2468:9
[INFO] [stdout]   11:     0x560c65c914e9 - test::test_main::{{closure}}::he977ae839a582784
[INFO] [stdout]                                at /rustc/90b35a6239c3d8bdabc530a6a0816f7ff89a0aaf/library/test/src/lib.rs:133:21
[INFO] [stdout]   12:     0x560c65d80a18 - <alloc::boxed::Box<F,A> as core::ops::function::Fn<Args>>::call::h9455091b6b06f9fb
[INFO] [stdout]                                at /rustc/90b35a6239c3d8bdabc530a6a0816f7ff89a0aaf/library/alloc/src/boxed.rs:2468:9
[INFO] [stdout]   13:     0x560c65d80a18 - std::panicking::rust_panic_with_hook::h8942133a8b252070
[INFO] [stdout]                                at /rustc/90b35a6239c3d8bdabc530a6a0816f7ff89a0aaf/library/std/src/panicking.rs:809:13
[INFO] [stdout]   14:     0x560c65d807a6 - std::panicking::begin_panic_handler::{{closure}}::hb5f5963570096b29
[INFO] [stdout]                                at /rustc/90b35a6239c3d8bdabc530a6a0816f7ff89a0aaf/library/std/src/panicking.rs:667:13
[INFO] [stdout]   15:     0x560c65d7f3f9 - std::sys::backtrace::__rust_end_short_backtrace::h6208cedc1922feda
[INFO] [stdout]                                at /rustc/90b35a6239c3d8bdabc530a6a0816f7ff89a0aaf/library/std/src/sys/backtrace.rs:170:18
[INFO] [stdout]   16:     0x560c65d8046c - rust_begin_unwind
[INFO] [stdout]                                at /rustc/90b35a6239c3d8bdabc530a6a0816f7ff89a0aaf/library/std/src/panicking.rs:665:5
[INFO] [stdout]   17:     0x560c65c39d60 - core::panicking::panic_fmt::h0c3082644d1bf418
[INFO] [stdout]                                at /rustc/90b35a6239c3d8bdabc530a6a0816f7ff89a0aaf/library/core/src/panicking.rs:74:14
[INFO] [stdout]   18:     0x560c65c39dec - core::panicking::panic::h957f98c65a3b3074
[INFO] [stdout]                                at /rustc/90b35a6239c3d8bdabc530a6a0816f7ff89a0aaf/library/core/src/panicking.rs:148:5
[INFO] [stdout]   19:     0x560c65c42764 - peerchunks::file_manager::replication::tests::test_replicate_chunks_success::{{closure}}::hf82a118c460b3833
[INFO] [stdout]                                at /opt/rustwide/workdir/src/file_manager/replication.rs:95:9
[INFO] [stdout]   20:     0x560c65c41782 - <core::pin::Pin<P> as core::future::future::Future>::poll::hc69dac97e236ee30
[INFO] [stdout]                                at /rustc/90b35a6239c3d8bdabc530a6a0816f7ff89a0aaf/library/core/src/future/future.rs:123:9
[INFO] [stdout]   21:     0x560c65c4173d - <core::pin::Pin<P> as core::future::future::Future>::poll::h69fefd2ddda0d7fa
[INFO] [stdout]                                at /rustc/90b35a6239c3d8bdabc530a6a0816f7ff89a0aaf/library/core/src/future/future.rs:123:9
[INFO] [stdout]   22:     0x560c65c415af - tokio::runtime::scheduler::current_thread::CoreGuard::block_on::{{closure}}::{{closure}}::{{closure}}::h25813a57a69a386b
[INFO] [stdout]                                at /opt/rustwide/cargo-home/registry/src/index.crates.io-6f17d22bba15001f/tokio-1.41.0/src/runtime/scheduler/current_thread/mod.rs:729:57
[INFO] [stdout]   23:     0x560c65c414d5 - tokio::runtime::coop::with_budget::h76f1ee32234915ae
[INFO] [stdout]                                at /opt/rustwide/cargo-home/registry/src/index.crates.io-6f17d22bba15001f/tokio-1.41.0/src/runtime/coop.rs:107:5
[INFO] [stdout]   24:     0x560c65c414d5 - tokio::runtime::coop::budget::h5dd361c2dba62337
[INFO] [stdout]                                at /opt/rustwide/cargo-home/registry/src/index.crates.io-6f17d22bba15001f/tokio-1.41.0/src/runtime/coop.rs:73:5
[INFO] [stdout]   25:     0x560c65c414d5 - tokio::runtime::scheduler::current_thread::CoreGuard::block_on::{{closure}}::{{closure}}::h9f9729571e323ff0
[INFO] [stdout]                                at /opt/rustwide/cargo-home/registry/src/index.crates.io-6f17d22bba15001f/tokio-1.41.0/src/runtime/scheduler/current_thread/mod.rs:729:25
[INFO] [stdout]   26:     0x560c65c3f130 - tokio::runtime::scheduler::current_thread::Context::enter::hfe9ff6e14c515f55
[INFO] [stdout]                                at /opt/rustwide/cargo-home/registry/src/index.crates.io-6f17d22bba15001f/tokio-1.41.0/src/runtime/scheduler/current_thread/mod.rs:428:19
[INFO] [stdout]   27:     0x560c65c40b9e - tokio::runtime::scheduler::current_thread::CoreGuard::block_on::{{closure}}::hfa9216eb59259d8f
[INFO] [stdout]                                at /opt/rustwide/cargo-home/registry/src/index.crates.io-6f17d22bba15001f/tokio-1.41.0/src/runtime/scheduler/current_thread/mod.rs:728:36
[INFO] [stdout]   28:     0x560c65c40014 - tokio::runtime::scheduler::current_thread::CoreGuard::enter::{{closure}}::hb7246ee20ed53580
[INFO] [stdout]                                at /opt/rustwide/cargo-home/registry/src/index.crates.io-6f17d22bba15001f/tokio-1.41.0/src/runtime/scheduler/current_thread/mod.rs:807:68
[INFO] [stdout]   29:     0x560c65c5248b - tokio::runtime::context::scoped::Scoped<T>::set::hfa446a76436a523b
[INFO] [stdout]                                at /opt/rustwide/cargo-home/registry/src/index.crates.io-6f17d22bba15001f/tokio-1.41.0/src/runtime/context/scoped.rs:40:9
[INFO] [stdout]   30:     0x560c65c52079 - tokio::runtime::context::set_scheduler::{{closure}}::h67d19a2febf2bae1
[INFO] [stdout]                                at /opt/rustwide/cargo-home/registry/src/index.crates.io-6f17d22bba15001f/tokio-1.41.0/src/runtime/context.rs:180:26
[INFO] [stdout]   31:     0x560c65c4413d - std::thread::local::LocalKey<T>::try_with::h1c6a2eaf9792608b
[INFO] [stdout]                                at /rustc/90b35a6239c3d8bdabc530a6a0816f7ff89a0aaf/library/std/src/thread/local.rs:283:12
[INFO] [stdout]   32:     0x560c65c43c3a - std::thread::local::LocalKey<T>::with::h7240e5ac98b48c75
[INFO] [stdout]                                at /rustc/90b35a6239c3d8bdabc530a6a0816f7ff89a0aaf/library/std/src/thread/local.rs:260:9
[INFO] [stdout]   33:     0x560c65c51fed - tokio::runtime::context::set_scheduler::hd55ac7a5cb7f8b3d
[INFO] [stdout]                                at /opt/rustwide/cargo-home/registry/src/index.crates.io-6f17d22bba15001f/tokio-1.41.0/src/runtime/context.rs:180:9
[INFO] [stdout]   34:     0x560c65c3f980 - tokio::runtime::scheduler::current_thread::CoreGuard::enter::h5df34aebaa25328a
[INFO] [stdout]                                at /opt/rustwide/cargo-home/registry/src/index.crates.io-6f17d22bba15001f/tokio-1.41.0/src/runtime/scheduler/current_thread/mod.rs:807:27
[INFO] [stdout]   35:     0x560c65c40093 - tokio::runtime::scheduler::current_thread::CoreGuard::block_on::hba06b47a3a102ada
[INFO] [stdout]                                at /opt/rustwide/cargo-home/registry/src/index.crates.io-6f17d22bba15001f/tokio-1.41.0/src/runtime/scheduler/current_thread/mod.rs:716:19
[INFO] [stdout]   36:     0x560c65c3e2aa - tokio::runtime::scheduler::current_thread::CurrentThread::block_on::{{closure}}::hd5c227af55ba3af0
[INFO] [stdout]                                at /opt/rustwide/cargo-home/registry/src/index.crates.io-6f17d22bba15001f/tokio-1.41.0/src/runtime/scheduler/current_thread/mod.rs:196:28
[INFO] [stdout]   37:     0x560c65c527d6 - tokio::runtime::context::runtime::enter_runtime::h7a58b5f6a92c668c
[INFO] [stdout]                                at /opt/rustwide/cargo-home/registry/src/index.crates.io-6f17d22bba15001f/tokio-1.41.0/src/runtime/context/runtime.rs:65:16
[INFO] [stdout]   38:     0x560c65c3dbd1 - tokio::runtime::scheduler::current_thread::CurrentThread::block_on::hd87b737141c47dff
[INFO] [stdout]                                at /opt/rustwide/cargo-home/registry/src/index.crates.io-6f17d22bba15001f/tokio-1.41.0/src/runtime/scheduler/current_thread/mod.rs:184:9
[INFO] [stdout]   39:     0x560c65c533f3 - tokio::runtime::runtime::Runtime::block_on_inner::h0fd6744467880234
[INFO] [stdout]                                at /opt/rustwide/cargo-home/registry/src/index.crates.io-6f17d22bba15001f/tokio-1.41.0/src/runtime/runtime.rs:368:47
[INFO] [stdout]   40:     0x560c65c536f7 - tokio::runtime::runtime::Runtime::block_on::hcbeab838808f8f1a
[INFO] [stdout]                                at /opt/rustwide/cargo-home/registry/src/index.crates.io-6f17d22bba15001f/tokio-1.41.0/src/runtime/runtime.rs:342:13
[INFO] [stdout]   41:     0x560c65c41aa1 - peerchunks::file_manager::replication::tests::test_replicate_chunks_success::h301244a83685c58f
[INFO] [stdout]                                at /opt/rustwide/workdir/src/file_manager/replication.rs:95:9
[INFO] [stdout]   42:     0x560c65c41947 - peerchunks::file_manager::replication::tests::test_replicate_chunks_success::{{closure}}::h76556b83b433b4cb
[INFO] [stdout]                                at /opt/rustwide/workdir/src/file_manager/replication.rs:74:45
[INFO] [stdout]   43:     0x560c65c3b176 - core::ops::function::FnOnce::call_once::h0075f1e89ae37495
[INFO] [stdout]                                at /rustc/90b35a6239c3d8bdabc530a6a0816f7ff89a0aaf/library/core/src/ops/function.rs:250:5
[INFO] [stdout]   44:     0x560c65c95eab - core::ops::function::FnOnce::call_once::h109cf8051a59b34e
[INFO] [stdout]                                at /rustc/90b35a6239c3d8bdabc530a6a0816f7ff89a0aaf/library/core/src/ops/function.rs:250:5
[INFO] [stdout]   45:     0x560c65c95eab - test::__rust_begin_short_backtrace::hf4fff89d377446ba
[INFO] [stdout]                                at /rustc/90b35a6239c3d8bdabc530a6a0816f7ff89a0aaf/library/test/src/lib.rs:621:18
[INFO] [stdout]   46:     0x560c65c956e7 - test::run_test_in_process::{{closure}}::h0e39181dd7ee5a43
[INFO] [stdout]                                at /rustc/90b35a6239c3d8bdabc530a6a0816f7ff89a0aaf/library/test/src/lib.rs:644:60
[INFO] [stdout]   47:     0x560c65c956e7 - <core::panic::unwind_safe::AssertUnwindSafe<F> as core::ops::function::FnOnce<()>>::call_once::hc5a66a30f0bdfd1f
[INFO] [stdout]                                at /rustc/90b35a6239c3d8bdabc530a6a0816f7ff89a0aaf/library/core/src/panic/unwind_safe.rs:272:9
[INFO] [stdout]   48:     0x560c65c956e7 - std::panicking::try::do_call::h873b7cf639554a5e
[INFO] [stdout]                                at /rustc/90b35a6239c3d8bdabc530a6a0816f7ff89a0aaf/library/std/src/panicking.rs:557:40
[INFO] [stdout]   49:     0x560c65c956e7 - std::panicking::try::hdb19862fad9c8bd1
[INFO] [stdout]                                at /rustc/90b35a6239c3d8bdabc530a6a0816f7ff89a0aaf/library/std/src/panicking.rs:520:19
[INFO] [stdout]   50:     0x560c65c956e7 - std::panic::catch_unwind::h281fe732d236d260
[INFO] [stdout]                                at /rustc/90b35a6239c3d8bdabc530a6a0816f7ff89a0aaf/library/std/src/panic.rs:358:14
[INFO] [stdout]   51:     0x560c65c956e7 - test::run_test_in_process::h949b6df8457ed338
[INFO] [stdout]                                at /rustc/90b35a6239c3d8bdabc530a6a0816f7ff89a0aaf/library/test/src/lib.rs:644:27
[INFO] [stdout]   52:     0x560c65c956e7 - test::run_test::{{closure}}::h52c556a6d4740e10
[INFO] [stdout]                                at /rustc/90b35a6239c3d8bdabc530a6a0816f7ff89a0aaf/library/test/src/lib.rs:565:43
[INFO] [stdout]   53:     0x560c65c5a9c4 - test::run_test::{{closure}}::h4237f6381c45ccb9
[INFO] [stdout]                                at /rustc/90b35a6239c3d8bdabc530a6a0816f7ff89a0aaf/library/test/src/lib.rs:595:41
[INFO] [stdout]   54:     0x560c65c5a9c4 - std::sys::backtrace::__rust_begin_short_backtrace::h505c97a579eca628
[INFO] [stdout]                                at /rustc/90b35a6239c3d8bdabc530a6a0816f7ff89a0aaf/library/std/src/sys/backtrace.rs:154:18
[INFO] [stdout]   55:     0x560c65c5e08e - std::thread::Builder::spawn_unchecked_::{{closure}}::{{closure}}::h9e86b2e2bc107ea3
[INFO] [stdout]                                at /rustc/90b35a6239c3d8bdabc530a6a0816f7ff89a0aaf/library/std/src/thread/mod.rs:538:17
[INFO] [stdout]   56:     0x560c65c5e08e - <core::panic::unwind_safe::AssertUnwindSafe<F> as core::ops::function::FnOnce<()>>::call_once::h8b06ddb275ff4a25
[INFO] [stdout]                                at /rustc/90b35a6239c3d8bdabc530a6a0816f7ff89a0aaf/library/core/src/panic/unwind_safe.rs:272:9
[INFO] [stdout]   57:     0x560c65c5e08e - std::panicking::try::do_call::hb26ecd7cd9a9355d
[INFO] [stdout]                                at /rustc/90b35a6239c3d8bdabc530a6a0816f7ff89a0aaf/library/std/src/panicking.rs:557:40
[INFO] [stdout]   58:     0x560c65c5e08e - std::panicking::try::h8ddeca9d705f9069
[INFO] [stdout]                                at /rustc/90b35a6239c3d8bdabc530a6a0816f7ff89a0aaf/library/std/src/panicking.rs:520:19
[INFO] [stdout]   59:     0x560c65c5e08e - std::panic::catch_unwind::h49e1c33078844c46
[INFO] [stdout]                                at /rustc/90b35a6239c3d8bdabc530a6a0816f7ff89a0aaf/library/std/src/panic.rs:358:14
[INFO] [stdout]   60:     0x560c65c5e08e - std::thread::Builder::spawn_unchecked_::{{closure}}::h6073db6ff56ad35d
[INFO] [stdout]                                at /rustc/90b35a6239c3d8bdabc530a6a0816f7ff89a0aaf/library/std/src/thread/mod.rs:537:30
[INFO] [stdout]   61:     0x560c65c5e08e - core::ops::function::FnOnce::call_once{{vtable.shim}}::h2c5a5f3779c774f1
[INFO] [stdout]                                at /rustc/90b35a6239c3d8bdabc530a6a0816f7ff89a0aaf/library/core/src/ops/function.rs:250:5
[INFO] [stdout]   62:     0x560c65d8569b - <alloc::boxed::Box<F,A> as core::ops::function::FnOnce<Args>>::call_once::hf75717d9f28faebf
[INFO] [stdout]                                at /rustc/90b35a6239c3d8bdabc530a6a0816f7ff89a0aaf/library/alloc/src/boxed.rs:2454:9
[INFO] [stdout]   63:     0x560c65d8569b - <alloc::boxed::Box<F,A> as core::ops::function::FnOnce<Args>>::call_once::h7bd883a5f3c5f3c1
[INFO] [stdout]                                at /rustc/90b35a6239c3d8bdabc530a6a0816f7ff89a0aaf/library/alloc/src/boxed.rs:2454:9
[INFO] [stdout]   64:     0x560c65d8569b - std::sys::pal::unix::thread::Thread::new::thread_start::hcc78f3943333fa94
[INFO] [stdout]                                at /rustc/90b35a6239c3d8bdabc530a6a0816f7ff89a0aaf/library/std/src/sys/pal/unix/thread.rs:105:17
[INFO] [stdout]   65:     0x79d2eebe8ac3 - <unknown>
[INFO] [stdout]   66:     0x79d2eec79a04 - clone
[INFO] [stdout]   67:                0x0 - <unknown>
[INFO] [stdout] 
[INFO] [stdout] 
[INFO] [stdout] failures:
[INFO] [stdout]     file_manager::chunker::tests::test_split_file_into_chunks
[INFO] [stdout]     file_manager::replication::tests::test_replicate_chunks_success
[INFO] [stdout] 
[INFO] [stdout] test result: FAILED. 4 passed; 2 failed; 0 ignored; 0 measured; 0 filtered out; finished in 0.10s
[INFO] [stdout] 
[INFO] [stderr] error: test failed, to rerun pass `--bin peerchunks`
[INFO] running `Command { std: "docker" "inspect" "db7079790d76d24c7a2cafeb22299b80102a6df4cc083779fa085864daee585e", kill_on_drop: false }`
[INFO] running `Command { std: "docker" "rm" "-f" "db7079790d76d24c7a2cafeb22299b80102a6df4cc083779fa085864daee585e", kill_on_drop: false }`
[INFO] [stdout] db7079790d76d24c7a2cafeb22299b80102a6df4cc083779fa085864daee585e
