[INFO] cloning repository https://github.com/sideprotocol/ibcswap-wasm
[INFO] running `Command { std: "git" "-c" "credential.helper=" "-c" "credential.helper=/workspace/cargo-home/bin/git-credential-null" "clone" "--bare" "https://github.com/sideprotocol/ibcswap-wasm" "/workspace/cache/git-repos/https%3A%2F%2Fgithub.com%2Fsideprotocol%2Fibcswap-wasm", kill_on_drop: false }`
[INFO] [stderr] Cloning into bare repository '/workspace/cache/git-repos/https%3A%2F%2Fgithub.com%2Fsideprotocol%2Fibcswap-wasm'...
[INFO] running `Command { std: "git" "rev-parse" "HEAD", kill_on_drop: false }`
[INFO] [stdout] 6a7f5f1f7cd2344311f6bfe17ac0be41bfe782a2
[INFO] testing sideprotocol/ibcswap-wasm against beta-2024-12-08 for beta-1.84.0-4-retry
[INFO] running `Command { std: "git" "clone" "/workspace/cache/git-repos/https%3A%2F%2Fgithub.com%2Fsideprotocol%2Fibcswap-wasm" "/workspace/builds/worker-7-tc2/source", kill_on_drop: false }`
[INFO] [stderr] Cloning into '/workspace/builds/worker-7-tc2/source'...
[INFO] [stderr] done.
[INFO] validating manifest of git repo https://github.com/sideprotocol/ibcswap-wasm on toolchain beta-2024-12-08
[INFO] running `Command { std: CARGO_HOME="/workspace/cargo-home" RUSTUP_HOME="/workspace/rustup-home" "/workspace/cargo-home/bin/cargo" "+beta-2024-12-08" "metadata" "--manifest-path" "Cargo.toml" "--no-deps", kill_on_drop: false }`
[INFO] started tweaking git repo https://github.com/sideprotocol/ibcswap-wasm
[INFO] finished tweaking git repo https://github.com/sideprotocol/ibcswap-wasm
[INFO] tweaked toml for git repo https://github.com/sideprotocol/ibcswap-wasm written to /workspace/builds/worker-7-tc2/source/Cargo.toml
[INFO] crate git repo https://github.com/sideprotocol/ibcswap-wasm already has a lockfile, it will not be regenerated
[INFO] running `Command { std: CARGO_HOME="/workspace/cargo-home" RUSTUP_HOME="/workspace/rustup-home" "/workspace/cargo-home/bin/cargo" "+beta-2024-12-08" "fetch" "--manifest-path" "Cargo.toml", kill_on_drop: false }`
[INFO] [stderr] warning: virtual workspace defaulting to `resolver = "1"` despite one or more workspace members being on edition 2021 which implies `resolver = "2"`
[INFO] [stderr] note: to keep the current resolver, specify `workspace.resolver = "1"` in the workspace root's manifest
[INFO] [stderr] note: to use the edition 2021 resolver, specify `workspace.resolver = "2"` in the workspace root's manifest
[INFO] [stderr] note: for more details see https://doc.rust-lang.org/cargo/reference/resolver.html#resolver-versions
[INFO] [stderr]     Blocking waiting for file lock on package cache
[INFO] running `Command { std: "docker" "create" "-v" "/var/lib/crater-agent-workspace/builds/worker-7-tc2/target:/opt/rustwide/target:rw,Z" "-v" "/var/lib/crater-agent-workspace/builds/worker-7-tc2/source:/opt/rustwide/workdir:ro,Z" "-v" "/var/lib/crater-agent-workspace/cargo-home:/opt/rustwide/cargo-home:ro,Z" "-v" "/var/lib/crater-agent-workspace/rustup-home:/opt/rustwide/rustup-home:ro,Z" "-e" "SOURCE_DIR=/opt/rustwide/workdir" "-e" "CARGO_TARGET_DIR=/opt/rustwide/target" "-e" "CARGO_HOME=/opt/rustwide/cargo-home" "-e" "RUSTUP_HOME=/opt/rustwide/rustup-home" "-w" "/opt/rustwide/workdir" "-m" "1610612736" "--user" "0:0" "--network" "none" "ghcr.io/rust-lang/crates-build-env/linux@sha256:f3a9d4ad9d972b27faf3965f35b62e55ba32bbce8f20bc8fe909558a86702fde" "/opt/rustwide/cargo-home/bin/cargo" "+beta-2024-12-08" "metadata" "--no-deps" "--format-version=1", kill_on_drop: false }`
[INFO] [stdout] 533429d7e4bdbfbe835d8a42e9b8ab8fa4824155edc41a39a5435725847f9a1a
[INFO] running `Command { std: "docker" "start" "-a" "533429d7e4bdbfbe835d8a42e9b8ab8fa4824155edc41a39a5435725847f9a1a", kill_on_drop: false }`
[INFO] running `Command { std: "docker" "inspect" "533429d7e4bdbfbe835d8a42e9b8ab8fa4824155edc41a39a5435725847f9a1a", kill_on_drop: false }`
[INFO] running `Command { std: "docker" "rm" "-f" "533429d7e4bdbfbe835d8a42e9b8ab8fa4824155edc41a39a5435725847f9a1a", kill_on_drop: false }`
[INFO] [stdout] 533429d7e4bdbfbe835d8a42e9b8ab8fa4824155edc41a39a5435725847f9a1a
[INFO] running `Command { std: "docker" "create" "-v" "/var/lib/crater-agent-workspace/builds/worker-7-tc2/target:/opt/rustwide/target:rw,Z" "-v" "/var/lib/crater-agent-workspace/builds/worker-7-tc2/source:/opt/rustwide/workdir:ro,Z" "-v" "/var/lib/crater-agent-workspace/cargo-home:/opt/rustwide/cargo-home:ro,Z" "-v" "/var/lib/crater-agent-workspace/rustup-home:/opt/rustwide/rustup-home:ro,Z" "-e" "SOURCE_DIR=/opt/rustwide/workdir" "-e" "CARGO_TARGET_DIR=/opt/rustwide/target" "-e" "CARGO_INCREMENTAL=0" "-e" "RUST_BACKTRACE=full" "-e" "RUSTFLAGS=--cap-lints=warn" "-e" "RUSTDOCFLAGS=--cap-lints=warn" "-e" "CARGO_HOME=/opt/rustwide/cargo-home" "-e" "RUSTUP_HOME=/opt/rustwide/rustup-home" "-w" "/opt/rustwide/workdir" "-m" "1610612736" "--user" "0:0" "--network" "none" "ghcr.io/rust-lang/crates-build-env/linux@sha256:f3a9d4ad9d972b27faf3965f35b62e55ba32bbce8f20bc8fe909558a86702fde" "/opt/rustwide/cargo-home/bin/cargo" "+beta-2024-12-08" "build" "--frozen" "--message-format=json", kill_on_drop: false }`
[INFO] [stdout] 703efa5c8dd8d6135cb4fbe59425b0520e12bbdbcc1e7190f5be3653d2631529
[INFO] running `Command { std: "docker" "start" "-a" "703efa5c8dd8d6135cb4fbe59425b0520e12bbdbcc1e7190f5be3653d2631529", kill_on_drop: false }`
[INFO] [stderr] warning: virtual workspace defaulting to `resolver = "1"` despite one or more workspace members being on edition 2021 which implies `resolver = "2"`
[INFO] [stderr] note: to keep the current resolver, specify `workspace.resolver = "1"` in the workspace root's manifest
[INFO] [stderr] note: to use the edition 2021 resolver, specify `workspace.resolver = "2"` in the workspace root's manifest
[INFO] [stderr] note: for more details see https://doc.rust-lang.org/cargo/reference/resolver.html#resolver-versions
[INFO] [stderr] warning: profile package spec `ics100` in profile `release` did not match any packages
[INFO] [stderr] 
[INFO] [stderr] 	Did you mean `ics101`?
[INFO] [stderr]    Compiling typenum v1.16.0
[INFO] [stderr]    Compiling version_check v0.9.4
[INFO] [stderr]    Compiling zeroize v1.7.0
[INFO] [stderr]    Compiling libc v0.2.147
[INFO] [stderr]    Compiling proc-macro2 v1.0.66
[INFO] [stderr]    Compiling cfg-if v1.0.0
[INFO] [stderr]    Compiling unicode-ident v1.0.11
[INFO] [stderr]    Compiling subtle v2.5.0
[INFO] [stderr]    Compiling serde v1.0.188
[INFO] [stderr]    Compiling syn v1.0.109
[INFO] [stderr]    Compiling const-oid v0.9.5
[INFO] [stderr]    Compiling byteorder v1.4.3
[INFO] [stderr]    Compiling cpufeatures v0.2.9
[INFO] [stderr]    Compiling getrandom v0.1.16
[INFO] [stderr]    Compiling thiserror v1.0.47
[INFO] [stderr]    Compiling opaque-debug v0.3.0
[INFO] [stderr]    Compiling hex v0.4.3
[INFO] [stderr]    Compiling serde_json v1.0.105
[INFO] [stderr]    Compiling ryu v1.0.15
[INFO] [stderr]    Compiling schemars v0.8.13
[INFO] [stderr]    Compiling der v0.7.8
[INFO] [stderr]    Compiling base16ct v0.2.0
[INFO] [stderr]    Compiling once_cell v1.18.0
[INFO] [stderr]    Compiling itoa v1.0.9
[INFO] [stderr]    Compiling generic-array v0.14.7
[INFO] [stderr]    Compiling ahash v0.7.6
[INFO] [stderr]    Compiling dyn-clone v1.0.13
[INFO] [stderr]    Compiling base64 v0.13.1
[INFO] [stderr]    Compiling forward_ref v1.0.0
[INFO] [stderr]    Compiling bnum v0.7.0
[INFO] [stderr]    Compiling semver v1.0.18
[INFO] [stderr]    Compiling const-oid v0.6.2
[INFO] [stderr]    Compiling crunchy v0.2.2
[INFO] [stderr]    Compiling der v0.4.5
[INFO] [stderr]    Compiling byte-tools v0.3.1
[INFO] [stderr]    Compiling doc-comment v0.3.3
[INFO] [stderr]    Compiling block-padding v0.1.5
[INFO] [stderr]    Compiling autocfg v1.1.0
[INFO] [stderr]    Compiling libm v0.2.8
[INFO] [stderr]    Compiling crunchy v0.1.6
[INFO] [stderr]    Compiling static_assertions v1.1.0
[INFO] [stderr]    Compiling fake-simd v0.1.2
[INFO] [stderr]    Compiling opaque-debug v0.2.3
[INFO] [stderr]    Compiling protobuf v2.28.0
[INFO] [stderr]    Compiling rand_core v0.4.2
[INFO] [stderr]    Compiling hex v0.3.2
[INFO] [stderr]    Compiling uint v0.9.5
[INFO] [stderr]    Compiling rust_decimal v1.33.1
[INFO] [stderr]    Compiling bytes v1.4.0
[INFO] [stderr]    Compiling rand_core v0.3.1
[INFO] [stderr]    Compiling bigint v4.4.3
[INFO] [stderr]    Compiling arrayvec v0.7.4
[INFO] [stderr]    Compiling base64 v0.21.7
[INFO] [stderr]    Compiling num-traits v0.2.17
[INFO] [stderr]    Compiling quote v1.0.33
[INFO] [stderr]    Compiling spki v0.4.1
[INFO] [stderr]    Compiling syn v2.0.29
[INFO] [stderr]    Compiling pkcs8 v0.7.6
[INFO] [stderr]    Compiling generic-array v0.12.4
[INFO] [stderr]    Compiling digest v0.8.1
[INFO] [stderr]    Compiling block-buffer v0.7.3
[INFO] [stderr]    Compiling spki v0.7.2
[INFO] [stderr]    Compiling sha2 v0.8.2
[INFO] [stderr]    Compiling pkcs8 v0.10.2
[INFO] [stderr]    Compiling getrandom v0.2.10
[INFO] [stderr]    Compiling rand v0.5.6
[INFO] [stderr]    Compiling rand_core v0.5.1
[INFO] [stderr]    Compiling digest v0.9.0
[INFO] [stderr]    Compiling block-buffer v0.10.4
[INFO] [stderr]    Compiling crypto-common v0.1.6
[INFO] [stderr]    Compiling block-buffer v0.9.0
[INFO] [stderr]    Compiling rand_core v0.6.4
[INFO] [stderr]    Compiling sec1 v0.7.3
[INFO] [stderr]    Compiling crypto-mac v0.11.0
[INFO] [stderr]    Compiling digest v0.10.7
[INFO] [stderr]    Compiling sha2 v0.9.9
[INFO] [stderr]    Compiling curve25519-dalek v3.2.0
[INFO] [stderr]    Compiling hmac v0.11.0
[INFO] [stderr]    Compiling ff v0.13.0
[INFO] [stderr]    Compiling crypto-bigint v0.5.5
[INFO] [stderr]    Compiling ff v0.10.1
[INFO] [stderr]    Compiling hashbrown v0.12.3
[INFO] [stderr]    Compiling group v0.10.0
[INFO] [stderr]    Compiling crypto-bigint v0.2.5
[INFO] [stderr]    Compiling signature v1.3.2
[INFO] [stderr]    Compiling group v0.13.0
[INFO] [stderr]    Compiling hmac v0.12.1
[INFO] [stderr]    Compiling signature v2.2.0
[INFO] [stderr]    Compiling sha2 v0.10.7
[INFO] [stderr]    Compiling rfc6979 v0.4.0
[INFO] [stderr]    Compiling elliptic-curve v0.10.4
[INFO] [stderr]    Compiling ecdsa v0.12.4
[INFO] [stderr]    Compiling serde_derive v1.0.188
[INFO] [stderr]    Compiling thiserror-impl v1.0.47
[INFO] [stderr]    Compiling k256 v0.9.5
[INFO] [stderr]    Compiling elliptic-curve v0.13.8
[INFO] [stderr]    Compiling ecdsa v0.16.9
[INFO] [stderr]    Compiling k256 v0.13.2
[INFO] [stderr]    Compiling serde_derive_internals v0.26.0
[INFO] [stderr]    Compiling derivative v2.2.0
[INFO] [stderr]    Compiling cosmwasm-derive v1.3.3
[INFO] [stderr]    Compiling cosmwasm-schema-derive v1.3.3
[INFO] [stderr]    Compiling cosmwasm-derive v0.16.7
[INFO] [stderr]    Compiling snafu-derive v0.6.10
[INFO] [stderr]    Compiling schemars_derive v0.8.13
[INFO] [stderr]    Compiling snafu v0.6.10
[INFO] [stderr]    Compiling ed25519-zebra v3.1.0
[INFO] [stderr]    Compiling serde-json-wasm v0.5.1
[INFO] [stderr]    Compiling ed25519-zebra v2.2.0
[INFO] [stderr]    Compiling serde-json-wasm v0.3.2
[INFO] [stderr]    Compiling cosmwasm-crypto v1.5.0
[INFO] [stderr]    Compiling cosmwasm-crypto v0.16.1
[INFO] [stderr]    Compiling cosmwasm-std v1.3.3
[INFO] [stderr]    Compiling cosmwasm-schema v1.3.3
[INFO] [stderr]    Compiling cosmwasm-std v0.16.1
[INFO] [stderr]    Compiling cosmwasm-bignumber v2.2.0
[INFO] [stderr]    Compiling cw-storage-plus v0.15.1
[INFO] [stderr]    Compiling cw-storage-plus v1.1.0
[INFO] [stderr]    Compiling cw-storage-plus v0.13.4
[INFO] [stderr]    Compiling cw2 v1.1.0
[INFO] [stderr]    Compiling cw2 v0.15.1
[INFO] [stderr]    Compiling cw-utils v1.0.1
[INFO] [stderr]    Compiling cw-utils v0.15.1
[INFO] [stderr]    Compiling sample-project v1.0.0 (/opt/rustwide/workdir/contracts/router)
[INFO] [stderr]    Compiling cw20 v1.1.0
[INFO] [stderr]    Compiling cw20 v0.15.1
[INFO] [stderr]    Compiling cw-controllers v0.15.1
[INFO] [stderr]    Compiling cw20-base v0.15.1
[INFO] [stderr]    Compiling staking-contract v0.0.1 (/opt/rustwide/workdir/contracts/staking_contract)
[INFO] [stderr]    Compiling lp-staking v0.1.0 (/opt/rustwide/workdir/contracts/lp-staking)
[INFO] [stderr]    Compiling ics101 v0.1.3 (/opt/rustwide/workdir/contracts/ics101)
[INFO] [stderr]    Compiling volume v0.2.0 (/opt/rustwide/workdir/contracts/volume)
[INFO] [stdout] warning: unused imports: `Binary`, `Deps`, `Env`, `StdResult`, `entry_point`, and `to_binary`
[INFO] [stdout]  --> contracts/lp-staking/src/query.rs:1:20
[INFO] [stdout]   |
[INFO] [stdout] 1 | use cosmwasm_std::{entry_point, to_binary, Binary, Deps, Env, StdResult};
[INFO] [stdout]   |                    ^^^^^^^^^^^  ^^^^^^^^^  ^^^^^^  ^^^^  ^^^  ^^^^^^^^^
[INFO] [stdout]   |
[INFO] [stdout]   = note: `#[warn(unused_imports)]` on by default
[INFO] [stdout] 
[INFO] [stdout] 
[INFO] [stdout] warning: unused import: `crate::msg::QueryMsg`
[INFO] [stdout]  --> contracts/lp-staking/src/query.rs:3:5
[INFO] [stdout]   |
[INFO] [stdout] 3 | use crate::msg::QueryMsg;
[INFO] [stdout]   |     ^^^^^^^^^^^^^^^^^^^^
[INFO] [stdout] 
[INFO] [stdout] 
[INFO] [stdout] warning: variable does not need to be mutable
[INFO] [stdout]   --> contracts/staking_contract/src/admin.rs:47:17
[INFO] [stdout]    |
[INFO] [stdout] 47 |             let mut messages: Vec<CosmosMsg> = vec![];
[INFO] [stdout]    |                 ----^^^^^^^^
[INFO] [stdout]    |                 |
[INFO] [stdout]    |                 help: remove this `mut`
[INFO] [stdout]    |
[INFO] [stdout]    = note: `#[warn(unused_mut)]` on by default
[INFO] [stdout] 
[INFO] [stdout] 
[INFO] [stdout] warning: lint `box_pointers` has been removed: it does not detect other kinds of allocations, and existed only for historical reasons
[INFO] [stdout]   --> contracts/ics101/src/response.rs:11:10
[INFO] [stdout]    |
[INFO] [stdout] 11 | #![allow(box_pointers)]
[INFO] [stdout]    |          ^^^^^^^^^^^^
[INFO] [stdout]    |
[INFO] [stdout]    = note: `#[warn(renamed_and_removed_lints)]` on by default
[INFO] [stdout] 
[INFO] [stdout] 
[INFO] [stdout] warning: variable does not need to be mutable
[INFO] [stdout]    --> contracts/staking_contract/src/types/validator_set.rs:130:13
[INFO] [stdout]     |
[INFO] [stdout] 130 |         let mut val = self.validators.front_mut().unwrap();
[INFO] [stdout]     |             ----^^^
[INFO] [stdout]     |             |
[INFO] [stdout]     |             help: remove this `mut`
[INFO] [stdout] 
[INFO] [stdout] 
[INFO] [stdout] warning: unused `Result` that must be used
[INFO] [stdout]   --> contracts/staking_contract/src/admin.rs:23:5
[INFO] [stdout]    |
[INFO] [stdout] 23 | /     match msg {
[INFO] [stdout] 24 | |         ExecuteMsg::ChangeDevFee {
[INFO] [stdout] 25 | |             dev_fee,
[INFO] [stdout] 26 | |             dev_address,
[INFO] [stdout] ...  |
[INFO] [stdout] 80 | |         ))),
[INFO] [stdout] 81 | |     };
[INFO] [stdout]    | |_____^
[INFO] [stdout]    |
[INFO] [stdout]    = note: this `Result` may be an `Err` variant, which should be handled
[INFO] [stdout]    = note: `#[warn(unused_must_use)]` on by default
[INFO] [stdout] help: use `let _ = ...` to ignore the resulting value
[INFO] [stdout]    |
[INFO] [stdout] 23 |     let _ = match msg {
[INFO] [stdout]    |     +++++++
[INFO] [stdout] 
[INFO] [stdout] 
[INFO] [stderr]    Compiling ve-side v1.0.0 (/opt/rustwide/workdir/contracts/voting-escrow)
[INFO] [stdout] warning: unexpected `cfg` condition value: `library`
[INFO] [stdout]  --> contracts/voting-escrow/src/contract.rs:1:11
[INFO] [stdout]   |
[INFO] [stdout] 1 | #[cfg(not(feature = "library"))]
[INFO] [stdout]   |           ^^^^^^^^^^^^^^^^^^^
[INFO] [stdout]   |
[INFO] [stdout]   = note: expected values for `feature` are: `backtraces`
[INFO] [stdout]   = help: consider adding `library` as a feature in `Cargo.toml`
[INFO] [stdout]   = note: see <https://doc.rust-lang.org/nightly/rustc/check-cfg/cargo-specifics.html> for more information about checking conditional configuration
[INFO] [stdout]   = note: `#[warn(unexpected_cfgs)]` on by default
[INFO] [stdout] 
[INFO] [stdout] 
[INFO] [stdout] warning: unexpected `cfg` condition value: `library`
[INFO] [stdout]   --> contracts/voting-escrow/src/contract.rs:30:16
[INFO] [stdout]    |
[INFO] [stdout] 30 | #[cfg_attr(not(feature = "library"), entry_point)]
[INFO] [stdout]    |                ^^^^^^^^^^^^^^^^^^^
[INFO] [stdout]    |
[INFO] [stdout]    = note: expected values for `feature` are: `backtraces`
[INFO] [stdout]    = help: consider adding `library` as a feature in `Cargo.toml`
[INFO] [stdout]    = note: see <https://doc.rust-lang.org/nightly/rustc/check-cfg/cargo-specifics.html> for more information about checking conditional configuration
[INFO] [stdout] 
[INFO] [stdout] 
[INFO] [stdout] warning: unexpected `cfg` condition value: `library`
[INFO] [stdout]   --> contracts/voting-escrow/src/contract.rs:84:16
[INFO] [stdout]    |
[INFO] [stdout] 84 | #[cfg_attr(not(feature = "library"), entry_point)]
[INFO] [stdout]    |                ^^^^^^^^^^^^^^^^^^^
[INFO] [stdout]    |
[INFO] [stdout]    = note: expected values for `feature` are: `backtraces`
[INFO] [stdout]    = help: consider adding `library` as a feature in `Cargo.toml`
[INFO] [stdout]    = note: see <https://doc.rust-lang.org/nightly/rustc/check-cfg/cargo-specifics.html> for more information about checking conditional configuration
[INFO] [stdout] 
[INFO] [stdout] 
[INFO] [stdout] warning: unexpected `cfg` condition value: `library`
[INFO] [stdout]    --> contracts/voting-escrow/src/contract.rs:455:16
[INFO] [stdout]     |
[INFO] [stdout] 455 | #[cfg_attr(not(feature = "library"), entry_point)]
[INFO] [stdout]     |                ^^^^^^^^^^^^^^^^^^^
[INFO] [stdout]     |
[INFO] [stdout]     = note: expected values for `feature` are: `backtraces`
[INFO] [stdout]     = help: consider adding `library` as a feature in `Cargo.toml`
[INFO] [stdout]     = note: see <https://doc.rust-lang.org/nightly/rustc/check-cfg/cargo-specifics.html> for more information about checking conditional configuration
[INFO] [stdout] 
[INFO] [stdout] 
[INFO] [stdout] warning: unexpected `cfg` condition value: `library`
[INFO] [stdout]    --> contracts/voting-escrow/src/contract.rs:739:16
[INFO] [stdout]     |
[INFO] [stdout] 739 | #[cfg_attr(not(feature = "library"), entry_point)]
[INFO] [stdout]     |                ^^^^^^^^^^^^^^^^^^^
[INFO] [stdout]     |
[INFO] [stdout]     = note: expected values for `feature` are: `backtraces`
[INFO] [stdout]     = help: consider adding `library` as a feature in `Cargo.toml`
[INFO] [stdout]     = note: see <https://doc.rust-lang.org/nightly/rustc/check-cfg/cargo-specifics.html> for more information about checking conditional configuration
[INFO] [stdout] 
[INFO] [stdout] 
[INFO] [stderr]     Finished `dev` profile [unoptimized + debuginfo] target(s) in 1m 07s
[INFO] [stderr] warning: the following packages contain code that will be rejected by a future version of Rust: bigint v4.4.3
[INFO] [stderr] note: to see what the problems were, use the option `--future-incompat-report`, or run `cargo report future-incompatibilities --id 1`
[INFO] running `Command { std: "docker" "inspect" "703efa5c8dd8d6135cb4fbe59425b0520e12bbdbcc1e7190f5be3653d2631529", kill_on_drop: false }`
[INFO] running `Command { std: "docker" "rm" "-f" "703efa5c8dd8d6135cb4fbe59425b0520e12bbdbcc1e7190f5be3653d2631529", kill_on_drop: false }`
[INFO] [stdout] 703efa5c8dd8d6135cb4fbe59425b0520e12bbdbcc1e7190f5be3653d2631529
[INFO] running `Command { std: "docker" "create" "-v" "/var/lib/crater-agent-workspace/builds/worker-7-tc2/target:/opt/rustwide/target:rw,Z" "-v" "/var/lib/crater-agent-workspace/builds/worker-7-tc2/source:/opt/rustwide/workdir:ro,Z" "-v" "/var/lib/crater-agent-workspace/cargo-home:/opt/rustwide/cargo-home:ro,Z" "-v" "/var/lib/crater-agent-workspace/rustup-home:/opt/rustwide/rustup-home:ro,Z" "-e" "SOURCE_DIR=/opt/rustwide/workdir" "-e" "CARGO_TARGET_DIR=/opt/rustwide/target" "-e" "CARGO_INCREMENTAL=0" "-e" "RUST_BACKTRACE=full" "-e" "RUSTFLAGS=--cap-lints=warn" "-e" "RUSTDOCFLAGS=--cap-lints=warn" "-e" "CARGO_HOME=/opt/rustwide/cargo-home" "-e" "RUSTUP_HOME=/opt/rustwide/rustup-home" "-w" "/opt/rustwide/workdir" "-m" "1610612736" "--user" "0:0" "--network" "none" "ghcr.io/rust-lang/crates-build-env/linux@sha256:f3a9d4ad9d972b27faf3965f35b62e55ba32bbce8f20bc8fe909558a86702fde" "/opt/rustwide/cargo-home/bin/cargo" "+beta-2024-12-08" "test" "--frozen" "--no-run" "--message-format=json", kill_on_drop: false }`
[INFO] [stdout] 27b1cf8ad43f73853fb6163adc66e66f3edd0c5bc595fefbd6700ac4819307df
[INFO] running `Command { std: "docker" "start" "-a" "27b1cf8ad43f73853fb6163adc66e66f3edd0c5bc595fefbd6700ac4819307df", kill_on_drop: false }`
[INFO] [stderr] warning: virtual workspace defaulting to `resolver = "1"` despite one or more workspace members being on edition 2021 which implies `resolver = "2"`
[INFO] [stderr] note: to keep the current resolver, specify `workspace.resolver = "1"` in the workspace root's manifest
[INFO] [stderr] note: to use the edition 2021 resolver, specify `workspace.resolver = "2"` in the workspace root's manifest
[INFO] [stderr] note: for more details see https://doc.rust-lang.org/cargo/reference/resolver.html#resolver-versions
[INFO] [stderr] warning: profile package spec `ics100` in profile `release` did not match any packages
[INFO] [stderr] 
[INFO] [stderr] 	Did you mean `ics101`?
[INFO] [stderr] warning: output filename collision.
[INFO] [stderr] The example target `schema` in package `lp-staking v0.1.0 (/opt/rustwide/workdir/contracts/lp-staking)` has the same output filename as the example target `schema` in package `ics101 v0.1.3 (/opt/rustwide/workdir/contracts/ics101)`.
[INFO] [stderr] Colliding filename is: /opt/rustwide/target/debug/examples/schema
[INFO] [stderr] The targets should have unique names.
[INFO] [stderr] Consider changing their names to be unique or compiling them separately.
[INFO] [stderr] This may become a hard error in the future; see <https://github.com/rust-lang/cargo/issues/6313>.
[INFO] [stderr] warning: output filename collision.
[INFO] [stderr] The example target `schema` in package `lp-staking v0.1.0 (/opt/rustwide/workdir/contracts/lp-staking)` has the same output filename as the example target `schema` in package `ics101 v0.1.3 (/opt/rustwide/workdir/contracts/ics101)`.
[INFO] [stderr] Colliding filename is: /opt/rustwide/target/debug/examples/schema.dwp
[INFO] [stderr] The targets should have unique names.
[INFO] [stderr] Consider changing their names to be unique or compiling them separately.
[INFO] [stderr] This may become a hard error in the future; see <https://github.com/rust-lang/cargo/issues/6313>.
[INFO] [stderr] warning: output filename collision.
[INFO] [stderr] The example target `schema` in package `sample-project v1.0.0 (/opt/rustwide/workdir/contracts/router)` has the same output filename as the example target `schema` in package `lp-staking v0.1.0 (/opt/rustwide/workdir/contracts/lp-staking)`.
[INFO] [stderr] Colliding filename is: /opt/rustwide/target/debug/examples/schema
[INFO] [stderr] The targets should have unique names.
[INFO] [stderr] Consider changing their names to be unique or compiling them separately.
[INFO] [stderr] This may become a hard error in the future; see <https://github.com/rust-lang/cargo/issues/6313>.
[INFO] [stderr] warning: output filename collision.
[INFO] [stderr] The example target `schema` in package `sample-project v1.0.0 (/opt/rustwide/workdir/contracts/router)` has the same output filename as the example target `schema` in package `lp-staking v0.1.0 (/opt/rustwide/workdir/contracts/lp-staking)`.
[INFO] [stderr] Colliding filename is: /opt/rustwide/target/debug/examples/schema.dwp
[INFO] [stderr] The targets should have unique names.
[INFO] [stderr] Consider changing their names to be unique or compiling them separately.
[INFO] [stderr] This may become a hard error in the future; see <https://github.com/rust-lang/cargo/issues/6313>.
[INFO] [stderr] warning: output filename collision.
[INFO] [stderr] The example target `schema` in package `staking-contract v0.0.1 (/opt/rustwide/workdir/contracts/staking_contract)` has the same output filename as the example target `schema` in package `sample-project v1.0.0 (/opt/rustwide/workdir/contracts/router)`.
[INFO] [stderr] Colliding filename is: /opt/rustwide/target/debug/examples/schema
[INFO] [stderr] The targets should have unique names.
[INFO] [stderr] Consider changing their names to be unique or compiling them separately.
[INFO] [stderr] This may become a hard error in the future; see <https://github.com/rust-lang/cargo/issues/6313>.
[INFO] [stderr] warning: output filename collision.
[INFO] [stderr] The example target `schema` in package `staking-contract v0.0.1 (/opt/rustwide/workdir/contracts/staking_contract)` has the same output filename as the example target `schema` in package `sample-project v1.0.0 (/opt/rustwide/workdir/contracts/router)`.
[INFO] [stderr] Colliding filename is: /opt/rustwide/target/debug/examples/schema.dwp
[INFO] [stderr] The targets should have unique names.
[INFO] [stderr] Consider changing their names to be unique or compiling them separately.
[INFO] [stderr] This may become a hard error in the future; see <https://github.com/rust-lang/cargo/issues/6313>.
[INFO] [stderr] warning: output filename collision.
[INFO] [stderr] The example target `schema` in package `ve-side v1.0.0 (/opt/rustwide/workdir/contracts/voting-escrow)` has the same output filename as the example target `schema` in package `staking-contract v0.0.1 (/opt/rustwide/workdir/contracts/staking_contract)`.
[INFO] [stderr] Colliding filename is: /opt/rustwide/target/debug/examples/schema
[INFO] [stderr] The targets should have unique names.
[INFO] [stderr] Consider changing their names to be unique or compiling them separately.
[INFO] [stderr] This may become a hard error in the future; see <https://github.com/rust-lang/cargo/issues/6313>.
[INFO] [stderr] warning: output filename collision.
[INFO] [stderr] The example target `schema` in package `ve-side v1.0.0 (/opt/rustwide/workdir/contracts/voting-escrow)` has the same output filename as the example target `schema` in package `staking-contract v0.0.1 (/opt/rustwide/workdir/contracts/staking_contract)`.
[INFO] [stderr] Colliding filename is: /opt/rustwide/target/debug/examples/schema.dwp
[INFO] [stderr] The targets should have unique names.
[INFO] [stderr] Consider changing their names to be unique or compiling them separately.
[INFO] [stderr] This may become a hard error in the future; see <https://github.com/rust-lang/cargo/issues/6313>.
[INFO] [stderr] warning: output filename collision.
[INFO] [stderr] The example target `schema` in package `volume v0.2.0 (/opt/rustwide/workdir/contracts/volume)` has the same output filename as the example target `schema` in package `ve-side v1.0.0 (/opt/rustwide/workdir/contracts/voting-escrow)`.
[INFO] [stderr] Colliding filename is: /opt/rustwide/target/debug/examples/schema
[INFO] [stderr] The targets should have unique names.
[INFO] [stderr] Consider changing their names to be unique or compiling them separately.
[INFO] [stderr] This may become a hard error in the future; see <https://github.com/rust-lang/cargo/issues/6313>.
[INFO] [stderr] warning: output filename collision.
[INFO] [stderr] The example target `schema` in package `volume v0.2.0 (/opt/rustwide/workdir/contracts/volume)` has the same output filename as the example target `schema` in package `ve-side v1.0.0 (/opt/rustwide/workdir/contracts/voting-escrow)`.
[INFO] [stderr] Colliding filename is: /opt/rustwide/target/debug/examples/schema.dwp
[INFO] [stderr] The targets should have unique names.
[INFO] [stderr] Consider changing their names to be unique or compiling them separately.
[INFO] [stderr] This may become a hard error in the future; see <https://github.com/rust-lang/cargo/issues/6313>.
[INFO] [stderr]    Compiling anyhow v1.0.75
[INFO] [stderr]    Compiling rustix v0.38.13
[INFO] [stderr]    Compiling bitflags v2.4.1
[INFO] [stderr]    Compiling either v1.9.0
[INFO] [stderr]    Compiling linux-raw-sys v0.4.11
[INFO] [stderr]    Compiling ppv-lite86 v0.2.17
[INFO] [stderr]    Compiling fastrand v2.0.1
[INFO] [stderr]    Compiling wait-timeout v0.2.0
[INFO] [stderr]    Compiling quick-error v1.2.3
[INFO] [stderr]    Compiling fnv v1.0.7
[INFO] [stderr]    Compiling bit-vec v0.6.3
[INFO] [stderr]    Compiling cosmwasm-storage v1.3.3
[INFO] [stderr]    Compiling rand_xorshift v0.3.0
[INFO] [stderr]    Compiling unarray v0.1.4
[INFO] [stderr]    Compiling regex-syntax v0.7.5
[INFO] [stderr]    Compiling lazy_static v1.4.0
[INFO] [stdout] warning: unexpected `cfg` condition value: `library`
[INFO] [stdout]  --> contracts/voting-escrow/src/contract.rs:1:11
[INFO] [stdout]   |
[INFO] [stdout] 1 | #[cfg(not(feature = "library"))]
[INFO] [stdout]   |           ^^^^^^^^^^^^^^^^^^^
[INFO] [stdout]   |
[INFO] [stdout]   = note: expected values for `feature` are: `backtraces`
[INFO] [stdout]   = help: consider adding `library` as a feature in `Cargo.toml`
[INFO] [stdout]   = note: see <https://doc.rust-lang.org/nightly/rustc/check-cfg/cargo-specifics.html> for more information about checking conditional configuration
[INFO] [stdout]   = note: `#[warn(unexpected_cfgs)]` on by default
[INFO] [stdout] 
[INFO] [stdout] 
[INFO] [stdout] warning: unexpected `cfg` condition value: `library`
[INFO] [stdout]   --> contracts/voting-escrow/src/contract.rs:30:16
[INFO] [stdout]    |
[INFO] [stdout] 30 | #[cfg_attr(not(feature = "library"), entry_point)]
[INFO] [stdout]    |                ^^^^^^^^^^^^^^^^^^^
[INFO] [stdout]    |
[INFO] [stdout]    = note: expected values for `feature` are: `backtraces`
[INFO] [stdout]    = help: consider adding `library` as a feature in `Cargo.toml`
[INFO] [stdout]    = note: see <https://doc.rust-lang.org/nightly/rustc/check-cfg/cargo-specifics.html> for more information about checking conditional configuration
[INFO] [stdout] 
[INFO] [stdout] 
[INFO] [stdout] warning: unexpected `cfg` condition value: `library`
[INFO] [stdout]   --> contracts/voting-escrow/src/contract.rs:84:16
[INFO] [stdout]    |
[INFO] [stdout] 84 | #[cfg_attr(not(feature = "library"), entry_point)]
[INFO] [stdout]    |                ^^^^^^^^^^^^^^^^^^^
[INFO] [stdout]    |
[INFO] [stdout]    = note: expected values for `feature` are: `backtraces`
[INFO] [stdout]    = help: consider adding `library` as a feature in `Cargo.toml`
[INFO] [stdout]    = note: see <https://doc.rust-lang.org/nightly/rustc/check-cfg/cargo-specifics.html> for more information about checking conditional configuration
[INFO] [stdout] 
[INFO] [stdout] 
[INFO] [stderr]    Compiling sample-project v1.0.0 (/opt/rustwide/workdir/contracts/router)
[INFO] [stdout] warning: unexpected `cfg` condition value: `library`
[INFO] [stdout]    --> contracts/voting-escrow/src/contract.rs:455:16
[INFO] [stdout]     |
[INFO] [stdout] 455 | #[cfg_attr(not(feature = "library"), entry_point)]
[INFO] [stdout]     |                ^^^^^^^^^^^^^^^^^^^
[INFO] [stdout]     |
[INFO] [stdout]     = note: expected values for `feature` are: `backtraces`
[INFO] [stdout]     = help: consider adding `library` as a feature in `Cargo.toml`
[INFO] [stdout]     = note: see <https://doc.rust-lang.org/nightly/rustc/check-cfg/cargo-specifics.html> for more information about checking conditional configuration
[INFO] [stdout] 
[INFO] [stdout] 
[INFO] [stdout] warning: unexpected `cfg` condition value: `library`
[INFO] [stdout]    --> contracts/voting-escrow/src/contract.rs:739:16
[INFO] [stdout]     |
[INFO] [stdout] 739 | #[cfg_attr(not(feature = "library"), entry_point)]
[INFO] [stdout]     |                ^^^^^^^^^^^^^^^^^^^
[INFO] [stdout]     |
[INFO] [stdout]     = note: expected values for `feature` are: `backtraces`
[INFO] [stdout]     = help: consider adding `library` as a feature in `Cargo.toml`
[INFO] [stdout]     = note: see <https://doc.rust-lang.org/nightly/rustc/check-cfg/cargo-specifics.html> for more information about checking conditional configuration
[INFO] [stdout] 
[INFO] [stdout] 
[INFO] [stdout] warning: variable does not need to be mutable
[INFO] [stdout]   --> contracts/staking_contract/src/admin.rs:47:17
[INFO] [stdout]    |
[INFO] [stdout] 47 |             let mut messages: Vec<CosmosMsg> = vec![];
[INFO] [stdout]    |                 ----^^^^^^^^
[INFO] [stdout]    |                 |
[INFO] [stdout]    |                 help: remove this `mut`
[INFO] [stdout]    |
[INFO] [stdout]    = note: `#[warn(unused_mut)]` on by default
[INFO] [stdout] 
[INFO] [stdout] 
[INFO] [stdout] warning: variable does not need to be mutable
[INFO] [stdout]    --> contracts/staking_contract/src/types/validator_set.rs:130:13
[INFO] [stdout]     |
[INFO] [stdout] 130 |         let mut val = self.validators.front_mut().unwrap();
[INFO] [stdout]     |             ----^^^
[INFO] [stdout]     |             |
[INFO] [stdout]     |             help: remove this `mut`
[INFO] [stdout] 
[INFO] [stdout] 
[INFO] [stdout] warning: unused `Result` that must be used
[INFO] [stdout]   --> contracts/staking_contract/src/admin.rs:23:5
[INFO] [stdout]    |
[INFO] [stdout] 23 | /     match msg {
[INFO] [stdout] 24 | |         ExecuteMsg::ChangeDevFee {
[INFO] [stdout] 25 | |             dev_fee,
[INFO] [stdout] 26 | |             dev_address,
[INFO] [stdout] ...  |
[INFO] [stdout] 80 | |         ))),
[INFO] [stdout] 81 | |     };
[INFO] [stdout]    | |_____^
[INFO] [stdout]    |
[INFO] [stdout]    = note: this `Result` may be an `Err` variant, which should be handled
[INFO] [stdout]    = note: `#[warn(unused_must_use)]` on by default
[INFO] [stdout] help: use `let _ = ...` to ignore the resulting value
[INFO] [stdout]    |
[INFO] [stdout] 23 |     let _ = match msg {
[INFO] [stdout]    |     +++++++
[INFO] [stdout] 
[INFO] [stdout] 
[INFO] [stdout] warning: lint `box_pointers` has been removed: it does not detect other kinds of allocations, and existed only for historical reasons
[INFO] [stdout]   --> contracts/ics101/src/response.rs:11:10
[INFO] [stdout]    |
[INFO] [stdout] 11 | #![allow(box_pointers)]
[INFO] [stdout]    |          ^^^^^^^^^^^^
[INFO] [stdout]    |
[INFO] [stdout]    = note: `#[warn(renamed_and_removed_lints)]` on by default
[INFO] [stdout] 
[INFO] [stdout] 
[INFO] [stdout] warning: unused imports: `Binary`, `Deps`, `Env`, `StdResult`, `entry_point`, and `to_binary`
[INFO] [stdout]  --> contracts/lp-staking/src/query.rs:1:20
[INFO] [stdout]   |
[INFO] [stdout] 1 | use cosmwasm_std::{entry_point, to_binary, Binary, Deps, Env, StdResult};
[INFO] [stdout]   |                    ^^^^^^^^^^^  ^^^^^^^^^  ^^^^^^  ^^^^  ^^^  ^^^^^^^^^
[INFO] [stdout]   |
[INFO] [stdout]   = note: `#[warn(unused_imports)]` on by default
[INFO] [stdout] 
[INFO] [stdout] 
[INFO] [stdout] warning: unused import: `crate::msg::QueryMsg`
[INFO] [stdout]  --> contracts/lp-staking/src/query.rs:3:5
[INFO] [stdout]   |
[INFO] [stdout] 3 | use crate::msg::QueryMsg;
[INFO] [stdout]   |     ^^^^^^^^^^^^^^^^^^^^
[INFO] [stdout] 
[INFO] [stdout] 
[INFO] [stderr]    Compiling lp-staking v0.1.0 (/opt/rustwide/workdir/contracts/lp-staking)
[INFO] [stderr]    Compiling volume v0.2.0 (/opt/rustwide/workdir/contracts/volume)
[INFO] [stderr]    Compiling ics101 v0.1.3 (/opt/rustwide/workdir/contracts/ics101)
[INFO] [stderr]    Compiling staking-contract v0.0.1 (/opt/rustwide/workdir/contracts/staking_contract)
[INFO] [stderr]    Compiling itertools v0.10.5
[INFO] [stderr]    Compiling rand_chacha v0.3.1
[INFO] [stderr]    Compiling bit-set v0.5.3
[INFO] [stdout] warning: unused imports: `Binary`, `Deps`, `Env`, `StdResult`, `entry_point`, and `to_binary`
[INFO] [stdout]  --> contracts/lp-staking/src/query.rs:1:20
[INFO] [stdout]   |
[INFO] [stdout] 1 | use cosmwasm_std::{entry_point, to_binary, Binary, Deps, Env, StdResult};
[INFO] [stdout]   |                    ^^^^^^^^^^^  ^^^^^^^^^  ^^^^^^  ^^^^  ^^^  ^^^^^^^^^
[INFO] [stdout]   |
[INFO] [stdout]   = note: `#[warn(unused_imports)]` on by default
[INFO] [stdout] 
[INFO] [stdout] 
[INFO] [stdout] warning: unused import: `crate::msg::QueryMsg`
[INFO] [stdout]  --> contracts/lp-staking/src/query.rs:3:5
[INFO] [stdout]   |
[INFO] [stdout] 3 | use crate::msg::QueryMsg;
[INFO] [stdout]   |     ^^^^^^^^^^^^^^^^^^^^
[INFO] [stdout] 
[INFO] [stdout] 
[INFO] [stderr]    Compiling rand v0.8.5
[INFO] [stdout] warning: lint `box_pointers` has been removed: it does not detect other kinds of allocations, and existed only for historical reasons
[INFO] [stdout]   --> contracts/ics101/src/response.rs:11:10
[INFO] [stdout]    |
[INFO] [stdout] 11 | #![allow(box_pointers)]
[INFO] [stdout]    |          ^^^^^^^^^^^^
[INFO] [stdout]    |
[INFO] [stdout]    = note: `#[warn(renamed_and_removed_lints)]` on by default
[INFO] [stdout] 
[INFO] [stdout] 
[INFO] [stdout] warning: variable does not need to be mutable
[INFO] [stdout]   --> contracts/staking_contract/src/admin.rs:47:17
[INFO] [stdout]    |
[INFO] [stdout] 47 |             let mut messages: Vec<CosmosMsg> = vec![];
[INFO] [stdout]    |                 ----^^^^^^^^
[INFO] [stdout]    |                 |
[INFO] [stdout]    |                 help: remove this `mut`
[INFO] [stdout]    |
[INFO] [stdout]    = note: `#[warn(unused_mut)]` on by default
[INFO] [stdout] 
[INFO] [stdout] 
[INFO] [stderr]    Compiling prost-derive v0.9.0
[INFO] [stderr]    Compiling tempfile v3.8.0
[INFO] [stdout] warning: variable does not need to be mutable
[INFO] [stdout]    --> contracts/staking_contract/src/types/validator_set.rs:130:13
[INFO] [stdout]     |
[INFO] [stdout] 130 |         let mut val = self.validators.front_mut().unwrap();
[INFO] [stdout]     |             ----^^^
[INFO] [stdout]     |             |
[INFO] [stdout]     |             help: remove this `mut`
[INFO] [stdout] 
[INFO] [stdout] 
[INFO] [stderr]    Compiling rusty-fork v0.3.0
[INFO] [stdout] warning: unused `Result` that must be used
[INFO] [stdout]   --> contracts/staking_contract/src/admin.rs:23:5
[INFO] [stdout]    |
[INFO] [stdout] 23 | /     match msg {
[INFO] [stdout] 24 | |         ExecuteMsg::ChangeDevFee {
[INFO] [stdout] 25 | |             dev_fee,
[INFO] [stdout] 26 | |             dev_address,
[INFO] [stdout] ...  |
[INFO] [stdout] 80 | |         ))),
[INFO] [stdout] 81 | |     };
[INFO] [stdout]    | |_____^
[INFO] [stdout]    |
[INFO] [stdout]    = note: this `Result` may be an `Err` variant, which should be handled
[INFO] [stdout]    = note: `#[warn(unused_must_use)]` on by default
[INFO] [stdout] help: use `let _ = ...` to ignore the resulting value
[INFO] [stdout]    |
[INFO] [stdout] 23 |     let _ = match msg {
[INFO] [stdout]    |     +++++++
[INFO] [stdout] 
[INFO] [stdout] 
[INFO] [stderr]    Compiling proptest v1.3.1
[INFO] [stderr]    Compiling prost v0.9.0
[INFO] [stderr]    Compiling cw-multi-test v0.15.1
[INFO] [stderr]    Compiling ve-side v1.0.0 (/opt/rustwide/workdir/contracts/voting-escrow)
[INFO] [stdout] warning: unexpected `cfg` condition value: `library`
[INFO] [stdout]  --> contracts/voting-escrow/src/contract.rs:1:11
[INFO] [stdout]   |
[INFO] [stdout] 1 | #[cfg(not(feature = "library"))]
[INFO] [stdout]   |           ^^^^^^^^^^^^^^^^^^^
[INFO] [stdout]   |
[INFO] [stdout]   = note: expected values for `feature` are: `backtraces`
[INFO] [stdout]   = help: consider adding `library` as a feature in `Cargo.toml`
[INFO] [stdout]   = note: see <https://doc.rust-lang.org/nightly/rustc/check-cfg/cargo-specifics.html> for more information about checking conditional configuration
[INFO] [stdout]   = note: `#[warn(unexpected_cfgs)]` on by default
[INFO] [stdout] 
[INFO] [stdout] 
[INFO] [stdout] warning: unexpected `cfg` condition value: `library`
[INFO] [stdout]   --> contracts/voting-escrow/src/contract.rs:30:16
[INFO] [stdout]    |
[INFO] [stdout] 30 | #[cfg_attr(not(feature = "library"), entry_point)]
[INFO] [stdout]    |                ^^^^^^^^^^^^^^^^^^^
[INFO] [stdout]    |
[INFO] [stdout]    = note: expected values for `feature` are: `backtraces`
[INFO] [stdout]    = help: consider adding `library` as a feature in `Cargo.toml`
[INFO] [stdout]    = note: see <https://doc.rust-lang.org/nightly/rustc/check-cfg/cargo-specifics.html> for more information about checking conditional configuration
[INFO] [stdout] 
[INFO] [stdout] 
[INFO] [stdout] warning: unexpected `cfg` condition value: `library`
[INFO] [stdout]   --> contracts/voting-escrow/src/contract.rs:84:16
[INFO] [stdout]    |
[INFO] [stdout] 84 | #[cfg_attr(not(feature = "library"), entry_point)]
[INFO] [stdout]    |                ^^^^^^^^^^^^^^^^^^^
[INFO] [stdout]    |
[INFO] [stdout]    = note: expected values for `feature` are: `backtraces`
[INFO] [stdout]    = help: consider adding `library` as a feature in `Cargo.toml`
[INFO] [stdout]    = note: see <https://doc.rust-lang.org/nightly/rustc/check-cfg/cargo-specifics.html> for more information about checking conditional configuration
[INFO] [stdout] 
[INFO] [stdout] 
[INFO] [stdout] warning: unexpected `cfg` condition value: `library`
[INFO] [stdout]    --> contracts/voting-escrow/src/contract.rs:455:16
[INFO] [stdout]     |
[INFO] [stdout] 455 | #[cfg_attr(not(feature = "library"), entry_point)]
[INFO] [stdout]     |                ^^^^^^^^^^^^^^^^^^^
[INFO] [stdout]     |
[INFO] [stdout]     = note: expected values for `feature` are: `backtraces`
[INFO] [stdout]     = help: consider adding `library` as a feature in `Cargo.toml`
[INFO] [stdout]     = note: see <https://doc.rust-lang.org/nightly/rustc/check-cfg/cargo-specifics.html> for more information about checking conditional configuration
[INFO] [stdout] 
[INFO] [stdout] 
[INFO] [stdout] warning: unexpected `cfg` condition value: `library`
[INFO] [stdout]    --> contracts/voting-escrow/src/contract.rs:739:16
[INFO] [stdout]     |
[INFO] [stdout] 739 | #[cfg_attr(not(feature = "library"), entry_point)]
[INFO] [stdout]     |                ^^^^^^^^^^^^^^^^^^^
[INFO] [stdout]     |
[INFO] [stdout]     = note: expected values for `feature` are: `backtraces`
[INFO] [stdout]     = help: consider adding `library` as a feature in `Cargo.toml`
[INFO] [stdout]     = note: see <https://doc.rust-lang.org/nightly/rustc/check-cfg/cargo-specifics.html> for more information about checking conditional configuration
[INFO] [stdout] 
[INFO] [stdout] 
[INFO] [stderr]     Finished `test` profile [unoptimized + debuginfo] target(s) in 22.32s
[INFO] [stderr] warning: the following packages contain code that will be rejected by a future version of Rust: bigint v4.4.3
[INFO] [stderr] note: to see what the problems were, use the option `--future-incompat-report`, or run `cargo report future-incompatibilities --id 1`
[INFO] running `Command { std: "docker" "inspect" "27b1cf8ad43f73853fb6163adc66e66f3edd0c5bc595fefbd6700ac4819307df", kill_on_drop: false }`
[INFO] running `Command { std: "docker" "rm" "-f" "27b1cf8ad43f73853fb6163adc66e66f3edd0c5bc595fefbd6700ac4819307df", kill_on_drop: false }`
[INFO] [stdout] 27b1cf8ad43f73853fb6163adc66e66f3edd0c5bc595fefbd6700ac4819307df
[INFO] running `Command { std: "docker" "create" "-v" "/var/lib/crater-agent-workspace/builds/worker-7-tc2/target:/opt/rustwide/target:rw,Z" "-v" "/var/lib/crater-agent-workspace/builds/worker-7-tc2/source:/opt/rustwide/workdir:ro,Z" "-v" "/var/lib/crater-agent-workspace/cargo-home:/opt/rustwide/cargo-home:ro,Z" "-v" "/var/lib/crater-agent-workspace/rustup-home:/opt/rustwide/rustup-home:ro,Z" "-e" "SOURCE_DIR=/opt/rustwide/workdir" "-e" "CARGO_TARGET_DIR=/opt/rustwide/target" "-e" "CARGO_INCREMENTAL=0" "-e" "RUST_BACKTRACE=full" "-e" "RUSTFLAGS=--cap-lints=warn" "-e" "RUSTDOCFLAGS=--cap-lints=warn" "-e" "CARGO_HOME=/opt/rustwide/cargo-home" "-e" "RUSTUP_HOME=/opt/rustwide/rustup-home" "-w" "/opt/rustwide/workdir" "-m" "1610612736" "--user" "0:0" "--network" "none" "ghcr.io/rust-lang/crates-build-env/linux@sha256:f3a9d4ad9d972b27faf3965f35b62e55ba32bbce8f20bc8fe909558a86702fde" "/opt/rustwide/cargo-home/bin/cargo" "+beta-2024-12-08" "test" "--frozen", kill_on_drop: false }`
[INFO] [stdout] 5da1c39b3b4ccb4124643e48d4f92600f775925559b3f332268d833a140b20b8
[INFO] running `Command { std: "docker" "start" "-a" "5da1c39b3b4ccb4124643e48d4f92600f775925559b3f332268d833a140b20b8", kill_on_drop: false }`
[INFO] [stderr] warning: virtual workspace defaulting to `resolver = "1"` despite one or more workspace members being on edition 2021 which implies `resolver = "2"`
[INFO] [stderr] note: to keep the current resolver, specify `workspace.resolver = "1"` in the workspace root's manifest
[INFO] [stderr] note: to use the edition 2021 resolver, specify `workspace.resolver = "2"` in the workspace root's manifest
[INFO] [stderr] note: for more details see https://doc.rust-lang.org/cargo/reference/resolver.html#resolver-versions
[INFO] [stderr] warning: profile package spec `ics100` in profile `release` did not match any packages
[INFO] [stderr] 
[INFO] [stderr] 	Did you mean `ics101`?
[INFO] [stderr] warning: output filename collision.
[INFO] [stderr] The example target `schema` in package `lp-staking v0.1.0 (/opt/rustwide/workdir/contracts/lp-staking)` has the same output filename as the example target `schema` in package `ics101 v0.1.3 (/opt/rustwide/workdir/contracts/ics101)`.
[INFO] [stderr] Colliding filename is: /opt/rustwide/target/debug/examples/schema
[INFO] [stderr] The targets should have unique names.
[INFO] [stderr] Consider changing their names to be unique or compiling them separately.
[INFO] [stderr] This may become a hard error in the future; see <https://github.com/rust-lang/cargo/issues/6313>.
[INFO] [stderr] warning: output filename collision.
[INFO] [stderr] The example target `schema` in package `lp-staking v0.1.0 (/opt/rustwide/workdir/contracts/lp-staking)` has the same output filename as the example target `schema` in package `ics101 v0.1.3 (/opt/rustwide/workdir/contracts/ics101)`.
[INFO] [stderr] Colliding filename is: /opt/rustwide/target/debug/examples/schema.dwp
[INFO] [stderr] The targets should have unique names.
[INFO] [stderr] Consider changing their names to be unique or compiling them separately.
[INFO] [stderr] This may become a hard error in the future; see <https://github.com/rust-lang/cargo/issues/6313>.
[INFO] [stderr] warning: output filename collision.
[INFO] [stderr] The example target `schema` in package `sample-project v1.0.0 (/opt/rustwide/workdir/contracts/router)` has the same output filename as the example target `schema` in package `lp-staking v0.1.0 (/opt/rustwide/workdir/contracts/lp-staking)`.
[INFO] [stderr] Colliding filename is: /opt/rustwide/target/debug/examples/schema
[INFO] [stderr] The targets should have unique names.
[INFO] [stderr] Consider changing their names to be unique or compiling them separately.
[INFO] [stderr] This may become a hard error in the future; see <https://github.com/rust-lang/cargo/issues/6313>.
[INFO] [stderr] warning: output filename collision.
[INFO] [stderr] The example target `schema` in package `sample-project v1.0.0 (/opt/rustwide/workdir/contracts/router)` has the same output filename as the example target `schema` in package `lp-staking v0.1.0 (/opt/rustwide/workdir/contracts/lp-staking)`.
[INFO] [stderr] Colliding filename is: /opt/rustwide/target/debug/examples/schema.dwp
[INFO] [stderr] The targets should have unique names.
[INFO] [stderr] Consider changing their names to be unique or compiling them separately.
[INFO] [stderr] This may become a hard error in the future; see <https://github.com/rust-lang/cargo/issues/6313>.
[INFO] [stderr] warning: output filename collision.
[INFO] [stderr] The example target `schema` in package `staking-contract v0.0.1 (/opt/rustwide/workdir/contracts/staking_contract)` has the same output filename as the example target `schema` in package `sample-project v1.0.0 (/opt/rustwide/workdir/contracts/router)`.
[INFO] [stderr] Colliding filename is: /opt/rustwide/target/debug/examples/schema
[INFO] [stderr] The targets should have unique names.
[INFO] [stderr] Consider changing their names to be unique or compiling them separately.
[INFO] [stderr] This may become a hard error in the future; see <https://github.com/rust-lang/cargo/issues/6313>.
[INFO] [stderr] warning: output filename collision.
[INFO] [stderr] The example target `schema` in package `staking-contract v0.0.1 (/opt/rustwide/workdir/contracts/staking_contract)` has the same output filename as the example target `schema` in package `sample-project v1.0.0 (/opt/rustwide/workdir/contracts/router)`.
[INFO] [stderr] Colliding filename is: /opt/rustwide/target/debug/examples/schema.dwp
[INFO] [stderr] The targets should have unique names.
[INFO] [stderr] Consider changing their names to be unique or compiling them separately.
[INFO] [stderr] This may become a hard error in the future; see <https://github.com/rust-lang/cargo/issues/6313>.
[INFO] [stderr] warning: output filename collision.
[INFO] [stderr] The example target `schema` in package `ve-side v1.0.0 (/opt/rustwide/workdir/contracts/voting-escrow)` has the same output filename as the example target `schema` in package `staking-contract v0.0.1 (/opt/rustwide/workdir/contracts/staking_contract)`.
[INFO] [stderr] Colliding filename is: /opt/rustwide/target/debug/examples/schema
[INFO] [stderr] The targets should have unique names.
[INFO] [stderr] Consider changing their names to be unique or compiling them separately.
[INFO] [stderr] This may become a hard error in the future; see <https://github.com/rust-lang/cargo/issues/6313>.
[INFO] [stderr] warning: output filename collision.
[INFO] [stderr] The example target `schema` in package `ve-side v1.0.0 (/opt/rustwide/workdir/contracts/voting-escrow)` has the same output filename as the example target `schema` in package `staking-contract v0.0.1 (/opt/rustwide/workdir/contracts/staking_contract)`.
[INFO] [stderr] Colliding filename is: /opt/rustwide/target/debug/examples/schema.dwp
[INFO] [stderr] The targets should have unique names.
[INFO] [stderr] Consider changing their names to be unique or compiling them separately.
[INFO] [stderr] This may become a hard error in the future; see <https://github.com/rust-lang/cargo/issues/6313>.
[INFO] [stderr] warning: output filename collision.
[INFO] [stderr] The example target `schema` in package `volume v0.2.0 (/opt/rustwide/workdir/contracts/volume)` has the same output filename as the example target `schema` in package `ve-side v1.0.0 (/opt/rustwide/workdir/contracts/voting-escrow)`.
[INFO] [stderr] Colliding filename is: /opt/rustwide/target/debug/examples/schema
[INFO] [stderr] The targets should have unique names.
[INFO] [stderr] Consider changing their names to be unique or compiling them separately.
[INFO] [stderr] This may become a hard error in the future; see <https://github.com/rust-lang/cargo/issues/6313>.
[INFO] [stderr] warning: output filename collision.
[INFO] [stderr] The example target `schema` in package `volume v0.2.0 (/opt/rustwide/workdir/contracts/volume)` has the same output filename as the example target `schema` in package `ve-side v1.0.0 (/opt/rustwide/workdir/contracts/voting-escrow)`.
[INFO] [stderr] Colliding filename is: /opt/rustwide/target/debug/examples/schema.dwp
[INFO] [stderr] The targets should have unique names.
[INFO] [stderr] Consider changing their names to be unique or compiling them separately.
[INFO] [stderr] This may become a hard error in the future; see <https://github.com/rust-lang/cargo/issues/6313>.
[INFO] [stderr] warning: unused imports: `Binary`, `Deps`, `Env`, `StdResult`, `entry_point`, and `to_binary`
[INFO] [stderr]  --> contracts/lp-staking/src/query.rs:1:20
[INFO] [stderr]   |
[INFO] [stderr] 1 | use cosmwasm_std::{entry_point, to_binary, Binary, Deps, Env, StdResult};
[INFO] [stderr]   |                    ^^^^^^^^^^^  ^^^^^^^^^  ^^^^^^  ^^^^  ^^^  ^^^^^^^^^
[INFO] [stderr]   |
[INFO] [stderr]   = note: `#[warn(unused_imports)]` on by default
[INFO] [stderr] 
[INFO] [stderr] warning: unused import: `crate::msg::QueryMsg`
[INFO] [stderr]  --> contracts/lp-staking/src/query.rs:3:5
[INFO] [stderr]   |
[INFO] [stderr] 3 | use crate::msg::QueryMsg;
[INFO] [stderr]   |     ^^^^^^^^^^^^^^^^^^^^
[INFO] [stderr] 
[INFO] [stderr] warning: variable does not need to be mutable
[INFO] [stderr]   --> contracts/staking_contract/src/admin.rs:47:17
[INFO] [stderr]    |
[INFO] [stderr] 47 |             let mut messages: Vec<CosmosMsg> = vec![];
[INFO] [stderr]    |                 ----^^^^^^^^
[INFO] [stderr]    |                 |
[INFO] [stderr]    |                 help: remove this `mut`
[INFO] [stderr]    |
[INFO] [stderr]    = note: `#[warn(unused_mut)]` on by default
[INFO] [stderr] 
[INFO] [stderr] warning: variable does not need to be mutable
[INFO] [stderr]    --> contracts/staking_contract/src/types/validator_set.rs:130:13
[INFO] [stderr]     |
[INFO] [stderr] 130 |         let mut val = self.validators.front_mut().unwrap();
[INFO] [stderr]     |             ----^^^
[INFO] [stderr]     |             |
[INFO] [stderr]     |             help: remove this `mut`
[INFO] [stderr] 
[INFO] [stderr] warning: unused `Result` that must be used
[INFO] [stderr]   --> contracts/staking_contract/src/admin.rs:23:5
[INFO] [stderr]    |
[INFO] [stderr] 23 | /     match msg {
[INFO] [stderr] 24 | |         ExecuteMsg::ChangeDevFee {
[INFO] [stderr] 25 | |             dev_fee,
[INFO] [stderr] 26 | |             dev_address,
[INFO] [stderr] ...  |
[INFO] [stderr] 80 | |         ))),
[INFO] [stderr] 81 | |     };
[INFO] [stderr]    | |_____^
[INFO] [stderr]    |
[INFO] [stderr]    = note: this `Result` may be an `Err` variant, which should be handled
[INFO] [stderr]    = note: `#[warn(unused_must_use)]` on by default
[INFO] [stderr] help: use `let _ = ...` to ignore the resulting value
[INFO] [stderr]    |
[INFO] [stderr] 23 |     let _ = match msg {
[INFO] [stderr]    |     +++++++
[INFO] [stderr] 
[INFO] [stderr] warning: lint `box_pointers` has been removed: it does not detect other kinds of allocations, and existed only for historical reasons
[INFO] [stderr]   --> contracts/ics101/src/response.rs:11:10
[INFO] [stderr]    |
[INFO] [stderr] 11 | #![allow(box_pointers)]
[INFO] [stderr]    |          ^^^^^^^^^^^^
[INFO] [stderr]    |
[INFO] [stderr]    = note: `#[warn(renamed_and_removed_lints)]` on by default
[INFO] [stderr] 
[INFO] [stderr] warning: `lp-staking` (lib) generated 2 warnings (run `cargo fix --lib -p lp-staking` to apply 2 suggestions)
[INFO] [stderr] warning: `staking-contract` (lib) generated 3 warnings (run `cargo fix --lib -p staking-contract` to apply 2 suggestions)
[INFO] [stderr] warning: `ics101` (lib) generated 1 warning
[INFO] [stderr] warning: `staking-contract` (lib test) generated 3 warnings (3 duplicates)
[INFO] [stderr] warning: `ics101` (lib test) generated 1 warning (1 duplicate)
[INFO] [stderr] warning: `lp-staking` (lib test) generated 2 warnings (2 duplicates)
[INFO] [stderr] warning: unexpected `cfg` condition value: `library`
[INFO] [stderr]  --> contracts/voting-escrow/src/contract.rs:1:11
[INFO] [stderr]   |
[INFO] [stderr] 1 | #[cfg(not(feature = "library"))]
[INFO] [stderr]   |           ^^^^^^^^^^^^^^^^^^^
[INFO] [stderr]   |
[INFO] [stderr]   = note: expected values for `feature` are: `backtraces`
[INFO] [stderr]   = help: consider adding `library` as a feature in `Cargo.toml`
[INFO] [stderr]   = note: see <https://doc.rust-lang.org/nightly/rustc/check-cfg/cargo-specifics.html> for more information about checking conditional configuration
[INFO] [stderr]   = note: `#[warn(unexpected_cfgs)]` on by default
[INFO] [stderr] 
[INFO] [stderr] warning: unexpected `cfg` condition value: `library`
[INFO] [stderr]   --> contracts/voting-escrow/src/contract.rs:30:16
[INFO] [stderr]    |
[INFO] [stderr] 30 | #[cfg_attr(not(feature = "library"), entry_point)]
[INFO] [stderr]    |                ^^^^^^^^^^^^^^^^^^^
[INFO] [stderr]    |
[INFO] [stderr]    = note: expected values for `feature` are: `backtraces`
[INFO] [stderr]    = help: consider adding `library` as a feature in `Cargo.toml`
[INFO] [stderr]    = note: see <https://doc.rust-lang.org/nightly/rustc/check-cfg/cargo-specifics.html> for more information about checking conditional configuration
[INFO] [stderr] 
[INFO] [stderr] warning: unexpected `cfg` condition value: `library`
[INFO] [stderr]   --> contracts/voting-escrow/src/contract.rs:84:16
[INFO] [stderr]    |
[INFO] [stderr] 84 | #[cfg_attr(not(feature = "library"), entry_point)]
[INFO] [stderr]    |                ^^^^^^^^^^^^^^^^^^^
[INFO] [stderr]    |
[INFO] [stderr]    = note: expected values for `feature` are: `backtraces`
[INFO] [stderr]    = help: consider adding `library` as a feature in `Cargo.toml`
[INFO] [stderr]    = note: see <https://doc.rust-lang.org/nightly/rustc/check-cfg/cargo-specifics.html> for more information about checking conditional configuration
[INFO] [stderr] 
[INFO] [stderr] warning: unexpected `cfg` condition value: `library`
[INFO] [stderr]    --> contracts/voting-escrow/src/contract.rs:455:16
[INFO] [stderr]     |
[INFO] [stderr] 455 | #[cfg_attr(not(feature = "library"), entry_point)]
[INFO] [stderr]     |                ^^^^^^^^^^^^^^^^^^^
[INFO] [stderr]     |
[INFO] [stderr]     = note: expected values for `feature` are: `backtraces`
[INFO] [stderr]     = help: consider adding `library` as a feature in `Cargo.toml`
[INFO] [stderr]     = note: see <https://doc.rust-lang.org/nightly/rustc/check-cfg/cargo-specifics.html> for more information about checking conditional configuration
[INFO] [stderr] 
[INFO] [stderr] warning: unexpected `cfg` condition value: `library`
[INFO] [stderr]    --> contracts/voting-escrow/src/contract.rs:739:16
[INFO] [stderr]     |
[INFO] [stderr] 739 | #[cfg_attr(not(feature = "library"), entry_point)]
[INFO] [stderr]     |                ^^^^^^^^^^^^^^^^^^^
[INFO] [stderr]     |
[INFO] [stderr]     = note: expected values for `feature` are: `backtraces`
[INFO] [stderr]     = help: consider adding `library` as a feature in `Cargo.toml`
[INFO] [stderr]     = note: see <https://doc.rust-lang.org/nightly/rustc/check-cfg/cargo-specifics.html> for more information about checking conditional configuration
[INFO] [stderr] 
[INFO] [stderr] warning: `ve-side` (lib) generated 5 warnings
[INFO] [stderr] warning: `ve-side` (lib test) generated 5 warnings (5 duplicates)
[INFO] [stderr]     Finished `test` profile [unoptimized + debuginfo] target(s) in 0.39s
[INFO] [stderr] warning: the following packages contain code that will be rejected by a future version of Rust: bigint v4.4.3
[INFO] [stderr] note: to see what the problems were, use the option `--future-incompat-report`, or run `cargo report future-incompatibilities --id 1`
[INFO] [stderr]      Running unittests src/lib.rs (/opt/rustwide/target/debug/deps/ics101-55fdd676278a8f57)
[INFO] [stdout] 
[INFO] [stdout] running 3 tests
[INFO] [stdout] test approx_pow::tests::check_approx_pow ... ok
[INFO] [stdout] test contract::tests::test_instantiate ... ok
[INFO] [stdout] test math::tests::test_solve_constant_function_invariant ... ok
[INFO] [stdout] 
[INFO] [stdout] test result: ok. 3 passed; 0 failed; 0 ignored; 0 measured; 0 filtered out; finished in 0.00s
[INFO] [stdout] 
[INFO] [stderr]      Running unittests src/lib.rs (/opt/rustwide/target/debug/deps/lp_staking-8f1c80ef987db39b)
[INFO] [stdout] 
[INFO] [stdout] running 0 tests
[INFO] [stdout] 
[INFO] [stdout] test result: ok. 0 passed; 0 failed; 0 ignored; 0 measured; 0 filtered out; finished in 0.00s
[INFO] [stdout] 
[INFO] [stderr]      Running unittests src/lib.rs (/opt/rustwide/target/debug/deps/sample_project-08b499680d85d77e)
[INFO] [stdout] 
[INFO] [stdout] running 0 tests
[INFO] [stdout] 
[INFO] [stdout] test result: ok. 0 passed; 0 failed; 0 ignored; 0 measured; 0 filtered out; finished in 0.00s
[INFO] [stdout] 
[INFO] [stderr]      Running unittests src/lib.rs (/opt/rustwide/target/debug/deps/staking_contract-9613ae0016df25c6)
[INFO] [stdout] 
[INFO] [stdout] running 0 tests
[INFO] [stdout] 
[INFO] [stdout] test result: ok. 0 passed; 0 failed; 0 ignored; 0 measured; 0 filtered out; finished in 0.00s
[INFO] [stdout] 
[INFO] [stderr]      Running unittests src/lib.rs (/opt/rustwide/target/debug/deps/ve_side-d0049cdf6ab018a2)
[INFO] [stdout] 
[INFO] [stdout] running 3 tests
[INFO] [stdout] test contract::tests::withdraw_lock ... ok
[INFO] [stdout] test contract::tests::lock_lp_flow ... FAILED
[INFO] [stdout] test contract::tests::test_instantiate ... FAILED
[INFO] [stdout] 
[INFO] [stdout] failures:
[INFO] [stdout] 
[INFO] [stdout] ---- contract::tests::lock_lp_flow stdout ----
[INFO] [stdout] thread 'contract::tests::lock_lp_flow' panicked at contracts/voting-escrow/src/contract.rs:779:83:
[INFO] [stdout] called `Result::unwrap()` on an `Err` value: Std(GenericErr { msg: "Invalid time" })
[INFO] [stdout] stack backtrace:
[INFO] [stdout]    0:     0x60f632f8218a - std::backtrace_rs::backtrace::libunwind::trace::h8810477743020387
[INFO] [stdout]                                at /rustc/202008a1b8de96d2e5b6bc02d379db03a877d34d/library/std/src/../../backtrace/src/backtrace/libunwind.rs:116:5
[INFO] [stdout]    1:     0x60f632f8218a - std::backtrace_rs::backtrace::trace_unsynchronized::h3aa55355dd6c54a6
[INFO] [stdout]                                at /rustc/202008a1b8de96d2e5b6bc02d379db03a877d34d/library/std/src/../../backtrace/src/backtrace/mod.rs:66:5
[INFO] [stdout]    2:     0x60f632f8218a - std::sys::backtrace::_print_fmt::h8588b0f62410823f
[INFO] [stdout]                                at /rustc/202008a1b8de96d2e5b6bc02d379db03a877d34d/library/std/src/sys/backtrace.rs:66:9
[INFO] [stdout]    3:     0x60f632f8218a - <std::sys::backtrace::BacktraceLock::print::DisplayBacktrace as core::fmt::Display>::fmt::h98c26ac25ffe89bb
[INFO] [stdout]                                at /rustc/202008a1b8de96d2e5b6bc02d379db03a877d34d/library/std/src/sys/backtrace.rs:39:26
[INFO] [stdout]    4:     0x60f632fa8e43 - core::fmt::rt::Argument::fmt::hf95377f4aebd453b
[INFO] [stdout]                                at /rustc/202008a1b8de96d2e5b6bc02d379db03a877d34d/library/core/src/fmt/rt.rs:177:76
[INFO] [stdout]    5:     0x60f632fa8e43 - core::fmt::write::h0dd5f6e2238c7982
[INFO] [stdout]                                at /rustc/202008a1b8de96d2e5b6bc02d379db03a877d34d/library/core/src/fmt/mod.rs:1189:21
[INFO] [stdout]    6:     0x60f632f7f323 - std::io::Write::write_fmt::h03bb0ca26e6faf8c
[INFO] [stdout]                                at /rustc/202008a1b8de96d2e5b6bc02d379db03a877d34d/library/std/src/io/mod.rs:1884:15
[INFO] [stdout]    7:     0x60f632f81fd2 - std::sys::backtrace::BacktraceLock::print::h5c19c1c038ee186d
[INFO] [stdout]                                at /rustc/202008a1b8de96d2e5b6bc02d379db03a877d34d/library/std/src/sys/backtrace.rs:42:9
[INFO] [stdout]    8:     0x60f632f8360d - std::panicking::default_hook::{{closure}}::h77172f079a1fcb13
[INFO] [stdout]                                at /rustc/202008a1b8de96d2e5b6bc02d379db03a877d34d/library/std/src/panicking.rs:268:22
[INFO] [stdout]    9:     0x60f632f83417 - std::panicking::default_hook::he5f8e3b203ccddba
[INFO] [stdout]                                at /rustc/202008a1b8de96d2e5b6bc02d379db03a877d34d/library/std/src/panicking.rs:292:9
[INFO] [stdout]   10:     0x60f632e65357 - <alloc::boxed::Box<F,A> as core::ops::function::Fn<Args>>::call::h7a3c7b4a1ae77f2f
[INFO] [stdout]                                at /rustc/202008a1b8de96d2e5b6bc02d379db03a877d34d/library/alloc/src/boxed.rs:1986:9
[INFO] [stdout]   11:     0x60f632e65357 - test::test_main::{{closure}}::hf0d3b69ae9b353d1
[INFO] [stdout]                                at /rustc/202008a1b8de96d2e5b6bc02d379db03a877d34d/library/test/src/lib.rs:134:21
[INFO] [stdout]   12:     0x60f632f83cb8 - <alloc::boxed::Box<F,A> as core::ops::function::Fn<Args>>::call::h6332e82e7b189abd
[INFO] [stdout]                                at /rustc/202008a1b8de96d2e5b6bc02d379db03a877d34d/library/alloc/src/boxed.rs:1986:9
[INFO] [stdout]   13:     0x60f632f83cb8 - std::panicking::rust_panic_with_hook::h53863d4e9018df39
[INFO] [stdout]                                at /rustc/202008a1b8de96d2e5b6bc02d379db03a877d34d/library/std/src/panicking.rs:809:13
[INFO] [stdout]   14:     0x60f632f83a7a - std::panicking::begin_panic_handler::{{closure}}::h67280e6fa0757873
[INFO] [stdout]                                at /rustc/202008a1b8de96d2e5b6bc02d379db03a877d34d/library/std/src/panicking.rs:674:13
[INFO] [stdout]   15:     0x60f632f82669 - std::sys::backtrace::__rust_end_short_backtrace::h1dac3f54d6fbbeb2
[INFO] [stdout]                                at /rustc/202008a1b8de96d2e5b6bc02d379db03a877d34d/library/std/src/sys/backtrace.rs:170:18
[INFO] [stdout]   16:     0x60f632f8370c - rust_begin_unwind
[INFO] [stdout]                                at /rustc/202008a1b8de96d2e5b6bc02d379db03a877d34d/library/std/src/panicking.rs:665:5
[INFO] [stdout]   17:     0x60f632de1ab0 - core::panicking::panic_fmt::h6792bd1b2bf01041
[INFO] [stdout]                                at /rustc/202008a1b8de96d2e5b6bc02d379db03a877d34d/library/core/src/panicking.rs:76:14
[INFO] [stdout]   18:     0x60f632de1ef6 - core::result::unwrap_failed::h05e0602ed34287c5
[INFO] [stdout]                                at /rustc/202008a1b8de96d2e5b6bc02d379db03a877d34d/library/core/src/result.rs:1699:5
[INFO] [stdout]   19:     0x60f632e17df1 - core::result::Result<T,E>::unwrap::h5cebc62f36e0d235
[INFO] [stdout]                                at /rustc/202008a1b8de96d2e5b6bc02d379db03a877d34d/library/core/src/result.rs:1104:23
[INFO] [stdout]   20:     0x60f632e17df1 - ve_side::contract::tests::lock_lp_flow::h9043992755ce00c9
[INFO] [stdout]                                at /opt/rustwide/workdir/contracts/voting-escrow/src/contract.rs:779:20
[INFO] [stdout]   21:     0x60f632e17997 - ve_side::contract::tests::lock_lp_flow::{{closure}}::hcbb68314bf18144c
[INFO] [stdout]                                at /opt/rustwide/workdir/contracts/voting-escrow/src/contract.rs:768:22
[INFO] [stdout]   22:     0x60f632e22686 - core::ops::function::FnOnce::call_once::h60b40443258bcd41
[INFO] [stdout]                                at /rustc/202008a1b8de96d2e5b6bc02d379db03a877d34d/library/core/src/ops/function.rs:250:5
[INFO] [stdout]   23:     0x60f632e69e7b - core::ops::function::FnOnce::call_once::h871bf86719ec9aa4
[INFO] [stdout]                                at /rustc/202008a1b8de96d2e5b6bc02d379db03a877d34d/library/core/src/ops/function.rs:250:5
[INFO] [stdout]   24:     0x60f632e69e7b - test::__rust_begin_short_backtrace::h2167df1e2b7d76fd
[INFO] [stdout]                                at /rustc/202008a1b8de96d2e5b6bc02d379db03a877d34d/library/test/src/lib.rs:632:18
[INFO] [stdout]   25:     0x60f632e69868 - test::run_test_in_process::{{closure}}::h15d92f75a3adfb79
[INFO] [stdout]                                at /rustc/202008a1b8de96d2e5b6bc02d379db03a877d34d/library/test/src/lib.rs:655:60
[INFO] [stdout]   26:     0x60f632e69868 - <core::panic::unwind_safe::AssertUnwindSafe<F> as core::ops::function::FnOnce<()>>::call_once::hb6c8955835a8dbbb
[INFO] [stdout]                                at /rustc/202008a1b8de96d2e5b6bc02d379db03a877d34d/library/core/src/panic/unwind_safe.rs:272:9
[INFO] [stdout]   27:     0x60f632e69868 - std::panicking::try::do_call::hc79d0fc888a0bd30
[INFO] [stdout]                                at /rustc/202008a1b8de96d2e5b6bc02d379db03a877d34d/library/std/src/panicking.rs:557:40
[INFO] [stdout]   28:     0x60f632e69868 - std::panicking::try::hb8a7878e3a8589d6
[INFO] [stdout]                                at /rustc/202008a1b8de96d2e5b6bc02d379db03a877d34d/library/std/src/panicking.rs:520:19
[INFO] [stdout]   29:     0x60f632e69868 - std::panic::catch_unwind::hb8e4600ff0ff5cfa
[INFO] [stdout]                                at /rustc/202008a1b8de96d2e5b6bc02d379db03a877d34d/library/std/src/panic.rs:358:14
[INFO] [stdout]   30:     0x60f632e69868 - test::run_test_in_process::hc2900b0b18688dd6
[INFO] [stdout]                                at /rustc/202008a1b8de96d2e5b6bc02d379db03a877d34d/library/test/src/lib.rs:655:27
[INFO] [stdout]   31:     0x60f632e69868 - test::run_test::{{closure}}::hac2a9cb07be3d48d
[INFO] [stdout]                                at /rustc/202008a1b8de96d2e5b6bc02d379db03a877d34d/library/test/src/lib.rs:576:43
[INFO] [stdout]   32:     0x60f632e2d30a - test::run_test::{{closure}}::h4a5b729e66a38cd8
[INFO] [stdout]                                at /rustc/202008a1b8de96d2e5b6bc02d379db03a877d34d/library/test/src/lib.rs:606:41
[INFO] [stdout]   33:     0x60f632e2d30a - std::sys::backtrace::__rust_begin_short_backtrace::h0496fb742492f573
[INFO] [stdout]                                at /rustc/202008a1b8de96d2e5b6bc02d379db03a877d34d/library/std/src/sys/backtrace.rs:154:18
[INFO] [stdout]   34:     0x60f632e30c84 - std::thread::Builder::spawn_unchecked_::{{closure}}::{{closure}}::hbb6d257c550a54bd
[INFO] [stdout]                                at /rustc/202008a1b8de96d2e5b6bc02d379db03a877d34d/library/std/src/thread/mod.rs:561:17
[INFO] [stdout]   35:     0x60f632e30c84 - <core::panic::unwind_safe::AssertUnwindSafe<F> as core::ops::function::FnOnce<()>>::call_once::h46696fe4a6832328
[INFO] [stdout]                                at /rustc/202008a1b8de96d2e5b6bc02d379db03a877d34d/library/core/src/panic/unwind_safe.rs:272:9
[INFO] [stdout]   36:     0x60f632e30c84 - std::panicking::try::do_call::h2625a51b667bfb64
[INFO] [stdout]                                at /rustc/202008a1b8de96d2e5b6bc02d379db03a877d34d/library/std/src/panicking.rs:557:40
[INFO] [stdout]   37:     0x60f632e30c84 - std::panicking::try::hb956a59a1973aa4c
[INFO] [stdout]                                at /rustc/202008a1b8de96d2e5b6bc02d379db03a877d34d/library/std/src/panicking.rs:520:19
[INFO] [stdout]   38:     0x60f632e30c84 - std::panic::catch_unwind::h64f3b9d1067ef6a0
[INFO] [stdout]                                at /rustc/202008a1b8de96d2e5b6bc02d379db03a877d34d/library/std/src/panic.rs:358:14
[INFO] [stdout]   39:     0x60f632e30c84 - std::thread::Builder::spawn_unchecked_::{{closure}}::h42b2841295b6c0b2
[INFO] [stdout]                                at /rustc/202008a1b8de96d2e5b6bc02d379db03a877d34d/library/std/src/thread/mod.rs:559:30
[INFO] [stdout]   40:     0x60f632e30c84 - core::ops::function::FnOnce::call_once{{vtable.shim}}::h6127de71b8124639
[INFO] [stdout]                                at /rustc/202008a1b8de96d2e5b6bc02d379db03a877d34d/library/core/src/ops/function.rs:250:5
[INFO] [stdout]   41:     0x60f632f87bfb - <alloc::boxed::Box<F,A> as core::ops::function::FnOnce<Args>>::call_once::h42f0ba71002a1b2c
[INFO] [stdout]                                at /rustc/202008a1b8de96d2e5b6bc02d379db03a877d34d/library/alloc/src/boxed.rs:1972:9
[INFO] [stdout]   42:     0x60f632f87bfb - <alloc::boxed::Box<F,A> as core::ops::function::FnOnce<Args>>::call_once::had9e47d7a3dcecb8
[INFO] [stdout]                                at /rustc/202008a1b8de96d2e5b6bc02d379db03a877d34d/library/alloc/src/boxed.rs:1972:9
[INFO] [stdout]   43:     0x60f632f87bfb - std::sys::pal::unix::thread::Thread::new::thread_start::h48cf765408f6f5f2
[INFO] [stdout]                                at /rustc/202008a1b8de96d2e5b6bc02d379db03a877d34d/library/std/src/sys/pal/unix/thread.rs:105:17
[INFO] [stdout]   44:     0x7b82a54b2ac3 - <unknown>
[INFO] [stdout]   45:     0x7b82a5543a04 - clone
[INFO] [stdout]   46:                0x0 - <unknown>
[INFO] [stdout] 
[INFO] [stdout] ---- contract::tests::test_instantiate stdout ----
[INFO] [stdout] thread 'contract::tests::test_instantiate' panicked at contracts/voting-escrow/src/contract.rs:763:74:
[INFO] [stdout] called `Result::unwrap()` on an `Err` value: Std(GenericErr { msg: "Invalid time" })
[INFO] [stdout] stack backtrace:
[INFO] [stdout]    0:     0x60f632f8218a - std::backtrace_rs::backtrace::libunwind::trace::h8810477743020387
[INFO] [stdout]                                at /rustc/202008a1b8de96d2e5b6bc02d379db03a877d34d/library/std/src/../../backtrace/src/backtrace/libunwind.rs:116:5
[INFO] [stdout]    1:     0x60f632f8218a - std::backtrace_rs::backtrace::trace_unsynchronized::h3aa55355dd6c54a6
[INFO] [stdout]                                at /rustc/202008a1b8de96d2e5b6bc02d379db03a877d34d/library/std/src/../../backtrace/src/backtrace/mod.rs:66:5
[INFO] [stdout]    2:     0x60f632f8218a - std::sys::backtrace::_print_fmt::h8588b0f62410823f
[INFO] [stdout]                                at /rustc/202008a1b8de96d2e5b6bc02d379db03a877d34d/library/std/src/sys/backtrace.rs:66:9
[INFO] [stdout]    3:     0x60f632f8218a - <std::sys::backtrace::BacktraceLock::print::DisplayBacktrace as core::fmt::Display>::fmt::h98c26ac25ffe89bb
[INFO] [stdout]                                at /rustc/202008a1b8de96d2e5b6bc02d379db03a877d34d/library/std/src/sys/backtrace.rs:39:26
[INFO] [stdout]    4:     0x60f632fa8e43 - core::fmt::rt::Argument::fmt::hf95377f4aebd453b
[INFO] [stdout]                                at /rustc/202008a1b8de96d2e5b6bc02d379db03a877d34d/library/core/src/fmt/rt.rs:177:76
[INFO] [stdout]    5:     0x60f632fa8e43 - core::fmt::write::h0dd5f6e2238c7982
[INFO] [stdout]                                at /rustc/202008a1b8de96d2e5b6bc02d379db03a877d34d/library/core/src/fmt/mod.rs:1189:21
[INFO] [stdout]    6:     0x60f632f7f323 - std::io::Write::write_fmt::h03bb0ca26e6faf8c
[INFO] [stdout]                                at /rustc/202008a1b8de96d2e5b6bc02d379db03a877d34d/library/std/src/io/mod.rs:1884:15
[INFO] [stdout]    7:     0x60f632f81fd2 - std::sys::backtrace::BacktraceLock::print::h5c19c1c038ee186d
[INFO] [stdout]                                at /rustc/202008a1b8de96d2e5b6bc02d379db03a877d34d/library/std/src/sys/backtrace.rs:42:9
[INFO] [stdout]    8:     0x60f632f8360d - std::panicking::default_hook::{{closure}}::h77172f079a1fcb13
[INFO] [stdout]                                at /rustc/202008a1b8de96d2e5b6bc02d379db03a877d34d/library/std/src/panicking.rs:268:22
[INFO] [stdout]    9:     0x60f632f83417 - std::panicking::default_hook::he5f8e3b203ccddba
[INFO] [stdout]                                at /rustc/202008a1b8de96d2e5b6bc02d379db03a877d34d/library/std/src/panicking.rs:292:9
[INFO] [stdout]   10:     0x60f632e65357 - <alloc::boxed::Box<F,A> as core::ops::function::Fn<Args>>::call::h7a3c7b4a1ae77f2f
[INFO] [stdout]                                at /rustc/202008a1b8de96d2e5b6bc02d379db03a877d34d/library/alloc/src/boxed.rs:1986:9
[INFO] [stdout]   11:     0x60f632e65357 - test::test_main::{{closure}}::hf0d3b69ae9b353d1
[INFO] [stdout]                                at /rustc/202008a1b8de96d2e5b6bc02d379db03a877d34d/library/test/src/lib.rs:134:21
[INFO] [stdout]   12:     0x60f632f83cb8 - <alloc::boxed::Box<F,A> as core::ops::function::Fn<Args>>::call::h6332e82e7b189abd
[INFO] [stdout]                                at /rustc/202008a1b8de96d2e5b6bc02d379db03a877d34d/library/alloc/src/boxed.rs:1986:9
[INFO] [stdout]   13:     0x60f632f83cb8 - std::panicking::rust_panic_with_hook::h53863d4e9018df39
[INFO] [stdout]                                at /rustc/202008a1b8de96d2e5b6bc02d379db03a877d34d/library/std/src/panicking.rs:809:13
[INFO] [stdout]   14:     0x60f632f83a7a - std::panicking::begin_panic_handler::{{closure}}::h67280e6fa0757873
[INFO] [stdout]                                at /rustc/202008a1b8de96d2e5b6bc02d379db03a877d34d/library/std/src/panicking.rs:674:13
[INFO] [stdout]   15:     0x60f632f82669 - std::sys::backtrace::__rust_end_short_backtrace::h1dac3f54d6fbbeb2
[INFO] [stdout]                                at /rustc/202008a1b8de96d2e5b6bc02d379db03a877d34d/library/std/src/sys/backtrace.rs:170:18
[INFO] [stdout]   16:     0x60f632f8370c - rust_begin_unwind
[INFO] [stdout]                                at /rustc/202008a1b8de96d2e5b6bc02d379db03a877d34d/library/std/src/panicking.rs:665:5
[INFO] [stdout]   17:     0x60f632de1ab0 - core::panicking::panic_fmt::h6792bd1b2bf01041
[INFO] [stdout]                                at /rustc/202008a1b8de96d2e5b6bc02d379db03a877d34d/library/core/src/panicking.rs:76:14
[INFO] [stdout]   18:     0x60f632de1ef6 - core::result::unwrap_failed::h05e0602ed34287c5
[INFO] [stdout]                                at /rustc/202008a1b8de96d2e5b6bc02d379db03a877d34d/library/core/src/result.rs:1699:5
[INFO] [stdout]   19:     0x60f632e17780 - core::result::Result<T,E>::unwrap::h5cebc62f36e0d235
[INFO] [stdout]                                at /rustc/202008a1b8de96d2e5b6bc02d379db03a877d34d/library/core/src/result.rs:1104:23
[INFO] [stdout]   20:     0x60f632e17780 - ve_side::contract::tests::test_instantiate::h828d91a15f1a394a
[INFO] [stdout]                                at /opt/rustwide/workdir/contracts/voting-escrow/src/contract.rs:763:19
[INFO] [stdout]   21:     0x60f632e17357 - ve_side::contract::tests::test_instantiate::{{closure}}::hb85277d89050928a
[INFO] [stdout]                                at /opt/rustwide/workdir/contracts/voting-escrow/src/contract.rs:752:26
[INFO] [stdout]   22:     0x60f632e22746 - core::ops::function::FnOnce::call_once::h875834a3de323ef9
[INFO] [stdout]                                at /rustc/202008a1b8de96d2e5b6bc02d379db03a877d34d/library/core/src/ops/function.rs:250:5
[INFO] [stdout]   23:     0x60f632e69e7b - core::ops::function::FnOnce::call_once::h871bf86719ec9aa4
[INFO] [stdout]                                at /rustc/202008a1b8de96d2e5b6bc02d379db03a877d34d/library/core/src/ops/function.rs:250:5
[INFO] [stdout]   24:     0x60f632e69e7b - test::__rust_begin_short_backtrace::h2167df1e2b7d76fd
[INFO] [stdout]                                at /rustc/202008a1b8de96d2e5b6bc02d379db03a877d34d/library/test/src/lib.rs:632:18
[INFO] [stdout]   25:     0x60f632e69868 - test::run_test_in_process::{{closure}}::h15d92f75a3adfb79
[INFO] [stdout]                                at /rustc/202008a1b8de96d2e5b6bc02d379db03a877d34d/library/test/src/lib.rs:655:60
[INFO] [stdout]   26:     0x60f632e69868 - <core::panic::unwind_safe::AssertUnwindSafe<F> as core::ops::function::FnOnce<()>>::call_once::hb6c8955835a8dbbb
[INFO] [stdout]                                at /rustc/202008a1b8de96d2e5b6bc02d379db03a877d34d/library/core/src/panic/unwind_safe.rs:272:9
[INFO] [stdout]   27:     0x60f632e69868 - std::panicking::try::do_call::hc79d0fc888a0bd30
[INFO] [stdout]                                at /rustc/202008a1b8de96d2e5b6bc02d379db03a877d34d/library/std/src/panicking.rs:557:40
[INFO] [stdout]   28:     0x60f632e69868 - std::panicking::try::hb8a7878e3a8589d6
[INFO] [stdout]                                at /rustc/202008a1b8de96d2e5b6bc02d379db03a877d34d/library/std/src/panicking.rs:520:19
[INFO] [stdout]   29:     0x60f632e69868 - std::panic::catch_unwind::hb8e4600ff0ff5cfa
[INFO] [stdout]                                at /rustc/202008a1b8de96d2e5b6bc02d379db03a877d34d/library/std/src/panic.rs:358:14
[INFO] [stdout]   30:     0x60f632e69868 - test::run_test_in_process::hc2900b0b18688dd6
[INFO] [stdout]                                at /rustc/202008a1b8de96d2e5b6bc02d379db03a877d34d/library/test/src/lib.rs:655:27
[INFO] [stdout]   31:     0x60f632e69868 - test::run_test::{{closure}}::hac2a9cb07be3d48d
[INFO] [stdout]                                at /rustc/202008a1b8de96d2e5b6bc02d379db03a877d34d/library/test/src/lib.rs:576:43
[INFO] [stdout]   32:     0x60f632e2d30a - test::run_test::{{closure}}::h4a5b729e66a38cd8
[INFO] [stdout]                                at /rustc/202008a1b8de96d2e5b6bc02d379db03a877d34d/library/test/src/lib.rs:606:41
[INFO] [stdout]   33:     0x60f632e2d30a - std::sys::backtrace::__rust_begin_short_backtrace::h0496fb742492f573
[INFO] [stdout]                                at /rustc/202008a1b8de96d2e5b6bc02d379db03a877d34d/library/std/src/sys/backtrace.rs:154:18
[INFO] [stdout]   34:     0x60f632e30c84 - std::thread::Builder::spawn_unchecked_::{{closure}}::{{closure}}::hbb6d257c550a54bd
[INFO] [stdout]                                at /rustc/202008a1b8de96d2e5b6bc02d379db03a877d34d/library/std/src/thread/mod.rs:561:17
[INFO] [stdout]   35:     0x60f632e30c84 - <core::panic::unwind_safe::AssertUnwindSafe<F> as core::ops::function::FnOnce<()>>::call_once::h46696fe4a6832328
[INFO] [stdout]                                at /rustc/202008a1b8de96d2e5b6bc02d379db03a877d34d/library/core/src/panic/unwind_safe.rs:272:9
[INFO] [stdout]   36:     0x60f632e30c84 - std::panicking::try::do_call::h2625a51b667bfb64
[INFO] [stdout]                                at /rustc/202008a1b8de96d2e5b6bc02d379db03a877d34d/library/std/src/panicking.rs:557:40
[INFO] [stdout]   37:     0x60f632e30c84 - std::panicking::try::hb956a59a1973aa4c
[INFO] [stdout]                                at /rustc/202008a1b8de96d2e5b6bc02d379db03a877d34d/library/std/src/panicking.rs:520:19
[INFO] [stdout]   38:     0x60f632e30c84 - std::panic::catch_unwind::h64f3b9d1067ef6a0
[INFO] [stdout]                                at /rustc/202008a1b8de96d2e5b6bc02d379db03a877d34d/library/std/src/panic.rs:358:14
[INFO] [stdout]   39:     0x60f632e30c84 - std::thread::Builder::spawn_unchecked_::{{closure}}::h42b2841295b6c0b2
[INFO] [stdout]                                at /rustc/202008a1b8de96d2e5b6bc02d379db03a877d34d/library/std/src/thread/mod.rs:559:30
[INFO] [stdout]   40:     0x60f632e30c84 - core::ops::function::FnOnce::call_once{{vtable.shim}}::h6127de71b8124639
[INFO] [stdout]                                at /rustc/202008a1b8de96d2e5b6bc02d379db03a877d34d/library/core/src/ops/function.rs:250:5
[INFO] [stdout]   41:     0x60f632f87bfb - <alloc::boxed::Box<F,A> as core::ops::function::FnOnce<Args>>::call_once::h42f0ba71002a1b2c
[INFO] [stdout]                                at /rustc/202008a1b8de96d2e5b6bc02d379db03a877d34d/library/alloc/src/boxed.rs:1972:9
[INFO] [stdout]   42:     0x60f632f87bfb - <alloc::boxed::Box<F,A> as core::ops::function::FnOnce<Args>>::call_once::had9e47d7a3dcecb8
[INFO] [stdout]                                at /rustc/202008a1b8de96d2e5b6bc02d379db03a877d34d/library/alloc/src/boxed.rs:1972:9
[INFO] [stdout]   43:     0x60f632f87bfb - std::sys::pal::unix::thread::Thread::new::thread_start::h48cf765408f6f5f2
[INFO] [stdout]                                at /rustc/202008a1b8de96d2e5b6bc02d379db03a877d34d/library/std/src/sys/pal/unix/thread.rs:105:17
[INFO] [stdout]   44:     0x7b82a54b2ac3 - <unknown>
[INFO] [stdout]   45:     0x7b82a5543a04 - clone
[INFO] [stdout]   46:                0x0 - <unknown>
[INFO] [stdout] 
[INFO] [stdout] 
[INFO] [stdout] failures:
[INFO] [stdout]     contract::tests::lock_lp_flow
[INFO] [stdout]     contract::tests::test_instantiate
[INFO] [stdout] 
[INFO] [stdout] test result: FAILED. 1 passed; 2 failed; 0 ignored; 0 measured; 0 filtered out; finished in 0.04s
[INFO] [stdout] 
[INFO] [stderr] error: test failed, to rerun pass `-p ve-side --lib`
[INFO] running `Command { std: "docker" "inspect" "5da1c39b3b4ccb4124643e48d4f92600f775925559b3f332268d833a140b20b8", kill_on_drop: false }`
[INFO] running `Command { std: "docker" "rm" "-f" "5da1c39b3b4ccb4124643e48d4f92600f775925559b3f332268d833a140b20b8", kill_on_drop: false }`
[INFO] [stdout] 5da1c39b3b4ccb4124643e48d4f92600f775925559b3f332268d833a140b20b8
