[INFO] cloning repository https://github.com/shubhexists/conventional_commits
[INFO] running `Command { std: "git" "-c" "credential.helper=" "-c" "credential.helper=/workspace/cargo-home/bin/git-credential-null" "clone" "--bare" "https://github.com/shubhexists/conventional_commits" "/workspace/cache/git-repos/https%3A%2F%2Fgithub.com%2Fshubhexists%2Fconventional_commits", kill_on_drop: false }`
[INFO] [stderr] Cloning into bare repository '/workspace/cache/git-repos/https%3A%2F%2Fgithub.com%2Fshubhexists%2Fconventional_commits'...
[INFO] running `Command { std: "git" "rev-parse" "HEAD", kill_on_drop: false }`
[INFO] [stdout] 22b94f952e123af1ef61f78b3bdc3aa12c8e09d3
[INFO] testing shubhexists/conventional_commits against 1.83.0 for beta-1.84.0-4-retry
[INFO] running `Command { std: "git" "clone" "/workspace/cache/git-repos/https%3A%2F%2Fgithub.com%2Fshubhexists%2Fconventional_commits" "/workspace/builds/worker-2-tc1/source", kill_on_drop: false }`
[INFO] [stderr] Cloning into '/workspace/builds/worker-2-tc1/source'...
[INFO] [stderr] done.
[INFO] validating manifest of git repo https://github.com/shubhexists/conventional_commits on toolchain 1.83.0
[INFO] running `Command { std: CARGO_HOME="/workspace/cargo-home" RUSTUP_HOME="/workspace/rustup-home" "/workspace/cargo-home/bin/cargo" "+1.83.0" "metadata" "--manifest-path" "Cargo.toml" "--no-deps", kill_on_drop: false }`
[INFO] started tweaking git repo https://github.com/shubhexists/conventional_commits
[INFO] finished tweaking git repo https://github.com/shubhexists/conventional_commits
[INFO] tweaked toml for git repo https://github.com/shubhexists/conventional_commits written to /workspace/builds/worker-2-tc1/source/Cargo.toml
[INFO] crate git repo https://github.com/shubhexists/conventional_commits already has a lockfile, it will not be regenerated
[INFO] running `Command { std: CARGO_HOME="/workspace/cargo-home" RUSTUP_HOME="/workspace/rustup-home" "/workspace/cargo-home/bin/cargo" "+1.83.0" "fetch" "--manifest-path" "Cargo.toml", kill_on_drop: false }`
[INFO] [stderr] warning: unused manifest key: package.author
[INFO] running `Command { std: "docker" "create" "-v" "/var/lib/crater-agent-workspace/builds/worker-2-tc1/target:/opt/rustwide/target:rw,Z" "-v" "/var/lib/crater-agent-workspace/builds/worker-2-tc1/source:/opt/rustwide/workdir:ro,Z" "-v" "/var/lib/crater-agent-workspace/cargo-home:/opt/rustwide/cargo-home:ro,Z" "-v" "/var/lib/crater-agent-workspace/rustup-home:/opt/rustwide/rustup-home:ro,Z" "-e" "SOURCE_DIR=/opt/rustwide/workdir" "-e" "CARGO_TARGET_DIR=/opt/rustwide/target" "-e" "CARGO_HOME=/opt/rustwide/cargo-home" "-e" "RUSTUP_HOME=/opt/rustwide/rustup-home" "-w" "/opt/rustwide/workdir" "-m" "1610612736" "--user" "0:0" "--network" "none" "ghcr.io/rust-lang/crates-build-env/linux@sha256:f3a9d4ad9d972b27faf3965f35b62e55ba32bbce8f20bc8fe909558a86702fde" "/opt/rustwide/cargo-home/bin/cargo" "+1.83.0" "metadata" "--no-deps" "--format-version=1", kill_on_drop: false }`
[INFO] [stdout] 1ec170af50b757b569798db62a653d24776edfa163f0f5604d0acf4db82aa0ad
[INFO] running `Command { std: "docker" "start" "-a" "1ec170af50b757b569798db62a653d24776edfa163f0f5604d0acf4db82aa0ad", kill_on_drop: false }`
[INFO] running `Command { std: "docker" "inspect" "1ec170af50b757b569798db62a653d24776edfa163f0f5604d0acf4db82aa0ad", kill_on_drop: false }`
[INFO] running `Command { std: "docker" "rm" "-f" "1ec170af50b757b569798db62a653d24776edfa163f0f5604d0acf4db82aa0ad", kill_on_drop: false }`
[INFO] [stdout] 1ec170af50b757b569798db62a653d24776edfa163f0f5604d0acf4db82aa0ad
[INFO] running `Command { std: "docker" "create" "-v" "/var/lib/crater-agent-workspace/builds/worker-2-tc1/target:/opt/rustwide/target:rw,Z" "-v" "/var/lib/crater-agent-workspace/builds/worker-2-tc1/source:/opt/rustwide/workdir:ro,Z" "-v" "/var/lib/crater-agent-workspace/cargo-home:/opt/rustwide/cargo-home:ro,Z" "-v" "/var/lib/crater-agent-workspace/rustup-home:/opt/rustwide/rustup-home:ro,Z" "-e" "SOURCE_DIR=/opt/rustwide/workdir" "-e" "CARGO_TARGET_DIR=/opt/rustwide/target" "-e" "CARGO_INCREMENTAL=0" "-e" "RUST_BACKTRACE=full" "-e" "RUSTFLAGS=--cap-lints=warn" "-e" "RUSTDOCFLAGS=--cap-lints=warn" "-e" "CARGO_HOME=/opt/rustwide/cargo-home" "-e" "RUSTUP_HOME=/opt/rustwide/rustup-home" "-w" "/opt/rustwide/workdir" "-m" "1610612736" "--user" "0:0" "--network" "none" "ghcr.io/rust-lang/crates-build-env/linux@sha256:f3a9d4ad9d972b27faf3965f35b62e55ba32bbce8f20bc8fe909558a86702fde" "/opt/rustwide/cargo-home/bin/cargo" "+1.83.0" "build" "--frozen" "--message-format=json", kill_on_drop: false }`
[INFO] [stdout] 1992cf9a34f7c5ca305df082b248517969da1c1a9310c688a81ce0d051f90c6a
[INFO] running `Command { std: "docker" "start" "-a" "1992cf9a34f7c5ca305df082b248517969da1c1a9310c688a81ce0d051f90c6a", kill_on_drop: false }`
[INFO] [stderr] warning: unused manifest key: package.author
[INFO] [stderr]    Compiling conventional_commits v0.1.1 (/opt/rustwide/workdir)
[INFO] [stderr]     Finished `dev` profile [unoptimized + debuginfo] target(s) in 0.38s
[INFO] running `Command { std: "docker" "inspect" "1992cf9a34f7c5ca305df082b248517969da1c1a9310c688a81ce0d051f90c6a", kill_on_drop: false }`
[INFO] running `Command { std: "docker" "rm" "-f" "1992cf9a34f7c5ca305df082b248517969da1c1a9310c688a81ce0d051f90c6a", kill_on_drop: false }`
[INFO] [stdout] 1992cf9a34f7c5ca305df082b248517969da1c1a9310c688a81ce0d051f90c6a
[INFO] running `Command { std: "docker" "create" "-v" "/var/lib/crater-agent-workspace/builds/worker-2-tc1/target:/opt/rustwide/target:rw,Z" "-v" "/var/lib/crater-agent-workspace/builds/worker-2-tc1/source:/opt/rustwide/workdir:ro,Z" "-v" "/var/lib/crater-agent-workspace/cargo-home:/opt/rustwide/cargo-home:ro,Z" "-v" "/var/lib/crater-agent-workspace/rustup-home:/opt/rustwide/rustup-home:ro,Z" "-e" "SOURCE_DIR=/opt/rustwide/workdir" "-e" "CARGO_TARGET_DIR=/opt/rustwide/target" "-e" "CARGO_INCREMENTAL=0" "-e" "RUST_BACKTRACE=full" "-e" "RUSTFLAGS=--cap-lints=warn" "-e" "RUSTDOCFLAGS=--cap-lints=warn" "-e" "CARGO_HOME=/opt/rustwide/cargo-home" "-e" "RUSTUP_HOME=/opt/rustwide/rustup-home" "-w" "/opt/rustwide/workdir" "-m" "1610612736" "--user" "0:0" "--network" "none" "ghcr.io/rust-lang/crates-build-env/linux@sha256:f3a9d4ad9d972b27faf3965f35b62e55ba32bbce8f20bc8fe909558a86702fde" "/opt/rustwide/cargo-home/bin/cargo" "+1.83.0" "test" "--frozen" "--no-run" "--message-format=json", kill_on_drop: false }`
[INFO] [stdout] d06def5dd27c58d55de1f2c8f8d07dcd33c82ad94398c19f0cd271e89ae59ba2
[INFO] running `Command { std: "docker" "start" "-a" "d06def5dd27c58d55de1f2c8f8d07dcd33c82ad94398c19f0cd271e89ae59ba2", kill_on_drop: false }`
[INFO] [stderr] warning: unused manifest key: package.author
[INFO] [stderr]    Compiling conventional_commits v0.1.1 (/opt/rustwide/workdir)
[INFO] [stderr]     Finished `test` profile [unoptimized + debuginfo] target(s) in 0.75s
[INFO] running `Command { std: "docker" "inspect" "d06def5dd27c58d55de1f2c8f8d07dcd33c82ad94398c19f0cd271e89ae59ba2", kill_on_drop: false }`
[INFO] running `Command { std: "docker" "rm" "-f" "d06def5dd27c58d55de1f2c8f8d07dcd33c82ad94398c19f0cd271e89ae59ba2", kill_on_drop: false }`
[INFO] [stdout] d06def5dd27c58d55de1f2c8f8d07dcd33c82ad94398c19f0cd271e89ae59ba2
[INFO] running `Command { std: "docker" "create" "-v" "/var/lib/crater-agent-workspace/builds/worker-2-tc1/target:/opt/rustwide/target:rw,Z" "-v" "/var/lib/crater-agent-workspace/builds/worker-2-tc1/source:/opt/rustwide/workdir:ro,Z" "-v" "/var/lib/crater-agent-workspace/cargo-home:/opt/rustwide/cargo-home:ro,Z" "-v" "/var/lib/crater-agent-workspace/rustup-home:/opt/rustwide/rustup-home:ro,Z" "-e" "SOURCE_DIR=/opt/rustwide/workdir" "-e" "CARGO_TARGET_DIR=/opt/rustwide/target" "-e" "CARGO_INCREMENTAL=0" "-e" "RUST_BACKTRACE=full" "-e" "RUSTFLAGS=--cap-lints=warn" "-e" "RUSTDOCFLAGS=--cap-lints=warn" "-e" "CARGO_HOME=/opt/rustwide/cargo-home" "-e" "RUSTUP_HOME=/opt/rustwide/rustup-home" "-w" "/opt/rustwide/workdir" "-m" "1610612736" "--user" "0:0" "--network" "none" "ghcr.io/rust-lang/crates-build-env/linux@sha256:f3a9d4ad9d972b27faf3965f35b62e55ba32bbce8f20bc8fe909558a86702fde" "/opt/rustwide/cargo-home/bin/cargo" "+1.83.0" "test" "--frozen", kill_on_drop: false }`
[INFO] [stdout] 4896b80cfa7b7f225b0c35bb9dd37dc4c8a03911e65272fbd96c96eac0238f83
[INFO] running `Command { std: "docker" "start" "-a" "4896b80cfa7b7f225b0c35bb9dd37dc4c8a03911e65272fbd96c96eac0238f83", kill_on_drop: false }`
[INFO] [stderr] warning: unused manifest key: package.author
[INFO] [stderr]     Finished `test` profile [unoptimized + debuginfo] target(s) in 0.01s
[INFO] [stderr]      Running unittests src/lib.rs (/opt/rustwide/target/debug/deps/conventional_commits-3a5a8d8af571b1fb)
[INFO] [stdout] 
[INFO] [stdout] running 11 tests
[INFO] [stdout] test tests::test_commit_with_body ... ok
[INFO] [stdout] test tests::test_basic_commit ... ok
[INFO] [stdout] test tests::test_invalid_commit_type ... ok
[INFO] [stdout] test tests::test_commit_with_scope ... ok
[INFO] [stdout] test tests::test_commit_with_body_and_footer ... ok
[INFO] [stdout] test tests::test_commit_with_scope_and_breaking_change ... ok
[INFO] [stdout] test tests::test_commit_with_breaking_change ... ok
[INFO] [stdout] test tests::test_missing_colon_after_type ... ok
[INFO] [stdout] test tests::test_missing_commit_type ... ok
[INFO] [stdout] test tests::test_missing_description ... ok
[INFO] [stdout] test tests::test_commit_with_footer ... ok
[INFO] [stdout] 
[INFO] [stdout] test result: ok. 11 passed; 0 failed; 0 ignored; 0 measured; 0 filtered out; finished in 0.01s
[INFO] [stdout] 
[INFO] [stderr]    Doc-tests conventional_commits
[INFO] [stdout] 
[INFO] [stdout] running 1 test
[INFO] [stdout] test src/lib.rs - (line 15) ... FAILED
[INFO] [stdout] 
[INFO] [stdout] failures:
[INFO] [stdout] 
[INFO] [stdout] ---- src/lib.rs - (line 15) stdout ----
[INFO] [stdout] error[E0432]: unresolved import `conventional_commit`
[INFO] [stdout]  --> src/lib.rs:16:5
[INFO] [stdout]   |
[INFO] [stdout] 3 | use conventional_commit::{parse_commit, Lexer};
[INFO] [stdout]   |     ^^^^^^^^^^^^^^^^^^^ use of undeclared crate or module `conventional_commit`
[INFO] [stdout]   |
[INFO] [stdout] help: there is a crate or module with a similar name
[INFO] [stdout]   |
[INFO] [stdout] 3 | use conventional_commits::{parse_commit, Lexer};
[INFO] [stdout]   |     ~~~~~~~~~~~~~~~~~~~~
[INFO] [stdout] 
[INFO] [stdout] error: aborting due to 1 previous error
[INFO] [stdout] 
[INFO] [stdout] For more information about this error, try `rustc --explain E0432`.
[INFO] [stdout] Couldn't compile the test.
[INFO] [stdout] 
[INFO] [stdout] failures:
[INFO] [stdout]     src/lib.rs - (line 15)
[INFO] [stdout] 
[INFO] [stdout] test result: FAILED. 0 passed; 1 failed; 0 ignored; 0 measured; 0 filtered out; finished in 0.07s
[INFO] [stdout] 
[INFO] [stderr] error: doctest failed, to rerun pass `--doc`
[INFO] running `Command { std: "docker" "inspect" "4896b80cfa7b7f225b0c35bb9dd37dc4c8a03911e65272fbd96c96eac0238f83", kill_on_drop: false }`
[INFO] running `Command { std: "docker" "rm" "-f" "4896b80cfa7b7f225b0c35bb9dd37dc4c8a03911e65272fbd96c96eac0238f83", kill_on_drop: false }`
[INFO] [stdout] 4896b80cfa7b7f225b0c35bb9dd37dc4c8a03911e65272fbd96c96eac0238f83
