[INFO] cloning repository https://github.com/sheepla/pacsearch-rs
[INFO] running `Command { std: "git" "-c" "credential.helper=" "-c" "credential.helper=/workspace/cargo-home/bin/git-credential-null" "clone" "--bare" "https://github.com/sheepla/pacsearch-rs" "/workspace/cache/git-repos/https%3A%2F%2Fgithub.com%2Fsheepla%2Fpacsearch-rs", kill_on_drop: false }`
[INFO] [stderr] Cloning into bare repository '/workspace/cache/git-repos/https%3A%2F%2Fgithub.com%2Fsheepla%2Fpacsearch-rs'...
[INFO] running `Command { std: "git" "rev-parse" "HEAD", kill_on_drop: false }`
[INFO] [stdout] 8897a484e2d51da65ac6d758d59b8071f80c264e
[INFO] testing sheepla/pacsearch-rs against 1.83.0 for beta-1.84.0-4-retry
[INFO] running `Command { std: "git" "clone" "/workspace/cache/git-repos/https%3A%2F%2Fgithub.com%2Fsheepla%2Fpacsearch-rs" "/workspace/builds/worker-5-tc1/source", kill_on_drop: false }`
[INFO] [stderr] Cloning into '/workspace/builds/worker-5-tc1/source'...
[INFO] [stderr] done.
[INFO] validating manifest of git repo https://github.com/sheepla/pacsearch-rs on toolchain 1.83.0
[INFO] running `Command { std: CARGO_HOME="/workspace/cargo-home" RUSTUP_HOME="/workspace/rustup-home" "/workspace/cargo-home/bin/cargo" "+1.83.0" "metadata" "--manifest-path" "Cargo.toml" "--no-deps", kill_on_drop: false }`
[INFO] started tweaking git repo https://github.com/sheepla/pacsearch-rs
[INFO] finished tweaking git repo https://github.com/sheepla/pacsearch-rs
[INFO] tweaked toml for git repo https://github.com/sheepla/pacsearch-rs written to /workspace/builds/worker-5-tc1/source/Cargo.toml
[INFO] crate git repo https://github.com/sheepla/pacsearch-rs already has a lockfile, it will not be regenerated
[INFO] running `Command { std: CARGO_HOME="/workspace/cargo-home" RUSTUP_HOME="/workspace/rustup-home" "/workspace/cargo-home/bin/cargo" "+1.83.0" "fetch" "--manifest-path" "Cargo.toml", kill_on_drop: false }`
[INFO] running `Command { std: "docker" "create" "-v" "/var/lib/crater-agent-workspace/builds/worker-5-tc1/target:/opt/rustwide/target:rw,Z" "-v" "/var/lib/crater-agent-workspace/builds/worker-5-tc1/source:/opt/rustwide/workdir:ro,Z" "-v" "/var/lib/crater-agent-workspace/cargo-home:/opt/rustwide/cargo-home:ro,Z" "-v" "/var/lib/crater-agent-workspace/rustup-home:/opt/rustwide/rustup-home:ro,Z" "-e" "SOURCE_DIR=/opt/rustwide/workdir" "-e" "CARGO_TARGET_DIR=/opt/rustwide/target" "-e" "CARGO_HOME=/opt/rustwide/cargo-home" "-e" "RUSTUP_HOME=/opt/rustwide/rustup-home" "-w" "/opt/rustwide/workdir" "-m" "1610612736" "--user" "0:0" "--network" "none" "ghcr.io/rust-lang/crates-build-env/linux@sha256:f3a9d4ad9d972b27faf3965f35b62e55ba32bbce8f20bc8fe909558a86702fde" "/opt/rustwide/cargo-home/bin/cargo" "+1.83.0" "metadata" "--no-deps" "--format-version=1", kill_on_drop: false }`
[INFO] [stdout] 9b8de0bd2c1609fa526f34dd27df5b1a3bfa13696d1bdec32348aaa4a1e7bd90
[INFO] running `Command { std: "docker" "start" "-a" "9b8de0bd2c1609fa526f34dd27df5b1a3bfa13696d1bdec32348aaa4a1e7bd90", kill_on_drop: false }`
[INFO] running `Command { std: "docker" "inspect" "9b8de0bd2c1609fa526f34dd27df5b1a3bfa13696d1bdec32348aaa4a1e7bd90", kill_on_drop: false }`
[INFO] running `Command { std: "docker" "rm" "-f" "9b8de0bd2c1609fa526f34dd27df5b1a3bfa13696d1bdec32348aaa4a1e7bd90", kill_on_drop: false }`
[INFO] [stdout] 9b8de0bd2c1609fa526f34dd27df5b1a3bfa13696d1bdec32348aaa4a1e7bd90
[INFO] running `Command { std: "docker" "create" "-v" "/var/lib/crater-agent-workspace/builds/worker-5-tc1/target:/opt/rustwide/target:rw,Z" "-v" "/var/lib/crater-agent-workspace/builds/worker-5-tc1/source:/opt/rustwide/workdir:ro,Z" "-v" "/var/lib/crater-agent-workspace/cargo-home:/opt/rustwide/cargo-home:ro,Z" "-v" "/var/lib/crater-agent-workspace/rustup-home:/opt/rustwide/rustup-home:ro,Z" "-e" "SOURCE_DIR=/opt/rustwide/workdir" "-e" "CARGO_TARGET_DIR=/opt/rustwide/target" "-e" "CARGO_INCREMENTAL=0" "-e" "RUST_BACKTRACE=full" "-e" "RUSTFLAGS=--cap-lints=warn" "-e" "RUSTDOCFLAGS=--cap-lints=warn" "-e" "CARGO_HOME=/opt/rustwide/cargo-home" "-e" "RUSTUP_HOME=/opt/rustwide/rustup-home" "-w" "/opt/rustwide/workdir" "-m" "1610612736" "--user" "0:0" "--network" "none" "ghcr.io/rust-lang/crates-build-env/linux@sha256:f3a9d4ad9d972b27faf3965f35b62e55ba32bbce8f20bc8fe909558a86702fde" "/opt/rustwide/cargo-home/bin/cargo" "+1.83.0" "build" "--frozen" "--message-format=json", kill_on_drop: false }`
[INFO] [stdout] 4e4f4b6657a7fac17f845afe9d7cbd3a1fa760649e259b0360f34fa5bc67f72a
[INFO] running `Command { std: "docker" "start" "-a" "4e4f4b6657a7fac17f845afe9d7cbd3a1fa760649e259b0360f34fa5bc67f72a", kill_on_drop: false }`
[INFO] [stderr]    Compiling proc-macro2 v1.0.81
[INFO] [stderr]    Compiling unicode-ident v1.0.12
[INFO] [stderr]    Compiling libc v0.2.153
[INFO] [stderr]    Compiling autocfg v1.2.0
[INFO] [stderr]    Compiling cfg-if v1.0.0
[INFO] [stderr]    Compiling fnv v1.0.7
[INFO] [stderr]    Compiling bytes v1.6.0
[INFO] [stderr]    Compiling parking_lot_core v0.9.9
[INFO] [stderr]    Compiling once_cell v1.19.0
[INFO] [stderr]    Compiling pin-project-lite v0.2.14
[INFO] [stderr]    Compiling smallvec v1.13.2
[INFO] [stderr]    Compiling scopeguard v1.2.0
[INFO] [stderr]    Compiling log v0.4.21
[INFO] [stderr]    Compiling vcpkg v0.2.15
[INFO] [stderr]    Compiling itoa v1.0.11
[INFO] [stderr]    Compiling futures-core v0.3.30
[INFO] [stderr]    Compiling pkg-config v0.3.30
[INFO] [stderr]    Compiling cc v1.0.95
[INFO] [stderr]    Compiling futures-task v0.3.30
[INFO] [stderr]    Compiling pin-utils v0.1.0
[INFO] [stderr]    Compiling futures-sink v0.3.30
[INFO] [stderr]    Compiling tracing-core v0.1.32
[INFO] [stderr]    Compiling ident_case v1.0.1
[INFO] [stderr]    Compiling hashbrown v0.14.3
[INFO] [stderr]    Compiling futures-util v0.3.30
[INFO] [stderr]    Compiling openssl v0.10.64
[INFO] [stderr]    Compiling httparse v1.8.0
[INFO] [stderr]    Compiling equivalent v1.0.1
[INFO] [stderr]    Compiling strsim v0.10.0
[INFO] [stderr]    Compiling lock_api v0.4.11
[INFO] [stderr]    Compiling slab v0.4.9
[INFO] [stderr]    Compiling foreign-types-shared v0.1.1
[INFO] [stderr]    Compiling foreign-types v0.3.2
[INFO] [stderr]    Compiling native-tls v0.2.11
[INFO] [stderr]    Compiling bitflags v2.5.0
[INFO] [stderr]    Compiling try-lock v0.2.5
[INFO] [stderr]    Compiling quote v1.0.36
[INFO] [stderr]    Compiling serde v1.0.198
[INFO] [stderr]    Compiling tinyvec_macros v0.1.1
[INFO] [stderr]    Compiling tinyvec v1.6.0
[INFO] [stderr]    Compiling want v0.3.1
[INFO] [stderr]    Compiling futures-channel v0.3.30
[INFO] [stderr]    Compiling http v1.1.0
[INFO] [stderr]    Compiling syn v2.0.60
[INFO] [stderr]    Compiling socket2 v0.5.6
[INFO] [stderr]    Compiling mio v0.8.11
[INFO] [stderr]    Compiling signal-hook-registry v1.4.1
[INFO] [stderr]    Compiling num_cpus v1.16.0
[INFO] [stderr]    Compiling tracing v0.1.40
[INFO] [stderr]    Compiling tower-service v0.3.2
[INFO] [stderr]    Compiling percent-encoding v2.3.1
[INFO] [stderr]    Compiling openssl-probe v0.1.5
[INFO] [stderr]    Compiling parking_lot v0.12.1
[INFO] [stderr]    Compiling tower-layer v0.3.2
[INFO] [stderr]    Compiling form_urlencoded v1.2.1
[INFO] [stderr]    Compiling serde_json v1.0.116
[INFO] [stderr]    Compiling indexmap v2.2.6
[INFO] [stderr]    Compiling unicode-bidi v0.3.15
[INFO] [stderr]    Compiling ryu v1.0.17
[INFO] [stderr]    Compiling unicode-normalization v0.1.23
[INFO] [stderr]    Compiling rustls-pki-types v1.4.1
[INFO] [stderr]    Compiling base64 v0.22.0
[INFO] [stderr]    Compiling encoding_rs v0.8.34
[INFO] [stderr]    Compiling openssl-sys v0.9.102
[INFO] [stderr]    Compiling sync_wrapper v0.1.2
[INFO] [stderr]    Compiling ipnet v2.9.0
[INFO] [stderr]    Compiling mime v0.3.17
[INFO] [stderr]    Compiling rustls-pemfile v2.1.2
[INFO] [stderr]    Compiling idna v0.5.0
[INFO] [stderr]    Compiling url v2.5.0
[INFO] [stderr]    Compiling http-body v1.0.0
[INFO] [stderr]    Compiling http-body-util v0.1.1
[INFO] [stderr]    Compiling serde_urlencoded v0.7.1
[INFO] [stderr]    Compiling darling_core v0.20.8
[INFO] [stderr]    Compiling tokio-macros v2.2.0
[INFO] [stderr]    Compiling pin-project-internal v1.1.5
[INFO] [stderr]    Compiling openssl-macros v0.1.1
[INFO] [stderr]    Compiling serde_derive v1.0.198
[INFO] [stderr]    Compiling tokio v1.37.0
[INFO] [stderr]    Compiling darling_macro v0.20.8
[INFO] [stderr]    Compiling pin-project v1.1.5
[INFO] [stderr]    Compiling darling v0.20.8
[INFO] [stderr]    Compiling derive_builder_core v0.20.0
[INFO] [stderr]    Compiling derive_builder_macro v0.20.0
[INFO] [stderr]    Compiling derive_builder v0.20.0
[INFO] [stderr]    Compiling tokio-util v0.7.10
[INFO] [stderr]    Compiling tower v0.4.13
[INFO] [stderr]    Compiling tokio-native-tls v0.3.1
[INFO] [stderr]    Compiling h2 v0.4.4
[INFO] [stderr]    Compiling hyper v1.3.1
[INFO] [stderr]    Compiling hyper-util v0.1.3
[INFO] [stderr]    Compiling hyper-tls v0.6.0
[INFO] [stderr]    Compiling reqwest v0.12.4
[INFO] [stderr]    Compiling pacsearch v0.1.0 (/opt/rustwide/workdir)
[INFO] [stderr]     Finished `dev` profile [unoptimized + debuginfo] target(s) in 44.80s
[INFO] running `Command { std: "docker" "inspect" "4e4f4b6657a7fac17f845afe9d7cbd3a1fa760649e259b0360f34fa5bc67f72a", kill_on_drop: false }`
[INFO] running `Command { std: "docker" "rm" "-f" "4e4f4b6657a7fac17f845afe9d7cbd3a1fa760649e259b0360f34fa5bc67f72a", kill_on_drop: false }`
[INFO] [stdout] 4e4f4b6657a7fac17f845afe9d7cbd3a1fa760649e259b0360f34fa5bc67f72a
[INFO] running `Command { std: "docker" "create" "-v" "/var/lib/crater-agent-workspace/builds/worker-5-tc1/target:/opt/rustwide/target:rw,Z" "-v" "/var/lib/crater-agent-workspace/builds/worker-5-tc1/source:/opt/rustwide/workdir:ro,Z" "-v" "/var/lib/crater-agent-workspace/cargo-home:/opt/rustwide/cargo-home:ro,Z" "-v" "/var/lib/crater-agent-workspace/rustup-home:/opt/rustwide/rustup-home:ro,Z" "-e" "SOURCE_DIR=/opt/rustwide/workdir" "-e" "CARGO_TARGET_DIR=/opt/rustwide/target" "-e" "CARGO_INCREMENTAL=0" "-e" "RUST_BACKTRACE=full" "-e" "RUSTFLAGS=--cap-lints=warn" "-e" "RUSTDOCFLAGS=--cap-lints=warn" "-e" "CARGO_HOME=/opt/rustwide/cargo-home" "-e" "RUSTUP_HOME=/opt/rustwide/rustup-home" "-w" "/opt/rustwide/workdir" "-m" "1610612736" "--user" "0:0" "--network" "none" "ghcr.io/rust-lang/crates-build-env/linux@sha256:f3a9d4ad9d972b27faf3965f35b62e55ba32bbce8f20bc8fe909558a86702fde" "/opt/rustwide/cargo-home/bin/cargo" "+1.83.0" "test" "--frozen" "--no-run" "--message-format=json", kill_on_drop: false }`
[INFO] [stdout] 14ee0d549d5e84098325a00ef879cb667b375262f8779507593d710b3d0295fe
[INFO] running `Command { std: "docker" "start" "-a" "14ee0d549d5e84098325a00ef879cb667b375262f8779507593d710b3d0295fe", kill_on_drop: false }`
[INFO] [stderr]    Compiling pacsearch v0.1.0 (/opt/rustwide/workdir)
[INFO] [stderr]     Finished `test` profile [unoptimized + debuginfo] target(s) in 4.18s
[INFO] running `Command { std: "docker" "inspect" "14ee0d549d5e84098325a00ef879cb667b375262f8779507593d710b3d0295fe", kill_on_drop: false }`
[INFO] running `Command { std: "docker" "rm" "-f" "14ee0d549d5e84098325a00ef879cb667b375262f8779507593d710b3d0295fe", kill_on_drop: false }`
[INFO] [stdout] 14ee0d549d5e84098325a00ef879cb667b375262f8779507593d710b3d0295fe
[INFO] running `Command { std: "docker" "create" "-v" "/var/lib/crater-agent-workspace/builds/worker-5-tc1/target:/opt/rustwide/target:rw,Z" "-v" "/var/lib/crater-agent-workspace/builds/worker-5-tc1/source:/opt/rustwide/workdir:ro,Z" "-v" "/var/lib/crater-agent-workspace/cargo-home:/opt/rustwide/cargo-home:ro,Z" "-v" "/var/lib/crater-agent-workspace/rustup-home:/opt/rustwide/rustup-home:ro,Z" "-e" "SOURCE_DIR=/opt/rustwide/workdir" "-e" "CARGO_TARGET_DIR=/opt/rustwide/target" "-e" "CARGO_INCREMENTAL=0" "-e" "RUST_BACKTRACE=full" "-e" "RUSTFLAGS=--cap-lints=warn" "-e" "RUSTDOCFLAGS=--cap-lints=warn" "-e" "CARGO_HOME=/opt/rustwide/cargo-home" "-e" "RUSTUP_HOME=/opt/rustwide/rustup-home" "-w" "/opt/rustwide/workdir" "-m" "1610612736" "--user" "0:0" "--network" "none" "ghcr.io/rust-lang/crates-build-env/linux@sha256:f3a9d4ad9d972b27faf3965f35b62e55ba32bbce8f20bc8fe909558a86702fde" "/opt/rustwide/cargo-home/bin/cargo" "+1.83.0" "test" "--frozen", kill_on_drop: false }`
[INFO] [stdout] 8d4703b9a515f27966f3a9e9c6564c596625ccb305439453b1057da06480efb9
[INFO] running `Command { std: "docker" "start" "-a" "8d4703b9a515f27966f3a9e9c6564c596625ccb305439453b1057da06480efb9", kill_on_drop: false }`
[INFO] [stderr]     Finished `test` profile [unoptimized + debuginfo] target(s) in 0.16s
[INFO] [stderr]      Running unittests src/lib.rs (/opt/rustwide/target/debug/deps/pacsearch-520d664da70b2ca2)
[INFO] [stdout] 
[INFO] [stdout] running 6 tests
[INFO] [stdout] test official::details::test_build_url ... ok
[INFO] [stdout] test official::search::test_package_search_param_builder ... ok
[INFO] [stdout] test official::files::test_build_url ... ok
[INFO] [stdout] test official::details::test_get_package_details ... ok
[INFO] [stdout] test official::files::test_get_package_details ... ok
[INFO] [stdout] test official::search::test_search_packages ... FAILED
[INFO] [stdout] 
[INFO] [stdout] failures:
[INFO] [stdout] 
[INFO] [stdout] ---- official::search::test_search_packages stdout ----
[INFO] [stdout] param: PackageSearchParam { query: Some("pacman"), name: None, description: None, repo: Some(Core), arch: None, maintainer: None, packager: None, flagged: None }
[INFO] [stdout] thread 'official::search::test_search_packages' panicked at src/official/search.rs:99:49:
[INFO] [stdout] called `Result::unwrap()` on an `Err` value: reqwest::Error { kind: Request, url: Url { scheme: "https", cannot_be_a_base: false, username: "", password: None, host: Some(Domain("archlinux.org")), port: None, path: "/packages/search/json/", query: Some("repo=Core&q=pacman"), fragment: None }, source: Error { kind: Connect, source: Some(ConnectError("dns error", Custom { kind: Uncategorized, error: "failed to lookup address information: Temporary failure in name resolution" })) } }
[INFO] [stdout] stack backtrace:
[INFO] [stdout]    0:     0x55ccc52a8f1a - std::backtrace_rs::backtrace::libunwind::trace::h5a5b8284f2d0c266
[INFO] [stdout]                                at /rustc/90b35a6239c3d8bdabc530a6a0816f7ff89a0aaf/library/std/src/../../backtrace/src/backtrace/libunwind.rs:116:5
[INFO] [stdout]    1:     0x55ccc52a8f1a - std::backtrace_rs::backtrace::trace_unsynchronized::h76d4f1c9b0b875e3
[INFO] [stdout]                                at /rustc/90b35a6239c3d8bdabc530a6a0816f7ff89a0aaf/library/std/src/../../backtrace/src/backtrace/mod.rs:66:5
[INFO] [stdout]    2:     0x55ccc52a8f1a - std::sys::backtrace::_print_fmt::hc4546b8364a537c6
[INFO] [stdout]                                at /rustc/90b35a6239c3d8bdabc530a6a0816f7ff89a0aaf/library/std/src/sys/backtrace.rs:66:9
[INFO] [stdout]    3:     0x55ccc52a8f1a - <std::sys::backtrace::BacktraceLock::print::DisplayBacktrace as core::fmt::Display>::fmt::h5b6bd5631a6d1f6b
[INFO] [stdout]                                at /rustc/90b35a6239c3d8bdabc530a6a0816f7ff89a0aaf/library/std/src/sys/backtrace.rs:39:26
[INFO] [stdout]    4:     0x55ccc52d1d93 - core::fmt::rt::Argument::fmt::h270f6602a2b96f62
[INFO] [stdout]                                at /rustc/90b35a6239c3d8bdabc530a6a0816f7ff89a0aaf/library/core/src/fmt/rt.rs:177:76
[INFO] [stdout]    5:     0x55ccc52d1d93 - core::fmt::write::h7550c97b06c86515
[INFO] [stdout]                                at /rustc/90b35a6239c3d8bdabc530a6a0816f7ff89a0aaf/library/core/src/fmt/mod.rs:1186:21
[INFO] [stdout]    6:     0x55ccc52a55b3 - std::io::Write::write_fmt::h509ff860e5956e5e
[INFO] [stdout]                                at /rustc/90b35a6239c3d8bdabc530a6a0816f7ff89a0aaf/library/std/src/io/mod.rs:1839:15
[INFO] [stdout]    7:     0x55ccc52a8d62 - std::sys::backtrace::BacktraceLock::print::h2395ccd2c84ba3aa
[INFO] [stdout]                                at /rustc/90b35a6239c3d8bdabc530a6a0816f7ff89a0aaf/library/std/src/sys/backtrace.rs:42:9
[INFO] [stdout]    8:     0x55ccc52aa37a - std::panicking::default_hook::{{closure}}::he19d4c7230e07961
[INFO] [stdout]                                at /rustc/90b35a6239c3d8bdabc530a6a0816f7ff89a0aaf/library/std/src/panicking.rs:268:22
[INFO] [stdout]    9:     0x55ccc52aa184 - std::panicking::default_hook::hf614597d3c67bbdb
[INFO] [stdout]                                at /rustc/90b35a6239c3d8bdabc530a6a0816f7ff89a0aaf/library/std/src/panicking.rs:292:9
[INFO] [stdout]   10:     0x55ccc4e5f5e9 - <alloc::boxed::Box<F,A> as core::ops::function::Fn<Args>>::call::h39b51ce4599c23d1
[INFO] [stdout]                                at /rustc/90b35a6239c3d8bdabc530a6a0816f7ff89a0aaf/library/alloc/src/boxed.rs:2468:9
[INFO] [stdout]   11:     0x55ccc4e5f5e9 - test::test_main::{{closure}}::he977ae839a582784
[INFO] [stdout]                                at /rustc/90b35a6239c3d8bdabc530a6a0816f7ff89a0aaf/library/test/src/lib.rs:133:21
[INFO] [stdout]   12:     0x55ccc52aaa18 - <alloc::boxed::Box<F,A> as core::ops::function::Fn<Args>>::call::h9455091b6b06f9fb
[INFO] [stdout]                                at /rustc/90b35a6239c3d8bdabc530a6a0816f7ff89a0aaf/library/alloc/src/boxed.rs:2468:9
[INFO] [stdout]   13:     0x55ccc52aaa18 - std::panicking::rust_panic_with_hook::h8942133a8b252070
[INFO] [stdout]                                at /rustc/90b35a6239c3d8bdabc530a6a0816f7ff89a0aaf/library/std/src/panicking.rs:809:13
[INFO] [stdout]   14:     0x55ccc52aa7da - std::panicking::begin_panic_handler::{{closure}}::hb5f5963570096b29
[INFO] [stdout]                                at /rustc/90b35a6239c3d8bdabc530a6a0816f7ff89a0aaf/library/std/src/panicking.rs:674:13
[INFO] [stdout]   15:     0x55ccc52a93f9 - std::sys::backtrace::__rust_end_short_backtrace::h6208cedc1922feda
[INFO] [stdout]                                at /rustc/90b35a6239c3d8bdabc530a6a0816f7ff89a0aaf/library/std/src/sys/backtrace.rs:170:18
[INFO] [stdout]   16:     0x55ccc52aa46c - rust_begin_unwind
[INFO] [stdout]                                at /rustc/90b35a6239c3d8bdabc530a6a0816f7ff89a0aaf/library/std/src/panicking.rs:665:5
[INFO] [stdout]   17:     0x55ccc4ddd2a0 - core::panicking::panic_fmt::h0c3082644d1bf418
[INFO] [stdout]                                at /rustc/90b35a6239c3d8bdabc530a6a0816f7ff89a0aaf/library/core/src/panicking.rs:74:14
[INFO] [stdout]   18:     0x55ccc4ddd786 - core::result::unwrap_failed::hd20b4aa073bda1e2
[INFO] [stdout]                                at /rustc/90b35a6239c3d8bdabc530a6a0816f7ff89a0aaf/library/core/src/result.rs:1700:5
[INFO] [stdout]   19:     0x55ccc4e26f69 - core::result::Result<T,E>::unwrap::heb89cfdddfa2c403
[INFO] [stdout]                                at /rustc/90b35a6239c3d8bdabc530a6a0816f7ff89a0aaf/library/core/src/result.rs:1104:23
[INFO] [stdout]   20:     0x55ccc4e26f69 - pacsearch::official::search::test_search_packages::{{closure}}::hb78e35c560a4bfc0
[INFO] [stdout]                                at /opt/rustwide/workdir/src/official/search.rs:99:20
[INFO] [stdout]   21:     0x55ccc4e13102 - <core::pin::Pin<P> as core::future::future::Future>::poll::h427b580d8bc510e8
[INFO] [stdout]                                at /rustc/90b35a6239c3d8bdabc530a6a0816f7ff89a0aaf/library/core/src/future/future.rs:123:9
[INFO] [stdout]   22:     0x55ccc4e1313d - <core::pin::Pin<P> as core::future::future::Future>::poll::h5057a05a99dea530
[INFO] [stdout]                                at /rustc/90b35a6239c3d8bdabc530a6a0816f7ff89a0aaf/library/core/src/future/future.rs:123:9
[INFO] [stdout]   23:     0x55ccc4e1c88f - tokio::runtime::scheduler::current_thread::CoreGuard::block_on::{{closure}}::{{closure}}::{{closure}}::h077e63ac2d628307
[INFO] [stdout]                                at /opt/rustwide/cargo-home/registry/src/index.crates.io-6f17d22bba15001f/tokio-1.37.0/src/runtime/scheduler/current_thread/mod.rs:659:57
[INFO] [stdout]   24:     0x55ccc4e1c7c5 - tokio::runtime::coop::with_budget::h7a5d54f111a9afb1
[INFO] [stdout]                                at /opt/rustwide/cargo-home/registry/src/index.crates.io-6f17d22bba15001f/tokio-1.37.0/src/runtime/coop.rs:107:5
[INFO] [stdout]   25:     0x55ccc4e1c7c5 - tokio::runtime::coop::budget::h8507c0a170ff28d3
[INFO] [stdout]                                at /opt/rustwide/cargo-home/registry/src/index.crates.io-6f17d22bba15001f/tokio-1.37.0/src/runtime/coop.rs:73:5
[INFO] [stdout]   26:     0x55ccc4e1c7c5 - tokio::runtime::scheduler::current_thread::CoreGuard::block_on::{{closure}}::{{closure}}::h162494150a1b2ec5
[INFO] [stdout]                                at /opt/rustwide/cargo-home/registry/src/index.crates.io-6f17d22bba15001f/tokio-1.37.0/src/runtime/scheduler/current_thread/mod.rs:659:25
[INFO] [stdout]   27:     0x55ccc4e1b570 - tokio::runtime::scheduler::current_thread::Context::enter::hd1f19e41cb3c6132
[INFO] [stdout]                                at /opt/rustwide/cargo-home/registry/src/index.crates.io-6f17d22bba15001f/tokio-1.37.0/src/runtime/scheduler/current_thread/mod.rs:404:19
[INFO] [stdout]   28:     0x55ccc4e1c02e - tokio::runtime::scheduler::current_thread::CoreGuard::block_on::{{closure}}::h4a48b055cf0e6327
[INFO] [stdout]                                at /opt/rustwide/cargo-home/registry/src/index.crates.io-6f17d22bba15001f/tokio-1.37.0/src/runtime/scheduler/current_thread/mod.rs:658:36
[INFO] [stdout]   29:     0x55ccc4e1bda4 - tokio::runtime::scheduler::current_thread::CoreGuard::enter::{{closure}}::he57950bef5cc01b3
[INFO] [stdout]                                at /opt/rustwide/cargo-home/registry/src/index.crates.io-6f17d22bba15001f/tokio-1.37.0/src/runtime/scheduler/current_thread/mod.rs:737:68
[INFO] [stdout]   30:     0x55ccc4e12c1b - tokio::runtime::context::scoped::Scoped<T>::set::hc6da6f5a7df2ac44
[INFO] [stdout]                                at /opt/rustwide/cargo-home/registry/src/index.crates.io-6f17d22bba15001f/tokio-1.37.0/src/runtime/context/scoped.rs:40:9
[INFO] [stdout]   31:     0x55ccc4e12a59 - tokio::runtime::context::set_scheduler::{{closure}}::h481ab68788d653b5
[INFO] [stdout]                                at /opt/rustwide/cargo-home/registry/src/index.crates.io-6f17d22bba15001f/tokio-1.37.0/src/runtime/context.rs:176:26
[INFO] [stdout]   32:     0x55ccc4e08c0d - std::thread::local::LocalKey<T>::try_with::hcefe2fda5c9fe6f1
[INFO] [stdout]                                at /rustc/90b35a6239c3d8bdabc530a6a0816f7ff89a0aaf/library/std/src/thread/local.rs:283:12
[INFO] [stdout]   33:     0x55ccc4e0851a - std::thread::local::LocalKey<T>::with::haa708565c0ed0ce2
[INFO] [stdout]                                at /rustc/90b35a6239c3d8bdabc530a6a0816f7ff89a0aaf/library/std/src/thread/local.rs:260:9
[INFO] [stdout]   34:     0x55ccc4e12a0d - tokio::runtime::context::set_scheduler::hf1c99d062b1ec464
[INFO] [stdout]                                at /opt/rustwide/cargo-home/registry/src/index.crates.io-6f17d22bba15001f/tokio-1.37.0/src/runtime/context.rs:176:9
[INFO] [stdout]   35:     0x55ccc4e1bb50 - tokio::runtime::scheduler::current_thread::CoreGuard::enter::hc4bb862697d21d7d
[INFO] [stdout]                                at /opt/rustwide/cargo-home/registry/src/index.crates.io-6f17d22bba15001f/tokio-1.37.0/src/runtime/scheduler/current_thread/mod.rs:737:27
[INFO] [stdout]   36:     0x55ccc4e1bdc3 - tokio::runtime::scheduler::current_thread::CoreGuard::block_on::h34d2aa442dace54b
[INFO] [stdout]                                at /opt/rustwide/cargo-home/registry/src/index.crates.io-6f17d22bba15001f/tokio-1.37.0/src/runtime/scheduler/current_thread/mod.rs:646:19
[INFO] [stdout]   37:     0x55ccc4e1adbd - tokio::runtime::scheduler::current_thread::CurrentThread::block_on::{{closure}}::he343d1c2cfce0d7f
[INFO] [stdout]                                at /opt/rustwide/cargo-home/registry/src/index.crates.io-6f17d22bba15001f/tokio-1.37.0/src/runtime/scheduler/current_thread/mod.rs:175:28
[INFO] [stdout]   38:     0x55ccc4e0c5e6 - tokio::runtime::context::runtime::enter_runtime::h39746a7a3f85ff1f
[INFO] [stdout]                                at /opt/rustwide/cargo-home/registry/src/index.crates.io-6f17d22bba15001f/tokio-1.37.0/src/runtime/context/runtime.rs:65:16
[INFO] [stdout]   39:     0x55ccc4e1acd1 - tokio::runtime::scheduler::current_thread::CurrentThread::block_on::h882a3653d649b8db
[INFO] [stdout]                                at /opt/rustwide/cargo-home/registry/src/index.crates.io-6f17d22bba15001f/tokio-1.37.0/src/runtime/scheduler/current_thread/mod.rs:167:9
[INFO] [stdout]   40:     0x55ccc4e12d4d - tokio::runtime::runtime::Runtime::block_on::hdfaea5d86e5ce689
[INFO] [stdout]                                at /opt/rustwide/cargo-home/registry/src/index.crates.io-6f17d22bba15001f/tokio-1.37.0/src/runtime/runtime.rs:349:47
[INFO] [stdout]   41:     0x55ccc4e26971 - pacsearch::official::search::test_search_packages::hc51d8b4b3ffdc678
[INFO] [stdout]                                at /opt/rustwide/workdir/src/official/search.rs:102:5
[INFO] [stdout]   42:     0x55ccc4e26817 - pacsearch::official::search::test_search_packages::{{closure}}::h8537342660aa2b83
[INFO] [stdout]                                at /opt/rustwide/workdir/src/official/search.rs:90:32
[INFO] [stdout]   43:     0x55ccc4e21426 - core::ops::function::FnOnce::call_once::h4611772f1f9d417e
[INFO] [stdout]                                at /rustc/90b35a6239c3d8bdabc530a6a0816f7ff89a0aaf/library/core/src/ops/function.rs:250:5
[INFO] [stdout]   44:     0x55ccc4e63fab - core::ops::function::FnOnce::call_once::h109cf8051a59b34e
[INFO] [stdout]                                at /rustc/90b35a6239c3d8bdabc530a6a0816f7ff89a0aaf/library/core/src/ops/function.rs:250:5
[INFO] [stdout]   45:     0x55ccc4e63fab - test::__rust_begin_short_backtrace::hf4fff89d377446ba
[INFO] [stdout]                                at /rustc/90b35a6239c3d8bdabc530a6a0816f7ff89a0aaf/library/test/src/lib.rs:621:18
[INFO] [stdout]   46:     0x55ccc4e637e7 - test::run_test_in_process::{{closure}}::h0e39181dd7ee5a43
[INFO] [stdout]                                at /rustc/90b35a6239c3d8bdabc530a6a0816f7ff89a0aaf/library/test/src/lib.rs:644:60
[INFO] [stdout]   47:     0x55ccc4e637e7 - <core::panic::unwind_safe::AssertUnwindSafe<F> as core::ops::function::FnOnce<()>>::call_once::hc5a66a30f0bdfd1f
[INFO] [stdout]                                at /rustc/90b35a6239c3d8bdabc530a6a0816f7ff89a0aaf/library/core/src/panic/unwind_safe.rs:272:9
[INFO] [stdout]   48:     0x55ccc4e637e7 - std::panicking::try::do_call::h873b7cf639554a5e
[INFO] [stdout]                                at /rustc/90b35a6239c3d8bdabc530a6a0816f7ff89a0aaf/library/std/src/panicking.rs:557:40
[INFO] [stdout]   49:     0x55ccc4e637e7 - std::panicking::try::hdb19862fad9c8bd1
[INFO] [stdout]                                at /rustc/90b35a6239c3d8bdabc530a6a0816f7ff89a0aaf/library/std/src/panicking.rs:520:19
[INFO] [stdout]   50:     0x55ccc4e637e7 - std::panic::catch_unwind::h281fe732d236d260
[INFO] [stdout]                                at /rustc/90b35a6239c3d8bdabc530a6a0816f7ff89a0aaf/library/std/src/panic.rs:358:14
[INFO] [stdout]   51:     0x55ccc4e637e7 - test::run_test_in_process::h949b6df8457ed338
[INFO] [stdout]                                at /rustc/90b35a6239c3d8bdabc530a6a0816f7ff89a0aaf/library/test/src/lib.rs:644:27
[INFO] [stdout]   52:     0x55ccc4e637e7 - test::run_test::{{closure}}::h52c556a6d4740e10
[INFO] [stdout]                                at /rustc/90b35a6239c3d8bdabc530a6a0816f7ff89a0aaf/library/test/src/lib.rs:565:43
[INFO] [stdout]   53:     0x55ccc4e28ac4 - test::run_test::{{closure}}::h4237f6381c45ccb9
[INFO] [stdout]                                at /rustc/90b35a6239c3d8bdabc530a6a0816f7ff89a0aaf/library/test/src/lib.rs:595:41
[INFO] [stdout]   54:     0x55ccc4e28ac4 - std::sys::backtrace::__rust_begin_short_backtrace::h505c97a579eca628
[INFO] [stdout]                                at /rustc/90b35a6239c3d8bdabc530a6a0816f7ff89a0aaf/library/std/src/sys/backtrace.rs:154:18
[INFO] [stdout]   55:     0x55ccc4e2c18e - std::thread::Builder::spawn_unchecked_::{{closure}}::{{closure}}::h9e86b2e2bc107ea3
[INFO] [stdout]                                at /rustc/90b35a6239c3d8bdabc530a6a0816f7ff89a0aaf/library/std/src/thread/mod.rs:538:17
[INFO] [stdout]   56:     0x55ccc4e2c18e - <core::panic::unwind_safe::AssertUnwindSafe<F> as core::ops::function::FnOnce<()>>::call_once::h8b06ddb275ff4a25
[INFO] [stdout]                                at /rustc/90b35a6239c3d8bdabc530a6a0816f7ff89a0aaf/library/core/src/panic/unwind_safe.rs:272:9
[INFO] [stdout]   57:     0x55ccc4e2c18e - std::panicking::try::do_call::hb26ecd7cd9a9355d
[INFO] [stdout]                                at /rustc/90b35a6239c3d8bdabc530a6a0816f7ff89a0aaf/library/std/src/panicking.rs:557:40
[INFO] [stdout]   58:     0x55ccc4e2c18e - std::panicking::try::h8ddeca9d705f9069
[INFO] [stdout]                                at /rustc/90b35a6239c3d8bdabc530a6a0816f7ff89a0aaf/library/std/src/panicking.rs:520:19
[INFO] [stdout]   59:     0x55ccc4e2c18e - std::panic::catch_unwind::h49e1c33078844c46
[INFO] [stdout]                                at /rustc/90b35a6239c3d8bdabc530a6a0816f7ff89a0aaf/library/std/src/panic.rs:358:14
[INFO] [stdout]   60:     0x55ccc4e2c18e - std::thread::Builder::spawn_unchecked_::{{closure}}::h6073db6ff56ad35d
[INFO] [stdout]                                at /rustc/90b35a6239c3d8bdabc530a6a0816f7ff89a0aaf/library/std/src/thread/mod.rs:537:30
[INFO] [stdout]   61:     0x55ccc4e2c18e - core::ops::function::FnOnce::call_once{{vtable.shim}}::h2c5a5f3779c774f1
[INFO] [stdout]                                at /rustc/90b35a6239c3d8bdabc530a6a0816f7ff89a0aaf/library/core/src/ops/function.rs:250:5
[INFO] [stdout]   62:     0x55ccc52aecdb - <alloc::boxed::Box<F,A> as core::ops::function::FnOnce<Args>>::call_once::hf75717d9f28faebf
[INFO] [stdout]                                at /rustc/90b35a6239c3d8bdabc530a6a0816f7ff89a0aaf/library/alloc/src/boxed.rs:2454:9
[INFO] [stdout]   63:     0x55ccc52aecdb - <alloc::boxed::Box<F,A> as core::ops::function::FnOnce<Args>>::call_once::h7bd883a5f3c5f3c1
[INFO] [stdout]                                at /rustc/90b35a6239c3d8bdabc530a6a0816f7ff89a0aaf/library/alloc/src/boxed.rs:2454:9
[INFO] [stdout]   64:     0x55ccc52aecdb - std::sys::pal::unix::thread::Thread::new::thread_start::hcc78f3943333fa94
[INFO] [stdout]                                at /rustc/90b35a6239c3d8bdabc530a6a0816f7ff89a0aaf/library/std/src/sys/pal/unix/thread.rs:105:17
[INFO] [stdout]   65:     0x74985d600ac3 - <unknown>
[INFO] [stdout]   66:     0x74985d691a04 - clone
[INFO] [stdout]   67:                0x0 - <unknown>
[INFO] [stdout] 
[INFO] [stdout] 
[INFO] [stdout] failures:
[INFO] [stdout]     official::search::test_search_packages
[INFO] [stdout] 
[INFO] [stdout] test result: FAILED. 5 passed; 1 failed; 0 ignored; 0 measured; 0 filtered out; finished in 0.21s
[INFO] [stdout] 
[INFO] [stderr] error: test failed, to rerun pass `--lib`
[INFO] running `Command { std: "docker" "inspect" "8d4703b9a515f27966f3a9e9c6564c596625ccb305439453b1057da06480efb9", kill_on_drop: false }`
[INFO] running `Command { std: "docker" "rm" "-f" "8d4703b9a515f27966f3a9e9c6564c596625ccb305439453b1057da06480efb9", kill_on_drop: false }`
[INFO] [stdout] 8d4703b9a515f27966f3a9e9c6564c596625ccb305439453b1057da06480efb9
