[INFO] cloning repository https://github.com/sgt0/vapours
[INFO] running `Command { std: "git" "-c" "credential.helper=" "-c" "credential.helper=/workspace/cargo-home/bin/git-credential-null" "clone" "--bare" "https://github.com/sgt0/vapours" "/workspace/cache/git-repos/https%3A%2F%2Fgithub.com%2Fsgt0%2Fvapours", kill_on_drop: false }`
[INFO] [stderr] Cloning into bare repository '/workspace/cache/git-repos/https%3A%2F%2Fgithub.com%2Fsgt0%2Fvapours'...
[INFO] running `Command { std: "git" "rev-parse" "HEAD", kill_on_drop: false }`
[INFO] [stdout] 8b2de48d9590885cc0d970d775d65eee0f5e9ed1
[INFO] testing sgt0/vapours against 1.83.0 for beta-1.84.0-4-retry
[INFO] running `Command { std: "git" "clone" "/workspace/cache/git-repos/https%3A%2F%2Fgithub.com%2Fsgt0%2Fvapours" "/workspace/builds/worker-5-tc1/source", kill_on_drop: false }`
[INFO] [stderr] Cloning into '/workspace/builds/worker-5-tc1/source'...
[INFO] [stderr] done.
[INFO] validating manifest of git repo https://github.com/sgt0/vapours on toolchain 1.83.0
[INFO] running `Command { std: CARGO_HOME="/workspace/cargo-home" RUSTUP_HOME="/workspace/rustup-home" "/workspace/cargo-home/bin/cargo" "+1.83.0" "metadata" "--manifest-path" "Cargo.toml" "--no-deps", kill_on_drop: false }`
[INFO] started tweaking git repo https://github.com/sgt0/vapours
[INFO] finished tweaking git repo https://github.com/sgt0/vapours
[INFO] tweaked toml for git repo https://github.com/sgt0/vapours written to /workspace/builds/worker-5-tc1/source/Cargo.toml
[INFO] crate git repo https://github.com/sgt0/vapours already has a lockfile, it will not be regenerated
[INFO] running `Command { std: CARGO_HOME="/workspace/cargo-home" RUSTUP_HOME="/workspace/rustup-home" "/workspace/cargo-home/bin/cargo" "+1.83.0" "fetch" "--manifest-path" "Cargo.toml", kill_on_drop: false }`
[INFO] [stderr]     Updating crates.io index
[INFO] [stderr]  Downloading crates ...
[INFO] [stderr]   Downloaded const-str v0.5.7
[INFO] [stderr]   Downloaded bon-macros v3.3.0
[INFO] [stderr]   Downloaded vapoursynth4-sys v0.3.0
[INFO] [stderr]   Downloaded vapoursynth4-rs v0.3.0
[INFO] [stderr]   Downloaded bon v3.3.0
[INFO] running `Command { std: "docker" "create" "-v" "/var/lib/crater-agent-workspace/builds/worker-5-tc1/target:/opt/rustwide/target:rw,Z" "-v" "/var/lib/crater-agent-workspace/builds/worker-5-tc1/source:/opt/rustwide/workdir:ro,Z" "-v" "/var/lib/crater-agent-workspace/cargo-home:/opt/rustwide/cargo-home:ro,Z" "-v" "/var/lib/crater-agent-workspace/rustup-home:/opt/rustwide/rustup-home:ro,Z" "-e" "SOURCE_DIR=/opt/rustwide/workdir" "-e" "CARGO_TARGET_DIR=/opt/rustwide/target" "-e" "CARGO_HOME=/opt/rustwide/cargo-home" "-e" "RUSTUP_HOME=/opt/rustwide/rustup-home" "-w" "/opt/rustwide/workdir" "-m" "1610612736" "--user" "0:0" "--network" "none" "ghcr.io/rust-lang/crates-build-env/linux@sha256:f3a9d4ad9d972b27faf3965f35b62e55ba32bbce8f20bc8fe909558a86702fde" "/opt/rustwide/cargo-home/bin/cargo" "+1.83.0" "metadata" "--no-deps" "--format-version=1", kill_on_drop: false }`
[INFO] [stdout] 020fc08ae77283caa6e5eadbc789dfd0f76b0e99edcfd73317f088007e8d30da
[INFO] running `Command { std: "docker" "start" "-a" "020fc08ae77283caa6e5eadbc789dfd0f76b0e99edcfd73317f088007e8d30da", kill_on_drop: false }`
[INFO] running `Command { std: "docker" "inspect" "020fc08ae77283caa6e5eadbc789dfd0f76b0e99edcfd73317f088007e8d30da", kill_on_drop: false }`
[INFO] running `Command { std: "docker" "rm" "-f" "020fc08ae77283caa6e5eadbc789dfd0f76b0e99edcfd73317f088007e8d30da", kill_on_drop: false }`
[INFO] [stdout] 020fc08ae77283caa6e5eadbc789dfd0f76b0e99edcfd73317f088007e8d30da
[INFO] running `Command { std: "docker" "create" "-v" "/var/lib/crater-agent-workspace/builds/worker-5-tc1/target:/opt/rustwide/target:rw,Z" "-v" "/var/lib/crater-agent-workspace/builds/worker-5-tc1/source:/opt/rustwide/workdir:ro,Z" "-v" "/var/lib/crater-agent-workspace/cargo-home:/opt/rustwide/cargo-home:ro,Z" "-v" "/var/lib/crater-agent-workspace/rustup-home:/opt/rustwide/rustup-home:ro,Z" "-e" "SOURCE_DIR=/opt/rustwide/workdir" "-e" "CARGO_TARGET_DIR=/opt/rustwide/target" "-e" "CARGO_INCREMENTAL=0" "-e" "RUST_BACKTRACE=full" "-e" "RUSTFLAGS=--cap-lints=warn" "-e" "RUSTDOCFLAGS=--cap-lints=warn" "-e" "CARGO_HOME=/opt/rustwide/cargo-home" "-e" "RUSTUP_HOME=/opt/rustwide/rustup-home" "-w" "/opt/rustwide/workdir" "-m" "1610612736" "--user" "0:0" "--network" "none" "ghcr.io/rust-lang/crates-build-env/linux@sha256:f3a9d4ad9d972b27faf3965f35b62e55ba32bbce8f20bc8fe909558a86702fde" "/opt/rustwide/cargo-home/bin/cargo" "+1.83.0" "build" "--frozen" "--message-format=json", kill_on_drop: false }`
[INFO] [stdout] 361854e59e73c166d1d99d1b37b65880d8842a60b2e153b04fafd964da62adcc
[INFO] running `Command { std: "docker" "start" "-a" "361854e59e73c166d1d99d1b37b65880d8842a60b2e153b04fafd964da62adcc", kill_on_drop: false }`
[INFO] [stderr]    Compiling proc-macro2 v1.0.92
[INFO] [stderr]    Compiling unicode-ident v1.0.14
[INFO] [stderr]    Compiling strsim v0.11.1
[INFO] [stderr]    Compiling fnv v1.0.7
[INFO] [stderr]    Compiling ident_case v1.0.1
[INFO] [stderr]    Compiling rustversion v1.0.18
[INFO] [stderr]    Compiling prettyplease v0.2.25
[INFO] [stderr]    Compiling autocfg v1.4.0
[INFO] [stderr]    Compiling vapoursynth4-sys v0.3.0
[INFO] [stderr]    Compiling thiserror v2.0.7
[INFO] [stderr]    Compiling thiserror v1.0.69
[INFO] [stderr]    Compiling cfg-if v1.0.0
[INFO] [stderr]    Compiling unicode-width v0.1.14
[INFO] [stderr]    Compiling heck v0.5.0
[INFO] [stderr]    Compiling seq-macro v0.3.5
[INFO] [stderr]    Compiling strum v0.26.3
[INFO] [stderr]    Compiling const-str v0.5.7
[INFO] [stderr]    Compiling num-traits v0.2.19
[INFO] [stderr]    Compiling quote v1.0.37
[INFO] [stderr]    Compiling syn v2.0.90
[INFO] [stderr]    Compiling darling_core v0.20.10
[INFO] [stderr]    Compiling thiserror-impl v1.0.69
[INFO] [stderr]    Compiling thiserror-impl v2.0.7
[INFO] [stderr]    Compiling miette-derive v7.4.0
[INFO] [stderr]    Compiling strum_macros v0.26.4
[INFO] [stderr]    Compiling num-derive v0.4.2
[INFO] [stderr]    Compiling darling_macro v0.20.10
[INFO] [stderr]    Compiling miette v7.4.0
[INFO] [stderr]    Compiling darling v0.20.10
[INFO] [stderr]    Compiling bon-macros v3.3.0
[INFO] [stderr]    Compiling bon v3.3.0
[INFO] [stderr]    Compiling vapoursynth4-rs v0.3.0
[INFO] [stderr]    Compiling vapours v0.0.0 (/opt/rustwide/workdir)
[INFO] [stdout] warning: unreachable statement
[INFO] [stdout]   --> src/utils.rs:78:5
[INFO] [stdout]    |
[INFO] [stdout] 76 |       todo!("Needs configurable dither type, non-fmtc dithering, and probably more.");
[INFO] [stdout]    |       ------------------------------------------------------------------------------- any code following this expression is unreachable
[INFO] [stdout] 77 |
[INFO] [stdout] 78 | /     let Some(fmtc_plugin) = self.get_plugin_by_id(cstr!(FMTCONV_NAMESPACE)) else {
[INFO] [stdout] 79 | |       return Err(VapoursError::DependencyNotFoundError(
[INFO] [stdout] 80 | |         FMTCONV_NAMESPACE.to_string(),
[INFO] [stdout] 81 | |       ));
[INFO] [stdout] 82 | |     };
[INFO] [stdout]    | |______^ unreachable statement
[INFO] [stdout]    |
[INFO] [stdout]    = note: `#[warn(unreachable_code)]` on by default
[INFO] [stdout] 
[INFO] [stdout] 
[INFO] [stdout] warning: unused variable: `clip`
[INFO] [stdout]   --> src/utils.rs:75:19
[INFO] [stdout]    |
[INFO] [stdout] 75 |   fn depth(&self, clip: VideoNode, bit_depth: u32) -> Result<VideoNode, VapoursError> {
[INFO] [stdout]    |                   ^^^^ help: if this is intentional, prefix it with an underscore: `_clip`
[INFO] [stdout]    |
[INFO] [stdout]    = note: `#[warn(unused_variables)]` on by default
[INFO] [stdout] 
[INFO] [stdout] 
[INFO] [stdout] warning: unused variable: `bit_depth`
[INFO] [stdout]   --> src/utils.rs:75:36
[INFO] [stdout]    |
[INFO] [stdout] 75 |   fn depth(&self, clip: VideoNode, bit_depth: u32) -> Result<VideoNode, VapoursError> {
[INFO] [stdout]    |                                    ^^^^^^^^^ help: if this is intentional, prefix it with an underscore: `_bit_depth`
[INFO] [stdout] 
[INFO] [stdout] 
[INFO] [stderr]     Finished `dev` profile [unoptimized + debuginfo] target(s) in 23.33s
[INFO] running `Command { std: "docker" "inspect" "361854e59e73c166d1d99d1b37b65880d8842a60b2e153b04fafd964da62adcc", kill_on_drop: false }`
[INFO] running `Command { std: "docker" "rm" "-f" "361854e59e73c166d1d99d1b37b65880d8842a60b2e153b04fafd964da62adcc", kill_on_drop: false }`
[INFO] [stdout] 361854e59e73c166d1d99d1b37b65880d8842a60b2e153b04fafd964da62adcc
[INFO] running `Command { std: "docker" "create" "-v" "/var/lib/crater-agent-workspace/builds/worker-5-tc1/target:/opt/rustwide/target:rw,Z" "-v" "/var/lib/crater-agent-workspace/builds/worker-5-tc1/source:/opt/rustwide/workdir:ro,Z" "-v" "/var/lib/crater-agent-workspace/cargo-home:/opt/rustwide/cargo-home:ro,Z" "-v" "/var/lib/crater-agent-workspace/rustup-home:/opt/rustwide/rustup-home:ro,Z" "-e" "SOURCE_DIR=/opt/rustwide/workdir" "-e" "CARGO_TARGET_DIR=/opt/rustwide/target" "-e" "CARGO_INCREMENTAL=0" "-e" "RUST_BACKTRACE=full" "-e" "RUSTFLAGS=--cap-lints=warn" "-e" "RUSTDOCFLAGS=--cap-lints=warn" "-e" "CARGO_HOME=/opt/rustwide/cargo-home" "-e" "RUSTUP_HOME=/opt/rustwide/rustup-home" "-w" "/opt/rustwide/workdir" "-m" "1610612736" "--user" "0:0" "--network" "none" "ghcr.io/rust-lang/crates-build-env/linux@sha256:f3a9d4ad9d972b27faf3965f35b62e55ba32bbce8f20bc8fe909558a86702fde" "/opt/rustwide/cargo-home/bin/cargo" "+1.83.0" "test" "--frozen" "--no-run" "--message-format=json", kill_on_drop: false }`
[INFO] [stdout] 2c39194945bddcb08b12dbeea916b6c88bbbcdeadc5c1f2042f48bc801893150
[INFO] running `Command { std: "docker" "start" "-a" "2c39194945bddcb08b12dbeea916b6c88bbbcdeadc5c1f2042f48bc801893150", kill_on_drop: false }`
[INFO] [stderr]    Compiling semver v1.0.24
[INFO] [stderr]    Compiling equivalent v1.0.1
[INFO] [stderr]    Compiling futures-sink v0.3.31
[INFO] [stderr]    Compiling hashbrown v0.15.2
[INFO] [stderr]    Compiling memchr v2.7.4
[INFO] [stderr]    Compiling futures-core v0.3.31
[INFO] [stderr]    Compiling futures-task v0.3.31
[INFO] [stderr]    Compiling futures-io v0.3.31
[INFO] [stderr]    Compiling slab v0.4.9
[INFO] [stderr]    Compiling regex-syntax v0.8.5
[INFO] [stderr]    Compiling toml_datetime v0.6.8
[INFO] [stderr]    Compiling winnow v0.6.20
[INFO] [stderr]    Compiling pin-project-lite v0.2.15
[INFO] [stderr]    Compiling pin-utils v0.1.0
[INFO] [stderr]    Compiling futures-macro v0.3.31
[INFO] [stderr]    Compiling glob v0.3.1
[INFO] [stderr]    Compiling relative-path v1.9.3
[INFO] [stderr]    Compiling futures-timer v3.0.3
[INFO] [stderr]    Compiling approx v0.5.1
[INFO] [stderr]    Compiling futures-channel v0.3.31
[INFO] [stdout] warning: unreachable statement
[INFO] [stdout]   --> src/utils.rs:78:5
[INFO] [stdout]    |
[INFO] [stdout] 76 |       todo!("Needs configurable dither type, non-fmtc dithering, and probably more.");
[INFO] [stdout]    |       ------------------------------------------------------------------------------- any code following this expression is unreachable
[INFO] [stdout] 77 |
[INFO] [stdout] 78 | /     let Some(fmtc_plugin) = self.get_plugin_by_id(cstr!(FMTCONV_NAMESPACE)) else {
[INFO] [stdout] 79 | |       return Err(VapoursError::DependencyNotFoundError(
[INFO] [stdout] 80 | |         FMTCONV_NAMESPACE.to_string(),
[INFO] [stdout] 81 | |       ));
[INFO] [stdout] 82 | |     };
[INFO] [stdout]    | |______^ unreachable statement
[INFO] [stdout]    |
[INFO] [stdout]    = note: `#[warn(unreachable_code)]` on by default
[INFO] [stdout] 
[INFO] [stdout] 
[INFO] [stdout] warning: unused variable: `clip`
[INFO] [stdout]   --> src/utils.rs:75:19
[INFO] [stdout]    |
[INFO] [stdout] 75 |   fn depth(&self, clip: VideoNode, bit_depth: u32) -> Result<VideoNode, VapoursError> {
[INFO] [stdout]    |                   ^^^^ help: if this is intentional, prefix it with an underscore: `_clip`
[INFO] [stdout]    |
[INFO] [stdout]    = note: `#[warn(unused_variables)]` on by default
[INFO] [stdout] 
[INFO] [stdout] 
[INFO] [stdout] warning: unused variable: `bit_depth`
[INFO] [stdout]   --> src/utils.rs:75:36
[INFO] [stdout]    |
[INFO] [stdout] 75 |   fn depth(&self, clip: VideoNode, bit_depth: u32) -> Result<VideoNode, VapoursError> {
[INFO] [stdout]    |                                    ^^^^^^^^^ help: if this is intentional, prefix it with an underscore: `_bit_depth`
[INFO] [stdout] 
[INFO] [stdout] 
[INFO] [stderr]    Compiling rustc_version v0.4.1
[INFO] [stderr]    Compiling indexmap v2.7.0
[INFO] [stderr]    Compiling aho-corasick v1.1.3
[INFO] [stderr]    Compiling rstest_macros v0.23.0
[INFO] [stderr]    Compiling futures-util v0.3.31
[INFO] [stderr]    Compiling regex-automata v0.4.9
[INFO] [stderr]    Compiling toml_edit v0.22.22
[INFO] [stderr]    Compiling futures-executor v0.3.31
[INFO] [stderr]    Compiling futures v0.3.31
[INFO] [stderr]    Compiling proc-macro-crate v3.2.0
[INFO] [stderr]    Compiling regex v1.11.1
[INFO] [stderr]    Compiling rstest v0.23.0
[INFO] [stderr]    Compiling vapours v0.0.0 (/opt/rustwide/workdir)
[INFO] [stdout] warning: unreachable statement
[INFO] [stdout]   --> src/utils.rs:78:5
[INFO] [stdout]    |
[INFO] [stdout] 76 |       todo!("Needs configurable dither type, non-fmtc dithering, and probably more.");
[INFO] [stdout]    |       ------------------------------------------------------------------------------- any code following this expression is unreachable
[INFO] [stdout] 77 |
[INFO] [stdout] 78 | /     let Some(fmtc_plugin) = self.get_plugin_by_id(cstr!(FMTCONV_NAMESPACE)) else {
[INFO] [stdout] 79 | |       return Err(VapoursError::DependencyNotFoundError(
[INFO] [stdout] 80 | |         FMTCONV_NAMESPACE.to_string(),
[INFO] [stdout] 81 | |       ));
[INFO] [stdout] 82 | |     };
[INFO] [stdout]    | |______^ unreachable statement
[INFO] [stdout]    |
[INFO] [stdout]    = note: `#[warn(unreachable_code)]` on by default
[INFO] [stdout] 
[INFO] [stdout] 
[INFO] [stdout] warning: unused variable: `clip`
[INFO] [stdout]   --> src/utils.rs:75:19
[INFO] [stdout]    |
[INFO] [stdout] 75 |   fn depth(&self, clip: VideoNode, bit_depth: u32) -> Result<VideoNode, VapoursError> {
[INFO] [stdout]    |                   ^^^^ help: if this is intentional, prefix it with an underscore: `_clip`
[INFO] [stdout]    |
[INFO] [stdout]    = note: `#[warn(unused_variables)]` on by default
[INFO] [stdout] 
[INFO] [stdout] 
[INFO] [stdout] warning: unused variable: `bit_depth`
[INFO] [stdout]   --> src/utils.rs:75:36
[INFO] [stdout]    |
[INFO] [stdout] 75 |   fn depth(&self, clip: VideoNode, bit_depth: u32) -> Result<VideoNode, VapoursError> {
[INFO] [stdout]    |                                    ^^^^^^^^^ help: if this is intentional, prefix it with an underscore: `_bit_depth`
[INFO] [stdout] 
[INFO] [stdout] 
[INFO] [stderr]     Finished `test` profile [unoptimized + debuginfo] target(s) in 21.50s
[INFO] running `Command { std: "docker" "inspect" "2c39194945bddcb08b12dbeea916b6c88bbbcdeadc5c1f2042f48bc801893150", kill_on_drop: false }`
[INFO] running `Command { std: "docker" "rm" "-f" "2c39194945bddcb08b12dbeea916b6c88bbbcdeadc5c1f2042f48bc801893150", kill_on_drop: false }`
[INFO] [stdout] 2c39194945bddcb08b12dbeea916b6c88bbbcdeadc5c1f2042f48bc801893150
[INFO] running `Command { std: "docker" "create" "-v" "/var/lib/crater-agent-workspace/builds/worker-5-tc1/target:/opt/rustwide/target:rw,Z" "-v" "/var/lib/crater-agent-workspace/builds/worker-5-tc1/source:/opt/rustwide/workdir:ro,Z" "-v" "/var/lib/crater-agent-workspace/cargo-home:/opt/rustwide/cargo-home:ro,Z" "-v" "/var/lib/crater-agent-workspace/rustup-home:/opt/rustwide/rustup-home:ro,Z" "-e" "SOURCE_DIR=/opt/rustwide/workdir" "-e" "CARGO_TARGET_DIR=/opt/rustwide/target" "-e" "CARGO_INCREMENTAL=0" "-e" "RUST_BACKTRACE=full" "-e" "RUSTFLAGS=--cap-lints=warn" "-e" "RUSTDOCFLAGS=--cap-lints=warn" "-e" "CARGO_HOME=/opt/rustwide/cargo-home" "-e" "RUSTUP_HOME=/opt/rustwide/rustup-home" "-w" "/opt/rustwide/workdir" "-m" "1610612736" "--user" "0:0" "--network" "none" "ghcr.io/rust-lang/crates-build-env/linux@sha256:f3a9d4ad9d972b27faf3965f35b62e55ba32bbce8f20bc8fe909558a86702fde" "/opt/rustwide/cargo-home/bin/cargo" "+1.83.0" "test" "--frozen", kill_on_drop: false }`
[INFO] [stdout] 7064d795cbcac160ef61e9b56f9bfd1a0367a69d50d1cff0070553f2f1a2f2cd
[INFO] running `Command { std: "docker" "start" "-a" "7064d795cbcac160ef61e9b56f9bfd1a0367a69d50d1cff0070553f2f1a2f2cd", kill_on_drop: false }`
[INFO] [stderr] warning: unreachable statement
[INFO] [stderr]   --> src/utils.rs:78:5
[INFO] [stderr]    |
[INFO] [stderr] 76 |       todo!("Needs configurable dither type, non-fmtc dithering, and probably more.");
[INFO] [stderr]    |       ------------------------------------------------------------------------------- any code following this expression is unreachable
[INFO] [stderr] 77 |
[INFO] [stderr] 78 | /     let Some(fmtc_plugin) = self.get_plugin_by_id(cstr!(FMTCONV_NAMESPACE)) else {
[INFO] [stderr] 79 | |       return Err(VapoursError::DependencyNotFoundError(
[INFO] [stderr] 80 | |         FMTCONV_NAMESPACE.to_string(),
[INFO] [stderr] 81 | |       ));
[INFO] [stderr] 82 | |     };
[INFO] [stderr]    | |______^ unreachable statement
[INFO] [stderr]    |
[INFO] [stderr]    = note: `#[warn(unreachable_code)]` on by default
[INFO] [stderr] 
[INFO] [stderr] warning: unused variable: `clip`
[INFO] [stderr]   --> src/utils.rs:75:19
[INFO] [stderr]    |
[INFO] [stderr] 75 |   fn depth(&self, clip: VideoNode, bit_depth: u32) -> Result<VideoNode, VapoursError> {
[INFO] [stderr]    |                   ^^^^ help: if this is intentional, prefix it with an underscore: `_clip`
[INFO] [stderr]    |
[INFO] [stderr]    = note: `#[warn(unused_variables)]` on by default
[INFO] [stderr] 
[INFO] [stderr] warning: unused variable: `bit_depth`
[INFO] [stderr]   --> src/utils.rs:75:36
[INFO] [stderr]    |
[INFO] [stderr] 75 |   fn depth(&self, clip: VideoNode, bit_depth: u32) -> Result<VideoNode, VapoursError> {
[INFO] [stderr]    |                                    ^^^^^^^^^ help: if this is intentional, prefix it with an underscore: `_bit_depth`
[INFO] [stderr] 
[INFO] [stderr] warning: `vapours` (lib) generated 3 warnings
[INFO] [stderr] warning: `vapours` (lib test) generated 3 warnings (3 duplicates)
[INFO] [stderr]     Finished `test` profile [unoptimized + debuginfo] target(s) in 0.08s
[INFO] [stderr]      Running unittests src/lib.rs (/opt/rustwide/target/debug/deps/vapours-b8bff3c7a33964dc)
[INFO] [stdout] 
[INFO] [stdout] running 336 tests
[INFO] [stdout] test scale::tests::test_scale_value_8_to_10::case_1::format_in_1_GRAY8::format_out_2_YUV420P10::chroma_3_Some_true_ ... ok
[INFO] [stdout] test scale::tests::test_scale_value_8_to_10::case_1::format_in_1_GRAY8::format_out_2_YUV420P10::chroma_2_Some_false_ ... ok
[INFO] [stdout] test scale::tests::test_scale_value_8_to_10::case_1::format_in_1_GRAY8::format_out_1_GRAY10::chroma_2_Some_false_ ... ok
[INFO] [stdout] test scale::tests::test_scale_value_8_to_10::case_1::format_in_1_GRAY8::format_out_1_GRAY10::chroma_3_Some_true_ ... ok
[INFO] [stdout] test scale::tests::test_scale_value_8_to_10::case_1::format_in_1_GRAY8::format_out_3_YUV444P10::chroma_1_None ... ok
[INFO] [stdout] test scale::tests::test_scale_value_8_to_10::case_1::format_in_1_GRAY8::format_out_3_YUV444P10::chroma_2_Some_false_ ... ok
[INFO] [stdout] test scale::tests::test_scale_value_8_to_10::case_1::format_in_1_GRAY8::format_out_2_YUV420P10::chroma_1_None ... ok
[INFO] [stdout] test scale::tests::test_scale_value_8_to_10::case_1::format_in_2_YUV420P8::format_out_1_GRAY10::chroma_1_None ... ok
[INFO] [stdout] test scale::tests::test_scale_value_8_to_10::case_1::format_in_2_YUV420P8::format_out_1_GRAY10::chroma_3_Some_true_ ... ok
[INFO] [stdout] test scale::tests::test_scale_value_8_to_10::case_1::format_in_2_YUV420P8::format_out_2_YUV420P10::chroma_1_None ... ok
[INFO] [stdout] test scale::tests::test_scale_value_8_to_10::case_1::format_in_1_GRAY8::format_out_1_GRAY10::chroma_1_None ... ok
[INFO] [stdout] test scale::tests::test_scale_value_8_to_10::case_1::format_in_2_YUV420P8::format_out_1_GRAY10::chroma_2_Some_false_ ... ok
[INFO] [stdout] test scale::tests::test_scale_value_8_to_10::case_1::format_in_1_GRAY8::format_out_3_YUV444P10::chroma_3_Some_true_ ... ok
[INFO] [stdout] test scale::tests::test_scale_value_8_to_10::case_1::format_in_2_YUV420P8::format_out_2_YUV420P10::chroma_3_Some_true_ ... ok
[INFO] [stdout] test scale::tests::test_scale_value_8_to_10::case_1::format_in_2_YUV420P8::format_out_3_YUV444P10::chroma_1_None ... ok
[INFO] [stdout] test scale::tests::test_scale_value_8_to_10::case_1::format_in_2_YUV420P8::format_out_2_YUV420P10::chroma_2_Some_false_ ... ok
[INFO] [stdout] test scale::tests::test_scale_value_8_to_10::case_1::format_in_2_YUV420P8::format_out_3_YUV444P10::chroma_2_Some_false_ ... ok
[INFO] [stdout] test scale::tests::test_scale_value_8_to_10::case_1::format_in_2_YUV420P8::format_out_3_YUV444P10::chroma_3_Some_true_ ... ok
[INFO] [stdout] test scale::tests::test_scale_value_8_to_10::case_1::format_in_3_YUV444P8::format_out_1_GRAY10::chroma_1_None ... ok
[INFO] [stdout] test scale::tests::test_scale_value_8_to_10::case_1::format_in_3_YUV444P8::format_out_1_GRAY10::chroma_2_Some_false_ ... ok
[INFO] [stdout] test scale::tests::test_scale_value_8_to_10::case_1::format_in_3_YUV444P8::format_out_1_GRAY10::chroma_3_Some_true_ ... ok
[INFO] [stdout] test scale::tests::test_scale_value_8_to_10::case_1::format_in_3_YUV444P8::format_out_2_YUV420P10::chroma_1_None ... ok
[INFO] [stdout] test scale::tests::test_scale_value_8_to_10::case_1::format_in_3_YUV444P8::format_out_2_YUV420P10::chroma_2_Some_false_ ... ok
[INFO] [stdout] test scale::tests::test_scale_value_8_to_10::case_1::format_in_3_YUV444P8::format_out_3_YUV444P10::chroma_1_None ... ok
[INFO] [stdout] test scale::tests::test_scale_value_8_to_10::case_1::format_in_3_YUV444P8::format_out_3_YUV444P10::chroma_2_Some_false_ ... ok
[INFO] [stdout] test scale::tests::test_scale_value_8_to_10::case_2::format_in_1_GRAY8::format_out_1_GRAY10::chroma_1_None ... ok
[INFO] [stdout] test scale::tests::test_scale_value_8_to_10::case_1::format_in_3_YUV444P8::format_out_3_YUV444P10::chroma_3_Some_true_ ... ok
[INFO] [stdout] test scale::tests::test_scale_value_8_to_10::case_2::format_in_1_GRAY8::format_out_1_GRAY10::chroma_3_Some_true_ ... ok
[INFO] [stdout] test scale::tests::test_scale_value_8_to_10::case_2::format_in_1_GRAY8::format_out_1_GRAY10::chroma_2_Some_false_ ... ok
[INFO] [stdout] test scale::tests::test_scale_value_8_to_10::case_2::format_in_1_GRAY8::format_out_2_YUV420P10::chroma_1_None ... ok
[INFO] [stdout] test scale::tests::test_scale_value_8_to_10::case_2::format_in_1_GRAY8::format_out_3_YUV444P10::chroma_2_Some_false_ ... ok
[INFO] [stdout] test scale::tests::test_scale_value_8_to_10::case_2::format_in_1_GRAY8::format_out_2_YUV420P10::chroma_3_Some_true_ ... ok
[INFO] [stdout] test scale::tests::test_scale_value_8_to_10::case_2::format_in_1_GRAY8::format_out_3_YUV444P10::chroma_3_Some_true_ ... ok
[INFO] [stdout] test scale::tests::test_scale_value_8_to_10::case_2::format_in_2_YUV420P8::format_out_1_GRAY10::chroma_1_None ... ok
[INFO] [stdout] test scale::tests::test_scale_value_8_to_10::case_2::format_in_2_YUV420P8::format_out_1_GRAY10::chroma_2_Some_false_ ... ok
[INFO] [stdout] test scale::tests::test_scale_value_8_to_10::case_2::format_in_2_YUV420P8::format_out_2_YUV420P10::chroma_1_None ... ok
[INFO] [stdout] test scale::tests::test_scale_value_8_to_10::case_2::format_in_2_YUV420P8::format_out_2_YUV420P10::chroma_2_Some_false_ ... ok
[INFO] [stdout] test scale::tests::test_scale_value_8_to_10::case_2::format_in_1_GRAY8::format_out_3_YUV444P10::chroma_1_None ... ok
[INFO] [stdout] test scale::tests::test_scale_value_8_to_10::case_2::format_in_2_YUV420P8::format_out_3_YUV444P10::chroma_3_Some_true_ ... ok
[INFO] [stdout] test scale::tests::test_scale_value_8_to_10::case_2::format_in_2_YUV420P8::format_out_1_GRAY10::chroma_3_Some_true_ ... ok
[INFO] [stdout] test scale::tests::test_scale_value_8_to_10::case_2::format_in_3_YUV444P8::format_out_1_GRAY10::chroma_3_Some_true_ ... ok
[INFO] [stdout] test scale::tests::test_scale_value_8_to_10::case_2::format_in_3_YUV444P8::format_out_2_YUV420P10::chroma_3_Some_true_ ... ok
[INFO] [stdout] test scale::tests::test_scale_value_8_to_10::case_2::format_in_3_YUV444P8::format_out_3_YUV444P10::chroma_2_Some_false_ ... ok
[INFO] [stdout] test scale::tests::test_scale_value_8_to_10::case_2::format_in_2_YUV420P8::format_out_3_YUV444P10::chroma_2_Some_false_ ... ok
[INFO] [stdout] test scale::tests::test_scale_value_8_to_10::case_2::format_in_3_YUV444P8::format_out_1_GRAY10::chroma_2_Some_false_ ... ok
[INFO] [stdout] test scale::tests::test_scale_value_8_to_10::case_2::format_in_3_YUV444P8::format_out_2_YUV420P10::chroma_2_Some_false_ ... ok
[INFO] [stdout] test scale::tests::test_scale_value_8_to_10::case_2::format_in_3_YUV444P8::format_out_3_YUV444P10::chroma_3_Some_true_ ... ok
[INFO] [stdout] test scale::tests::test_scale_value_8_to_10::case_2::format_in_3_YUV444P8::format_out_2_YUV420P10::chroma_1_None ... ok
[INFO] [stdout] test scale::tests::test_scale_value_8_to_10::case_3::format_in_1_GRAY8::format_out_1_GRAY10::chroma_1_None ... ok
[INFO] [stdout] test scale::tests::test_scale_value_8_to_10::case_3::format_in_1_GRAY8::format_out_2_YUV420P10::chroma_2_Some_false_ ... ok
[INFO] [stdout] test scale::tests::test_scale_value_8_to_10::case_2::format_in_1_GRAY8::format_out_2_YUV420P10::chroma_2_Some_false_ ... ok
[INFO] [stdout] test scale::tests::test_scale_value_8_to_10::case_2::format_in_3_YUV444P8::format_out_1_GRAY10::chroma_1_None ... ok
[INFO] [stdout] test scale::tests::test_scale_value_8_to_10::case_1::format_in_3_YUV444P8::format_out_2_YUV420P10::chroma_3_Some_true_ ... ok
[INFO] [stdout] test scale::tests::test_scale_value_8_to_10::case_3::format_in_1_GRAY8::format_out_1_GRAY10::chroma_3_Some_true_ ... ok
[INFO] [stdout] test scale::tests::test_scale_value_8_to_10::case_2::format_in_3_YUV444P8::format_out_3_YUV444P10::chroma_1_None ... ok
[INFO] [stdout] test scale::tests::test_scale_value_8_to_10::case_3::format_in_1_GRAY8::format_out_2_YUV420P10::chroma_1_None ... ok
[INFO] [stdout] test scale::tests::test_scale_value_8_to_10::case_3::format_in_1_GRAY8::format_out_1_GRAY10::chroma_2_Some_false_ ... ok
[INFO] [stdout] test scale::tests::test_scale_value_8_to_10::case_2::format_in_2_YUV420P8::format_out_2_YUV420P10::chroma_3_Some_true_ ... ok
[INFO] [stdout] test scale::tests::test_scale_value_8_to_10::case_3::format_in_1_GRAY8::format_out_2_YUV420P10::chroma_3_Some_true_ ... ok
[INFO] [stdout] test scale::tests::test_scale_value_8_to_10::case_2::format_in_2_YUV420P8::format_out_3_YUV444P10::chroma_1_None ... ok
[INFO] [stdout] test scale::tests::test_scale_value_8_to_10::case_3::format_in_1_GRAY8::format_out_3_YUV444P10::chroma_1_None ... ok
[INFO] [stdout] test scale::tests::test_scale_value_8_to_10::case_3::format_in_1_GRAY8::format_out_3_YUV444P10::chroma_2_Some_false_ ... ok
[INFO] [stdout] test scale::tests::test_scale_value_8_to_10::case_3::format_in_1_GRAY8::format_out_3_YUV444P10::chroma_3_Some_true_ ... ok
[INFO] [stdout] test scale::tests::test_scale_value_8_to_10::case_3::format_in_2_YUV420P8::format_out_1_GRAY10::chroma_1_None ... ok
[INFO] [stdout] test scale::tests::test_scale_value_8_to_10::case_3::format_in_3_YUV444P8::format_out_1_GRAY10::chroma_3_Some_true_ ... ok
[INFO] [stdout] test scale::tests::test_scale_value_8_to_10::case_3::format_in_2_YUV420P8::format_out_1_GRAY10::chroma_2_Some_false_ ... ok
[INFO] [stdout] test scale::tests::test_scale_value_8_to_10::case_3::format_in_2_YUV420P8::format_out_2_YUV420P10::chroma_1_None ... ok
[INFO] [stdout] test scale::tests::test_scale_value_8_to_10::case_3::format_in_2_YUV420P8::format_out_2_YUV420P10::chroma_2_Some_false_ ... ok
[INFO] [stdout] test scale::tests::test_scale_value_8_to_10::case_3::format_in_2_YUV420P8::format_out_1_GRAY10::chroma_3_Some_true_ ... ok
[INFO] [stdout] test scale::tests::test_scale_value_8_to_10::case_3::format_in_2_YUV420P8::format_out_2_YUV420P10::chroma_3_Some_true_ ... ok
[INFO] [stdout] test scale::tests::test_scale_value_8_to_10::case_3::format_in_2_YUV420P8::format_out_3_YUV444P10::chroma_1_None ... ok
[INFO] [stdout] test scale::tests::test_scale_value_8_to_10::case_3::format_in_2_YUV420P8::format_out_3_YUV444P10::chroma_2_Some_false_ ... ok
[INFO] [stdout] test scale::tests::test_scale_value_8_to_10::case_3::format_in_2_YUV420P8::format_out_3_YUV444P10::chroma_3_Some_true_ ... ok
[INFO] [stdout] test scale::tests::test_scale_value_8_to_10::case_3::format_in_3_YUV444P8::format_out_2_YUV420P10::chroma_1_None ... ok
[INFO] [stdout] test scale::tests::test_scale_value_8_to_10::case_3::format_in_3_YUV444P8::format_out_1_GRAY10::chroma_1_None ... ok
[INFO] [stdout] test scale::tests::test_scale_value_8_to_10::case_3::format_in_3_YUV444P8::format_out_1_GRAY10::chroma_2_Some_false_ ... ok
[INFO] [stdout] test scale::tests::test_scale_value_8_to_10::case_3::format_in_3_YUV444P8::format_out_2_YUV420P10::chroma_2_Some_false_ ... ok
[INFO] [stdout] test scale::tests::test_scale_value_8_to_10::case_3::format_in_3_YUV444P8::format_out_3_YUV444P10::chroma_1_None ... ok
[INFO] [stdout] test scale::tests::test_scale_value_8_to_10::case_3::format_in_3_YUV444P8::format_out_2_YUV420P10::chroma_3_Some_true_ ... ok
[INFO] [stdout] test scale::tests::test_scale_value_8_to_10::case_3::format_in_3_YUV444P8::format_out_3_YUV444P10::chroma_2_Some_false_ ... ok
[INFO] [stdout] test scale::tests::test_scale_value_8_to_10::case_4::format_in_1_GRAY8::format_out_1_GRAY10::chroma_1_None ... ok
[INFO] [stdout] test scale::tests::test_scale_value_8_to_10::case_4::format_in_1_GRAY8::format_out_1_GRAY10::chroma_2_Some_false_ ... ok
[INFO] [stdout] test scale::tests::test_scale_value_8_to_10::case_4::format_in_1_GRAY8::format_out_1_GRAY10::chroma_3_Some_true_ ... ok
[INFO] [stdout] test scale::tests::test_scale_value_8_to_10::case_4::format_in_1_GRAY8::format_out_2_YUV420P10::chroma_3_Some_true_ ... ok
[INFO] [stdout] test scale::tests::test_scale_value_8_to_10::case_4::format_in_1_GRAY8::format_out_3_YUV444P10::chroma_1_None ... ok
[INFO] [stdout] test scale::tests::test_scale_value_8_to_10::case_4::format_in_1_GRAY8::format_out_3_YUV444P10::chroma_2_Some_false_ ... ok
[INFO] [stdout] test scale::tests::test_scale_value_8_to_10::case_4::format_in_1_GRAY8::format_out_2_YUV420P10::chroma_2_Some_false_ ... ok
[INFO] [stdout] test scale::tests::test_scale_value_8_to_10::case_4::format_in_2_YUV420P8::format_out_1_GRAY10::chroma_1_None ... ok
[INFO] [stdout] test scale::tests::test_scale_value_8_to_10::case_4::format_in_2_YUV420P8::format_out_1_GRAY10::chroma_2_Some_false_ ... ok
[INFO] [stdout] test scale::tests::test_scale_value_8_to_10::case_4::format_in_1_GRAY8::format_out_2_YUV420P10::chroma_1_None ... ok
[INFO] [stdout] test scale::tests::test_scale_value_8_to_10::case_4::format_in_1_GRAY8::format_out_3_YUV444P10::chroma_3_Some_true_ ... ok
[INFO] [stdout] test scale::tests::test_scale_value_8_to_10::case_4::format_in_2_YUV420P8::format_out_2_YUV420P10::chroma_3_Some_true_ ... ok
[INFO] [stdout] test scale::tests::test_scale_value_8_to_10::case_4::format_in_2_YUV420P8::format_out_2_YUV420P10::chroma_2_Some_false_ ... ok
[INFO] [stdout] test scale::tests::test_scale_value_8_to_10::case_4::format_in_2_YUV420P8::format_out_3_YUV444P10::chroma_1_None ... ok
[INFO] [stdout] test scale::tests::test_scale_value_8_to_10::case_4::format_in_3_YUV444P8::format_out_1_GRAY10::chroma_3_Some_true_ ... ok
[INFO] [stdout] test scale::tests::test_scale_value_8_to_10::case_4::format_in_2_YUV420P8::format_out_3_YUV444P10::chroma_2_Some_false_ ... ok
[INFO] [stdout] test scale::tests::test_scale_value_8_to_10::case_4::format_in_2_YUV420P8::format_out_3_YUV444P10::chroma_3_Some_true_ ... ok
[INFO] [stdout] test scale::tests::test_scale_value_8_to_10::case_4::format_in_3_YUV444P8::format_out_1_GRAY10::chroma_2_Some_false_ ... ok
[INFO] [stdout] test scale::tests::test_scale_value_8_to_10::case_4::format_in_3_YUV444P8::format_out_1_GRAY10::chroma_1_None ... ok
[INFO] [stdout] test scale::tests::test_scale_value_8_to_10::case_4::format_in_2_YUV420P8::format_out_1_GRAY10::chroma_3_Some_true_ ... ok
[INFO] [stdout] test scale::tests::test_scale_value_8_to_10::case_4::format_in_2_YUV420P8::format_out_2_YUV420P10::chroma_1_None ... ok
[INFO] [stdout] test scale::tests::test_scale_value_8_to_10::case_4::format_in_3_YUV444P8::format_out_2_YUV420P10::chroma_2_Some_false_ ... ok
[INFO] [stdout] test scale::tests::test_scale_value_8_to_10::case_3::format_in_3_YUV444P8::format_out_3_YUV444P10::chroma_3_Some_true_ ... ok
[INFO] [stdout] test scale::tests::test_scale_value_8_to_10::case_4::format_in_3_YUV444P8::format_out_2_YUV420P10::chroma_3_Some_true_ ... ok
[INFO] [stdout] test scale::tests::test_scale_value_8_to_10::case_4::format_in_3_YUV444P8::format_out_3_YUV444P10::chroma_1_None ... ok
[INFO] [stdout] test scale::tests::test_scale_value_8_to_10::case_4::format_in_3_YUV444P8::format_out_3_YUV444P10::chroma_2_Some_false_ ... ok
[INFO] [stdout] test scale::tests::test_scale_value_8_to_10::case_4::format_in_3_YUV444P8::format_out_3_YUV444P10::chroma_3_Some_true_ ... ok
[INFO] [stdout] test scale::tests::test_scale_value_8_to_10::case_5::format_in_1_GRAY8::format_out_1_GRAY10::chroma_1_None ... ok
[INFO] [stdout] test scale::tests::test_scale_value_8_to_10::case_5::format_in_1_GRAY8::format_out_1_GRAY10::chroma_2_Some_false_ ... ok
[INFO] [stdout] test scale::tests::test_scale_value_8_to_10::case_5::format_in_1_GRAY8::format_out_1_GRAY10::chroma_3_Some_true_ ... ok
[INFO] [stdout] test scale::tests::test_scale_value_8_to_10::case_5::format_in_1_GRAY8::format_out_2_YUV420P10::chroma_1_None ... ok
[INFO] [stdout] test scale::tests::test_scale_value_8_to_10::case_5::format_in_1_GRAY8::format_out_2_YUV420P10::chroma_2_Some_false_ ... ok
[INFO] [stdout] test scale::tests::test_scale_value_8_to_10::case_5::format_in_1_GRAY8::format_out_2_YUV420P10::chroma_3_Some_true_ ... ok
[INFO] [stdout] test scale::tests::test_scale_value_8_to_10::case_5::format_in_1_GRAY8::format_out_3_YUV444P10::chroma_1_None ... ok
[INFO] [stdout] test scale::tests::test_scale_value_8_to_10::case_4::format_in_3_YUV444P8::format_out_2_YUV420P10::chroma_1_None ... ok
[INFO] [stdout] test scale::tests::test_scale_value_8_to_10::case_5::format_in_1_GRAY8::format_out_3_YUV444P10::chroma_3_Some_true_ ... ok
[INFO] [stdout] test scale::tests::test_scale_value_8_to_10::case_5::format_in_2_YUV420P8::format_out_1_GRAY10::chroma_2_Some_false_ ... ok
[INFO] [stdout] test scale::tests::test_scale_value_8_to_10::case_5::format_in_2_YUV420P8::format_out_1_GRAY10::chroma_3_Some_true_ ... ok
[INFO] [stdout] test scale::tests::test_scale_value_8_to_10::case_5::format_in_2_YUV420P8::format_out_2_YUV420P10::chroma_3_Some_true_ ... ok
[INFO] [stdout] test scale::tests::test_scale_value_8_to_10::case_5::format_in_2_YUV420P8::format_out_2_YUV420P10::chroma_1_None ... ok
[INFO] [stdout] test scale::tests::test_scale_value_8_to_10::case_5::format_in_2_YUV420P8::format_out_3_YUV444P10::chroma_3_Some_true_ ... ok
[INFO] [stdout] test scale::tests::test_scale_value_8_to_10::case_5::format_in_3_YUV444P8::format_out_1_GRAY10::chroma_3_Some_true_ ... ok
[INFO] [stdout] test scale::tests::test_scale_value_8_to_10::case_5::format_in_2_YUV420P8::format_out_3_YUV444P10::chroma_2_Some_false_ ... ok
[INFO] [stdout] test scale::tests::test_scale_value_8_to_10::case_5::format_in_3_YUV444P8::format_out_2_YUV420P10::chroma_2_Some_false_ ... ok
[INFO] [stdout] test scale::tests::test_scale_value_8_to_10::case_5::format_in_3_YUV444P8::format_out_2_YUV420P10::chroma_3_Some_true_ ... ok
[INFO] [stdout] test scale::tests::test_scale_value_8_to_10::case_5::format_in_3_YUV444P8::format_out_3_YUV444P10::chroma_1_None ... ok
[INFO] [stdout] test scale::tests::test_scale_value_8_to_10::case_5::format_in_1_GRAY8::format_out_3_YUV444P10::chroma_2_Some_false_ ... ok
[INFO] [stdout] test scale::tests::test_scale_value_8_to_10::case_5::format_in_3_YUV444P8::format_out_1_GRAY10::chroma_1_None ... ok
[INFO] [stdout] test scale::tests::test_scale_value_8_to_10::case_5::format_in_3_YUV444P8::format_out_1_GRAY10::chroma_2_Some_false_ ... ok
[INFO] [stdout] test scale::tests::test_scale_value_8_to_10::case_5::format_in_2_YUV420P8::format_out_1_GRAY10::chroma_1_None ... ok
[INFO] [stdout] test scale::tests::test_scale_value_8_to_10::case_5::format_in_2_YUV420P8::format_out_3_YUV444P10::chroma_1_None ... ok
[INFO] [stdout] test scale::tests::test_scale_value_8_to_10::case_5::format_in_2_YUV420P8::format_out_2_YUV420P10::chroma_2_Some_false_ ... ok
[INFO] [stdout] test scale::tests::test_scale_value_8_to_16::case_1::format_in_1_GRAY8::format_out_2_YUV420P16::chroma_2_Some_false_ ... ok
[INFO] [stdout] test scale::tests::test_scale_value_8_to_16::case_1::format_in_1_GRAY8::format_out_2_YUV420P16::chroma_3_Some_true_ ... ok
[INFO] [stdout] test scale::tests::test_scale_value_8_to_10::case_5::format_in_3_YUV444P8::format_out_3_YUV444P10::chroma_2_Some_false_ ... ok
[INFO] [stdout] test scale::tests::test_scale_value_8_to_16::case_1::format_in_1_GRAY8::format_out_3_YUV444P16::chroma_2_Some_false_ ... ok
[INFO] [stdout] test scale::tests::test_scale_value_8_to_16::case_1::format_in_1_GRAY8::format_out_1_GRAY16::chroma_2_Some_false_ ... ok
[INFO] [stdout] test scale::tests::test_scale_value_8_to_16::case_1::format_in_1_GRAY8::format_out_3_YUV444P16::chroma_3_Some_true_ ... ok
[INFO] [stdout] test scale::tests::test_scale_value_8_to_10::case_5::format_in_3_YUV444P8::format_out_3_YUV444P10::chroma_3_Some_true_ ... ok
[INFO] [stdout] test scale::tests::test_scale_value_8_to_16::case_1::format_in_1_GRAY8::format_out_1_GRAY16::chroma_3_Some_true_ ... ok
[INFO] [stdout] test scale::tests::test_scale_value_8_to_16::case_1::format_in_1_GRAY8::format_out_2_YUV420P16::chroma_1_None ... ok
[INFO] [stdout] test scale::tests::test_scale_value_8_to_16::case_1::format_in_1_GRAY8::format_out_3_YUV444P16::chroma_1_None ... ok
[INFO] [stdout] test scale::tests::test_scale_value_8_to_10::case_5::format_in_3_YUV444P8::format_out_2_YUV420P10::chroma_1_None ... ok
[INFO] [stdout] test scale::tests::test_scale_value_8_to_16::case_1::format_in_2_YUV420P8::format_out_1_GRAY16::chroma_1_None ... ok
[INFO] [stdout] test scale::tests::test_scale_value_8_to_16::case_1::format_in_2_YUV420P8::format_out_1_GRAY16::chroma_2_Some_false_ ... ok
[INFO] [stdout] test scale::tests::test_scale_value_8_to_16::case_1::format_in_2_YUV420P8::format_out_1_GRAY16::chroma_3_Some_true_ ... ok
[INFO] [stdout] test scale::tests::test_scale_value_8_to_16::case_1::format_in_2_YUV420P8::format_out_2_YUV420P16::chroma_2_Some_false_ ... ok
[INFO] [stdout] test scale::tests::test_scale_value_8_to_16::case_1::format_in_2_YUV420P8::format_out_2_YUV420P16::chroma_1_None ... ok
[INFO] [stdout] test scale::tests::test_scale_value_8_to_16::case_1::format_in_2_YUV420P8::format_out_2_YUV420P16::chroma_3_Some_true_ ... ok
[INFO] [stdout] test scale::tests::test_scale_value_8_to_16::case_1::format_in_2_YUV420P8::format_out_3_YUV444P16::chroma_1_None ... ok
[INFO] [stdout] test scale::tests::test_scale_value_8_to_16::case_1::format_in_2_YUV420P8::format_out_3_YUV444P16::chroma_2_Some_false_ ... ok
[INFO] [stdout] test scale::tests::test_scale_value_8_to_16::case_1::format_in_2_YUV420P8::format_out_3_YUV444P16::chroma_3_Some_true_ ... ok
[INFO] [stdout] test scale::tests::test_scale_value_8_to_16::case_1::format_in_3_YUV444P8::format_out_1_GRAY16::chroma_1_None ... ok
[INFO] [stdout] test scale::tests::test_scale_value_8_to_16::case_1::format_in_3_YUV444P8::format_out_1_GRAY16::chroma_3_Some_true_ ... ok
[INFO] [stdout] test scale::tests::test_scale_value_8_to_16::case_1::format_in_3_YUV444P8::format_out_1_GRAY16::chroma_2_Some_false_ ... ok
[INFO] [stdout] test scale::tests::test_scale_value_8_to_16::case_1::format_in_3_YUV444P8::format_out_2_YUV420P16::chroma_1_None ... ok
[INFO] [stdout] test scale::tests::test_scale_value_8_to_16::case_1::format_in_3_YUV444P8::format_out_2_YUV420P16::chroma_2_Some_false_ ... ok
[INFO] [stdout] test scale::tests::test_scale_value_8_to_16::case_1::format_in_3_YUV444P8::format_out_2_YUV420P16::chroma_3_Some_true_ ... ok
[INFO] [stdout] test scale::tests::test_scale_value_8_to_16::case_1::format_in_3_YUV444P8::format_out_3_YUV444P16::chroma_3_Some_true_ ... ok
[INFO] [stdout] test scale::tests::test_scale_value_8_to_16::case_2::format_in_1_GRAY8::format_out_1_GRAY16::chroma_1_None ... ok
[INFO] [stdout] test scale::tests::test_scale_value_8_to_16::case_1::format_in_3_YUV444P8::format_out_3_YUV444P16::chroma_1_None ... ok
[INFO] [stdout] test scale::tests::test_scale_value_8_to_16::case_2::format_in_1_GRAY8::format_out_2_YUV420P16::chroma_2_Some_false_ ... ok
[INFO] [stdout] test scale::tests::test_scale_value_8_to_16::case_2::format_in_1_GRAY8::format_out_3_YUV444P16::chroma_1_None ... ok
[INFO] [stdout] test scale::tests::test_scale_value_8_to_16::case_2::format_in_2_YUV420P8::format_out_1_GRAY16::chroma_2_Some_false_ ... ok
[INFO] [stdout] test scale::tests::test_scale_value_8_to_16::case_2::format_in_1_GRAY8::format_out_3_YUV444P16::chroma_2_Some_false_ ... ok
[INFO] [stdout] test scale::tests::test_scale_value_8_to_16::case_1::format_in_3_YUV444P8::format_out_3_YUV444P16::chroma_2_Some_false_ ... ok
[INFO] [stdout] test scale::tests::test_scale_value_8_to_16::case_2::format_in_1_GRAY8::format_out_1_GRAY16::chroma_3_Some_true_ ... ok
[INFO] [stdout] test scale::tests::test_scale_value_8_to_16::case_2::format_in_1_GRAY8::format_out_2_YUV420P16::chroma_3_Some_true_ ... ok
[INFO] [stdout] test scale::tests::test_scale_value_8_to_16::case_2::format_in_1_GRAY8::format_out_2_YUV420P16::chroma_1_None ... ok
[INFO] [stdout] test scale::tests::test_scale_value_8_to_16::case_2::format_in_2_YUV420P8::format_out_1_GRAY16::chroma_3_Some_true_ ... ok
[INFO] [stdout] test scale::tests::test_scale_value_8_to_16::case_2::format_in_2_YUV420P8::format_out_2_YUV420P16::chroma_1_None ... ok
[INFO] [stdout] test scale::tests::test_scale_value_8_to_16::case_2::format_in_2_YUV420P8::format_out_2_YUV420P16::chroma_2_Some_false_ ... ok
[INFO] [stdout] test scale::tests::test_scale_value_8_to_16::case_2::format_in_2_YUV420P8::format_out_3_YUV444P16::chroma_1_None ... ok
[INFO] [stdout] test scale::tests::test_scale_value_8_to_16::case_2::format_in_2_YUV420P8::format_out_3_YUV444P16::chroma_2_Some_false_ ... ok
[INFO] [stdout] test scale::tests::test_scale_value_8_to_16::case_2::format_in_3_YUV444P8::format_out_2_YUV420P16::chroma_1_None ... ok
[INFO] [stdout] test scale::tests::test_scale_value_8_to_16::case_2::format_in_3_YUV444P8::format_out_1_GRAY16::chroma_1_None ... ok
[INFO] [stdout] test scale::tests::test_scale_value_8_to_16::case_1::format_in_1_GRAY8::format_out_1_GRAY16::chroma_1_None ... ok
[INFO] [stdout] test scale::tests::test_scale_value_8_to_16::case_2::format_in_2_YUV420P8::format_out_3_YUV444P16::chroma_3_Some_true_ ... ok
[INFO] [stdout] test scale::tests::test_scale_value_8_to_16::case_2::format_in_3_YUV444P8::format_out_2_YUV420P16::chroma_2_Some_false_ ... ok
[INFO] [stdout] test scale::tests::test_scale_value_8_to_16::case_2::format_in_3_YUV444P8::format_out_2_YUV420P16::chroma_3_Some_true_ ... ok
[INFO] [stdout] test scale::tests::test_scale_value_8_to_16::case_3::format_in_1_GRAY8::format_out_1_GRAY16::chroma_1_None ... ok
[INFO] [stdout] test scale::tests::test_scale_value_8_to_16::case_2::format_in_3_YUV444P8::format_out_3_YUV444P16::chroma_1_None ... ok
[INFO] [stdout] test scale::tests::test_scale_value_8_to_16::case_2::format_in_3_YUV444P8::format_out_3_YUV444P16::chroma_2_Some_false_ ... ok
[INFO] [stdout] test scale::tests::test_scale_value_8_to_16::case_3::format_in_1_GRAY8::format_out_1_GRAY16::chroma_2_Some_false_ ... ok
[INFO] [stdout] test scale::tests::test_scale_value_8_to_16::case_2::format_in_3_YUV444P8::format_out_3_YUV444P16::chroma_3_Some_true_ ... ok
[INFO] [stdout] test scale::tests::test_scale_value_8_to_16::case_3::format_in_1_GRAY8::format_out_1_GRAY16::chroma_3_Some_true_ ... ok
[INFO] [stdout] test scale::tests::test_scale_value_8_to_16::case_3::format_in_1_GRAY8::format_out_2_YUV420P16::chroma_1_None ... ok
[INFO] [stdout] test scale::tests::test_scale_value_8_to_16::case_2::format_in_2_YUV420P8::format_out_1_GRAY16::chroma_1_None ... ok
[INFO] [stdout] test scale::tests::test_scale_value_8_to_16::case_2::format_in_1_GRAY8::format_out_3_YUV444P16::chroma_3_Some_true_ ... ok
[INFO] [stdout] test scale::tests::test_scale_value_8_to_16::case_2::format_in_2_YUV420P8::format_out_2_YUV420P16::chroma_3_Some_true_ ... ok
[INFO] [stdout] test scale::tests::test_scale_value_8_to_16::case_2::format_in_3_YUV444P8::format_out_1_GRAY16::chroma_2_Some_false_ ... ok
[INFO] [stdout] test scale::tests::test_scale_value_8_to_16::case_2::format_in_3_YUV444P8::format_out_1_GRAY16::chroma_3_Some_true_ ... ok
[INFO] [stdout] test scale::tests::test_scale_value_8_to_16::case_3::format_in_1_GRAY8::format_out_2_YUV420P16::chroma_3_Some_true_ ... ok
[INFO] [stdout] test scale::tests::test_scale_value_8_to_16::case_3::format_in_1_GRAY8::format_out_3_YUV444P16::chroma_1_None ... ok
[INFO] [stdout] test scale::tests::test_scale_value_8_to_16::case_3::format_in_1_GRAY8::format_out_3_YUV444P16::chroma_2_Some_false_ ... ok
[INFO] [stdout] test scale::tests::test_scale_value_8_to_16::case_3::format_in_2_YUV420P8::format_out_1_GRAY16::chroma_1_None ... ok
[INFO] [stdout] test scale::tests::test_scale_value_8_to_16::case_3::format_in_2_YUV420P8::format_out_1_GRAY16::chroma_2_Some_false_ ... ok
[INFO] [stdout] test scale::tests::test_scale_value_8_to_16::case_3::format_in_2_YUV420P8::format_out_2_YUV420P16::chroma_1_None ... ok
[INFO] [stdout] test scale::tests::test_scale_value_8_to_16::case_3::format_in_1_GRAY8::format_out_3_YUV444P16::chroma_3_Some_true_ ... ok
[INFO] [stdout] test scale::tests::test_scale_value_8_to_16::case_3::format_in_1_GRAY8::format_out_2_YUV420P16::chroma_2_Some_false_ ... ok
[INFO] [stdout] test scale::tests::test_scale_value_8_to_16::case_3::format_in_2_YUV420P8::format_out_2_YUV420P16::chroma_3_Some_true_ ... ok
[INFO] [stdout] test scale::tests::test_scale_value_8_to_16::case_3::format_in_3_YUV444P8::format_out_1_GRAY16::chroma_2_Some_false_ ... ok
[INFO] [stdout] test scale::tests::test_scale_value_8_to_16::case_3::format_in_3_YUV444P8::format_out_1_GRAY16::chroma_1_None ... ok
[INFO] [stdout] test scale::tests::test_scale_value_8_to_16::case_3::format_in_2_YUV420P8::format_out_3_YUV444P16::chroma_3_Some_true_ ... ok
[INFO] [stdout] test scale::tests::test_scale_value_8_to_16::case_3::format_in_3_YUV444P8::format_out_2_YUV420P16::chroma_1_None ... ok
[INFO] [stdout] test scale::tests::test_scale_value_8_to_16::case_3::format_in_3_YUV444P8::format_out_2_YUV420P16::chroma_2_Some_false_ ... ok
[INFO] [stdout] test scale::tests::test_scale_value_8_to_16::case_3::format_in_3_YUV444P8::format_out_3_YUV444P16::chroma_1_None ... ok
[INFO] [stdout] test scale::tests::test_scale_value_8_to_16::case_3::format_in_2_YUV420P8::format_out_1_GRAY16::chroma_3_Some_true_ ... ok
[INFO] [stdout] test scale::tests::test_scale_value_8_to_16::case_3::format_in_3_YUV444P8::format_out_3_YUV444P16::chroma_2_Some_false_ ... ok
[INFO] [stdout] test scale::tests::test_scale_value_8_to_16::case_3::format_in_3_YUV444P8::format_out_3_YUV444P16::chroma_3_Some_true_ ... ok
[INFO] [stdout] test scale::tests::test_scale_value_8_to_16::case_3::format_in_2_YUV420P8::format_out_3_YUV444P16::chroma_1_None ... ok
[INFO] [stdout] test scale::tests::test_scale_value_8_to_16::case_3::format_in_3_YUV444P8::format_out_2_YUV420P16::chroma_3_Some_true_ ... ok
[INFO] [stdout] test scale::tests::test_scale_value_8_to_16::case_4::format_in_1_GRAY8::format_out_1_GRAY16::chroma_2_Some_false_ ... ok
[INFO] [stdout] test scale::tests::test_scale_value_8_to_16::case_3::format_in_2_YUV420P8::format_out_2_YUV420P16::chroma_2_Some_false_ ... ok
[INFO] [stdout] test scale::tests::test_scale_value_8_to_16::case_3::format_in_2_YUV420P8::format_out_3_YUV444P16::chroma_2_Some_false_ ... ok
[INFO] [stdout] test scale::tests::test_scale_value_8_to_16::case_4::format_in_1_GRAY8::format_out_1_GRAY16::chroma_3_Some_true_ ... ok
[INFO] [stdout] test scale::tests::test_scale_value_8_to_16::case_2::format_in_1_GRAY8::format_out_1_GRAY16::chroma_2_Some_false_ ... ok
[INFO] [stdout] test scale::tests::test_scale_value_8_to_16::case_3::format_in_3_YUV444P8::format_out_1_GRAY16::chroma_3_Some_true_ ... ok
[INFO] [stdout] test scale::tests::test_scale_value_8_to_16::case_4::format_in_1_GRAY8::format_out_1_GRAY16::chroma_1_None ... ok
[INFO] [stdout] test scale::tests::test_scale_value_8_to_16::case_4::format_in_1_GRAY8::format_out_2_YUV420P16::chroma_1_None ... ok
[INFO] [stdout] test scale::tests::test_scale_value_8_to_16::case_4::format_in_1_GRAY8::format_out_2_YUV420P16::chroma_2_Some_false_ ... ok
[INFO] [stdout] test scale::tests::test_scale_value_8_to_16::case_4::format_in_1_GRAY8::format_out_2_YUV420P16::chroma_3_Some_true_ ... ok
[INFO] [stdout] test scale::tests::test_scale_value_8_to_16::case_4::format_in_1_GRAY8::format_out_3_YUV444P16::chroma_2_Some_false_ ... ok
[INFO] [stdout] test scale::tests::test_scale_value_8_to_16::case_4::format_in_1_GRAY8::format_out_3_YUV444P16::chroma_3_Some_true_ ... ok
[INFO] [stdout] test scale::tests::test_scale_value_8_to_16::case_4::format_in_2_YUV420P8::format_out_1_GRAY16::chroma_1_None ... ok
[INFO] [stdout] test scale::tests::test_scale_value_8_to_16::case_4::format_in_2_YUV420P8::format_out_1_GRAY16::chroma_3_Some_true_ ... ok
[INFO] [stdout] test scale::tests::test_scale_value_8_to_16::case_4::format_in_2_YUV420P8::format_out_1_GRAY16::chroma_2_Some_false_ ... ok
[INFO] [stdout] test scale::tests::test_scale_value_8_to_16::case_4::format_in_2_YUV420P8::format_out_2_YUV420P16::chroma_1_None ... ok
[INFO] [stdout] test scale::tests::test_scale_value_8_to_16::case_4::format_in_2_YUV420P8::format_out_2_YUV420P16::chroma_2_Some_false_ ... ok
[INFO] [stdout] test scale::tests::test_scale_value_8_to_16::case_4::format_in_3_YUV444P8::format_out_1_GRAY16::chroma_2_Some_false_ ... ok
[INFO] [stdout] test scale::tests::test_scale_value_8_to_16::case_4::format_in_3_YUV444P8::format_out_1_GRAY16::chroma_3_Some_true_ ... ok
[INFO] [stdout] test scale::tests::test_scale_value_8_to_16::case_4::format_in_3_YUV444P8::format_out_2_YUV420P16::chroma_3_Some_true_ ... ok
[INFO] [stdout] test scale::tests::test_scale_value_8_to_16::case_4::format_in_2_YUV420P8::format_out_2_YUV420P16::chroma_3_Some_true_ ... ok
[INFO] [stdout] test scale::tests::test_scale_value_8_to_16::case_4::format_in_2_YUV420P8::format_out_3_YUV444P16::chroma_2_Some_false_ ... ok
[INFO] [stdout] test scale::tests::test_scale_value_8_to_16::case_4::format_in_3_YUV444P8::format_out_3_YUV444P16::chroma_1_None ... ok
[INFO] [stdout] test scale::tests::test_scale_value_8_to_16::case_4::format_in_2_YUV420P8::format_out_3_YUV444P16::chroma_3_Some_true_ ... ok
[INFO] [stdout] test scale::tests::test_scale_value_8_to_16::case_5::format_in_1_GRAY8::format_out_1_GRAY16::chroma_2_Some_false_ ... ok
[INFO] [stdout] test scale::tests::test_scale_value_8_to_16::case_4::format_in_3_YUV444P8::format_out_3_YUV444P16::chroma_3_Some_true_ ... ok
[INFO] [stdout] test scale::tests::test_scale_value_8_to_16::case_5::format_in_1_GRAY8::format_out_1_GRAY16::chroma_1_None ... ok
[INFO] [stdout] test scale::tests::test_scale_value_8_to_16::case_4::format_in_3_YUV444P8::format_out_2_YUV420P16::chroma_1_None ... ok
[INFO] [stdout] test scale::tests::test_scale_value_8_to_16::case_5::format_in_1_GRAY8::format_out_1_GRAY16::chroma_3_Some_true_ ... ok
[INFO] [stdout] test scale::tests::test_scale_value_8_to_16::case_5::format_in_1_GRAY8::format_out_2_YUV420P16::chroma_2_Some_false_ ... ok
[INFO] [stdout] test scale::tests::test_scale_value_8_to_16::case_5::format_in_1_GRAY8::format_out_2_YUV420P16::chroma_3_Some_true_ ... ok
[INFO] [stdout] test scale::tests::test_scale_value_8_to_16::case_5::format_in_1_GRAY8::format_out_3_YUV444P16::chroma_1_None ... ok
[INFO] [stdout] test scale::tests::test_scale_value_8_to_16::case_5::format_in_1_GRAY8::format_out_3_YUV444P16::chroma_3_Some_true_ ... ok
[INFO] [stdout] test scale::tests::test_scale_value_8_to_16::case_5::format_in_1_GRAY8::format_out_2_YUV420P16::chroma_1_None ... ok
[INFO] [stdout] test scale::tests::test_scale_value_8_to_16::case_5::format_in_1_GRAY8::format_out_3_YUV444P16::chroma_2_Some_false_ ... ok
[INFO] [stdout] test scale::tests::test_scale_value_8_to_16::case_4::format_in_3_YUV444P8::format_out_3_YUV444P16::chroma_2_Some_false_ ... ok
[INFO] [stdout] test scale::tests::test_scale_value_8_to_16::case_4::format_in_3_YUV444P8::format_out_1_GRAY16::chroma_1_None ... ok
[INFO] [stdout] test scale::tests::test_scale_value_8_to_16::case_4::format_in_1_GRAY8::format_out_3_YUV444P16::chroma_1_None ... ok
[INFO] [stdout] test scale::tests::test_scale_value_8_to_16::case_4::format_in_2_YUV420P8::format_out_3_YUV444P16::chroma_1_None ... ok
[INFO] [stdout] test scale::tests::test_scale_value_8_to_16::case_5::format_in_2_YUV420P8::format_out_1_GRAY16::chroma_1_None ... ok
[INFO] [stdout] test scale::tests::test_scale_value_8_to_16::case_5::format_in_2_YUV420P8::format_out_1_GRAY16::chroma_3_Some_true_ ... ok
[INFO] [stdout] test scale::tests::test_scale_value_8_to_16::case_5::format_in_2_YUV420P8::format_out_1_GRAY16::chroma_2_Some_false_ ... ok
[INFO] [stdout] test scale::tests::test_scale_value_8_to_16::case_5::format_in_2_YUV420P8::format_out_2_YUV420P16::chroma_3_Some_true_ ... ok
[INFO] [stdout] test scale::tests::test_scale_value_8_to_16::case_5::format_in_2_YUV420P8::format_out_3_YUV444P16::chroma_1_None ... ok
[INFO] [stdout] test scale::tests::test_scale_value_8_to_16::case_5::format_in_2_YUV420P8::format_out_3_YUV444P16::chroma_2_Some_false_ ... ok
[INFO] [stdout] test scale::tests::test_scale_value_8_to_16::case_5::format_in_3_YUV444P8::format_out_3_YUV444P16::chroma_1_None ... ok
[INFO] [stdout] test scale::tests::test_scale_value_8_to_16::case_5::format_in_3_YUV444P8::format_out_3_YUV444P16::chroma_2_Some_false_ ... ok
[INFO] [stdout] test scale::tests::test_scale_value_8_to_16::case_5::format_in_3_YUV444P8::format_out_3_YUV444P16::chroma_3_Some_true_ ... ok
[INFO] [stdout] test scale::tests::test_scale_value_8_to_32_chroma::case_1::format_in_1_YUV420P8::format_out_1_YUV420PS ... ok
[INFO] [stdout] test scale::tests::test_scale_value_8_to_16::case_5::format_in_2_YUV420P8::format_out_3_YUV444P16::chroma_3_Some_true_ ... ok
[INFO] [stdout] test scale::tests::test_scale_value_8_to_16::case_4::format_in_3_YUV444P8::format_out_2_YUV420P16::chroma_2_Some_false_ ... ok
[INFO] [stdout] test scale::tests::test_scale_value_8_to_16::case_5::format_in_3_YUV444P8::format_out_1_GRAY16::chroma_1_None ... ok
[INFO] [stdout] test scale::tests::test_scale_value_8_to_16::case_5::format_in_2_YUV420P8::format_out_2_YUV420P16::chroma_1_None ... ok
[INFO] [stdout] test scale::tests::test_scale_value_8_to_16::case_5::format_in_3_YUV444P8::format_out_1_GRAY16::chroma_2_Some_false_ ... ok
[INFO] [stdout] test scale::tests::test_scale_value_8_to_16::case_5::format_in_2_YUV420P8::format_out_2_YUV420P16::chroma_2_Some_false_ ... ok
[INFO] [stdout] test scale::tests::test_scale_value_8_to_16::case_5::format_in_3_YUV444P8::format_out_1_GRAY16::chroma_3_Some_true_ ... ok
[INFO] [stdout] test scale::tests::test_scale_value_8_to_16::case_5::format_in_3_YUV444P8::format_out_2_YUV420P16::chroma_1_None ... ok
[INFO] [stdout] test scale::tests::test_scale_value_8_to_16::case_5::format_in_3_YUV444P8::format_out_2_YUV420P16::chroma_2_Some_false_ ... ok
[INFO] [stdout] test scale::tests::test_scale_value_8_to_16::case_5::format_in_3_YUV444P8::format_out_2_YUV420P16::chroma_3_Some_true_ ... ok
[INFO] [stdout] test scale::tests::test_scale_value_8_to_32_chroma::case_2::format_in_1_YUV420P8::format_out_1_YUV420PS ... ok
[INFO] [stdout] test scale::tests::test_scale_value_8_to_32_chroma::case_3::format_in_2_YUV444P8::format_out_2_YUV444PS ... ok
[INFO] [stdout] test scale::tests::test_scale_value_8_to_32_chroma::case_4::format_in_1_YUV420P8::format_out_1_YUV420PS ... ok
[INFO] [stdout] test scale::tests::test_scale_value_8_to_32_chroma::case_2::format_in_1_YUV420P8::format_out_2_YUV444PS ... ok
[INFO] [stdout] test scale::tests::test_scale_value_8_to_32_chroma::case_4::format_in_2_YUV444P8::format_out_1_YUV420PS ... ok
[INFO] [stdout] test scale::tests::test_scale_value_8_to_32_chroma::case_3::format_in_2_YUV444P8::format_out_1_YUV420PS ... ok
[INFO] [stdout] test scale::tests::test_scale_value_8_to_32_chroma::case_4::format_in_2_YUV444P8::format_out_2_YUV444PS ... ok
[INFO] [stdout] test scale::tests::test_scale_value_8_to_32_chroma::case_3::format_in_1_YUV420P8::format_out_2_YUV444PS ... ok
[INFO] [stdout] test scale::tests::test_scale_value_8_to_32_chroma::case_1::format_in_1_YUV420P8::format_out_2_YUV444PS ... ok
[INFO] [stdout] test scale::tests::test_scale_value_8_to_32_chroma::case_4::format_in_1_YUV420P8::format_out_2_YUV444PS ... ok
[INFO] [stdout] test scale::tests::test_scale_value_8_to_32_chroma::case_3::format_in_1_YUV420P8::format_out_1_YUV420PS ... ok
[INFO] [stdout] test scale::tests::test_scale_value_8_to_32_chroma::case_1::format_in_2_YUV444P8::format_out_1_YUV420PS ... ok
[INFO] [stdout] test scale::tests::test_scale_value_8_to_32_chroma::case_1::format_in_2_YUV444P8::format_out_2_YUV444PS ... ok
[INFO] [stdout] test scale::tests::test_scale_value_8_to_32_chroma::case_2::format_in_2_YUV444P8::format_out_1_YUV420PS ... ok
[INFO] [stdout] test scale::tests::test_scale_value_8_to_32_chroma::case_2::format_in_2_YUV444P8::format_out_2_YUV444PS ... ok
[INFO] [stdout] test scale::tests::test_scale_value_8_to_32_chroma::case_5::format_in_1_YUV420P8::format_out_1_YUV420PS ... ok
[INFO] [stdout] test scale::tests::test_scale_value_8_to_32_chroma::case_5::format_in_2_YUV444P8::format_out_2_YUV444PS ... ok
[INFO] [stdout] test scale::tests::test_scale_value_8_to_32_luma::case_1::format_in_1_GRAY8::format_out_1_GRAYS ... ok
[INFO] [stdout] test scale::tests::test_scale_value_8_to_32_luma::case_1::format_in_1_GRAY8::format_out_2_YUV420PS ... ok
[INFO] [stdout] test scale::tests::test_scale_value_8_to_32_luma::case_1::format_in_1_GRAY8::format_out_3_YUV444PS ... ok
[INFO] [stdout] test scale::tests::test_scale_value_8_to_32_luma::case_1::format_in_2_YUV420P8::format_out_1_GRAYS ... ok
[INFO] [stdout] test scale::tests::test_scale_value_8_to_32_luma::case_1::format_in_3_YUV444P8::format_out_1_GRAYS ... ok
[INFO] [stdout] test scale::tests::test_scale_value_8_to_32_luma::case_1::format_in_3_YUV444P8::format_out_2_YUV420PS ... ok
[INFO] [stdout] test scale::tests::test_scale_value_8_to_32_luma::case_1::format_in_2_YUV420P8::format_out_2_YUV420PS ... ok
[INFO] [stdout] test scale::tests::test_scale_value_8_to_32_luma::case_2::format_in_1_GRAY8::format_out_1_GRAYS ... ok
[INFO] [stdout] test scale::tests::test_scale_value_8_to_32_luma::case_2::format_in_2_YUV420P8::format_out_1_GRAYS ... ok
[INFO] [stdout] test scale::tests::test_scale_value_8_to_32_luma::case_2::format_in_2_YUV420P8::format_out_2_YUV420PS ... ok
[INFO] [stdout] test scale::tests::test_scale_value_8_to_32_luma::case_2::format_in_2_YUV420P8::format_out_3_YUV444PS ... ok
[INFO] [stdout] test scale::tests::test_scale_value_8_to_32_luma::case_2::format_in_3_YUV444P8::format_out_2_YUV420PS ... ok
[INFO] [stdout] test scale::tests::test_scale_value_8_to_32_luma::case_2::format_in_3_YUV444P8::format_out_3_YUV444PS ... ok
[INFO] [stdout] test scale::tests::test_scale_value_8_to_32_luma::case_3::format_in_1_GRAY8::format_out_2_YUV420PS ... ok
[INFO] [stdout] test scale::tests::test_scale_value_8_to_32_luma::case_3::format_in_1_GRAY8::format_out_1_GRAYS ... ok
[INFO] [stdout] test scale::tests::test_scale_value_8_to_32_luma::case_3::format_in_1_GRAY8::format_out_3_YUV444PS ... ok
[INFO] [stdout] test scale::tests::test_scale_value_8_to_32_luma::case_3::format_in_2_YUV420P8::format_out_1_GRAYS ... ok
[INFO] [stdout] test scale::tests::test_scale_value_8_to_32_luma::case_3::format_in_2_YUV420P8::format_out_2_YUV420PS ... ok
[INFO] [stdout] test scale::tests::test_scale_value_8_to_32_luma::case_3::format_in_2_YUV420P8::format_out_3_YUV444PS ... ok
[INFO] [stdout] test scale::tests::test_scale_value_8_to_32_luma::case_4::format_in_1_GRAY8::format_out_1_GRAYS ... ok
[INFO] [stdout] test scale::tests::test_scale_value_8_to_32_luma::case_1::format_in_3_YUV444P8::format_out_3_YUV444PS ... ok
[INFO] [stdout] test scale::tests::test_scale_value_8_to_32_luma::case_3::format_in_3_YUV444P8::format_out_2_YUV420PS ... ok
[INFO] [stdout] test scale::tests::test_scale_value_8_to_32_luma::case_3::format_in_3_YUV444P8::format_out_3_YUV444PS ... ok
[INFO] [stdout] test scale::tests::test_scale_value_8_to_32_chroma::case_5::format_in_2_YUV444P8::format_out_1_YUV420PS ... ok
[INFO] [stdout] test scale::tests::test_scale_value_8_to_32_luma::case_2::format_in_3_YUV444P8::format_out_1_GRAYS ... ok
[INFO] [stdout] test scale::tests::test_scale_value_8_to_32_luma::case_2::format_in_1_GRAY8::format_out_3_YUV444PS ... ok
[INFO] [stdout] test scale::tests::test_scale_value_8_to_32_chroma::case_5::format_in_1_YUV420P8::format_out_2_YUV444PS ... ok
[INFO] [stdout] test scale::tests::test_scale_value_8_to_32_luma::case_1::format_in_2_YUV420P8::format_out_3_YUV444PS ... ok
[INFO] [stdout] test scale::tests::test_scale_value_8_to_32_luma::case_2::format_in_1_GRAY8::format_out_2_YUV420PS ... ok
[INFO] [stdout] test scale::tests::test_scale_value_8_to_32_luma::case_4::format_in_1_GRAY8::format_out_3_YUV444PS ... ok
[INFO] [stdout] test scale::tests::test_scale_value_8_to_32_luma::case_4::format_in_3_YUV444P8::format_out_2_YUV420PS ... ok
[INFO] [stdout] test scale::tests::test_scale_value_8_to_32_luma::case_4::format_in_1_GRAY8::format_out_2_YUV420PS ... ok
[INFO] [stdout] test scale::tests::test_scale_value_8_to_32_luma::case_4::format_in_2_YUV420P8::format_out_1_GRAYS ... ok
[INFO] [stdout] test scale::tests::test_scale_value_8_to_32_luma::case_4::format_in_2_YUV420P8::format_out_2_YUV420PS ... ok
[INFO] [stdout] test scale::tests::test_scale_value_8_to_32_luma::case_4::format_in_2_YUV420P8::format_out_3_YUV444PS ... ok
[INFO] [stdout] test scale::tests::test_scale_value_8_to_32_luma::case_4::format_in_3_YUV444P8::format_out_1_GRAYS ... ok
[INFO] [stdout] test scale::tests::test_scale_value_8_to_32_luma::case_4::format_in_3_YUV444P8::format_out_3_YUV444PS ... ok
[INFO] [stdout] test scale::tests::test_scale_value_8_to_32_luma::case_5::format_in_1_GRAY8::format_out_1_GRAYS ... ok
[INFO] [stdout] test scale::tests::test_scale_value_8_to_32_luma::case_5::format_in_1_GRAY8::format_out_2_YUV420PS ... ok
[INFO] [stdout] test scale::tests::test_scale_value_8_to_32_luma::case_5::format_in_1_GRAY8::format_out_3_YUV444PS ... ok
[INFO] [stdout] test scale::tests::test_scale_value_8_to_32_luma::case_5::format_in_2_YUV420P8::format_out_3_YUV444PS ... ok
[INFO] [stdout] test scale::tests::test_scale_value_8_to_32_luma::case_5::format_in_2_YUV420P8::format_out_1_GRAYS ... ok
[INFO] [stdout] test scale::tests::test_scale_value_8_to_32_luma::case_5::format_in_2_YUV420P8::format_out_2_YUV420PS ... ok
[INFO] [stdout] test scale::tests::test_scale_value_8_to_32_luma::case_5::format_in_3_YUV444P8::format_out_3_YUV444PS ... ok
[INFO] [stdout] test scale::tests::test_scale_value_8_to_32_luma::case_5::format_in_3_YUV444P8::format_out_2_YUV420PS ... ok
[INFO] [stdout] test vs_enums::tests::test_preset_video_formats ... ok
[INFO] [stdout] test scale::tests::test_scale_value_8_to_32_luma::case_5::format_in_3_YUV444P8::format_out_1_GRAYS ... ok
[INFO] [stdout] test scale::tests::test_scale_value_8_to_32_luma::case_3::format_in_3_YUV444P8::format_out_1_GRAYS ... ok
[INFO] [stderr]    Doc-tests vapours
[INFO] [stdout] 
[INFO] [stdout] test result: ok. 336 passed; 0 failed; 0 ignored; 0 measured; 0 filtered out; finished in 0.12s
[INFO] [stdout] 
[INFO] [stdout] 
[INFO] [stdout] running 2 tests
[INFO] [stdout] test src/lib.rs - (line 8) ... FAILED
[INFO] [stdout] test src/lib.rs - (line 31) ... FAILED
[INFO] [stdout] 
[INFO] [stdout] failures:
[INFO] [stdout] 
[INFO] [stdout] ---- src/lib.rs - (line 8) stdout ----
[INFO] [stdout] error[E0425]: cannot find value `fi` in this scope
[INFO] [stdout]  --> src/lib.rs:9:17
[INFO] [stdout]   |
[INFO] [stdout] 3 | for plane in 0..fi.num_planes {
[INFO] [stdout]   |                 ^^ not found in this scope
[INFO] [stdout]   |
[INFO] [stdout] help: you might have meant to write `.` instead of `..`
[INFO] [stdout]   |
[INFO] [stdout] 3 - for plane in 0..fi.num_planes {
[INFO] [stdout] 3 + for plane in 0.fi.num_planes {
[INFO] [stdout]   |
[INFO] [stdout] 
[INFO] [stdout] error[E0425]: cannot find value `src` in this scope
[INFO] [stdout]  --> src/lib.rs:10:21
[INFO] [stdout]   |
[INFO] [stdout] 4 |     let mut src_p = src.plane(plane);
[INFO] [stdout]   |                     ^^^ not found in this scope
[INFO] [stdout] 
[INFO] [stdout] error[E0425]: cannot find value `src` in this scope
[INFO] [stdout]  --> src/lib.rs:11:22
[INFO] [stdout]   |
[INFO] [stdout] 5 |     let src_stride = src.stride(plane);
[INFO] [stdout]   |                      ^^^ not found in this scope
[INFO] [stdout] 
[INFO] [stdout] error[E0425]: cannot find value `dst` in this scope
[INFO] [stdout]  --> src/lib.rs:12:21
[INFO] [stdout]   |
[INFO] [stdout] 6 |     let mut dst_p = dst.plane_mut(plane);
[INFO] [stdout]   |                     ^^^ not found in this scope
[INFO] [stdout] 
[INFO] [stdout] error[E0425]: cannot find value `dst` in this scope
[INFO] [stdout]  --> src/lib.rs:13:22
[INFO] [stdout]   |
[INFO] [stdout] 7 |     let dst_stride = dst.stride(plane);
[INFO] [stdout]   |                      ^^^ not found in this scope
[INFO] [stdout] 
[INFO] [stdout] error[E0425]: cannot find value `src` in this scope
[INFO] [stdout]  --> src/lib.rs:15:13
[INFO] [stdout]   |
[INFO] [stdout] 9 |     let h = src.frame_height(plane);
[INFO] [stdout]   |             ^^^ not found in this scope
[INFO] [stdout] 
[INFO] [stdout] error[E0425]: cannot find value `src` in this scope
[INFO] [stdout]   --> src/lib.rs:16:13
[INFO] [stdout]    |
[INFO] [stdout] 10 |     let w = src.frame_width(plane);
[INFO] [stdout]    |             ^^^ not found in this scope
[INFO] [stdout] 
[INFO] [stdout] error: aborting due to 7 previous errors
[INFO] [stdout] 
[INFO] [stdout] For more information about this error, try `rustc --explain E0425`.
[INFO] [stdout] Couldn't compile the test.
[INFO] [stdout] ---- src/lib.rs - (line 31) stdout ----
[INFO] [stdout] error[E0425]: cannot find value `fi` in this scope
[INFO] [stdout]   --> src/lib.rs:38:17
[INFO] [stdout]    |
[INFO] [stdout] 10 | for plane in 0..fi.num_planes {
[INFO] [stdout]    |                 ^^ not found in this scope
[INFO] [stdout]    |
[INFO] [stdout] help: you might have meant to write `.` instead of `..`
[INFO] [stdout]    |
[INFO] [stdout] 10 - for plane in 0..fi.num_planes {
[INFO] [stdout] 10 + for plane in 0.fi.num_planes {
[INFO] [stdout]    |
[INFO] [stdout] 
[INFO] [stdout] error[E0425]: cannot find value `src` in this scope
[INFO] [stdout]   --> src/lib.rs:39:21
[INFO] [stdout]    |
[INFO] [stdout] 11 |     let src_slice = src.as_slice::<u8>(plane);
[INFO] [stdout]    |                     ^^^ not found in this scope
[INFO] [stdout] 
[INFO] [stdout] error[E0425]: cannot find value `dst` in this scope
[INFO] [stdout]   --> src/lib.rs:40:21
[INFO] [stdout]    |
[INFO] [stdout] 12 |     let dst_slice = dst.as_mut_slice::<u8>(plane);
[INFO] [stdout]    |                     ^^^ not found in this scope
[INFO] [stdout] 
[INFO] [stdout] error[E0425]: cannot find function `zip` in this scope
[INFO] [stdout]   --> src/lib.rs:42:35
[INFO] [stdout]    |
[INFO] [stdout] 14 |     for (src_pixel, dst_pixel) in zip(src_slice, dst_slice) {
[INFO] [stdout]    |                                   ^^^ not found in this scope
[INFO] [stdout]    |
[INFO] [stdout] help: consider importing this function
[INFO] [stdout]    |
[INFO] [stdout] 3  + use std::iter::zip;
[INFO] [stdout]    |
[INFO] [stdout] 
[INFO] [stdout] error: aborting due to 4 previous errors
[INFO] [stdout] 
[INFO] [stdout] For more information about this error, try `rustc --explain E0425`.
[INFO] [stdout] Couldn't compile the test.
[INFO] [stdout] 
[INFO] [stdout] failures:
[INFO] [stdout]     src/lib.rs - (line 31)
[INFO] [stdout]     src/lib.rs - (line 8)
[INFO] [stdout] 
[INFO] [stdout] test result: FAILED. 0 passed; 2 failed; 0 ignored; 0 measured; 0 filtered out; finished in 0.15s
[INFO] [stdout] 
[INFO] [stderr] error: doctest failed, to rerun pass `--doc`
[INFO] running `Command { std: "docker" "inspect" "7064d795cbcac160ef61e9b56f9bfd1a0367a69d50d1cff0070553f2f1a2f2cd", kill_on_drop: false }`
[INFO] running `Command { std: "docker" "rm" "-f" "7064d795cbcac160ef61e9b56f9bfd1a0367a69d50d1cff0070553f2f1a2f2cd", kill_on_drop: false }`
[INFO] [stdout] 7064d795cbcac160ef61e9b56f9bfd1a0367a69d50d1cff0070553f2f1a2f2cd
