[INFO] cloning repository https://github.com/sergey-tihon/rust-macros
[INFO] running `Command { std: "git" "-c" "credential.helper=" "-c" "credential.helper=/workspace/cargo-home/bin/git-credential-null" "clone" "--bare" "https://github.com/sergey-tihon/rust-macros" "/workspace/cache/git-repos/https%3A%2F%2Fgithub.com%2Fsergey-tihon%2Frust-macros", kill_on_drop: false }`
[INFO] [stderr] Cloning into bare repository '/workspace/cache/git-repos/https%3A%2F%2Fgithub.com%2Fsergey-tihon%2Frust-macros'...
[INFO] running `Command { std: "git" "rev-parse" "HEAD", kill_on_drop: false }`
[INFO] [stdout] 6cc9c2210ad0a3df260c75593ac5de0e657c0ac2
[INFO] testing sergey-tihon/rust-macros against beta-2024-12-08 for beta-1.84.0-4-retry
[INFO] running `Command { std: "git" "clone" "/workspace/cache/git-repos/https%3A%2F%2Fgithub.com%2Fsergey-tihon%2Frust-macros" "/workspace/builds/worker-6-tc2/source", kill_on_drop: false }`
[INFO] [stderr] Cloning into '/workspace/builds/worker-6-tc2/source'...
[INFO] [stderr] done.
[INFO] validating manifest of git repo https://github.com/sergey-tihon/rust-macros on toolchain beta-2024-12-08
[INFO] running `Command { std: CARGO_HOME="/workspace/cargo-home" RUSTUP_HOME="/workspace/rustup-home" "/workspace/cargo-home/bin/cargo" "+beta-2024-12-08" "metadata" "--manifest-path" "Cargo.toml" "--no-deps", kill_on_drop: false }`
[INFO] started tweaking git repo https://github.com/sergey-tihon/rust-macros
[INFO] finished tweaking git repo https://github.com/sergey-tihon/rust-macros
[INFO] tweaked toml for git repo https://github.com/sergey-tihon/rust-macros written to /workspace/builds/worker-6-tc2/source/Cargo.toml
[INFO] crate git repo https://github.com/sergey-tihon/rust-macros already has a lockfile, it will not be regenerated
[INFO] running `Command { std: CARGO_HOME="/workspace/cargo-home" RUSTUP_HOME="/workspace/rustup-home" "/workspace/cargo-home/bin/cargo" "+beta-2024-12-08" "fetch" "--manifest-path" "Cargo.toml", kill_on_drop: false }`
[INFO] running `Command { std: "docker" "create" "-v" "/var/lib/crater-agent-workspace/builds/worker-6-tc2/target:/opt/rustwide/target:rw,Z" "-v" "/var/lib/crater-agent-workspace/builds/worker-6-tc2/source:/opt/rustwide/workdir:ro,Z" "-v" "/var/lib/crater-agent-workspace/cargo-home:/opt/rustwide/cargo-home:ro,Z" "-v" "/var/lib/crater-agent-workspace/rustup-home:/opt/rustwide/rustup-home:ro,Z" "-e" "SOURCE_DIR=/opt/rustwide/workdir" "-e" "CARGO_TARGET_DIR=/opt/rustwide/target" "-e" "CARGO_HOME=/opt/rustwide/cargo-home" "-e" "RUSTUP_HOME=/opt/rustwide/rustup-home" "-w" "/opt/rustwide/workdir" "-m" "1610612736" "--user" "0:0" "--network" "none" "ghcr.io/rust-lang/crates-build-env/linux@sha256:f3a9d4ad9d972b27faf3965f35b62e55ba32bbce8f20bc8fe909558a86702fde" "/opt/rustwide/cargo-home/bin/cargo" "+beta-2024-12-08" "metadata" "--no-deps" "--format-version=1", kill_on_drop: false }`
[INFO] [stdout] cc940fdbe5cb9f8e5a534481ab69537aa3eaba13c7df88a7686be33f1337ee54
[INFO] running `Command { std: "docker" "start" "-a" "cc940fdbe5cb9f8e5a534481ab69537aa3eaba13c7df88a7686be33f1337ee54", kill_on_drop: false }`
[INFO] running `Command { std: "docker" "inspect" "cc940fdbe5cb9f8e5a534481ab69537aa3eaba13c7df88a7686be33f1337ee54", kill_on_drop: false }`
[INFO] running `Command { std: "docker" "rm" "-f" "cc940fdbe5cb9f8e5a534481ab69537aa3eaba13c7df88a7686be33f1337ee54", kill_on_drop: false }`
[INFO] [stdout] cc940fdbe5cb9f8e5a534481ab69537aa3eaba13c7df88a7686be33f1337ee54
[INFO] running `Command { std: "docker" "create" "-v" "/var/lib/crater-agent-workspace/builds/worker-6-tc2/target:/opt/rustwide/target:rw,Z" "-v" "/var/lib/crater-agent-workspace/builds/worker-6-tc2/source:/opt/rustwide/workdir:ro,Z" "-v" "/var/lib/crater-agent-workspace/cargo-home:/opt/rustwide/cargo-home:ro,Z" "-v" "/var/lib/crater-agent-workspace/rustup-home:/opt/rustwide/rustup-home:ro,Z" "-e" "SOURCE_DIR=/opt/rustwide/workdir" "-e" "CARGO_TARGET_DIR=/opt/rustwide/target" "-e" "CARGO_INCREMENTAL=0" "-e" "RUST_BACKTRACE=full" "-e" "RUSTFLAGS=--cap-lints=warn" "-e" "RUSTDOCFLAGS=--cap-lints=warn" "-e" "CARGO_HOME=/opt/rustwide/cargo-home" "-e" "RUSTUP_HOME=/opt/rustwide/rustup-home" "-w" "/opt/rustwide/workdir" "-m" "1610612736" "--user" "0:0" "--network" "none" "ghcr.io/rust-lang/crates-build-env/linux@sha256:f3a9d4ad9d972b27faf3965f35b62e55ba32bbce8f20bc8fe909558a86702fde" "/opt/rustwide/cargo-home/bin/cargo" "+beta-2024-12-08" "build" "--frozen" "--message-format=json", kill_on_drop: false }`
[INFO] [stdout] bbb5963696b9b64d569babc5d470f567672e8ecbfe2317cf25f384ebdf015c3d
[INFO] running `Command { std: "docker" "start" "-a" "bbb5963696b9b64d569babc5d470f567672e8ecbfe2317cf25f384ebdf015c3d", kill_on_drop: false }`
[INFO] [stderr]    Compiling proc-macro2 v1.0.86
[INFO] [stderr]    Compiling unicode-ident v1.0.12
[INFO] [stderr]    Compiling serde v1.0.210
[INFO] [stderr]    Compiling version_check v0.9.5
[INFO] [stderr]    Compiling hashbrown v0.14.5
[INFO] [stderr]    Compiling syn v1.0.109
[INFO] [stderr]    Compiling itoa v1.0.11
[INFO] [stderr]    Compiling ryu v1.0.18
[INFO] [stderr]    Compiling winnow v0.6.18
[INFO] [stderr]    Compiling serde_json v1.0.128
[INFO] [stderr]    Compiling unsafe-libyaml v0.2.11
[INFO] [stderr]    Compiling trybuild v1.0.99
[INFO] [stderr]    Compiling memchr v2.7.4
[INFO] [stderr]    Compiling glob v0.3.1
[INFO] [stderr]    Compiling termcolor v1.4.1
[INFO] [stderr]    Compiling proc-macro-error-attr v1.0.4
[INFO] [stderr]    Compiling proc-macro-error v1.0.4
[INFO] [stderr]    Compiling quote v1.0.37
[INFO] [stderr]    Compiling indexmap v2.5.0
[INFO] [stderr]    Compiling syn v2.0.77
[INFO] [stderr]    Compiling serde_spanned v0.6.7
[INFO] [stderr]    Compiling toml_datetime v0.6.8
[INFO] [stderr]    Compiling serde_yaml v0.9.34+deprecated
[INFO] [stderr]    Compiling toml_edit v0.22.20
[INFO] [stderr]    Compiling builder-code v0.1.0 (/opt/rustwide/workdir/builder-code)
[INFO] [stderr]    Compiling serde_derive v1.0.210
[INFO] [stderr]    Compiling proc-macro-attr v0.1.0 (/opt/rustwide/workdir/proc-macro-attr)
[INFO] [stderr]    Compiling proc-macro-derive v0.1.0 (/opt/rustwide/workdir/proc-macro-derive)
[INFO] [stderr]    Compiling builder-macro v0.1.0 (/opt/rustwide/workdir/builder-macro)
[INFO] [stderr]    Compiling panic-to-result-macro v0.1.0 (/opt/rustwide/workdir/panic-to-result-macro)
[INFO] [stderr]    Compiling proc-macro v0.1.0 (/opt/rustwide/workdir/proc-macro)
[INFO] [stderr]    Compiling config-macro v0.1.0 (/opt/rustwide/workdir/config-macro)
[INFO] [stderr]    Compiling toml v0.8.19
[INFO] [stderr]    Compiling app v0.1.0 (/opt/rustwide/workdir/app)
[INFO] [stderr] pub struct Example4 { pub first : String, pub second : u32 }
[INFO] [stderr] pub struct Example5(u32, String);
[INFO] [stderr]     Finished `dev` profile [unoptimized + debuginfo] target(s) in 28.25s
[INFO] running `Command { std: "docker" "inspect" "bbb5963696b9b64d569babc5d470f567672e8ecbfe2317cf25f384ebdf015c3d", kill_on_drop: false }`
[INFO] running `Command { std: "docker" "rm" "-f" "bbb5963696b9b64d569babc5d470f567672e8ecbfe2317cf25f384ebdf015c3d", kill_on_drop: false }`
[INFO] [stdout] bbb5963696b9b64d569babc5d470f567672e8ecbfe2317cf25f384ebdf015c3d
[INFO] running `Command { std: "docker" "create" "-v" "/var/lib/crater-agent-workspace/builds/worker-6-tc2/target:/opt/rustwide/target:rw,Z" "-v" "/var/lib/crater-agent-workspace/builds/worker-6-tc2/source:/opt/rustwide/workdir:ro,Z" "-v" "/var/lib/crater-agent-workspace/cargo-home:/opt/rustwide/cargo-home:ro,Z" "-v" "/var/lib/crater-agent-workspace/rustup-home:/opt/rustwide/rustup-home:ro,Z" "-e" "SOURCE_DIR=/opt/rustwide/workdir" "-e" "CARGO_TARGET_DIR=/opt/rustwide/target" "-e" "CARGO_INCREMENTAL=0" "-e" "RUST_BACKTRACE=full" "-e" "RUSTFLAGS=--cap-lints=warn" "-e" "RUSTDOCFLAGS=--cap-lints=warn" "-e" "CARGO_HOME=/opt/rustwide/cargo-home" "-e" "RUSTUP_HOME=/opt/rustwide/rustup-home" "-w" "/opt/rustwide/workdir" "-m" "1610612736" "--user" "0:0" "--network" "none" "ghcr.io/rust-lang/crates-build-env/linux@sha256:f3a9d4ad9d972b27faf3965f35b62e55ba32bbce8f20bc8fe909558a86702fde" "/opt/rustwide/cargo-home/bin/cargo" "+beta-2024-12-08" "test" "--frozen" "--no-run" "--message-format=json", kill_on_drop: false }`
[INFO] [stdout] 602e7885bddf08e5168a0ff124bb120a77dd4519b8e8108074d4753c084e93f7
[INFO] running `Command { std: "docker" "start" "-a" "602e7885bddf08e5168a0ff124bb120a77dd4519b8e8108074d4753c084e93f7", kill_on_drop: false }`
[INFO] [stderr]    Compiling config-macro v0.1.0 (/opt/rustwide/workdir/config-macro)
[INFO] [stderr]    Compiling builder-macro v0.1.0 (/opt/rustwide/workdir/builder-macro)
[INFO] [stderr]    Compiling panic-to-result-macro v0.1.0 (/opt/rustwide/workdir/panic-to-result-macro)
[INFO] [stderr]    Compiling proc-macro-attr v0.1.0 (/opt/rustwide/workdir/proc-macro-attr)
[INFO] [stderr]    Compiling proc-macro-derive v0.1.0 (/opt/rustwide/workdir/proc-macro-derive)
[INFO] [stderr]    Compiling proc-macro v0.1.0 (/opt/rustwide/workdir/proc-macro)
[INFO] [stderr]    Compiling builder-code v0.1.0 (/opt/rustwide/workdir/builder-code)
[INFO] [stderr]    Compiling app v0.1.0 (/opt/rustwide/workdir/app)
[INFO] [stderr] pub struct ExampleEx
[INFO] [stderr] { pub first : String, pub second : u32, third : String, fourth : u32 }
[INFO] [stderr] pub struct Example4 { pub first : String, pub second : u32 }
[INFO] [stdout] warning: fields `third` and `fourth` are never read
[INFO] [stdout]  --> app/tests/public_usage_tests.rs:8:9
[INFO] [stdout]   |
[INFO] [stdout] 5 |     struct ExampleEx {
[INFO] [stdout]   |            --------- fields in this struct
[INFO] [stdout] ...
[INFO] [stdout] 8 |         third: String,
[INFO] [stdout]   |         ^^^^^
[INFO] [stdout] 9 |         fourth: u32,
[INFO] [stdout]   |         ^^^^^^
[INFO] [stdout]   |
[INFO] [stdout]   = note: `#[warn(dead_code)]` on by default
[INFO] [stdout] 
[INFO] [stdout] 
[INFO] [stderr] pub struct Example5(u32, String);
[INFO] [stderr] pub struct Example4 { pub first : String, pub second : u32 }
[INFO] [stderr] pub struct Example5(u32, String);
[INFO] [stdout] warning: fields `breath_of_a_fish` and `anything_else` are never read
[INFO] [stdout]    --> app/tests/builder_usage_tests.rs:139:9
[INFO] [stdout]     |
[INFO] [stdout] 137 |     struct Gleichnis {
[INFO] [stdout]     |            --------- fields in this struct
[INFO] [stdout] 138 |         roots_of: String,
[INFO] [stdout] 139 |         breath_of_a_fish: u8,
[INFO] [stdout]     |         ^^^^^^^^^^^^^^^^
[INFO] [stdout] 140 |         anything_else: bool,
[INFO] [stdout]     |         ^^^^^^^^^^^^^
[INFO] [stdout]     |
[INFO] [stdout]     = note: `#[warn(dead_code)]` on by default
[INFO] [stdout] 
[INFO] [stdout] 
[INFO] [stderr]     Finished `test` profile [unoptimized + debuginfo] target(s) in 5.70s
[INFO] running `Command { std: "docker" "inspect" "602e7885bddf08e5168a0ff124bb120a77dd4519b8e8108074d4753c084e93f7", kill_on_drop: false }`
[INFO] running `Command { std: "docker" "rm" "-f" "602e7885bddf08e5168a0ff124bb120a77dd4519b8e8108074d4753c084e93f7", kill_on_drop: false }`
[INFO] [stdout] 602e7885bddf08e5168a0ff124bb120a77dd4519b8e8108074d4753c084e93f7
[INFO] running `Command { std: "docker" "create" "-v" "/var/lib/crater-agent-workspace/builds/worker-6-tc2/target:/opt/rustwide/target:rw,Z" "-v" "/var/lib/crater-agent-workspace/builds/worker-6-tc2/source:/opt/rustwide/workdir:ro,Z" "-v" "/var/lib/crater-agent-workspace/cargo-home:/opt/rustwide/cargo-home:ro,Z" "-v" "/var/lib/crater-agent-workspace/rustup-home:/opt/rustwide/rustup-home:ro,Z" "-e" "SOURCE_DIR=/opt/rustwide/workdir" "-e" "CARGO_TARGET_DIR=/opt/rustwide/target" "-e" "CARGO_INCREMENTAL=0" "-e" "RUST_BACKTRACE=full" "-e" "RUSTFLAGS=--cap-lints=warn" "-e" "RUSTDOCFLAGS=--cap-lints=warn" "-e" "CARGO_HOME=/opt/rustwide/cargo-home" "-e" "RUSTUP_HOME=/opt/rustwide/rustup-home" "-w" "/opt/rustwide/workdir" "-m" "1610612736" "--user" "0:0" "--network" "none" "ghcr.io/rust-lang/crates-build-env/linux@sha256:f3a9d4ad9d972b27faf3965f35b62e55ba32bbce8f20bc8fe909558a86702fde" "/opt/rustwide/cargo-home/bin/cargo" "+beta-2024-12-08" "test" "--frozen", kill_on_drop: false }`
[INFO] [stdout] f281b71762e2f5a17bfbd8c5afc1b3dbf877bf81a3ca0f0bc5477997feb8b88f
[INFO] running `Command { std: "docker" "start" "-a" "f281b71762e2f5a17bfbd8c5afc1b3dbf877bf81a3ca0f0bc5477997feb8b88f", kill_on_drop: false }`
[INFO] [stderr] pub struct ExampleEx
[INFO] [stderr] { pub first : String, pub second : u32, third : String, fourth : u32 }
[INFO] [stderr] warning: fields `third` and `fourth` are never read
[INFO] [stderr]  --> app/tests/public_usage_tests.rs:8:9
[INFO] [stderr]   |
[INFO] [stderr] 5 |     struct ExampleEx {
[INFO] [stderr]   |            --------- fields in this struct
[INFO] [stderr] ...
[INFO] [stderr] 8 |         third: String,
[INFO] [stderr]   |         ^^^^^
[INFO] [stderr] 9 |         fourth: u32,
[INFO] [stderr]   |         ^^^^^^
[INFO] [stderr]   |
[INFO] [stderr]   = note: `#[warn(dead_code)]` on by default
[INFO] [stderr] 
[INFO] [stderr] pub struct Example4 { pub first : String, pub second : u32 }
[INFO] [stderr] pub struct Example5(u32, String);
[INFO] [stderr] pub struct Example4 { pub first : String, pub second : u32 }
[INFO] [stderr] pub struct Example5(u32, String);
[INFO] [stderr] warning: fields `breath_of_a_fish` and `anything_else` are never read
[INFO] [stderr]    --> app/tests/builder_usage_tests.rs:139:9
[INFO] [stderr]     |
[INFO] [stderr] 137 |     struct Gleichnis {
[INFO] [stderr]     |            --------- fields in this struct
[INFO] [stderr] 138 |         roots_of: String,
[INFO] [stderr] 139 |         breath_of_a_fish: u8,
[INFO] [stderr]     |         ^^^^^^^^^^^^^^^^
[INFO] [stderr] 140 |         anything_else: bool,
[INFO] [stderr]     |         ^^^^^^^^^^^^^
[INFO] [stderr]     |
[INFO] [stderr]     = note: `#[warn(dead_code)]` on by default
[INFO] [stderr] 
[INFO] [stderr] warning: `app` (test "public_usage_tests") generated 1 warning
[INFO] [stderr] warning: `app` (test "builder_usage_tests") generated 1 warning
[INFO] [stderr]     Finished `test` profile [unoptimized + debuginfo] target(s) in 0.06s
[INFO] [stderr]      Running unittests src/main.rs (/opt/rustwide/target/debug/deps/app-5190ad663e31039a)
[INFO] [stdout] 
[INFO] [stdout] running 2 tests
[INFO] [stderr]      Running tests/builder_usage_tests.rs (/opt/rustwide/target/debug/deps/builder_usage_tests-2bfea026b7e4bf87)
[INFO] [stdout] test panic_to_result::tests::should_panic_on_invalid_age ... ok
[INFO] [stdout] test panic_to_result::tests::happy_path ... ok
[INFO] [stdout] 
[INFO] [stdout] test result: ok. 2 passed; 0 failed; 0 ignored; 0 measured; 0 filtered out; finished in 0.01s
[INFO] [stdout] 
[INFO] [stdout] 
[INFO] [stdout] running 9 tests
[INFO] [stdout] test should_generate_builder_for_struct_with_multiple_properties ... ok
[INFO] [stdout] test should_generate_builder_for_struct_with_no_properties ... ok
[INFO] [stdout] test should_generate_builder_for_struct_with_one_renamed_property ... ok
[INFO] [stdout] test should_generate_builder_for_struct_with_single_property ... ok
[INFO] [stdout] test should_generate_builder_for_struct_with_two_props_one_custom_name ... ok
[INFO] [stdout] test should_use_defaults_when_attribute_is_present ... ok
[INFO] [stdout] test should_generate_builder_for_struct_with_two_properties ... ok
[INFO] [stdout] test should_generate_builder_for_struct_with_one_renamed_prop ... ok
[INFO] [stderr]      Running tests/compilation_tests.rs (/opt/rustwide/target/debug/deps/compilation_tests-8a364c26fd889836)
[INFO] [stdout] test should_work_with_correct_order ... ok
[INFO] [stdout] 
[INFO] [stdout] test result: ok. 9 passed; 0 failed; 0 ignored; 0 measured; 0 filtered out; finished in 0.01s
[INFO] [stdout] 
[INFO] [stdout] 
[INFO] [stdout] running 1 test
[INFO] [stderr]    Compiling proc-macro2 v1.0.86
[INFO] [stderr]    Compiling unicode-ident v1.0.12
[INFO] [stderr]    Compiling version_check v0.9.5
[INFO] [stderr]    Compiling syn v1.0.109
[INFO] [stderr]    Compiling serde v1.0.210
[INFO] [stderr]    Compiling hashbrown v0.14.5
[INFO] [stderr]    Compiling equivalent v1.0.1
[INFO] [stderr]    Compiling unsafe-libyaml v0.2.11
[INFO] [stderr]    Compiling itoa v1.0.11
[INFO] [stderr]    Compiling ryu v1.0.18
[INFO] [stderr]    Compiling proc-macro-error-attr v1.0.4
[INFO] [stderr]    Compiling proc-macro-error v1.0.4
[INFO] [stderr]    Compiling indexmap v2.5.0
[INFO] [stderr]    Compiling quote v1.0.37
[INFO] [stderr]    Compiling syn v2.0.77
[INFO] [stderr]    Compiling serde_yaml v0.9.34+deprecated
[INFO] [stderr]    Compiling builder-code v0.1.0 (/opt/rustwide/workdir/builder-code)
[INFO] [stderr]    Compiling panic-to-result-macro v0.1.0 (/opt/rustwide/workdir/panic-to-result-macro)
[INFO] [stderr]    Compiling builder-macro v0.1.0 (/opt/rustwide/workdir/builder-macro)
[INFO] [stderr]    Compiling proc-macro v0.1.0 (/opt/rustwide/workdir/proc-macro)
[INFO] [stderr]    Compiling proc-macro-attr v0.1.0 (/opt/rustwide/workdir/proc-macro-attr)
[INFO] [stderr]    Compiling proc-macro-derive v0.1.0 (/opt/rustwide/workdir/proc-macro-derive)
[INFO] [stderr]    Compiling config-macro v0.1.0 (/opt/rustwide/workdir/config-macro)
[INFO] [stderr]     Checking app-tests v0.0.0 (/opt/rustwide/target/tests/trybuild/app)
[INFO] [stderr]     Finished `dev` profile [unoptimized + debuginfo] target(s) in 16.16s
[INFO] [stderr] 
[INFO] [stderr] 
[INFO] [stderr] test tests/fails/build_defaults_without_default.rs ... mismatch
[INFO] [stderr] 
[INFO] [stderr] EXPECTED:
[INFO] [stderr] ┈┈┈┈┈┈┈┈┈┈┈┈┈┈┈┈┈┈┈┈┈┈┈┈┈┈┈┈┈┈┈┈┈┈┈┈┈┈┈┈┈┈┈┈┈┈┈┈┈┈┈┈┈┈┈┈┈┈┈┈
[INFO] [stderr] error[E0277]: the trait bound `DoesNotImplementDefault: Default` is not satisfied
[INFO] [stderr]  --> tests/fails/build_defaults_without_default.rs:8:10
[INFO] [stderr]   |
[INFO] [stderr] 8 |     not: DoesNotImplementDefault,
[INFO] [stderr]   |          ^^^^^^^^^^^^^^^^^^^^^^^ the trait `Default` is not implemented for `DoesNotImplementDefault`
[INFO] [stderr]   |
[INFO] [stderr]   = help: see issue #48214
[INFO] [stderr] help: consider annotating `DoesNotImplementDefault` with `#[derive(Default)]`
[INFO] [stderr]   |
[INFO] [stderr] 3 + #[derive(Default)]
[INFO] [stderr] 4 | struct DoesNotImplementDefault;
[INFO] [stderr]   |
[INFO] [stderr] 
[INFO] [stderr] error[E0277]: the trait bound `DoesNotImplementDefault: Default` is not satisfied
[INFO] [stderr]  --> tests/fails/build_defaults_without_default.rs:5:10
[INFO] [stderr]   |
[INFO] [stderr] 5 | #[derive(Builder)]
[INFO] [stderr]   |          ^^^^^^^ the trait `Default` is not implemented for `DoesNotImplementDefault`
[INFO] [stderr]   |
[INFO] [stderr] note: required by a bound in `Option::<T>::unwrap_or_default`
[INFO] [stderr]  --> $RUST/core/src/option.rs
[INFO] [stderr]   |
[INFO] [stderr]   |     pub fn unwrap_or_default(self) -> T
[INFO] [stderr]   |            ----------------- required by a bound in this associated function
[INFO] [stderr]   |     where
[INFO] [stderr]   |         T: Default,
[INFO] [stderr]   |            ^^^^^^^ required by this bound in `Option::<T>::unwrap_or_default`
[INFO] [stderr]   = note: this error originates in the derive macro `Builder` (in Nightly builds, run with -Z macro-backtrace for more info)
[INFO] [stderr] help: consider annotating `DoesNotImplementDefault` with `#[derive(Default)]`
[INFO] [stderr]   |
[INFO] [stderr] 3    + #[derive(Default)]
[INFO] [stderr] 4    | struct DoesNotImplementDefault;
[INFO] [stderr]      |
[INFO] [stderr] ┈┈┈┈┈┈┈┈┈┈┈┈┈┈┈┈┈┈┈┈┈┈┈┈┈┈┈┈┈┈┈┈┈┈┈┈┈┈┈┈┈┈┈┈┈┈┈┈┈┈┈┈┈┈┈┈┈┈┈┈
[INFO] [stderr] 
[INFO] [stderr] ACTUAL OUTPUT:
[INFO] [stderr] ┈┈┈┈┈┈┈┈┈┈┈┈┈┈┈┈┈┈┈┈┈┈┈┈┈┈┈┈┈┈┈┈┈┈┈┈┈┈┈┈┈┈┈┈┈┈┈┈┈┈┈┈┈┈┈┈┈┈┈┈
[INFO] [stderr] error[E0277]: the trait bound `DoesNotImplementDefault: Default` is not satisfied
[INFO] [stderr]  --> tests/fails/build_defaults_without_default.rs:8:10
[INFO] [stderr]   |
[INFO] [stderr] 8 |     not: DoesNotImplementDefault,
[INFO] [stderr]   |          ^^^^^^^^^^^^^^^^^^^^^^^ the trait `Default` is not implemented for `DoesNotImplementDefault`
[INFO] [stderr]   |
[INFO] [stderr]   = help: see issue #48214
[INFO] [stderr] help: consider annotating `DoesNotImplementDefault` with `#[derive(Default)]`
[INFO] [stderr]   |
[INFO] [stderr] 3 + #[derive(Default)]
[INFO] [stderr] 4 | struct DoesNotImplementDefault;
[INFO] [stderr]   |
[INFO] [stderr] 
[INFO] [stderr] error[E0277]: the trait bound `DoesNotImplementDefault: Default` is not satisfied
[INFO] [stderr]  --> tests/fails/build_defaults_without_default.rs:5:10
[INFO] [stderr]   |
[INFO] [stderr] 5 | #[derive(Builder)]
[INFO] [stderr]   |          ^^^^^^^ the trait `Default` is not implemented for `DoesNotImplementDefault`
[INFO] [stderr]   |
[INFO] [stderr] note: required by a bound in `Option::<T>::unwrap_or_default`
[INFO] [stderr]  --> $RUST/core/src/option.rs
[INFO] [stderr]   = note: this error originates in the derive macro `Builder` (in Nightly builds, run with -Z macro-backtrace for more info)
[INFO] [stderr] help: consider annotating `DoesNotImplementDefault` with `#[derive(Default)]`
[INFO] [stderr]   |
[INFO] [stderr] 3 + #[derive(Default)]
[INFO] [stderr] 4 | struct DoesNotImplementDefault;
[INFO] [stderr]   |
[INFO] [stderr] ┈┈┈┈┈┈┈┈┈┈┈┈┈┈┈┈┈┈┈┈┈┈┈┈┈┈┈┈┈┈┈┈┈┈┈┈┈┈┈┈┈┈┈┈┈┈┈┈┈┈┈┈┈┈┈┈┈┈┈┈
[INFO] [stderr] note: If the actual output is the correct output you can bless it by rerunning
[INFO] [stderr]       your test with the environment variable TRYBUILD=overwrite
[INFO] [stderr] 
[INFO] [stderr] test tests/fails/build_enum.rs ... ok
[INFO] [stderr] test tests/fails/build_struct_unnamed.rs ... ok
[INFO] [stderr] test tests/fails/build_with_missing_setters.rs ... ok
[INFO] [stderr] test tests/fails/panic_return_result.rs ... ok
[INFO] [stderr] test tests/fails/panic_two_errors.rs ... ok
[INFO] [stderr] test tests/fails/panic_without_message.rs ... ok
[INFO] [stderr] 
[INFO] [stderr] 
[INFO] [stdout] test should_not_compile ... FAILED
[INFO] [stdout] 
[INFO] [stdout] failures:
[INFO] [stdout] 
[INFO] [stdout] ---- should_not_compile stdout ----
[INFO] [stdout] thread 'should_not_compile' panicked at /opt/rustwide/cargo-home/registry/src/index.crates.io-6f17d22bba15001f/trybuild-1.0.99/src/run.rs:101:13:
[INFO] [stdout] 1 of 7 tests failed
[INFO] [stdout] stack backtrace:
[INFO] [stdout]    0:     0x612212a43c6a - std::backtrace_rs::backtrace::libunwind::trace::h8810477743020387
[INFO] [stdout]                                at /rustc/202008a1b8de96d2e5b6bc02d379db03a877d34d/library/std/src/../../backtrace/src/backtrace/libunwind.rs:116:5
[INFO] [stdout]    1:     0x612212a43c6a - std::backtrace_rs::backtrace::trace_unsynchronized::h3aa55355dd6c54a6
[INFO] [stdout]                                at /rustc/202008a1b8de96d2e5b6bc02d379db03a877d34d/library/std/src/../../backtrace/src/backtrace/mod.rs:66:5
[INFO] [stdout]    2:     0x612212a43c6a - std::sys::backtrace::_print_fmt::h8588b0f62410823f
[INFO] [stdout]                                at /rustc/202008a1b8de96d2e5b6bc02d379db03a877d34d/library/std/src/sys/backtrace.rs:66:9
[INFO] [stdout]    3:     0x612212a43c6a - <std::sys::backtrace::BacktraceLock::print::DisplayBacktrace as core::fmt::Display>::fmt::h98c26ac25ffe89bb
[INFO] [stdout]                                at /rustc/202008a1b8de96d2e5b6bc02d379db03a877d34d/library/std/src/sys/backtrace.rs:39:26
[INFO] [stdout]    4:     0x612212a6cfa3 - core::fmt::rt::Argument::fmt::hf95377f4aebd453b
[INFO] [stdout]                                at /rustc/202008a1b8de96d2e5b6bc02d379db03a877d34d/library/core/src/fmt/rt.rs:177:76
[INFO] [stdout]    5:     0x612212a6cfa3 - core::fmt::write::h0dd5f6e2238c7982
[INFO] [stdout]                                at /rustc/202008a1b8de96d2e5b6bc02d379db03a877d34d/library/core/src/fmt/mod.rs:1189:21
[INFO] [stdout]    6:     0x612212a40313 - std::io::Write::write_fmt::h03bb0ca26e6faf8c
[INFO] [stdout]                                at /rustc/202008a1b8de96d2e5b6bc02d379db03a877d34d/library/std/src/io/mod.rs:1884:15
[INFO] [stdout]    7:     0x612212a43ab2 - std::sys::backtrace::BacktraceLock::print::h5c19c1c038ee186d
[INFO] [stdout]                                at /rustc/202008a1b8de96d2e5b6bc02d379db03a877d34d/library/std/src/sys/backtrace.rs:42:9
[INFO] [stdout]    8:     0x612212a456ed - std::panicking::default_hook::{{closure}}::h77172f079a1fcb13
[INFO] [stdout]                                at /rustc/202008a1b8de96d2e5b6bc02d379db03a877d34d/library/std/src/panicking.rs:268:22
[INFO] [stdout]    9:     0x612212a454f7 - std::panicking::default_hook::he5f8e3b203ccddba
[INFO] [stdout]                                at /rustc/202008a1b8de96d2e5b6bc02d379db03a877d34d/library/std/src/panicking.rs:292:9
[INFO] [stdout]   10:     0x612212a0be47 - <alloc::boxed::Box<F,A> as core::ops::function::Fn<Args>>::call::h7a3c7b4a1ae77f2f
[INFO] [stdout]                                at /rustc/202008a1b8de96d2e5b6bc02d379db03a877d34d/library/alloc/src/boxed.rs:1986:9
[INFO] [stdout]   11:     0x612212a0be47 - test::test_main::{{closure}}::hf0d3b69ae9b353d1
[INFO] [stdout]                                at /rustc/202008a1b8de96d2e5b6bc02d379db03a877d34d/library/test/src/lib.rs:134:21
[INFO] [stdout]   12:     0x612212a45d98 - <alloc::boxed::Box<F,A> as core::ops::function::Fn<Args>>::call::h6332e82e7b189abd
[INFO] [stdout]                                at /rustc/202008a1b8de96d2e5b6bc02d379db03a877d34d/library/alloc/src/boxed.rs:1986:9
[INFO] [stdout]   13:     0x612212a45d98 - std::panicking::rust_panic_with_hook::h53863d4e9018df39
[INFO] [stdout]                                at /rustc/202008a1b8de96d2e5b6bc02d379db03a877d34d/library/std/src/panicking.rs:809:13
[INFO] [stdout]   14:     0x612212a45b5a - std::panicking::begin_panic_handler::{{closure}}::h67280e6fa0757873
[INFO] [stdout]                                at /rustc/202008a1b8de96d2e5b6bc02d379db03a877d34d/library/std/src/panicking.rs:674:13
[INFO] [stdout]   15:     0x612212a44149 - std::sys::backtrace::__rust_end_short_backtrace::h1dac3f54d6fbbeb2
[INFO] [stdout]                                at /rustc/202008a1b8de96d2e5b6bc02d379db03a877d34d/library/std/src/sys/backtrace.rs:170:18
[INFO] [stdout]   16:     0x612212a457ec - rust_begin_unwind
[INFO] [stdout]                                at /rustc/202008a1b8de96d2e5b6bc02d379db03a877d34d/library/std/src/panicking.rs:665:5
[INFO] [stdout]   17:     0x612212713260 - core::panicking::panic_fmt::h6792bd1b2bf01041
[INFO] [stdout]                                at /rustc/202008a1b8de96d2e5b6bc02d379db03a877d34d/library/core/src/panicking.rs:76:14
[INFO] [stdout]   18:     0x612212725f5f - trybuild::run::<impl trybuild::Runner>::run::h9a4d6bd732f9864d
[INFO] [stdout]                                at /opt/rustwide/cargo-home/registry/src/index.crates.io-6f17d22bba15001f/trybuild-1.0.99/src/run.rs:101:13
[INFO] [stdout]   19:     0x61221272b638 - <trybuild::TestCases as core::ops::drop::Drop>::drop::h04fee871f76f4c7f
[INFO] [stdout]                                at /opt/rustwide/cargo-home/registry/src/index.crates.io-6f17d22bba15001f/trybuild-1.0.99/src/lib.rs:319:13
[INFO] [stdout]   20:     0x612212713d87 - core::ptr::drop_in_place<trybuild::TestCases>::h56bac0bd2bf78268
[INFO] [stdout]                                at /rustc/202008a1b8de96d2e5b6bc02d379db03a877d34d/library/core/src/ptr/mod.rs:521:1
[INFO] [stdout]   21:     0x6122127144d3 - compilation_tests::should_not_compile::hba1127e019ccab14
[INFO] [stdout]                                at /opt/rustwide/workdir/app/tests/compilation_tests.rs:5:1
[INFO] [stdout]   22:     0x612212714467 - compilation_tests::should_not_compile::{{closure}}::ha034be85ad1e36ab
[INFO] [stdout]                                at /opt/rustwide/workdir/app/tests/compilation_tests.rs:2:24
[INFO] [stdout]   23:     0x612212713ce6 - core::ops::function::FnOnce::call_once::h149ce75b23768b60
[INFO] [stdout]                                at /rustc/202008a1b8de96d2e5b6bc02d379db03a877d34d/library/core/src/ops/function.rs:250:5
[INFO] [stdout]   24:     0x612212a1096b - core::ops::function::FnOnce::call_once::h871bf86719ec9aa4
[INFO] [stdout]                                at /rustc/202008a1b8de96d2e5b6bc02d379db03a877d34d/library/core/src/ops/function.rs:250:5
[INFO] [stdout]   25:     0x612212a1096b - test::__rust_begin_short_backtrace::h2167df1e2b7d76fd
[INFO] [stdout]                                at /rustc/202008a1b8de96d2e5b6bc02d379db03a877d34d/library/test/src/lib.rs:632:18
[INFO] [stdout]   26:     0x612212a10358 - test::run_test_in_process::{{closure}}::h15d92f75a3adfb79
[INFO] [stdout]                                at /rustc/202008a1b8de96d2e5b6bc02d379db03a877d34d/library/test/src/lib.rs:655:60
[INFO] [stdout]   27:     0x612212a10358 - <core::panic::unwind_safe::AssertUnwindSafe<F> as core::ops::function::FnOnce<()>>::call_once::hb6c8955835a8dbbb
[INFO] [stdout]                                at /rustc/202008a1b8de96d2e5b6bc02d379db03a877d34d/library/core/src/panic/unwind_safe.rs:272:9
[INFO] [stdout]   28:     0x612212a10358 - std::panicking::try::do_call::hc79d0fc888a0bd30
[INFO] [stdout]                                at /rustc/202008a1b8de96d2e5b6bc02d379db03a877d34d/library/std/src/panicking.rs:557:40
[INFO] [stdout]   29:     0x612212a10358 - std::panicking::try::hb8a7878e3a8589d6
[INFO] [stdout]                                at /rustc/202008a1b8de96d2e5b6bc02d379db03a877d34d/library/std/src/panicking.rs:520:19
[INFO] [stdout]   30:     0x612212a10358 - std::panic::catch_unwind::hb8e4600ff0ff5cfa
[INFO] [stdout]                                at /rustc/202008a1b8de96d2e5b6bc02d379db03a877d34d/library/std/src/panic.rs:358:14
[INFO] [stdout]   31:     0x612212a10358 - test::run_test_in_process::hc2900b0b18688dd6
[INFO] [stdout]                                at /rustc/202008a1b8de96d2e5b6bc02d379db03a877d34d/library/test/src/lib.rs:655:27
[INFO] [stdout]   32:     0x612212a10358 - test::run_test::{{closure}}::hac2a9cb07be3d48d
[INFO] [stdout]                                at /rustc/202008a1b8de96d2e5b6bc02d379db03a877d34d/library/test/src/lib.rs:576:43
[INFO] [stdout]   33:     0x6122129d3dfa - test::run_test::{{closure}}::h4a5b729e66a38cd8
[INFO] [stdout]                                at /rustc/202008a1b8de96d2e5b6bc02d379db03a877d34d/library/test/src/lib.rs:606:41
[INFO] [stdout]   34:     0x6122129d3dfa - std::sys::backtrace::__rust_begin_short_backtrace::h0496fb742492f573
[INFO] [stdout]                                at /rustc/202008a1b8de96d2e5b6bc02d379db03a877d34d/library/std/src/sys/backtrace.rs:154:18
[INFO] [stdout]   35:     0x6122129d7774 - std::thread::Builder::spawn_unchecked_::{{closure}}::{{closure}}::hbb6d257c550a54bd
[INFO] [stdout]                                at /rustc/202008a1b8de96d2e5b6bc02d379db03a877d34d/library/std/src/thread/mod.rs:561:17
[INFO] [stdout]   36:     0x6122129d7774 - <core::panic::unwind_safe::AssertUnwindSafe<F> as core::ops::function::FnOnce<()>>::call_once::h46696fe4a6832328
[INFO] [stdout]                                at /rustc/202008a1b8de96d2e5b6bc02d379db03a877d34d/library/core/src/panic/unwind_safe.rs:272:9
[INFO] [stdout]   37:     0x6122129d7774 - std::panicking::try::do_call::h2625a51b667bfb64
[INFO] [stdout]                                at /rustc/202008a1b8de96d2e5b6bc02d379db03a877d34d/library/std/src/panicking.rs:557:40
[INFO] [stdout]   38:     0x6122129d7774 - std::panicking::try::hb956a59a1973aa4c
[INFO] [stdout]                                at /rustc/202008a1b8de96d2e5b6bc02d379db03a877d34d/library/std/src/panicking.rs:520:19
[INFO] [stdout]   39:     0x6122129d7774 - std::panic::catch_unwind::h64f3b9d1067ef6a0
[INFO] [stdout]                                at /rustc/202008a1b8de96d2e5b6bc02d379db03a877d34d/library/std/src/panic.rs:358:14
[INFO] [stdout]   40:     0x6122129d7774 - std::thread::Builder::spawn_unchecked_::{{closure}}::h42b2841295b6c0b2
[INFO] [stdout]                                at /rustc/202008a1b8de96d2e5b6bc02d379db03a877d34d/library/std/src/thread/mod.rs:559:30
[INFO] [stdout]   41:     0x6122129d7774 - core::ops::function::FnOnce::call_once{{vtable.shim}}::h6127de71b8124639
[INFO] [stdout]                                at /rustc/202008a1b8de96d2e5b6bc02d379db03a877d34d/library/core/src/ops/function.rs:250:5
[INFO] [stdout]   42:     0x612212a4acab - <alloc::boxed::Box<F,A> as core::ops::function::FnOnce<Args>>::call_once::h42f0ba71002a1b2c
[INFO] [stdout]                                at /rustc/202008a1b8de96d2e5b6bc02d379db03a877d34d/library/alloc/src/boxed.rs:1972:9
[INFO] [stdout]   43:     0x612212a4acab - <alloc::boxed::Box<F,A> as core::ops::function::FnOnce<Args>>::call_once::had9e47d7a3dcecb8
[INFO] [stdout]                                at /rustc/202008a1b8de96d2e5b6bc02d379db03a877d34d/library/alloc/src/boxed.rs:1972:9
[INFO] [stdout]   44:     0x612212a4acab - std::sys::pal::unix::thread::Thread::new::thread_start::h48cf765408f6f5f2
[INFO] [stdout]                                at /rustc/202008a1b8de96d2e5b6bc02d379db03a877d34d/library/std/src/sys/pal/unix/thread.rs:105:17
[INFO] [stdout]   45:     0x7f55c4840ac3 - <unknown>
[INFO] [stdout]   46:     0x7f55c48d1a04 - clone
[INFO] [stdout]   47:                0x0 - <unknown>
[INFO] [stdout] 
[INFO] [stdout] 
[INFO] [stdout] failures:
[INFO] [stdout]     should_not_compile
[INFO] [stdout] 
[INFO] [stdout] test result: FAILED. 0 passed; 1 failed; 0 ignored; 0 measured; 0 filtered out; finished in 16.77s
[INFO] [stdout] 
[INFO] [stderr] error: test failed, to rerun pass `-p app --test compilation_tests`
[INFO] running `Command { std: "docker" "inspect" "f281b71762e2f5a17bfbd8c5afc1b3dbf877bf81a3ca0f0bc5477997feb8b88f", kill_on_drop: false }`
[INFO] running `Command { std: "docker" "rm" "-f" "f281b71762e2f5a17bfbd8c5afc1b3dbf877bf81a3ca0f0bc5477997feb8b88f", kill_on_drop: false }`
[INFO] [stdout] f281b71762e2f5a17bfbd8c5afc1b3dbf877bf81a3ca0f0bc5477997feb8b88f
