[INFO] cloning repository https://github.com/sephirothx/aoc23
[INFO] running `Command { std: "git" "-c" "credential.helper=" "-c" "credential.helper=/workspace/cargo-home/bin/git-credential-null" "clone" "--bare" "https://github.com/sephirothx/aoc23" "/workspace/cache/git-repos/https%3A%2F%2Fgithub.com%2Fsephirothx%2Faoc23", kill_on_drop: false }`
[INFO] [stderr] Cloning into bare repository '/workspace/cache/git-repos/https%3A%2F%2Fgithub.com%2Fsephirothx%2Faoc23'...
[INFO] running `Command { std: "git" "rev-parse" "HEAD", kill_on_drop: false }`
[INFO] [stdout] 4feb833b5e22a4568aac7357f051547b1904e91e
[INFO] testing sephirothx/aoc23 against beta-2024-12-08 for beta-1.84.0-4-retry
[INFO] running `Command { std: "git" "clone" "/workspace/cache/git-repos/https%3A%2F%2Fgithub.com%2Fsephirothx%2Faoc23" "/workspace/builds/worker-1-tc2/source", kill_on_drop: false }`
[INFO] [stderr] Cloning into '/workspace/builds/worker-1-tc2/source'...
[INFO] [stderr] done.
[INFO] validating manifest of git repo https://github.com/sephirothx/aoc23 on toolchain beta-2024-12-08
[INFO] running `Command { std: CARGO_HOME="/workspace/cargo-home" RUSTUP_HOME="/workspace/rustup-home" "/workspace/cargo-home/bin/cargo" "+beta-2024-12-08" "metadata" "--manifest-path" "Cargo.toml" "--no-deps", kill_on_drop: false }`
[INFO] started tweaking git repo https://github.com/sephirothx/aoc23
[INFO] finished tweaking git repo https://github.com/sephirothx/aoc23
[INFO] tweaked toml for git repo https://github.com/sephirothx/aoc23 written to /workspace/builds/worker-1-tc2/source/Cargo.toml
[INFO] crate git repo https://github.com/sephirothx/aoc23 already has a lockfile, it will not be regenerated
[INFO] running `Command { std: CARGO_HOME="/workspace/cargo-home" RUSTUP_HOME="/workspace/rustup-home" "/workspace/cargo-home/bin/cargo" "+beta-2024-12-08" "fetch" "--manifest-path" "Cargo.toml", kill_on_drop: false }`
[INFO] running `Command { std: "docker" "create" "-v" "/var/lib/crater-agent-workspace/builds/worker-1-tc2/target:/opt/rustwide/target:rw,Z" "-v" "/var/lib/crater-agent-workspace/builds/worker-1-tc2/source:/opt/rustwide/workdir:ro,Z" "-v" "/var/lib/crater-agent-workspace/cargo-home:/opt/rustwide/cargo-home:ro,Z" "-v" "/var/lib/crater-agent-workspace/rustup-home:/opt/rustwide/rustup-home:ro,Z" "-e" "SOURCE_DIR=/opt/rustwide/workdir" "-e" "CARGO_TARGET_DIR=/opt/rustwide/target" "-e" "CARGO_HOME=/opt/rustwide/cargo-home" "-e" "RUSTUP_HOME=/opt/rustwide/rustup-home" "-w" "/opt/rustwide/workdir" "-m" "1610612736" "--user" "0:0" "--network" "none" "ghcr.io/rust-lang/crates-build-env/linux@sha256:f3a9d4ad9d972b27faf3965f35b62e55ba32bbce8f20bc8fe909558a86702fde" "/opt/rustwide/cargo-home/bin/cargo" "+beta-2024-12-08" "metadata" "--no-deps" "--format-version=1", kill_on_drop: false }`
[INFO] [stdout] 485c48bf73268b906a56f11b841107875f2c1f9a9bffc6ccc529baebdffe7ab0
[INFO] running `Command { std: "docker" "start" "-a" "485c48bf73268b906a56f11b841107875f2c1f9a9bffc6ccc529baebdffe7ab0", kill_on_drop: false }`
[INFO] running `Command { std: "docker" "inspect" "485c48bf73268b906a56f11b841107875f2c1f9a9bffc6ccc529baebdffe7ab0", kill_on_drop: false }`
[INFO] running `Command { std: "docker" "rm" "-f" "485c48bf73268b906a56f11b841107875f2c1f9a9bffc6ccc529baebdffe7ab0", kill_on_drop: false }`
[INFO] [stdout] 485c48bf73268b906a56f11b841107875f2c1f9a9bffc6ccc529baebdffe7ab0
[INFO] running `Command { std: "docker" "create" "-v" "/var/lib/crater-agent-workspace/builds/worker-1-tc2/target:/opt/rustwide/target:rw,Z" "-v" "/var/lib/crater-agent-workspace/builds/worker-1-tc2/source:/opt/rustwide/workdir:ro,Z" "-v" "/var/lib/crater-agent-workspace/cargo-home:/opt/rustwide/cargo-home:ro,Z" "-v" "/var/lib/crater-agent-workspace/rustup-home:/opt/rustwide/rustup-home:ro,Z" "-e" "SOURCE_DIR=/opt/rustwide/workdir" "-e" "CARGO_TARGET_DIR=/opt/rustwide/target" "-e" "CARGO_INCREMENTAL=0" "-e" "RUST_BACKTRACE=full" "-e" "RUSTFLAGS=--cap-lints=warn" "-e" "RUSTDOCFLAGS=--cap-lints=warn" "-e" "CARGO_HOME=/opt/rustwide/cargo-home" "-e" "RUSTUP_HOME=/opt/rustwide/rustup-home" "-w" "/opt/rustwide/workdir" "-m" "1610612736" "--user" "0:0" "--network" "none" "ghcr.io/rust-lang/crates-build-env/linux@sha256:f3a9d4ad9d972b27faf3965f35b62e55ba32bbce8f20bc8fe909558a86702fde" "/opt/rustwide/cargo-home/bin/cargo" "+beta-2024-12-08" "build" "--frozen" "--message-format=json", kill_on_drop: false }`
[INFO] [stdout] c62d01b6767a671017d2790cc7688777f01ae1cb5e925c4b16e59622c0506fe8
[INFO] running `Command { std: "docker" "start" "-a" "c62d01b6767a671017d2790cc7688777f01ae1cb5e925c4b16e59622c0506fe8", kill_on_drop: false }`
[INFO] [stderr]    Compiling memchr v2.7.4
[INFO] [stderr]    Compiling regex-syntax v0.8.5
[INFO] [stderr]    Compiling aho-corasick v1.1.3
[INFO] [stderr]    Compiling regex-automata v0.4.8
[INFO] [stderr]    Compiling regex v1.11.0
[INFO] [stderr]    Compiling aoc-2023-rust v0.1.0 (/opt/rustwide/workdir)
[INFO] [stderr]     Finished `dev` profile [unoptimized + debuginfo] target(s) in 12.31s
[INFO] running `Command { std: "docker" "inspect" "c62d01b6767a671017d2790cc7688777f01ae1cb5e925c4b16e59622c0506fe8", kill_on_drop: false }`
[INFO] running `Command { std: "docker" "rm" "-f" "c62d01b6767a671017d2790cc7688777f01ae1cb5e925c4b16e59622c0506fe8", kill_on_drop: false }`
[INFO] [stdout] c62d01b6767a671017d2790cc7688777f01ae1cb5e925c4b16e59622c0506fe8
[INFO] running `Command { std: "docker" "create" "-v" "/var/lib/crater-agent-workspace/builds/worker-1-tc2/target:/opt/rustwide/target:rw,Z" "-v" "/var/lib/crater-agent-workspace/builds/worker-1-tc2/source:/opt/rustwide/workdir:ro,Z" "-v" "/var/lib/crater-agent-workspace/cargo-home:/opt/rustwide/cargo-home:ro,Z" "-v" "/var/lib/crater-agent-workspace/rustup-home:/opt/rustwide/rustup-home:ro,Z" "-e" "SOURCE_DIR=/opt/rustwide/workdir" "-e" "CARGO_TARGET_DIR=/opt/rustwide/target" "-e" "CARGO_INCREMENTAL=0" "-e" "RUST_BACKTRACE=full" "-e" "RUSTFLAGS=--cap-lints=warn" "-e" "RUSTDOCFLAGS=--cap-lints=warn" "-e" "CARGO_HOME=/opt/rustwide/cargo-home" "-e" "RUSTUP_HOME=/opt/rustwide/rustup-home" "-w" "/opt/rustwide/workdir" "-m" "1610612736" "--user" "0:0" "--network" "none" "ghcr.io/rust-lang/crates-build-env/linux@sha256:f3a9d4ad9d972b27faf3965f35b62e55ba32bbce8f20bc8fe909558a86702fde" "/opt/rustwide/cargo-home/bin/cargo" "+beta-2024-12-08" "test" "--frozen" "--no-run" "--message-format=json", kill_on_drop: false }`
[INFO] [stdout] 111c805bc1bbe25c001afa8a64044b1c4fe321e6dea7c6b59994b00e8cc66cc8
[INFO] running `Command { std: "docker" "start" "-a" "111c805bc1bbe25c001afa8a64044b1c4fe321e6dea7c6b59994b00e8cc66cc8", kill_on_drop: false }`
[INFO] [stderr]    Compiling aoc-2023-rust v0.1.0 (/opt/rustwide/workdir)
[INFO] [stderr]     Finished `test` profile [unoptimized + debuginfo] target(s) in 4.47s
[INFO] running `Command { std: "docker" "inspect" "111c805bc1bbe25c001afa8a64044b1c4fe321e6dea7c6b59994b00e8cc66cc8", kill_on_drop: false }`
[INFO] running `Command { std: "docker" "rm" "-f" "111c805bc1bbe25c001afa8a64044b1c4fe321e6dea7c6b59994b00e8cc66cc8", kill_on_drop: false }`
[INFO] [stdout] 111c805bc1bbe25c001afa8a64044b1c4fe321e6dea7c6b59994b00e8cc66cc8
[INFO] running `Command { std: "docker" "create" "-v" "/var/lib/crater-agent-workspace/builds/worker-1-tc2/target:/opt/rustwide/target:rw,Z" "-v" "/var/lib/crater-agent-workspace/builds/worker-1-tc2/source:/opt/rustwide/workdir:ro,Z" "-v" "/var/lib/crater-agent-workspace/cargo-home:/opt/rustwide/cargo-home:ro,Z" "-v" "/var/lib/crater-agent-workspace/rustup-home:/opt/rustwide/rustup-home:ro,Z" "-e" "SOURCE_DIR=/opt/rustwide/workdir" "-e" "CARGO_TARGET_DIR=/opt/rustwide/target" "-e" "CARGO_INCREMENTAL=0" "-e" "RUST_BACKTRACE=full" "-e" "RUSTFLAGS=--cap-lints=warn" "-e" "RUSTDOCFLAGS=--cap-lints=warn" "-e" "CARGO_HOME=/opt/rustwide/cargo-home" "-e" "RUSTUP_HOME=/opt/rustwide/rustup-home" "-w" "/opt/rustwide/workdir" "-m" "1610612736" "--user" "0:0" "--network" "none" "ghcr.io/rust-lang/crates-build-env/linux@sha256:f3a9d4ad9d972b27faf3965f35b62e55ba32bbce8f20bc8fe909558a86702fde" "/opt/rustwide/cargo-home/bin/cargo" "+beta-2024-12-08" "test" "--frozen", kill_on_drop: false }`
[INFO] [stdout] ede4274777c69e40de2e304f72bfe63a85c68a94e5d77d3ba7c7ea6e2517ed5a
[INFO] running `Command { std: "docker" "start" "-a" "ede4274777c69e40de2e304f72bfe63a85c68a94e5d77d3ba7c7ea6e2517ed5a", kill_on_drop: false }`
[INFO] [stderr]     Finished `test` profile [unoptimized + debuginfo] target(s) in 0.02s
[INFO] [stderr]      Running unittests src/main.rs (/opt/rustwide/target/debug/deps/aoc_2023_rust-7ab426f5d1cd08b8)
[INFO] [stdout] 
[INFO] [stdout] running 76 tests
[INFO] [stdout] test days::day11::tests::test_sum_distances ... ok
[INFO] [stdout] test days::day10::tests::test_part2 ... ok
[INFO] [stdout] test days::day10::tests::test_move_next ... ok
[INFO] [stdout] test days::day13::tests::test_part2 ... ok
[INFO] [stdout] test days::day13::tests::test_part1 ... ok
[INFO] [stdout] test days::day10::tests::test_part1 ... ok
[INFO] [stdout] test days::day15::tests::test_part1 ... ok
[INFO] [stdout] test days::day16::tests::test_input ... ok
[INFO] [stdout] test days::day16::tests::test_part1 ... ok
[INFO] [stdout] test days::day15::tests::test_compute_hash ... ok
[INFO] [stdout] test days::day14::tests::test_part2 ... ok
[INFO] [stdout] test days::day16::tests::test_part2 ... ok
[INFO] [stdout] test days::day15::tests::test_part2 ... ok
[INFO] [stdout] test days::day14::tests::test_part1 ... ok
[INFO] [stdout] test days::day16::tests::test_process_direction ... ok
[INFO] [stdout] test days::day17::tests::test_input ... ok
[INFO] [stdout] test days::day17::tests::test_get_positions ... ok
[INFO] [stdout] test days::day18::tests::entry_from_str ... ok
[INFO] [stdout] test days::day19::tests::part_from_str ... ok
[INFO] [stdout] test days::day19::tests::test_part2 ... ok
[INFO] [stdout] test days::day19::tests::test_part1 ... ok
[INFO] [stdout] test days::day18::tests::test_part2 ... ok
[INFO] [stdout] test days::day21::tests::test_part1 ... ok
[INFO] [stdout] test days::day19::tests::rule_from_str ... ok
[INFO] [stdout] test days::day19::tests::test_process_ruleset ... ok
[INFO] [stdout] test days::day22::test::test_part2 ... ok
[INFO] [stdout] test days::day23::tests::input_from_str ... ok
[INFO] [stdout] test days::day23::tests::input_get_neighbors ... ok
[INFO] [stdout] test days::day18::tests::test_calculate_perimeter ... ok
[INFO] [stdout] test days::day21::tests::test_get_neighbors ... ok
[INFO] [stdout] test days::day22::test::brick_from_str ... ok
[INFO] [stdout] test days::day18::tests::test_part1 ... ok
[INFO] [stdout] test days::day21::tests::test_modulo ... ok
[INFO] [stdout] test days::day22::test::test_part1 ... ok
[INFO] [stdout] test days::day2::tests::test_part1 ... ok
[INFO] [stdout] test days::day2_fancy::tests::test_part1 ... ok
[INFO] [stdout] test days::day3::tests::test_part2 ... ok
[INFO] [stdout] test days::day3::tests::test_part1 ... ok
[INFO] [stdout] test days::day4::tests::test_part1 ... ok
[INFO] [stdout] test days::day18::tests::test_calculate_area ... ok
[INFO] [stdout] test days::day19::tests::rr_count_combinations ... ok
[INFO] [stdout] test days::day5::tests::test_part1 ... ok
[INFO] [stdout] test days::day23::tests::test_part1 ... ok
[INFO] [stdout] test days::day2_fancy::tests::test_part2 ... ok
[INFO] [stdout] test days::day7::tests::test_part1 ... ok
[INFO] [stdout] test days::day4::tests::test_part2 ... ok
[INFO] [stdout] test days::day6::tests::test_part1 ... ok
[INFO] [stdout] test days::day23::tests::test_part2 ... ok
[INFO] [stdout] test days::day8::tests::input_from_str ... ok
[INFO] [stdout] test days::day8::tests::test_part_1 ... ok
[INFO] [stdout] test days::day7::tests::test_part2 ... ok
[INFO] [stdout] test days::day5::tests::test_map_to_location ... ok
[INFO] [stdout] test days::day9::tests::input_from_str ... ok
[INFO] [stdout] test geometry::tests::test_direction_turn_left ... ok
[INFO] [stdout] test days::day9::tests::test_part1 ... ok
[INFO] [stdout] test days::day9::tests::test_get_next ... ok
[INFO] [stdout] test geometry::tests::test_direction_reverse ... ok
[INFO] [stdout] test geometry::tests::test_manhattan_distance ... ok
[INFO] [stdout] test days::day23::tests::tile_can_move ... ok
[INFO] [stdout] test geometry::tests::test_direction_turn_right ... ok
[INFO] [stdout] test days::day2::tests::test_part2 ... ok
[INFO] [stdout] test days::day8::tests::test_part_2 ... ok
[INFO] [stdout] test days::day6::tests::test_part2 ... ok
[INFO] [stdout] test math::tests::test_gcd_vec ... ok
[INFO] [stdout] test math::tests::test_lcm ... ok
[INFO] [stdout] test math::tests::test_lcm_vec ... ok
[INFO] [stdout] test days::day24::tests::hailstone_from_str ... ok
[INFO] [stdout] test days::day5::tests::test_part2 ... ok
[INFO] [stdout] test days::day2_fancy::tests::game_from_str ... ok
[INFO] [stdout] test days::day24::tests::test_part1 ... ok
[INFO] [stdout] test math::tests::test_gcd ... ok
[INFO] [stdout] test days::day17::tests::test_part1 ... ok
[INFO] [stdout] test days::day17::tests::test_part2 ... ok
[INFO] [stdout] test geometry::tests::test_get_neighbors ... ok
[INFO] [stdout] test days::day20::tests::test_part1 ... ok
[INFO] [stdout] test input::tests::read_from_file ... FAILED
[INFO] [stdout] 
[INFO] [stdout] failures:
[INFO] [stdout] 
[INFO] [stderr] error: test failed, to rerun pass `--bin aoc-2023-rust`
[INFO] [stdout] ---- input::tests::read_from_file stdout ----
[INFO] [stdout] thread 'input::tests::read_from_file' panicked at src/input.rs:4:54:
[INFO] [stdout] called `Result::unwrap()` on an `Err` value: Os { code: 2, kind: NotFound, message: "No such file or directory" }
[INFO] [stdout] stack backtrace:
[INFO] [stdout]    0:     0x56a72947160a - std::backtrace_rs::backtrace::libunwind::trace::h8810477743020387
[INFO] [stdout]                                at /rustc/202008a1b8de96d2e5b6bc02d379db03a877d34d/library/std/src/../../backtrace/src/backtrace/libunwind.rs:116:5
[INFO] [stdout]    1:     0x56a72947160a - std::backtrace_rs::backtrace::trace_unsynchronized::h3aa55355dd6c54a6
[INFO] [stdout]                                at /rustc/202008a1b8de96d2e5b6bc02d379db03a877d34d/library/std/src/../../backtrace/src/backtrace/mod.rs:66:5
[INFO] [stdout]    2:     0x56a72947160a - std::sys::backtrace::_print_fmt::h8588b0f62410823f
[INFO] [stdout]                                at /rustc/202008a1b8de96d2e5b6bc02d379db03a877d34d/library/std/src/sys/backtrace.rs:66:9
[INFO] [stdout]    3:     0x56a72947160a - <std::sys::backtrace::BacktraceLock::print::DisplayBacktrace as core::fmt::Display>::fmt::h98c26ac25ffe89bb
[INFO] [stdout]                                at /rustc/202008a1b8de96d2e5b6bc02d379db03a877d34d/library/std/src/sys/backtrace.rs:39:26
[INFO] [stdout]    4:     0x56a729497643 - core::fmt::rt::Argument::fmt::hf95377f4aebd453b
[INFO] [stdout]                                at /rustc/202008a1b8de96d2e5b6bc02d379db03a877d34d/library/core/src/fmt/rt.rs:177:76
[INFO] [stdout]    5:     0x56a729497643 - core::fmt::write::h0dd5f6e2238c7982
[INFO] [stdout]                                at /rustc/202008a1b8de96d2e5b6bc02d379db03a877d34d/library/core/src/fmt/mod.rs:1189:21
[INFO] [stdout]    6:     0x56a72946e7a3 - std::io::Write::write_fmt::h03bb0ca26e6faf8c
[INFO] [stdout]                                at /rustc/202008a1b8de96d2e5b6bc02d379db03a877d34d/library/std/src/io/mod.rs:1884:15
[INFO] [stdout]    7:     0x56a729471452 - std::sys::backtrace::BacktraceLock::print::h5c19c1c038ee186d
[INFO] [stdout]                                at /rustc/202008a1b8de96d2e5b6bc02d379db03a877d34d/library/std/src/sys/backtrace.rs:42:9
[INFO] [stdout]    8:     0x56a729472a8d - std::panicking::default_hook::{{closure}}::h77172f079a1fcb13
[INFO] [stdout]                                at /rustc/202008a1b8de96d2e5b6bc02d379db03a877d34d/library/std/src/panicking.rs:268:22
[INFO] [stdout]    9:     0x56a729472897 - std::panicking::default_hook::he5f8e3b203ccddba
[INFO] [stdout]                                at /rustc/202008a1b8de96d2e5b6bc02d379db03a877d34d/library/std/src/panicking.rs:292:9
[INFO] [stdout]   10:     0x56a7291b1fd7 - <alloc::boxed::Box<F,A> as core::ops::function::Fn<Args>>::call::h7a3c7b4a1ae77f2f
[INFO] [stdout]                                at /rustc/202008a1b8de96d2e5b6bc02d379db03a877d34d/library/alloc/src/boxed.rs:1986:9
[INFO] [stdout]   11:     0x56a7291b1fd7 - test::test_main::{{closure}}::hf0d3b69ae9b353d1
[INFO] [stdout]                                at /rustc/202008a1b8de96d2e5b6bc02d379db03a877d34d/library/test/src/lib.rs:134:21
[INFO] [stdout]   12:     0x56a729473138 - <alloc::boxed::Box<F,A> as core::ops::function::Fn<Args>>::call::h6332e82e7b189abd
[INFO] [stdout]                                at /rustc/202008a1b8de96d2e5b6bc02d379db03a877d34d/library/alloc/src/boxed.rs:1986:9
[INFO] [stdout]   13:     0x56a729473138 - std::panicking::rust_panic_with_hook::h53863d4e9018df39
[INFO] [stdout]                                at /rustc/202008a1b8de96d2e5b6bc02d379db03a877d34d/library/std/src/panicking.rs:809:13
[INFO] [stdout]   14:     0x56a729472efa - std::panicking::begin_panic_handler::{{closure}}::h67280e6fa0757873
[INFO] [stdout]                                at /rustc/202008a1b8de96d2e5b6bc02d379db03a877d34d/library/std/src/panicking.rs:674:13
[INFO] [stdout]   15:     0x56a729471ae9 - std::sys::backtrace::__rust_end_short_backtrace::h1dac3f54d6fbbeb2
[INFO] [stdout]                                at /rustc/202008a1b8de96d2e5b6bc02d379db03a877d34d/library/std/src/sys/backtrace.rs:170:18
[INFO] [stdout]   16:     0x56a729472b8c - rust_begin_unwind
[INFO] [stdout]                                at /rustc/202008a1b8de96d2e5b6bc02d379db03a877d34d/library/std/src/panicking.rs:665:5
[INFO] [stdout]   17:     0x56a7290c8180 - core::panicking::panic_fmt::h6792bd1b2bf01041
[INFO] [stdout]                                at /rustc/202008a1b8de96d2e5b6bc02d379db03a877d34d/library/core/src/panicking.rs:76:14
[INFO] [stdout]   18:     0x56a7290c8606 - core::result::unwrap_failed::h05e0602ed34287c5
[INFO] [stdout]                                at /rustc/202008a1b8de96d2e5b6bc02d379db03a877d34d/library/core/src/result.rs:1699:5
[INFO] [stdout]   19:     0x56a7291582b8 - core::result::Result<T,E>::unwrap::hb71e649617a490f2
[INFO] [stdout]                                at /rustc/202008a1b8de96d2e5b6bc02d379db03a877d34d/library/core/src/result.rs:1104:23
[INFO] [stdout]   20:     0x56a7291582b8 - aoc_2023_rust::input::read_from_file::h7930d22e80988250
[INFO] [stdout]                                at /opt/rustwide/workdir/src/input.rs:4:5
[INFO] [stdout]   21:     0x56a729134718 - aoc_2023_rust::input::tests::read_from_file::h74e5f98c55511215
[INFO] [stdout]                                at /opt/rustwide/workdir/src/input.rs:11:26
[INFO] [stdout]   22:     0x56a7291346e7 - aoc_2023_rust::input::tests::read_from_file::{{closure}}::hd61a41d44f071982
[INFO] [stdout]                                at /opt/rustwide/workdir/src/input.rs:10:24
[INFO] [stdout]   23:     0x56a72910f3a6 - core::ops::function::FnOnce::call_once::h1c944f655d234a5a
[INFO] [stdout]                                at /rustc/202008a1b8de96d2e5b6bc02d379db03a877d34d/library/core/src/ops/function.rs:250:5
[INFO] [stdout]   24:     0x56a7291b6afb - core::ops::function::FnOnce::call_once::h871bf86719ec9aa4
[INFO] [stdout]                                at /rustc/202008a1b8de96d2e5b6bc02d379db03a877d34d/library/core/src/ops/function.rs:250:5
[INFO] [stdout]   25:     0x56a7291b6afb - test::__rust_begin_short_backtrace::h2167df1e2b7d76fd
[INFO] [stdout]                                at /rustc/202008a1b8de96d2e5b6bc02d379db03a877d34d/library/test/src/lib.rs:632:18
[INFO] [stdout]   26:     0x56a7291b64e8 - test::run_test_in_process::{{closure}}::h15d92f75a3adfb79
[INFO] [stdout]                                at /rustc/202008a1b8de96d2e5b6bc02d379db03a877d34d/library/test/src/lib.rs:655:60
[INFO] [stdout]   27:     0x56a7291b64e8 - <core::panic::unwind_safe::AssertUnwindSafe<F> as core::ops::function::FnOnce<()>>::call_once::hb6c8955835a8dbbb
[INFO] [stdout]                                at /rustc/202008a1b8de96d2e5b6bc02d379db03a877d34d/library/core/src/panic/unwind_safe.rs:272:9
[INFO] [stdout]   28:     0x56a7291b64e8 - std::panicking::try::do_call::hc79d0fc888a0bd30
[INFO] [stdout]                                at /rustc/202008a1b8de96d2e5b6bc02d379db03a877d34d/library/std/src/panicking.rs:557:40
[INFO] [stdout]   29:     0x56a7291b64e8 - std::panicking::try::hb8a7878e3a8589d6
[INFO] [stdout]                                at /rustc/202008a1b8de96d2e5b6bc02d379db03a877d34d/library/std/src/panicking.rs:520:19
[INFO] [stdout]   30:     0x56a7291b64e8 - std::panic::catch_unwind::hb8e4600ff0ff5cfa
[INFO] [stdout]                                at /rustc/202008a1b8de96d2e5b6bc02d379db03a877d34d/library/std/src/panic.rs:358:14
[INFO] [stdout]   31:     0x56a7291b64e8 - test::run_test_in_process::hc2900b0b18688dd6
[INFO] [stdout]                                at /rustc/202008a1b8de96d2e5b6bc02d379db03a877d34d/library/test/src/lib.rs:655:27
[INFO] [stdout]   32:     0x56a7291b64e8 - test::run_test::{{closure}}::hac2a9cb07be3d48d
[INFO] [stdout]                                at /rustc/202008a1b8de96d2e5b6bc02d379db03a877d34d/library/test/src/lib.rs:576:43
[INFO] [stdout]   33:     0x56a729179f8a - test::run_test::{{closure}}::h4a5b729e66a38cd8
[INFO] [stdout]                                at /rustc/202008a1b8de96d2e5b6bc02d379db03a877d34d/library/test/src/lib.rs:606:41
[INFO] [stdout]   34:     0x56a729179f8a - std::sys::backtrace::__rust_begin_short_backtrace::h0496fb742492f573
[INFO] [stdout]                                at /rustc/202008a1b8de96d2e5b6bc02d379db03a877d34d/library/std/src/sys/backtrace.rs:154:18
[INFO] [stdout]   35:     0x56a72917d904 - std::thread::Builder::spawn_unchecked_::{{closure}}::{{closure}}::hbb6d257c550a54bd
[INFO] [stdout]                                at /rustc/202008a1b8de96d2e5b6bc02d379db03a877d34d/library/std/src/thread/mod.rs:561:17
[INFO] [stdout]   36:     0x56a72917d904 - <core::panic::unwind_safe::AssertUnwindSafe<F> as core::ops::function::FnOnce<()>>::call_once::h46696fe4a6832328
[INFO] [stdout]                                at /rustc/202008a1b8de96d2e5b6bc02d379db03a877d34d/library/core/src/panic/unwind_safe.rs:272:9
[INFO] [stdout]   37:     0x56a72917d904 - std::panicking::try::do_call::h2625a51b667bfb64
[INFO] [stdout]                                at /rustc/202008a1b8de96d2e5b6bc02d379db03a877d34d/library/std/src/panicking.rs:557:40
[INFO] [stdout]   38:     0x56a72917d904 - std::panicking::try::hb956a59a1973aa4c
[INFO] [stdout]                                at /rustc/202008a1b8de96d2e5b6bc02d379db03a877d34d/library/std/src/panicking.rs:520:19
[INFO] [stdout]   39:     0x56a72917d904 - std::panic::catch_unwind::h64f3b9d1067ef6a0
[INFO] [stdout]                                at /rustc/202008a1b8de96d2e5b6bc02d379db03a877d34d/library/std/src/panic.rs:358:14
[INFO] [stdout]   40:     0x56a72917d904 - std::thread::Builder::spawn_unchecked_::{{closure}}::h42b2841295b6c0b2
[INFO] [stdout]                                at /rustc/202008a1b8de96d2e5b6bc02d379db03a877d34d/library/std/src/thread/mod.rs:559:30
[INFO] [stdout]   41:     0x56a72917d904 - core::ops::function::FnOnce::call_once{{vtable.shim}}::h6127de71b8124639
[INFO] [stdout]                                at /rustc/202008a1b8de96d2e5b6bc02d379db03a877d34d/library/core/src/ops/function.rs:250:5
[INFO] [stdout]   42:     0x56a72947707b - <alloc::boxed::Box<F,A> as core::ops::function::FnOnce<Args>>::call_once::h42f0ba71002a1b2c
[INFO] [stdout]                                at /rustc/202008a1b8de96d2e5b6bc02d379db03a877d34d/library/alloc/src/boxed.rs:1972:9
[INFO] [stdout]   43:     0x56a72947707b - <alloc::boxed::Box<F,A> as core::ops::function::FnOnce<Args>>::call_once::had9e47d7a3dcecb8
[INFO] [stdout]                                at /rustc/202008a1b8de96d2e5b6bc02d379db03a877d34d/library/alloc/src/boxed.rs:1972:9
[INFO] [stdout]   44:     0x56a72947707b - std::sys::pal::unix::thread::Thread::new::thread_start::h48cf765408f6f5f2
[INFO] [stdout]                                at /rustc/202008a1b8de96d2e5b6bc02d379db03a877d34d/library/std/src/sys/pal/unix/thread.rs:105:17
[INFO] [stdout]   45:     0x78bf9ee8cac3 - <unknown>
[INFO] [stdout]   46:     0x78bf9ef1da04 - clone
[INFO] [stdout]   47:                0x0 - <unknown>
[INFO] [stdout] 
[INFO] [stdout] 
[INFO] [stdout] failures:
[INFO] [stdout]     input::tests::read_from_file
[INFO] [stdout] 
[INFO] [stdout] test result: FAILED. 75 passed; 1 failed; 0 ignored; 0 measured; 0 filtered out; finished in 0.09s
[INFO] [stdout] 
[INFO] running `Command { std: "docker" "inspect" "ede4274777c69e40de2e304f72bfe63a85c68a94e5d77d3ba7c7ea6e2517ed5a", kill_on_drop: false }`
[INFO] running `Command { std: "docker" "rm" "-f" "ede4274777c69e40de2e304f72bfe63a85c68a94e5d77d3ba7c7ea6e2517ed5a", kill_on_drop: false }`
[INFO] [stdout] ede4274777c69e40de2e304f72bfe63a85c68a94e5d77d3ba7c7ea6e2517ed5a
