[INFO] cloning repository https://github.com/sepehrshz82/compiler
[INFO] running `Command { std: "git" "-c" "credential.helper=" "-c" "credential.helper=/workspace/cargo-home/bin/git-credential-null" "clone" "--bare" "https://github.com/sepehrshz82/compiler" "/workspace/cache/git-repos/https%3A%2F%2Fgithub.com%2Fsepehrshz82%2Fcompiler", kill_on_drop: false }`
[INFO] [stderr] Cloning into bare repository '/workspace/cache/git-repos/https%3A%2F%2Fgithub.com%2Fsepehrshz82%2Fcompiler'...
[INFO] running `Command { std: "git" "rev-parse" "HEAD", kill_on_drop: false }`
[INFO] [stdout] af35f1d9238143c71c5c30cb023b456e335f88c2
[INFO] testing sepehrshz82/compiler against 1.83.0 for beta-1.84.0-4-retry
[INFO] running `Command { std: "git" "clone" "/workspace/cache/git-repos/https%3A%2F%2Fgithub.com%2Fsepehrshz82%2Fcompiler" "/workspace/builds/worker-7-tc1/source", kill_on_drop: false }`
[INFO] [stderr] Cloning into '/workspace/builds/worker-7-tc1/source'...
[INFO] [stderr] done.
[INFO] validating manifest of git repo https://github.com/sepehrshz82/compiler on toolchain 1.83.0
[INFO] running `Command { std: CARGO_HOME="/workspace/cargo-home" RUSTUP_HOME="/workspace/rustup-home" "/workspace/cargo-home/bin/cargo" "+1.83.0" "metadata" "--manifest-path" "Cargo.toml" "--no-deps", kill_on_drop: false }`
[INFO] started tweaking git repo https://github.com/sepehrshz82/compiler
[INFO] finished tweaking git repo https://github.com/sepehrshz82/compiler
[INFO] tweaked toml for git repo https://github.com/sepehrshz82/compiler written to /workspace/builds/worker-7-tc1/source/Cargo.toml
[INFO] crate git repo https://github.com/sepehrshz82/compiler already has a lockfile, it will not be regenerated
[INFO] running `Command { std: CARGO_HOME="/workspace/cargo-home" RUSTUP_HOME="/workspace/rustup-home" "/workspace/cargo-home/bin/cargo" "+1.83.0" "fetch" "--manifest-path" "Cargo.toml", kill_on_drop: false }`
[INFO] [stderr]     Blocking waiting for file lock on package cache
[INFO] [stderr]     Updating crates.io index
[INFO] [stderr]     Blocking waiting for file lock on package cache
[INFO] [stderr]  Downloading crates ...
[INFO] [stderr]   Downloaded display_tree_derive v1.0.3
[INFO] [stderr]   Downloaded display_tree v1.1.2
[INFO] [stderr]   Downloaded snowflake v1.3.0
[INFO] [stderr]   Downloaded slab_tree v0.3.2
[INFO] running `Command { std: "docker" "create" "-v" "/var/lib/crater-agent-workspace/builds/worker-7-tc1/target:/opt/rustwide/target:rw,Z" "-v" "/var/lib/crater-agent-workspace/builds/worker-7-tc1/source:/opt/rustwide/workdir:ro,Z" "-v" "/var/lib/crater-agent-workspace/cargo-home:/opt/rustwide/cargo-home:ro,Z" "-v" "/var/lib/crater-agent-workspace/rustup-home:/opt/rustwide/rustup-home:ro,Z" "-e" "SOURCE_DIR=/opt/rustwide/workdir" "-e" "CARGO_TARGET_DIR=/opt/rustwide/target" "-e" "CARGO_HOME=/opt/rustwide/cargo-home" "-e" "RUSTUP_HOME=/opt/rustwide/rustup-home" "-w" "/opt/rustwide/workdir" "-m" "1610612736" "--user" "0:0" "--network" "none" "ghcr.io/rust-lang/crates-build-env/linux@sha256:f3a9d4ad9d972b27faf3965f35b62e55ba32bbce8f20bc8fe909558a86702fde" "/opt/rustwide/cargo-home/bin/cargo" "+1.83.0" "metadata" "--no-deps" "--format-version=1", kill_on_drop: false }`
[INFO] [stdout] 8843be6e5bddbe9abee82eced2146a54d91416a08a488a17a9d451d94e2309c8
[INFO] running `Command { std: "docker" "start" "-a" "8843be6e5bddbe9abee82eced2146a54d91416a08a488a17a9d451d94e2309c8", kill_on_drop: false }`
[INFO] running `Command { std: "docker" "inspect" "8843be6e5bddbe9abee82eced2146a54d91416a08a488a17a9d451d94e2309c8", kill_on_drop: false }`
[INFO] running `Command { std: "docker" "rm" "-f" "8843be6e5bddbe9abee82eced2146a54d91416a08a488a17a9d451d94e2309c8", kill_on_drop: false }`
[INFO] [stdout] 8843be6e5bddbe9abee82eced2146a54d91416a08a488a17a9d451d94e2309c8
[INFO] running `Command { std: "docker" "create" "-v" "/var/lib/crater-agent-workspace/builds/worker-7-tc1/target:/opt/rustwide/target:rw,Z" "-v" "/var/lib/crater-agent-workspace/builds/worker-7-tc1/source:/opt/rustwide/workdir:ro,Z" "-v" "/var/lib/crater-agent-workspace/cargo-home:/opt/rustwide/cargo-home:ro,Z" "-v" "/var/lib/crater-agent-workspace/rustup-home:/opt/rustwide/rustup-home:ro,Z" "-e" "SOURCE_DIR=/opt/rustwide/workdir" "-e" "CARGO_TARGET_DIR=/opt/rustwide/target" "-e" "CARGO_INCREMENTAL=0" "-e" "RUST_BACKTRACE=full" "-e" "RUSTFLAGS=--cap-lints=warn" "-e" "RUSTDOCFLAGS=--cap-lints=warn" "-e" "CARGO_HOME=/opt/rustwide/cargo-home" "-e" "RUSTUP_HOME=/opt/rustwide/rustup-home" "-w" "/opt/rustwide/workdir" "-m" "1610612736" "--user" "0:0" "--network" "none" "ghcr.io/rust-lang/crates-build-env/linux@sha256:f3a9d4ad9d972b27faf3965f35b62e55ba32bbce8f20bc8fe909558a86702fde" "/opt/rustwide/cargo-home/bin/cargo" "+1.83.0" "build" "--frozen" "--message-format=json", kill_on_drop: false }`
[INFO] [stdout] c64e029960e1b3ceebee8c86d6181edd80f923b08ecdfb6bf7e99e3335b469cc
[INFO] running `Command { std: "docker" "start" "-a" "c64e029960e1b3ceebee8c86d6181edd80f923b08ecdfb6bf7e99e3335b469cc", kill_on_drop: false }`
[INFO] [stderr]    Compiling proc-macro2 v1.0.80
[INFO] [stderr]    Compiling unicode-ident v1.0.12
[INFO] [stderr]    Compiling version_check v0.9.4
[INFO] [stderr]    Compiling syn v1.0.109
[INFO] [stderr]    Compiling rustversion v1.0.15
[INFO] [stderr]    Compiling heck v0.4.1
[INFO] [stderr]    Compiling snowflake v1.3.0
[INFO] [stderr]    Compiling slab_tree v0.3.2
[INFO] [stderr]    Compiling proc-macro-error-attr v1.0.4
[INFO] [stderr]    Compiling proc-macro-error v1.0.4
[INFO] [stderr]    Compiling quote v1.0.36
[INFO] [stderr]    Compiling syn v2.0.59
[INFO] [stderr]    Compiling display_tree_derive v1.0.3
[INFO] [stderr]    Compiling strum_macros v0.26.2
[INFO] [stderr]    Compiling display_tree v1.1.2
[INFO] [stderr]    Compiling strum v0.26.2
[INFO] [stderr]    Compiling compiler v0.1.0 (/opt/rustwide/workdir)
[INFO] [stdout] warning: unused imports: `isize` and `sync::mpsc::channel`
[INFO] [stdout]  --> src/semantic.rs:1:38
[INFO] [stdout]   |
[INFO] [stdout] 1 | use std::{collections::HashMap, i32, isize, sync::mpsc::channel, u32, usize};
[INFO] [stdout]   |                                      ^^^^^  ^^^^^^^^^^^^^^^^^^^
[INFO] [stdout]   |
[INFO] [stdout]   = note: `#[warn(unused_imports)]` on by default
[INFO] [stdout] 
[INFO] [stdout] 
[INFO] [stdout] warning: unused imports: `Token` and `self`
[INFO] [stdout]  --> src/semantic.rs:7:13
[INFO] [stdout]   |
[INFO] [stdout] 7 |     token::{self, Token, TokenType},
[INFO] [stdout]   |             ^^^^  ^^^^^
[INFO] [stdout] 
[INFO] [stdout] 
[INFO] [stdout] warning: unreachable pattern
[INFO] [stdout]    --> src/semantic.rs:230:15
[INFO] [stdout]     |
[INFO] [stdout] 228 |             TokenType::T_ROp_L
[INFO] [stdout]     |             ------------------ matches all the relevant values
[INFO] [stdout] 229 |             | TokenType::T_ROp_G
[INFO] [stdout] 230 |             | TokenType::T_ROp_L
[INFO] [stdout]     |               ^^^^^^^^^^^^^^^^^^ no value can reach this
[INFO] [stdout]     |
[INFO] [stdout]     = note: `#[warn(unreachable_patterns)]` on by default
[INFO] [stdout] 
[INFO] [stdout] 
[INFO] [stdout] warning: unreachable pattern
[INFO] [stdout]    --> src/semantic.rs:231:15
[INFO] [stdout]     |
[INFO] [stdout] 229 |             | TokenType::T_ROp_G
[INFO] [stdout]     |               ------------------ matches all the relevant values
[INFO] [stdout] 230 |             | TokenType::T_ROp_L
[INFO] [stdout] 231 |             | TokenType::T_ROp_G
[INFO] [stdout]     |               ^^^^^^^^^^^^^^^^^^ no value can reach this
[INFO] [stdout] 
[INFO] [stdout] 
[INFO] [stdout] warning: function `find_types` is never used
[INFO] [stdout]    --> src/semantic.rs:201:4
[INFO] [stdout]     |
[INFO] [stdout] 201 | fn find_types(
[INFO] [stdout]     |    ^^^^^^^^^^
[INFO] [stdout]     |
[INFO] [stdout]     = note: `#[warn(dead_code)]` on by default
[INFO] [stdout] 
[INFO] [stdout] 
[INFO] [stderr]     Finished `dev` profile [unoptimized + debuginfo] target(s) in 8.09s
[INFO] running `Command { std: "docker" "inspect" "c64e029960e1b3ceebee8c86d6181edd80f923b08ecdfb6bf7e99e3335b469cc", kill_on_drop: false }`
[INFO] running `Command { std: "docker" "rm" "-f" "c64e029960e1b3ceebee8c86d6181edd80f923b08ecdfb6bf7e99e3335b469cc", kill_on_drop: false }`
[INFO] [stdout] c64e029960e1b3ceebee8c86d6181edd80f923b08ecdfb6bf7e99e3335b469cc
[INFO] running `Command { std: "docker" "create" "-v" "/var/lib/crater-agent-workspace/builds/worker-7-tc1/target:/opt/rustwide/target:rw,Z" "-v" "/var/lib/crater-agent-workspace/builds/worker-7-tc1/source:/opt/rustwide/workdir:ro,Z" "-v" "/var/lib/crater-agent-workspace/cargo-home:/opt/rustwide/cargo-home:ro,Z" "-v" "/var/lib/crater-agent-workspace/rustup-home:/opt/rustwide/rustup-home:ro,Z" "-e" "SOURCE_DIR=/opt/rustwide/workdir" "-e" "CARGO_TARGET_DIR=/opt/rustwide/target" "-e" "CARGO_INCREMENTAL=0" "-e" "RUST_BACKTRACE=full" "-e" "RUSTFLAGS=--cap-lints=warn" "-e" "RUSTDOCFLAGS=--cap-lints=warn" "-e" "CARGO_HOME=/opt/rustwide/cargo-home" "-e" "RUSTUP_HOME=/opt/rustwide/rustup-home" "-w" "/opt/rustwide/workdir" "-m" "1610612736" "--user" "0:0" "--network" "none" "ghcr.io/rust-lang/crates-build-env/linux@sha256:f3a9d4ad9d972b27faf3965f35b62e55ba32bbce8f20bc8fe909558a86702fde" "/opt/rustwide/cargo-home/bin/cargo" "+1.83.0" "test" "--frozen" "--no-run" "--message-format=json", kill_on_drop: false }`
[INFO] [stdout] 09a0d6503f914842cbfa900601fe26ae4ce3b8ba5f105ac4f656f3f0dcc44a19
[INFO] running `Command { std: "docker" "start" "-a" "09a0d6503f914842cbfa900601fe26ae4ce3b8ba5f105ac4f656f3f0dcc44a19", kill_on_drop: false }`
[INFO] [stderr]    Compiling compiler v0.1.0 (/opt/rustwide/workdir)
[INFO] [stdout] warning: unused imports: `isize` and `sync::mpsc::channel`
[INFO] [stdout]  --> src/semantic.rs:1:38
[INFO] [stdout]   |
[INFO] [stdout] 1 | use std::{collections::HashMap, i32, isize, sync::mpsc::channel, u32, usize};
[INFO] [stdout]   |                                      ^^^^^  ^^^^^^^^^^^^^^^^^^^
[INFO] [stdout]   |
[INFO] [stdout]   = note: `#[warn(unused_imports)]` on by default
[INFO] [stdout] 
[INFO] [stdout] 
[INFO] [stdout] warning: unused imports: `Token` and `self`
[INFO] [stdout]  --> src/semantic.rs:7:13
[INFO] [stdout]   |
[INFO] [stdout] 7 |     token::{self, Token, TokenType},
[INFO] [stdout]   |             ^^^^  ^^^^^
[INFO] [stdout] 
[INFO] [stdout] 
[INFO] [stdout] warning: unreachable pattern
[INFO] [stdout]    --> src/semantic.rs:230:15
[INFO] [stdout]     |
[INFO] [stdout] 228 |             TokenType::T_ROp_L
[INFO] [stdout]     |             ------------------ matches all the relevant values
[INFO] [stdout] 229 |             | TokenType::T_ROp_G
[INFO] [stdout] 230 |             | TokenType::T_ROp_L
[INFO] [stdout]     |               ^^^^^^^^^^^^^^^^^^ no value can reach this
[INFO] [stdout]     |
[INFO] [stdout]     = note: `#[warn(unreachable_patterns)]` on by default
[INFO] [stdout] 
[INFO] [stdout] 
[INFO] [stdout] warning: unreachable pattern
[INFO] [stdout]    --> src/semantic.rs:231:15
[INFO] [stdout]     |
[INFO] [stdout] 229 |             | TokenType::T_ROp_G
[INFO] [stdout]     |               ------------------ matches all the relevant values
[INFO] [stdout] 230 |             | TokenType::T_ROp_L
[INFO] [stdout] 231 |             | TokenType::T_ROp_G
[INFO] [stdout]     |               ^^^^^^^^^^^^^^^^^^ no value can reach this
[INFO] [stdout] 
[INFO] [stdout] 
[INFO] [stdout] warning: function `find_types` is never used
[INFO] [stdout]    --> src/semantic.rs:201:4
[INFO] [stdout]     |
[INFO] [stdout] 201 | fn find_types(
[INFO] [stdout]     |    ^^^^^^^^^^
[INFO] [stdout]     |
[INFO] [stdout]     = note: `#[warn(dead_code)]` on by default
[INFO] [stdout] 
[INFO] [stdout] 
[INFO] [stderr]     Finished `test` profile [unoptimized + debuginfo] target(s) in 0.75s
[INFO] running `Command { std: "docker" "inspect" "09a0d6503f914842cbfa900601fe26ae4ce3b8ba5f105ac4f656f3f0dcc44a19", kill_on_drop: false }`
[INFO] running `Command { std: "docker" "rm" "-f" "09a0d6503f914842cbfa900601fe26ae4ce3b8ba5f105ac4f656f3f0dcc44a19", kill_on_drop: false }`
[INFO] [stdout] 09a0d6503f914842cbfa900601fe26ae4ce3b8ba5f105ac4f656f3f0dcc44a19
[INFO] running `Command { std: "docker" "create" "-v" "/var/lib/crater-agent-workspace/builds/worker-7-tc1/target:/opt/rustwide/target:rw,Z" "-v" "/var/lib/crater-agent-workspace/builds/worker-7-tc1/source:/opt/rustwide/workdir:ro,Z" "-v" "/var/lib/crater-agent-workspace/cargo-home:/opt/rustwide/cargo-home:ro,Z" "-v" "/var/lib/crater-agent-workspace/rustup-home:/opt/rustwide/rustup-home:ro,Z" "-e" "SOURCE_DIR=/opt/rustwide/workdir" "-e" "CARGO_TARGET_DIR=/opt/rustwide/target" "-e" "CARGO_INCREMENTAL=0" "-e" "RUST_BACKTRACE=full" "-e" "RUSTFLAGS=--cap-lints=warn" "-e" "RUSTDOCFLAGS=--cap-lints=warn" "-e" "CARGO_HOME=/opt/rustwide/cargo-home" "-e" "RUSTUP_HOME=/opt/rustwide/rustup-home" "-w" "/opt/rustwide/workdir" "-m" "1610612736" "--user" "0:0" "--network" "none" "ghcr.io/rust-lang/crates-build-env/linux@sha256:f3a9d4ad9d972b27faf3965f35b62e55ba32bbce8f20bc8fe909558a86702fde" "/opt/rustwide/cargo-home/bin/cargo" "+1.83.0" "test" "--frozen", kill_on_drop: false }`
[INFO] [stdout] dd30e2d49108f2805e27eac45bc215375ff088041a631116c8e98c0a164dd341
[INFO] running `Command { std: "docker" "start" "-a" "dd30e2d49108f2805e27eac45bc215375ff088041a631116c8e98c0a164dd341", kill_on_drop: false }`
[INFO] [stderr] warning: unused imports: `isize` and `sync::mpsc::channel`
[INFO] [stderr]  --> src/semantic.rs:1:38
[INFO] [stderr]   |
[INFO] [stderr] 1 | use std::{collections::HashMap, i32, isize, sync::mpsc::channel, u32, usize};
[INFO] [stderr]   |                                      ^^^^^  ^^^^^^^^^^^^^^^^^^^
[INFO] [stderr]   |
[INFO] [stderr]   = note: `#[warn(unused_imports)]` on by default
[INFO] [stderr] 
[INFO] [stderr] warning: unused imports: `Token` and `self`
[INFO] [stderr]  --> src/semantic.rs:7:13
[INFO] [stderr]   |
[INFO] [stderr] 7 |     token::{self, Token, TokenType},
[INFO] [stderr]   |             ^^^^  ^^^^^
[INFO] [stderr] 
[INFO] [stderr] warning: unreachable pattern
[INFO] [stderr]    --> src/semantic.rs:230:15
[INFO] [stderr]     |
[INFO] [stderr] 228 |             TokenType::T_ROp_L
[INFO] [stderr]     |             ------------------ matches all the relevant values
[INFO] [stderr] 229 |             | TokenType::T_ROp_G
[INFO] [stderr] 230 |             | TokenType::T_ROp_L
[INFO] [stderr]     |               ^^^^^^^^^^^^^^^^^^ no value can reach this
[INFO] [stderr]     |
[INFO] [stderr]     = note: `#[warn(unreachable_patterns)]` on by default
[INFO] [stderr] 
[INFO] [stderr] warning: unreachable pattern
[INFO] [stderr]    --> src/semantic.rs:231:15
[INFO] [stderr]     |
[INFO] [stderr] 229 |             | TokenType::T_ROp_G
[INFO] [stderr]     |               ------------------ matches all the relevant values
[INFO] [stderr] 230 |             | TokenType::T_ROp_L
[INFO] [stderr] 231 |             | TokenType::T_ROp_G
[INFO] [stderr]     |               ^^^^^^^^^^^^^^^^^^ no value can reach this
[INFO] [stderr] 
[INFO] [stderr] warning: function `find_types` is never used
[INFO] [stderr]    --> src/semantic.rs:201:4
[INFO] [stderr]     |
[INFO] [stderr] 201 | fn find_types(
[INFO] [stderr]     |    ^^^^^^^^^^
[INFO] [stderr]     |
[INFO] [stderr]     = note: `#[warn(dead_code)]` on by default
[INFO] [stderr] 
[INFO] [stderr] warning: `compiler` (bin "compiler" test) generated 5 warnings (run `cargo fix --bin "compiler" --tests` to apply 2 suggestions)
[INFO] [stderr]     Finished `test` profile [unoptimized + debuginfo] target(s) in 0.03s
[INFO] [stderr]      Running unittests src/main.rs (/opt/rustwide/target/debug/deps/compiler-d631a7d7ee511e77)
[INFO] [stdout] 
[INFO] [stdout] running 1 test
[INFO] [stdout] test lexial::tests::test_via_c_file ... FAILED
[INFO] [stderr] error: test failed, to rerun pass `--bin compiler`
[INFO] [stdout] 
[INFO] [stdout] failures:
[INFO] [stdout] 
[INFO] [stdout] ---- lexial::tests::test_via_c_file stdout ----
[INFO] [stdout] thread 'lexial::tests::test_via_c_file' panicked at src/lexial.rs:355:13:
[INFO] [stdout] assertion `left == right` failed: token is if -> T_If line 2 , but excpected "// this is a function -> T_Comment\r"
[INFO] [stdout]   left: "// this is a function -> T_Comment"
[INFO] [stdout]  right: "if -> T_If"
[INFO] [stdout] stack backtrace:
[INFO] [stdout]    0:     0x563f959fa48a - std::backtrace_rs::backtrace::libunwind::trace::h5a5b8284f2d0c266
[INFO] [stdout]                                at /rustc/90b35a6239c3d8bdabc530a6a0816f7ff89a0aaf/library/std/src/../../backtrace/src/backtrace/libunwind.rs:116:5
[INFO] [stdout]    1:     0x563f959fa48a - std::backtrace_rs::backtrace::trace_unsynchronized::h76d4f1c9b0b875e3
[INFO] [stdout]                                at /rustc/90b35a6239c3d8bdabc530a6a0816f7ff89a0aaf/library/std/src/../../backtrace/src/backtrace/mod.rs:66:5
[INFO] [stdout]    2:     0x563f959fa48a - std::sys::backtrace::_print_fmt::hc4546b8364a537c6
[INFO] [stdout]                                at /rustc/90b35a6239c3d8bdabc530a6a0816f7ff89a0aaf/library/std/src/sys/backtrace.rs:66:9
[INFO] [stdout]    3:     0x563f959fa48a - <std::sys::backtrace::BacktraceLock::print::DisplayBacktrace as core::fmt::Display>::fmt::h5b6bd5631a6d1f6b
[INFO] [stdout]                                at /rustc/90b35a6239c3d8bdabc530a6a0816f7ff89a0aaf/library/std/src/sys/backtrace.rs:39:26
[INFO] [stdout]    4:     0x563f95a1f8a3 - core::fmt::rt::Argument::fmt::h270f6602a2b96f62
[INFO] [stdout]                                at /rustc/90b35a6239c3d8bdabc530a6a0816f7ff89a0aaf/library/core/src/fmt/rt.rs:177:76
[INFO] [stdout]    5:     0x563f95a1f8a3 - core::fmt::write::h7550c97b06c86515
[INFO] [stdout]                                at /rustc/90b35a6239c3d8bdabc530a6a0816f7ff89a0aaf/library/core/src/fmt/mod.rs:1186:21
[INFO] [stdout]    6:     0x563f959f7653 - std::io::Write::write_fmt::h509ff860e5956e5e
[INFO] [stdout]                                at /rustc/90b35a6239c3d8bdabc530a6a0816f7ff89a0aaf/library/std/src/io/mod.rs:1839:15
[INFO] [stdout]    7:     0x563f959fa2d2 - std::sys::backtrace::BacktraceLock::print::h2395ccd2c84ba3aa
[INFO] [stdout]                                at /rustc/90b35a6239c3d8bdabc530a6a0816f7ff89a0aaf/library/std/src/sys/backtrace.rs:42:9
[INFO] [stdout]    8:     0x563f959fb8ea - std::panicking::default_hook::{{closure}}::he19d4c7230e07961
[INFO] [stdout]                                at /rustc/90b35a6239c3d8bdabc530a6a0816f7ff89a0aaf/library/std/src/panicking.rs:268:22
[INFO] [stdout]    9:     0x563f959fb6f4 - std::panicking::default_hook::hf614597d3c67bbdb
[INFO] [stdout]                                at /rustc/90b35a6239c3d8bdabc530a6a0816f7ff89a0aaf/library/std/src/panicking.rs:292:9
[INFO] [stdout]   10:     0x563f959c6f99 - <alloc::boxed::Box<F,A> as core::ops::function::Fn<Args>>::call::h39b51ce4599c23d1
[INFO] [stdout]                                at /rustc/90b35a6239c3d8bdabc530a6a0816f7ff89a0aaf/library/alloc/src/boxed.rs:2468:9
[INFO] [stdout]   11:     0x563f959c6f99 - test::test_main::{{closure}}::he977ae839a582784
[INFO] [stdout]                                at /rustc/90b35a6239c3d8bdabc530a6a0816f7ff89a0aaf/library/test/src/lib.rs:133:21
[INFO] [stdout]   12:     0x563f959fbf88 - <alloc::boxed::Box<F,A> as core::ops::function::Fn<Args>>::call::h9455091b6b06f9fb
[INFO] [stdout]                                at /rustc/90b35a6239c3d8bdabc530a6a0816f7ff89a0aaf/library/alloc/src/boxed.rs:2468:9
[INFO] [stdout]   13:     0x563f959fbf88 - std::panicking::rust_panic_with_hook::h8942133a8b252070
[INFO] [stdout]                                at /rustc/90b35a6239c3d8bdabc530a6a0816f7ff89a0aaf/library/std/src/panicking.rs:809:13
[INFO] [stdout]   14:     0x563f959fbd4a - std::panicking::begin_panic_handler::{{closure}}::hb5f5963570096b29
[INFO] [stdout]                                at /rustc/90b35a6239c3d8bdabc530a6a0816f7ff89a0aaf/library/std/src/panicking.rs:674:13
[INFO] [stdout]   15:     0x563f959fa969 - std::sys::backtrace::__rust_end_short_backtrace::h6208cedc1922feda
[INFO] [stdout]                                at /rustc/90b35a6239c3d8bdabc530a6a0816f7ff89a0aaf/library/std/src/sys/backtrace.rs:170:18
[INFO] [stdout]   16:     0x563f959fb9dc - rust_begin_unwind
[INFO] [stdout]                                at /rustc/90b35a6239c3d8bdabc530a6a0816f7ff89a0aaf/library/std/src/panicking.rs:665:5
[INFO] [stdout]   17:     0x563f95984a60 - core::panicking::panic_fmt::h0c3082644d1bf418
[INFO] [stdout]                                at /rustc/90b35a6239c3d8bdabc530a6a0816f7ff89a0aaf/library/core/src/panicking.rs:74:14
[INFO] [stdout]   18:     0x563f95984d8b - core::panicking::assert_failed_inner::h2ddf1fcc067fa858
[INFO] [stdout]   19:     0x563f9598b3c6 - core::panicking::assert_failed::hbb8843478bf4b98c
[INFO] [stdout]                                at /rustc/90b35a6239c3d8bdabc530a6a0816f7ff89a0aaf/library/core/src/panicking.rs:367:5
[INFO] [stdout]   20:     0x563f9598a4f5 - compiler::lexial::tests::test_via_c_file::h804651275db9e2a7
[INFO] [stdout]                                at /opt/rustwide/workdir/src/lexial.rs:355:13
[INFO] [stdout]   21:     0x563f95989da7 - compiler::lexial::tests::test_via_c_file::{{closure}}::hb70642da01728513
[INFO] [stdout]                                at /opt/rustwide/workdir/src/lexial.rs:340:25
[INFO] [stdout]   22:     0x563f95985ff6 - core::ops::function::FnOnce::call_once::h55973de358a94920
[INFO] [stdout]                                at /rustc/90b35a6239c3d8bdabc530a6a0816f7ff89a0aaf/library/core/src/ops/function.rs:250:5
[INFO] [stdout]   23:     0x563f959cb95b - core::ops::function::FnOnce::call_once::h109cf8051a59b34e
[INFO] [stdout]                                at /rustc/90b35a6239c3d8bdabc530a6a0816f7ff89a0aaf/library/core/src/ops/function.rs:250:5
[INFO] [stdout]   24:     0x563f959cb95b - test::__rust_begin_short_backtrace::hf4fff89d377446ba
[INFO] [stdout]                                at /rustc/90b35a6239c3d8bdabc530a6a0816f7ff89a0aaf/library/test/src/lib.rs:621:18
[INFO] [stdout]   25:     0x563f959cb197 - test::run_test_in_process::{{closure}}::h0e39181dd7ee5a43
[INFO] [stdout]                                at /rustc/90b35a6239c3d8bdabc530a6a0816f7ff89a0aaf/library/test/src/lib.rs:644:60
[INFO] [stdout]   26:     0x563f959cb197 - <core::panic::unwind_safe::AssertUnwindSafe<F> as core::ops::function::FnOnce<()>>::call_once::hc5a66a30f0bdfd1f
[INFO] [stdout]                                at /rustc/90b35a6239c3d8bdabc530a6a0816f7ff89a0aaf/library/core/src/panic/unwind_safe.rs:272:9
[INFO] [stdout]   27:     0x563f959cb197 - std::panicking::try::do_call::h873b7cf639554a5e
[INFO] [stdout]                                at /rustc/90b35a6239c3d8bdabc530a6a0816f7ff89a0aaf/library/std/src/panicking.rs:557:40
[INFO] [stdout]   28:     0x563f959cb197 - std::panicking::try::hdb19862fad9c8bd1
[INFO] [stdout]                                at /rustc/90b35a6239c3d8bdabc530a6a0816f7ff89a0aaf/library/std/src/panicking.rs:520:19
[INFO] [stdout]   29:     0x563f959cb197 - std::panic::catch_unwind::h281fe732d236d260
[INFO] [stdout]                                at /rustc/90b35a6239c3d8bdabc530a6a0816f7ff89a0aaf/library/std/src/panic.rs:358:14
[INFO] [stdout]   30:     0x563f959cb197 - test::run_test_in_process::h949b6df8457ed338
[INFO] [stdout]                                at /rustc/90b35a6239c3d8bdabc530a6a0816f7ff89a0aaf/library/test/src/lib.rs:644:27
[INFO] [stdout]   31:     0x563f959cb197 - test::run_test::{{closure}}::h52c556a6d4740e10
[INFO] [stdout]                                at /rustc/90b35a6239c3d8bdabc530a6a0816f7ff89a0aaf/library/test/src/lib.rs:565:43
[INFO] [stdout]   32:     0x563f95990474 - test::run_test::{{closure}}::h4237f6381c45ccb9
[INFO] [stdout]                                at /rustc/90b35a6239c3d8bdabc530a6a0816f7ff89a0aaf/library/test/src/lib.rs:595:41
[INFO] [stdout]   33:     0x563f95990474 - std::sys::backtrace::__rust_begin_short_backtrace::h505c97a579eca628
[INFO] [stdout]                                at /rustc/90b35a6239c3d8bdabc530a6a0816f7ff89a0aaf/library/std/src/sys/backtrace.rs:154:18
[INFO] [stdout]   34:     0x563f95993b3e - std::thread::Builder::spawn_unchecked_::{{closure}}::{{closure}}::h9e86b2e2bc107ea3
[INFO] [stdout]                                at /rustc/90b35a6239c3d8bdabc530a6a0816f7ff89a0aaf/library/std/src/thread/mod.rs:538:17
[INFO] [stdout]   35:     0x563f95993b3e - <core::panic::unwind_safe::AssertUnwindSafe<F> as core::ops::function::FnOnce<()>>::call_once::h8b06ddb275ff4a25
[INFO] [stdout]                                at /rustc/90b35a6239c3d8bdabc530a6a0816f7ff89a0aaf/library/core/src/panic/unwind_safe.rs:272:9
[INFO] [stdout]   36:     0x563f95993b3e - std::panicking::try::do_call::hb26ecd7cd9a9355d
[INFO] [stdout]                                at /rustc/90b35a6239c3d8bdabc530a6a0816f7ff89a0aaf/library/std/src/panicking.rs:557:40
[INFO] [stdout]   37:     0x563f95993b3e - std::panicking::try::h8ddeca9d705f9069
[INFO] [stdout]                                at /rustc/90b35a6239c3d8bdabc530a6a0816f7ff89a0aaf/library/std/src/panicking.rs:520:19
[INFO] [stdout]   38:     0x563f95993b3e - std::panic::catch_unwind::h49e1c33078844c46
[INFO] [stdout]                                at /rustc/90b35a6239c3d8bdabc530a6a0816f7ff89a0aaf/library/std/src/panic.rs:358:14
[INFO] [stdout]   39:     0x563f95993b3e - std::thread::Builder::spawn_unchecked_::{{closure}}::h6073db6ff56ad35d
[INFO] [stdout]                                at /rustc/90b35a6239c3d8bdabc530a6a0816f7ff89a0aaf/library/std/src/thread/mod.rs:537:30
[INFO] [stdout]   40:     0x563f95993b3e - core::ops::function::FnOnce::call_once{{vtable.shim}}::h2c5a5f3779c774f1
[INFO] [stdout]                                at /rustc/90b35a6239c3d8bdabc530a6a0816f7ff89a0aaf/library/core/src/ops/function.rs:250:5
[INFO] [stdout]   41:     0x563f959ffcdb - <alloc::boxed::Box<F,A> as core::ops::function::FnOnce<Args>>::call_once::hf75717d9f28faebf
[INFO] [stdout]                                at /rustc/90b35a6239c3d8bdabc530a6a0816f7ff89a0aaf/library/alloc/src/boxed.rs:2454:9
[INFO] [stdout]   42:     0x563f959ffcdb - <alloc::boxed::Box<F,A> as core::ops::function::FnOnce<Args>>::call_once::h7bd883a5f3c5f3c1
[INFO] [stdout]                                at /rustc/90b35a6239c3d8bdabc530a6a0816f7ff89a0aaf/library/alloc/src/boxed.rs:2454:9
[INFO] [stdout]   43:     0x563f959ffcdb - std::sys::pal::unix::thread::Thread::new::thread_start::hcc78f3943333fa94
[INFO] [stdout]                                at /rustc/90b35a6239c3d8bdabc530a6a0816f7ff89a0aaf/library/std/src/sys/pal/unix/thread.rs:105:17
[INFO] [stdout]   44:     0x790533e3aac3 - <unknown>
[INFO] [stdout]   45:     0x790533ecba04 - clone
[INFO] [stdout]   46:                0x0 - <unknown>
[INFO] [stdout] 
[INFO] [stdout] 
[INFO] [stdout] failures:
[INFO] [stdout]     lexial::tests::test_via_c_file
[INFO] [stdout] 
[INFO] [stdout] test result: FAILED. 0 passed; 1 failed; 0 ignored; 0 measured; 0 filtered out; finished in 0.02s
[INFO] [stdout] 
[INFO] running `Command { std: "docker" "inspect" "dd30e2d49108f2805e27eac45bc215375ff088041a631116c8e98c0a164dd341", kill_on_drop: false }`
[INFO] running `Command { std: "docker" "rm" "-f" "dd30e2d49108f2805e27eac45bc215375ff088041a631116c8e98c0a164dd341", kill_on_drop: false }`
[INFO] [stdout] dd30e2d49108f2805e27eac45bc215375ff088041a631116c8e98c0a164dd341
