[INFO] cloning repository https://github.com/secret-dev87/rust-xpertly-backend
[INFO] running `Command { std: "git" "-c" "credential.helper=" "-c" "credential.helper=/workspace/cargo-home/bin/git-credential-null" "clone" "--bare" "https://github.com/secret-dev87/rust-xpertly-backend" "/workspace/cache/git-repos/https%3A%2F%2Fgithub.com%2Fsecret-dev87%2Frust-xpertly-backend", kill_on_drop: false }`
[INFO] [stderr] Cloning into bare repository '/workspace/cache/git-repos/https%3A%2F%2Fgithub.com%2Fsecret-dev87%2Frust-xpertly-backend'...
[INFO] running `Command { std: "git" "rev-parse" "HEAD", kill_on_drop: false }`
[INFO] [stdout] e80e089df64cc0ff69defc4656ab704fb9172ffe
[INFO] testing secret-dev87/rust-xpertly-backend against 1.83.0 for beta-1.84.0-4-retry
[INFO] running `Command { std: "git" "clone" "/workspace/cache/git-repos/https%3A%2F%2Fgithub.com%2Fsecret-dev87%2Frust-xpertly-backend" "/workspace/builds/worker-4-tc1/source", kill_on_drop: false }`
[INFO] [stderr] Cloning into '/workspace/builds/worker-4-tc1/source'...
[INFO] [stderr] done.
[INFO] validating manifest of git repo https://github.com/secret-dev87/rust-xpertly-backend on toolchain 1.83.0
[INFO] running `Command { std: CARGO_HOME="/workspace/cargo-home" RUSTUP_HOME="/workspace/rustup-home" "/workspace/cargo-home/bin/cargo" "+1.83.0" "metadata" "--manifest-path" "Cargo.toml" "--no-deps", kill_on_drop: false }`
[INFO] started tweaking git repo https://github.com/secret-dev87/rust-xpertly-backend
[INFO] finished tweaking git repo https://github.com/secret-dev87/rust-xpertly-backend
[INFO] tweaked toml for git repo https://github.com/secret-dev87/rust-xpertly-backend written to /workspace/builds/worker-4-tc1/source/Cargo.toml
[INFO] crate git repo https://github.com/secret-dev87/rust-xpertly-backend already has a lockfile, it will not be regenerated
[INFO] running `Command { std: CARGO_HOME="/workspace/cargo-home" RUSTUP_HOME="/workspace/rustup-home" "/workspace/cargo-home/bin/cargo" "+1.83.0" "fetch" "--manifest-path" "Cargo.toml", kill_on_drop: false }`
[INFO] [stderr] warning: virtual workspace defaulting to `resolver = "1"` despite one or more workspace members being on edition 2021 which implies `resolver = "2"`
[INFO] [stderr] note: to keep the current resolver, specify `workspace.resolver = "1"` in the workspace root's manifest
[INFO] [stderr] note: to use the edition 2021 resolver, specify `workspace.resolver = "2"` in the workspace root's manifest
[INFO] [stderr] note: for more details see https://doc.rust-lang.org/cargo/reference/resolver.html#resolver-versions
[INFO] [stderr]     Updating crates.io index
[INFO] [stderr]     Updating git repository `https://github.com/p-ackland/tera.git`
[INFO] [stderr]  Downloading crates ...
[INFO] [stderr]   Downloaded jsonwebtokens-cognito v0.1.1
[INFO] [stderr]   Downloaded bson v2.6.0
[INFO] [stderr]   Downloaded actix-ws v0.2.5
[INFO] [stderr]   Downloaded aws-sig-auth v0.54.1
[INFO] [stderr]   Downloaded aws-sdk-sso v0.24.0
[INFO] [stderr]   Downloaded aws-sdk-sts v0.24.0
[INFO] [stderr]   Downloaded aws-config v0.54.1
[INFO] [stderr]   Downloaded serde_with v2.2.0
[INFO] [stderr]   Downloaded aws-smithy-client v0.54.1
[INFO] [stderr]   Downloaded aws-smithy-types v0.54.1
[INFO] [stderr]   Downloaded aws-smithy-xml v0.54.1
[INFO] [stderr]   Downloaded aws-sigv4 v0.54.1
[INFO] [stderr]   Downloaded aws-smithy-json v0.54.1
[INFO] [stderr]   Downloaded aws-smithy-async v0.54.1
[INFO] [stderr]   Downloaded aws-smithy-http-tower v0.54.1
[INFO] [stderr]   Downloaded aws-smithy-http v0.54.1
[INFO] [stderr]   Downloaded jwks-client v0.2.0
[INFO] [stderr]   Downloaded aws-credential-types v0.54.1
[INFO] [stderr]   Downloaded aws-types v0.54.1
[INFO] [stderr]   Downloaded jsonwebtokens v1.1.0
[INFO] [stderr]   Downloaded serde_with_macros v2.2.0
[INFO] [stderr]   Downloaded aws-smithy-query v0.54.1
[INFO] [stderr]   Downloaded aws-endpoint v0.54.1
[INFO] [stderr]   Downloaded aws-http v0.54.1
[INFO] [stderr]   Downloaded aws-sdk-cognitoidentityprovider v0.24.0
[INFO] [stderr]   Downloaded mongodb v2.4.0
[INFO] running `Command { std: "docker" "create" "-v" "/var/lib/crater-agent-workspace/builds/worker-4-tc1/target:/opt/rustwide/target:rw,Z" "-v" "/var/lib/crater-agent-workspace/builds/worker-4-tc1/source:/opt/rustwide/workdir:ro,Z" "-v" "/var/lib/crater-agent-workspace/cargo-home:/opt/rustwide/cargo-home:ro,Z" "-v" "/var/lib/crater-agent-workspace/rustup-home:/opt/rustwide/rustup-home:ro,Z" "-e" "SOURCE_DIR=/opt/rustwide/workdir" "-e" "CARGO_TARGET_DIR=/opt/rustwide/target" "-e" "CARGO_HOME=/opt/rustwide/cargo-home" "-e" "RUSTUP_HOME=/opt/rustwide/rustup-home" "-w" "/opt/rustwide/workdir" "-m" "1610612736" "--user" "0:0" "--network" "none" "ghcr.io/rust-lang/crates-build-env/linux@sha256:f3a9d4ad9d972b27faf3965f35b62e55ba32bbce8f20bc8fe909558a86702fde" "/opt/rustwide/cargo-home/bin/cargo" "+1.83.0" "metadata" "--no-deps" "--format-version=1", kill_on_drop: false }`
[INFO] [stdout] 2eded08643eb320048e83950a440dc27aa1a20f37173dd76365e7023b901a997
[INFO] running `Command { std: "docker" "start" "-a" "2eded08643eb320048e83950a440dc27aa1a20f37173dd76365e7023b901a997", kill_on_drop: false }`
[INFO] running `Command { std: "docker" "inspect" "2eded08643eb320048e83950a440dc27aa1a20f37173dd76365e7023b901a997", kill_on_drop: false }`
[INFO] running `Command { std: "docker" "rm" "-f" "2eded08643eb320048e83950a440dc27aa1a20f37173dd76365e7023b901a997", kill_on_drop: false }`
[INFO] [stdout] 2eded08643eb320048e83950a440dc27aa1a20f37173dd76365e7023b901a997
[INFO] running `Command { std: "docker" "create" "-v" "/var/lib/crater-agent-workspace/builds/worker-4-tc1/target:/opt/rustwide/target:rw,Z" "-v" "/var/lib/crater-agent-workspace/builds/worker-4-tc1/source:/opt/rustwide/workdir:ro,Z" "-v" "/var/lib/crater-agent-workspace/cargo-home:/opt/rustwide/cargo-home:ro,Z" "-v" "/var/lib/crater-agent-workspace/rustup-home:/opt/rustwide/rustup-home:ro,Z" "-e" "SOURCE_DIR=/opt/rustwide/workdir" "-e" "CARGO_TARGET_DIR=/opt/rustwide/target" "-e" "CARGO_INCREMENTAL=0" "-e" "RUST_BACKTRACE=full" "-e" "RUSTFLAGS=--cap-lints=warn" "-e" "RUSTDOCFLAGS=--cap-lints=warn" "-e" "CARGO_HOME=/opt/rustwide/cargo-home" "-e" "RUSTUP_HOME=/opt/rustwide/rustup-home" "-w" "/opt/rustwide/workdir" "-m" "1610612736" "--user" "0:0" "--network" "none" "ghcr.io/rust-lang/crates-build-env/linux@sha256:f3a9d4ad9d972b27faf3965f35b62e55ba32bbce8f20bc8fe909558a86702fde" "/opt/rustwide/cargo-home/bin/cargo" "+1.83.0" "build" "--frozen" "--message-format=json", kill_on_drop: false }`
[INFO] [stdout] 5d3d5fc2099220d024c123c931ea68fb4f9bb5be5026cb0731d5f69967a3a1b1
[INFO] running `Command { std: "docker" "start" "-a" "5d3d5fc2099220d024c123c931ea68fb4f9bb5be5026cb0731d5f69967a3a1b1", kill_on_drop: false }`
[INFO] [stderr] warning: virtual workspace defaulting to `resolver = "1"` despite one or more workspace members being on edition 2021 which implies `resolver = "2"`
[INFO] [stderr] note: to keep the current resolver, specify `workspace.resolver = "1"` in the workspace root's manifest
[INFO] [stderr] note: to use the edition 2021 resolver, specify `workspace.resolver = "2"` in the workspace root's manifest
[INFO] [stderr] note: for more details see https://doc.rust-lang.org/cargo/reference/resolver.html#resolver-versions
[INFO] [stderr]    Compiling proc-macro2 v1.0.52
[INFO] [stderr]    Compiling quote v1.0.26
[INFO] [stderr]    Compiling unicode-ident v1.0.5
[INFO] [stderr]    Compiling syn v1.0.103
[INFO] [stderr]    Compiling libc v0.2.137
[INFO] [stderr]    Compiling version_check v0.9.4
[INFO] [stderr]    Compiling autocfg v1.1.0
[INFO] [stderr]    Compiling cfg-if v1.0.0
[INFO] [stderr]    Compiling memchr v2.5.0
[INFO] [stderr]    Compiling log v0.4.17
[INFO] [stderr]    Compiling once_cell v1.16.0
[INFO] [stderr]    Compiling pin-project-lite v0.2.9
[INFO] [stderr]    Compiling futures-core v0.3.26
[INFO] [stderr]    Compiling fnv v1.0.7
[INFO] [stderr]    Compiling slab v0.4.7
[INFO] [stderr]    Compiling value-bag v1.0.0-alpha.9
[INFO] [stderr]    Compiling bytes v1.2.1
[INFO] [stderr]    Compiling futures-io v0.3.26
[INFO] [stderr]    Compiling itoa v1.0.4
[INFO] [stderr]    Compiling futures-sink v0.3.26
[INFO] [stderr]    Compiling futures-task v0.3.26
[INFO] [stderr]    Compiling futures-channel v0.3.26
[INFO] [stderr]    Compiling lock_api v0.4.9
[INFO] [stderr]    Compiling pin-utils v0.1.0
[INFO] [stderr]    Compiling parking_lot_core v0.9.4
[INFO] [stderr]    Compiling futures-util v0.3.26
[INFO] [stderr]    Compiling jobserver v0.1.25
[INFO] [stderr]    Compiling socket2 v0.4.7
[INFO] [stderr]    Compiling signal-hook-registry v1.4.0
[INFO] [stderr]    Compiling cc v1.0.76
[INFO] [stderr]    Compiling scopeguard v1.1.0
[INFO] [stderr]    Compiling smallvec v1.10.0
[INFO] [stderr]    Compiling tokio v1.21.2
[INFO] [stderr]    Compiling num_cpus v1.14.0
[INFO] [stderr]    Compiling tracing-core v0.1.30
[INFO] [stderr]    Compiling indexmap v1.9.1
[INFO] [stderr]    Compiling hashbrown v0.12.3
[INFO] [stderr]    Compiling ryu v1.0.11
[INFO] [stderr]    Compiling parking_lot v0.12.1
[INFO] [stderr]    Compiling http v0.2.8
[INFO] [stderr]    Compiling num-traits v0.2.15
[INFO] [stderr]    Compiling percent-encoding v2.2.0
[INFO] [stderr]    Compiling serde_derive v1.0.147
[INFO] [stderr]    Compiling serde v1.0.147
[INFO] [stderr]    Compiling time-core v0.1.0
[INFO] [stderr]    Compiling aho-corasick v0.7.19
[INFO] [stderr]    Compiling time-macros v0.2.6
[INFO] [stderr]    Compiling regex-syntax v0.6.28
[INFO] [stderr]    Compiling httparse v1.8.0
[INFO] [stderr]    Compiling lazy_static v1.4.0
[INFO] [stderr]    Compiling ring v0.16.20
[INFO] [stderr]    Compiling typenum v1.15.0
[INFO] [stderr]    Compiling generic-array v0.14.6
[INFO] [stderr]    Compiling pkg-config v0.3.26
[INFO] [stderr]    Compiling base64 v0.13.1
[INFO] [stderr]    Compiling num-integer v0.1.45
[INFO] [stderr]    Compiling spin v0.5.2
[INFO] [stderr]    Compiling untrusted v0.7.1
[INFO] [stderr]    Compiling bitflags v1.3.2
[INFO] [stderr]    Compiling getrandom v0.2.8
[INFO] [stderr]    Compiling time v0.3.17
[INFO] [stderr]    Compiling tower-service v0.3.2
[INFO] [stderr]    Compiling try-lock v0.2.3
[INFO] [stderr]    Compiling form_urlencoded v1.1.0
[INFO] [stderr]    Compiling subtle v2.4.1
[INFO] [stderr]    Compiling httpdate v1.0.2
[INFO] [stderr]    Compiling regex v1.7.0
[INFO] [stderr]    Compiling rand_core v0.6.4
[INFO] [stderr]    Compiling ppv-lite86 v0.2.17
[INFO] [stderr]    Compiling fastrand v1.8.0
[INFO] [stderr]    Compiling openssl-probe v0.1.5
[INFO] [stderr]    Compiling rand_chacha v0.3.1
[INFO] [stderr]    Compiling thiserror v1.0.37
[INFO] [stderr]    Compiling crypto-common v0.1.6
[INFO] [stderr]    Compiling block-buffer v0.10.3
[INFO] [stderr]    Compiling tinyvec_macros v0.1.0
[INFO] [stderr]    Compiling tinyvec v1.6.0
[INFO] [stderr]    Compiling digest v0.10.5
[INFO] [stderr]    Compiling rand v0.8.5
[INFO] [stderr]    Compiling serde_json v1.0.87
[INFO] [stderr]    Compiling webpki v0.22.0
[INFO] [stderr]    Compiling rustls v0.20.7
[INFO] [stderr]    Compiling unicode-normalization v0.1.22
[INFO] [stderr]    Compiling sct v0.7.0
[INFO] [stderr]    Compiling http-body v0.4.5
[INFO] [stderr]    Compiling outref v0.1.0
[INFO] [stderr]    Compiling cpufeatures v0.2.5
[INFO] [stderr]    Compiling crossbeam-utils v0.8.14
[INFO] [stderr]    Compiling unicode-bidi v0.3.8
[INFO] [stderr]    Compiling simd-abstraction v0.7.1
[INFO] [stderr]    Compiling rustls-pemfile v1.0.1
[INFO] [stderr]    Compiling openssl-src v111.24.0+1.1.1s
[INFO] [stderr]    Compiling openssl-sys v0.9.77
[INFO] [stderr]    Compiling base64-simd v0.7.0
[INFO] [stderr]    Compiling idna v0.3.0
[INFO] [stderr]    Compiling ident_case v1.0.1
[INFO] [stderr]    Compiling aws-smithy-types v0.54.1
[INFO] [stderr]    Compiling strsim v0.10.0
[INFO] [stderr]    Compiling rustls-native-certs v0.6.2
[INFO] [stderr]    Compiling ctor v0.1.26
[INFO] [stderr]    Compiling futures-macro v0.3.26
[INFO] [stderr]    Compiling tracing-attributes v0.1.23
[INFO] [stderr]    Compiling tokio-macros v1.8.0
[INFO] [stderr]    Compiling thiserror-impl v1.0.37
[INFO] [stderr]    Compiling pin-project-internal v1.0.12
[INFO] [stderr]    Compiling mio v0.8.5
[INFO] [stderr]    Compiling want v0.3.0
[INFO] [stderr]    Compiling tracing v0.1.37
[INFO] [stderr]    Compiling pin-project v1.0.12
[INFO] [stderr]    Compiling url v2.3.1
[INFO] [stderr]    Compiling event-listener v2.5.3
[INFO] [stderr]    Compiling semver v1.0.16
[INFO] [stderr]    Compiling either v1.8.0
[INFO] [stderr]    Compiling bytes-utils v0.1.3
[INFO] [stderr]    Compiling concurrent-queue v2.1.0
[INFO] [stderr]    Compiling uncased v0.9.7
[INFO] [stderr]    Compiling openssl v0.10.42
[INFO] [stderr]    Compiling parking v2.0.0
[INFO] [stderr]    Compiling waker-fn v1.1.0
[INFO] [stderr]    Compiling foreign-types-shared v0.1.1
[INFO] [stderr]    Compiling futures-lite v1.12.0
[INFO] [stderr]    Compiling foreign-types v0.3.2
[INFO] [stderr]    Compiling async-lock v2.7.0
[INFO] [stderr]    Compiling openssl-macros v0.1.0
[INFO] [stderr]    Compiling sha2 v0.10.6
[INFO] [stderr]    Compiling hmac v0.12.1
[INFO] [stderr]    Compiling ahash v0.7.6
[INFO] [stderr]    Compiling polling v2.6.0
[INFO] [stderr]    Compiling encoding_rs v0.8.31
[INFO] [stderr]    Compiling tower-layer v0.3.2
[INFO] [stderr]    Compiling ipnet v2.5.1
[INFO] [stderr]    Compiling native-tls v0.2.11
[INFO] [stderr]    Compiling hex v0.4.3
[INFO] [stderr]    Compiling rustc_version v0.4.0
[INFO] [stderr]    Compiling time v0.1.44
[INFO] [stderr]    Compiling async-io v1.12.0
[INFO] [stderr]    Compiling iana-time-zone v0.1.53
[INFO] [stderr]    Compiling cfg-if v0.1.10
[INFO] [stderr]    Compiling siphasher v0.3.10
[INFO] [stderr]    Compiling mime v0.3.16
[INFO] [stderr]    Compiling net2 v0.2.38
[INFO] [stderr]    Compiling aws-types v0.54.1
[INFO] [stderr]    Compiling phf_shared v0.10.0
[INFO] [stderr]    Compiling zstd-sys v2.0.7+zstd.1.5.4
[INFO] [stderr]    Compiling iovec v0.1.4
[INFO] [stderr]    Compiling convert_case v0.4.0
[INFO] [stderr]    Compiling signal-hook v0.3.15
[INFO] [stderr]    Compiling tokio-util v0.7.4
[INFO] [stderr]    Compiling tokio-rustls v0.23.4
[INFO] [stderr]    Compiling tokio-stream v0.1.11
[INFO] [stderr]    Compiling tower v0.4.13
[INFO] [stderr]    Compiling aws-smithy-async v0.54.1
[INFO] [stderr]    Compiling async-trait v0.1.66
[INFO] [stderr]    Compiling h2 v0.3.15
[INFO] [stderr]    Compiling bytes v0.5.6
[INFO] [stderr]    Compiling semver-parser v0.7.0
[INFO] [stderr]    Compiling async-task v4.3.0
[INFO] [stderr]    Compiling zeroize v1.5.7
[INFO] [stderr]    Compiling aws-credential-types v0.54.1
[INFO] [stderr]    Compiling semver v0.9.0
[INFO] [stderr]    Compiling derive_more v0.99.17
[INFO] [stderr]    Compiling mio v0.6.23
[INFO] [stderr]    Compiling chrono v0.4.26
[INFO] [stderr]    Compiling serde_urlencoded v0.7.1
[INFO] [stderr]    Compiling async-channel v1.8.0
[INFO] [stderr]    Compiling darling_core v0.13.4
[INFO] [stderr]    Compiling async-process v1.6.0
[INFO] [stderr]    Compiling num-bigint v0.4.3
[INFO] [stderr]    Compiling radium v0.7.0
[INFO] [stderr]    Compiling paste v1.0.11
[INFO] [stderr]    Compiling matches v0.1.10
[INFO] [stderr]    Compiling match_cfg v0.1.0
[INFO] [stderr]    Compiling heck v0.4.1
[INFO] [stderr]    Compiling atomic-waker v1.1.0
[INFO] [stderr]    Compiling pin-project-lite v0.1.12
[INFO] [stderr]    Compiling tokio v0.2.25
[INFO] [stderr]    Compiling enum-as-inner v0.4.0
[INFO] [stderr]    Compiling blocking v1.3.0
[INFO] [stderr]    Compiling idna v0.2.3
[INFO] [stderr]    Compiling hostname v0.3.1
[INFO] [stderr]    Compiling rustc_version v0.2.3
[INFO] [stderr]    Compiling hyper v0.14.23
[INFO] [stderr]    Compiling async-executor v1.5.0
[INFO] [stderr]    Compiling actix-rt v2.8.0
[INFO] [stderr]    Compiling darling_macro v0.13.4
[INFO] [stderr]    Compiling phf_generator v0.10.0
[INFO] [stderr]    Compiling unicase v2.6.0
[INFO] [stderr]    Compiling zstd-safe v6.0.4+zstd.1.5.4
[INFO] [stderr]    Compiling quick-error v1.2.3
[INFO] [stderr]    Compiling linked-hash-map v0.5.6
[INFO] [stderr]    Compiling alloc-no-stdlib v2.0.4
[INFO] [stderr]    Compiling crc32fast v1.3.2
[INFO] [stderr]    Compiling tap v1.0.1
[INFO] [stderr]    Compiling local-waker v0.1.3
[INFO] [stderr]    Compiling data-encoding v2.3.3
[INFO] [stderr]    Compiling ucd-trie v0.1.5
[INFO] [stderr]    Compiling pest v2.7.0
[INFO] [stderr]    Compiling wyz v0.5.1
[INFO] [stderr]    Compiling lru-cache v0.1.2
[INFO] [stderr]    Compiling alloc-stdlib v0.2.2
[INFO] [stderr]    Compiling trust-dns-proto v0.21.2
[INFO] [stderr]    Compiling resolv-conf v0.7.0
[INFO] [stderr]    Compiling darling v0.13.4
[INFO] [stderr]    Compiling phf_codegen v0.10.0
[INFO] [stderr]    Compiling async-global-executor v2.3.1
[INFO] [stderr]    Compiling rustc_version_runtime v0.2.1
[INFO] [stderr]    Compiling phf v0.10.1
[INFO] [stderr]    Compiling kv-log-macro v1.0.7
[INFO] [stderr]    Compiling hyper-rustls v0.23.0
[INFO] [stderr]    Compiling aws-smithy-http v0.54.1
[INFO] [stderr]    Compiling async-attributes v1.1.2
[INFO] [stderr]    Compiling webpki-roots v0.22.5
[INFO] [stderr]    Compiling parse-zoneinfo v0.3.0
[INFO] [stderr]    Compiling bytestring v1.2.0
[INFO] [stderr]    Compiling funty v2.0.0
[INFO] [stderr]    Compiling aws-smithy-http-tower v0.54.1
[INFO] [stderr]    Compiling adler v1.0.2
[INFO] [stderr]    Compiling aws-smithy-client v0.54.1
[INFO] [stderr]    Compiling miniz_oxide v0.6.2
[INFO] [stderr]    Compiling bitvec v1.0.1
[INFO] [stderr]    Compiling async-std v1.12.0
[INFO] [stderr]    Compiling aws-sigv4 v0.54.1
[INFO] [stderr]    Compiling trust-dns-resolver v0.21.2
[INFO] [stderr]    Compiling chrono-tz-build v0.0.2
[INFO] [stderr]    Compiling actix-service v2.0.2
[INFO] [stderr]    Compiling serde_with_macros v1.5.2
[INFO] [stderr]    Compiling pest_meta v2.7.0
[INFO] [stderr]    Compiling brotli-decompressor v2.3.4
[INFO] [stderr]    Compiling tokio-util v0.3.1
[INFO] [stderr]    Compiling actix-utils v3.0.1
[INFO] [stderr]    Compiling serde_bytes v0.11.9
[INFO] [stderr]    Compiling uuid v1.2.1
[INFO] [stderr]    Compiling futures-executor v0.3.26
[INFO] [stderr]    Compiling tracing-futures v0.2.5
[INFO] [stderr]    Compiling darling_core v0.14.3
[INFO] [stderr]    Compiling syn v2.0.12
[INFO] [stderr]    Compiling bstr v1.1.0
[INFO] [stderr]    Compiling cookie v0.16.1
[INFO] [stderr]    Compiling io-lifetimes v1.0.5
[INFO] [stderr]    Compiling libm v0.2.7
[INFO] [stderr]    Compiling unic-char-range v0.9.0
[INFO] [stderr]    Compiling same-file v1.0.6
[INFO] [stderr]    Compiling base64 v0.21.0
[INFO] [stderr]    Compiling unic-common v0.9.0
[INFO] [stderr]    Compiling walkdir v2.3.2
[INFO] [stderr]    Compiling unic-ucd-version v0.9.0
[INFO] [stderr]    Compiling unic-char-property v0.9.0
[INFO] [stderr]    Compiling globset v0.4.10
[INFO] [stderr]    Compiling async-std-resolver v0.21.2
[INFO] [stderr]    Compiling bson v2.6.0
[INFO] [stderr]    Compiling h2 v0.2.7
[INFO] [stderr]    Compiling serde_with v1.14.0
[INFO] [stderr]    Compiling pest_generator v2.7.0
[INFO] [stderr]    Compiling darling_macro v0.14.3
[INFO] [stderr]    Compiling flate2 v1.0.25
[INFO] [stderr]    Compiling brotli v3.3.4
[INFO] [stderr]    Compiling chrono-tz v0.6.1
[INFO] [stderr]    Compiling mime_guess v2.0.4
[INFO] [stderr]    Compiling aws-sig-auth v0.54.1
[INFO] [stderr]    Compiling aws-http v0.54.1
[INFO] [stderr]    Compiling aws-endpoint v0.54.1
[INFO] [stderr]    Compiling actix-router v0.5.1
[INFO] [stderr]    Compiling local-channel v0.1.3
[INFO] [stderr]    Compiling http-body v0.3.1
[INFO] [stderr]    Compiling actix-codec v0.5.0
[INFO] [stderr]    Compiling aws-smithy-json v0.54.1
[INFO] [stderr]    Compiling derivative v2.2.0
[INFO] [stderr]    Compiling typed-builder v0.10.0
[INFO] [stderr]    Compiling stringprep v0.1.2
[INFO] [stderr]    Compiling sha1 v0.10.5
[INFO] [stderr]    Compiling sha-1 v0.10.1
[INFO] [stderr]    Compiling pbkdf2 v0.11.0
[INFO] [stderr]    Compiling md-5 v0.10.5
[INFO] [stderr]    Compiling socket2 v0.3.19
[INFO] [stderr]    Compiling thread_local v1.1.4
[INFO] [stderr]    Compiling rustix v0.36.8
[INFO] [stderr]    Compiling itoa v0.4.8
[INFO] [stderr]    Compiling language-tags v0.3.2
[INFO] [stderr]    Compiling httpdate v0.3.2
[INFO] [stderr]    Compiling anyhow v1.0.66
[INFO] [stderr]    Compiling take_mut v0.2.2
[INFO] [stderr]    Compiling hyper v0.13.10
[INFO] [stderr]    Compiling ignore v0.4.20
[INFO] [stderr]    Compiling actix-web-codegen v4.1.0
[INFO] [stderr]    Compiling mongodb v2.4.0
[INFO] [stderr]    Compiling darling v0.14.3
[INFO] [stderr]    Compiling pest_derive v2.7.0
[INFO] [stderr]    Compiling unic-ucd-segment v0.9.0
[INFO] [stderr]    Compiling futures v0.3.26
[INFO] [stderr]    Compiling actix-server v2.2.0
[INFO] [stderr]    Compiling simple_asn1 v0.5.4
[INFO] [stderr]    Compiling actix-macros v0.2.3
[INFO] [stderr]    Compiling actix_derive v0.6.0
[INFO] [stderr]    Compiling crossbeam-channel v0.5.6
[INFO] [stderr]    Compiling pem v0.8.3
[INFO] [stderr]    Compiling linux-raw-sys v0.1.4
[INFO] [stderr]    Compiling dotenv v0.15.0
[INFO] [stderr]    Compiling urlencoding v2.1.2
[INFO] [stderr]    Compiling deunicode v0.4.3
[INFO] [stderr]    Compiling xmlparser v0.13.5
[INFO] [stderr]    Compiling slug v0.1.4
[INFO] [stderr]    Compiling actix v0.13.0
[INFO] [stderr]    Compiling aws-smithy-query v0.54.1
[INFO] [stderr]    Compiling jsonwebtokens v1.1.0
[INFO] [stderr]    Compiling aws-smithy-xml v0.54.1
[INFO] [stderr]    Compiling humansize v2.1.3
[INFO] [stderr]    Compiling unic-segment v0.9.0
[INFO] [stderr]    Compiling serde_with_macros v2.2.0
[INFO] [stderr]    Compiling globwalk v0.8.1
[INFO] [stderr]    Compiling simple_asn1 v0.6.2
[INFO] [stderr]    Compiling mongo_derive v0.1.0 (/opt/rustwide/workdir/mongo_api/mongo_derive)
[INFO] [stderr]    Compiling pem v1.1.1
[INFO] [stderr]    Compiling is-terminal v0.4.3
[INFO] [stderr]    Compiling jsonwebtoken v8.2.0
[INFO] [stderr]    Compiling serde_with v2.2.0
[INFO] [stderr]    Compiling aws-sdk-sts v0.24.0
[INFO] [stderr]    Compiling handlebars v4.3.5
[INFO] [stderr]    Compiling aws-sdk-sso v0.24.0
[INFO] [stderr]    Compiling jwt v0.16.0
[INFO] [stderr]    Compiling async-recursion v1.0.0
[INFO] [stderr]    Compiling termcolor v1.1.3
[INFO] [stderr]    Compiling base64 v0.11.0
[INFO] [stderr]    Compiling evalexpr v8.1.0
[INFO] [stderr]    Compiling humantime v2.1.0
[INFO] [stderr]    Compiling aws-config v0.54.1
[INFO] [stderr]    Compiling tera v1.19.0 (https://github.com/p-ackland/tera.git?branch=master#1070fcc3)
[INFO] [stderr]    Compiling env_logger v0.10.0
[INFO] [stderr]    Compiling aws-sdk-cognitoidentityprovider v0.24.0
[INFO] [stderr]    Compiling mongo_api v0.1.0 (/opt/rustwide/workdir/mongo_api)
[INFO] [stdout] warning: unused import: `options::UpdateModifications`
[INFO] [stdout]  --> mongo_api/src/lib.rs:5:5
[INFO] [stdout]   |
[INFO] [stdout] 5 |     options::UpdateModifications,
[INFO] [stdout]   |     ^^^^^^^^^^^^^^^^^^^^^^^^^^^^
[INFO] [stdout]   |
[INFO] [stdout]   = note: `#[warn(unused_imports)]` on by default
[INFO] [stdout] 
[INFO] [stdout] 
[INFO] [stdout] warning: unused import: `std::fmt::Debug`
[INFO] [stdout]   --> mongo_api/src/lib.rs:10:5
[INFO] [stdout]    |
[INFO] [stdout] 10 | use std::fmt::Debug;
[INFO] [stdout]    |     ^^^^^^^^^^^^^^^
[INFO] [stdout] 
[INFO] [stdout] 
[INFO] [stdout] warning: field `client` is never read
[INFO] [stdout]   --> mongo_api/src/lib.rs:17:5
[INFO] [stdout]    |
[INFO] [stdout] 16 | pub struct MongoDbClient {
[INFO] [stdout]    |            ------------- field in this struct
[INFO] [stdout] 17 |     client: Client,
[INFO] [stdout]    |     ^^^^^^
[INFO] [stdout]    |
[INFO] [stdout]    = note: `MongoDbClient` has a derived impl for the trait `Clone`, but this is intentionally ignored during dead code analysis
[INFO] [stdout]    = note: `#[warn(dead_code)]` on by default
[INFO] [stdout] 
[INFO] [stdout] 
[INFO] [stderr]    Compiling xpertly_common v0.1.0 (/opt/rustwide/workdir/common)
[INFO] [stdout] warning: unused import: `std::f32::consts::E`
[INFO] [stdout]  --> common/src/integration/splunk.rs:1:5
[INFO] [stdout]   |
[INFO] [stdout] 1 | use std::f32::consts::E;
[INFO] [stdout]   |     ^^^^^^^^^^^^^^^^^^^
[INFO] [stdout]   |
[INFO] [stdout]   = note: `#[warn(unused_imports)]` on by default
[INFO] [stdout] 
[INFO] [stdout] 
[INFO] [stderr]    Compiling zstd v0.12.3+zstd.1.5.2
[INFO] [stderr]    Compiling actix-http v3.3.0
[INFO] [stderr]    Compiling actix-web v4.3.0
[INFO] [stderr]    Compiling actix-web-actors v4.2.0
[INFO] [stderr]    Compiling actix-ws v0.2.5
[INFO] [stderr]    Compiling tokio-native-tls v0.3.0
[INFO] [stderr]    Compiling tokio-tls v0.3.1
[INFO] [stderr]    Compiling hyper-tls v0.4.3
[INFO] [stderr]    Compiling hyper-tls v0.5.0
[INFO] [stderr]    Compiling reqwest v0.10.10
[INFO] [stderr]    Compiling reqwest v0.11.12
[INFO] [stderr]    Compiling jwks-client v0.2.0
[INFO] [stderr]    Compiling jsonwebtokens-cognito v0.1.1
[INFO] [stderr]    Compiling xpertly_worker v0.1.0 (/opt/rustwide/workdir/worker)
[INFO] [stdout] warning: unused import: `std::iter::FromIterator`
[INFO] [stdout]  --> worker/src/task/endpoint/auth/mod.rs:1:5
[INFO] [stdout]   |
[INFO] [stdout] 1 | use std::iter::FromIterator;
[INFO] [stdout]   |     ^^^^^^^^^^^^^^^^^^^^^^^
[INFO] [stdout]   |
[INFO] [stdout]   = note: `#[warn(unused_imports)]` on by default
[INFO] [stdout] 
[INFO] [stdout] 
[INFO] [stdout] warning: unused imports: `HeaderMap`, `HeaderName`, and `HeaderValue`
[INFO] [stdout]  --> worker/src/task/endpoint/auth/mod.rs:6:23
[INFO] [stdout]   |
[INFO] [stdout] 6 | use reqwest::header::{HeaderMap, HeaderName, HeaderValue};
[INFO] [stdout]   |                       ^^^^^^^^^  ^^^^^^^^^^  ^^^^^^^^^^^
[INFO] [stdout] 
[INFO] [stdout] 
[INFO] [stdout] warning: unused import: `super::Task`
[INFO] [stdout]  --> worker/src/task/filter/mod.rs:3:5
[INFO] [stdout]   |
[INFO] [stdout] 3 | use super::Task;
[INFO] [stdout]   |     ^^^^^^^^^^^
[INFO] [stdout] 
[INFO] [stdout] 
[INFO] [stdout] warning: unused import: `url::quirks::search`
[INFO] [stdout]   --> worker/src/task/filter/mod.rs:11:5
[INFO] [stdout]    |
[INFO] [stdout] 11 | use url::quirks::search;
[INFO] [stdout]    |     ^^^^^^^^^^^^^^^^^^^
[INFO] [stdout] 
[INFO] [stdout] 
[INFO] [stdout] warning: unused import: `xpertly_common::*`
[INFO] [stdout]   --> worker/src/task/filter/mod.rs:12:5
[INFO] [stdout]    |
[INFO] [stdout] 12 | use xpertly_common::*;
[INFO] [stdout]    |     ^^^^^^^^^^^^^^^^^
[INFO] [stdout] 
[INFO] [stdout] 
[INFO] [stdout] warning: unused import: `actix::dev::channel`
[INFO] [stdout]  --> worker/src/lib.rs:4:5
[INFO] [stdout]   |
[INFO] [stdout] 4 | use actix::dev::channel;
[INFO] [stdout]   |     ^^^^^^^^^^^^^^^^^^^
[INFO] [stdout] 
[INFO] [stdout] 
[INFO] [stdout] warning: unused import: `encode`
[INFO] [stdout]   --> worker/src/lib.rs:10:20
[INFO] [stdout]    |
[INFO] [stdout] 10 | use jsonwebtoken::{encode, EncodingKey, Header};
[INFO] [stdout]    |                    ^^^^^^
[INFO] [stdout] 
[INFO] [stdout] 
[INFO] [stdout] warning: unused imports: `Endpoint` and `Filter`
[INFO] [stdout]    --> worker/src/lib.rs:959:23
[INFO] [stdout]     |
[INFO] [stdout] 959 |     use crate::task::{Filter, Endpoint};
[INFO] [stdout]     |                       ^^^^^^  ^^^^^^^^
[INFO] [stdout]     |
[INFO] [stdout] help: if this is a test module, consider adding a `#[cfg(test)]` to the containing module
[INFO] [stdout]    --> worker/src/lib.rs:958:1
[INFO] [stdout]     |
[INFO] [stdout] 958 | mod tests {
[INFO] [stdout]     | ^^^^^^^^^
[INFO] [stdout] 
[INFO] [stdout] 
[INFO] [stdout] warning: use of deprecated function `base64::encode`: Use Engine::encode
[INFO] [stdout]   --> worker/src/task/endpoint/auth/mod.rs:99:41
[INFO] [stdout]    |
[INFO] [stdout] 99 |             format!("Basic {}", base64::encode(&format!("{}:{}", self.username, self.api_key))),
[INFO] [stdout]    |                                         ^^^^^^
[INFO] [stdout]    |
[INFO] [stdout]    = note: `#[warn(deprecated)]` on by default
[INFO] [stdout] 
[INFO] [stdout] 
[INFO] [stdout] warning: use of deprecated function `base64::encode`: Use Engine::encode
[INFO] [stdout]    --> worker/src/task/endpoint/auth/mod.rs:115:41
[INFO] [stdout]     |
[INFO] [stdout] 115 |             format!("Basic {}", base64::encode(&format!("{}:{}", self.username, self.password))),
[INFO] [stdout]     |                                         ^^^^^^
[INFO] [stdout] 
[INFO] [stdout] 
[INFO] [stdout] warning: variable does not need to be mutable
[INFO] [stdout]   --> worker/src/task/looping/mod.rs:65:21
[INFO] [stdout]    |
[INFO] [stdout] 65 |                 let mut loop_context = context.clone();
[INFO] [stdout]    |                     ----^^^^^^^^^^^^
[INFO] [stdout]    |                     |
[INFO] [stdout]    |                     help: remove this `mut`
[INFO] [stdout]    |
[INFO] [stdout]    = note: `#[warn(unused_mut)]` on by default
[INFO] [stdout] 
[INFO] [stdout] 
[INFO] [stdout] warning: unused variable: `context`
[INFO] [stdout]    --> worker/src/task/filter/mod.rs:238:33
[INFO] [stdout]     |
[INFO] [stdout] 238 |     pub async fn execute(&self, context: &WorkerInvocation) -> Value {
[INFO] [stdout]     |                                 ^^^^^^^ help: if this is intentional, prefix it with an underscore: `_context`
[INFO] [stdout]     |
[INFO] [stdout]     = note: `#[warn(unused_variables)]` on by default
[INFO] [stdout] 
[INFO] [stdout] 
[INFO] [stdout] warning: unused variable: `context`
[INFO] [stdout]   --> worker/src/task/endpoint/auth/mod.rs:80:58
[INFO] [stdout]    |
[INFO] [stdout] 80 |     async fn inject_auth(&mut self, task: &mut Endpoint, context: &WorkerInvocation) {
[INFO] [stdout]    |                                                          ^^^^^^^ help: if this is intentional, prefix it with an underscore: `_context`
[INFO] [stdout] 
[INFO] [stdout] 
[INFO] [stdout] warning: unused variable: `context`
[INFO] [stdout]   --> worker/src/task/endpoint/auth/mod.rs:96:58
[INFO] [stdout]    |
[INFO] [stdout] 96 |     async fn inject_auth(&mut self, task: &mut Endpoint, context: &WorkerInvocation) {
[INFO] [stdout]    |                                                          ^^^^^^^ help: if this is intentional, prefix it with an underscore: `_context`
[INFO] [stdout] 
[INFO] [stdout] 
[INFO] [stdout] warning: unused variable: `context`
[INFO] [stdout]    --> worker/src/task/endpoint/auth/mod.rs:112:58
[INFO] [stdout]     |
[INFO] [stdout] 112 |     async fn inject_auth(&mut self, task: &mut Endpoint, context: &WorkerInvocation) {
[INFO] [stdout]     |                                                          ^^^^^^^ help: if this is intentional, prefix it with an underscore: `_context`
[INFO] [stdout] 
[INFO] [stdout] 
[INFO] [stdout] warning: unused variable: `context`
[INFO] [stdout]    --> worker/src/task/endpoint/auth/mod.rs:127:58
[INFO] [stdout]     |
[INFO] [stdout] 127 |     async fn inject_auth(&mut self, task: &mut Endpoint, context: &WorkerInvocation) {
[INFO] [stdout]     |                                                          ^^^^^^^ help: if this is intentional, prefix it with an underscore: `_context`
[INFO] [stdout] 
[INFO] [stdout] 
[INFO] [stdout] warning: unused variable: `context`
[INFO] [stdout]    --> worker/src/task/endpoint/auth/mod.rs:142:58
[INFO] [stdout]     |
[INFO] [stdout] 142 |     async fn inject_auth(&mut self, task: &mut Endpoint, context: &WorkerInvocation) {
[INFO] [stdout]     |                                                          ^^^^^^^ help: if this is intentional, prefix it with an underscore: `_context`
[INFO] [stdout] 
[INFO] [stdout] 
[INFO] [stdout] warning: unused variable: `context`
[INFO] [stdout]    --> worker/src/task/endpoint/auth/mod.rs:157:58
[INFO] [stdout]     |
[INFO] [stdout] 157 |     async fn inject_auth(&mut self, task: &mut Endpoint, context: &WorkerInvocation) {
[INFO] [stdout]     |                                                          ^^^^^^^ help: if this is intentional, prefix it with an underscore: `_context`
[INFO] [stdout] 
[INFO] [stdout] 
[INFO] [stdout] warning: unused variable: `context`
[INFO] [stdout]    --> worker/src/task/endpoint/auth/mod.rs:169:58
[INFO] [stdout]     |
[INFO] [stdout] 169 |     async fn inject_auth(&mut self, task: &mut Endpoint, context: &WorkerInvocation) {
[INFO] [stdout]     |                                                          ^^^^^^^ help: if this is intentional, prefix it with an underscore: `_context`
[INFO] [stdout] 
[INFO] [stdout] 
[INFO] [stdout] warning: unused variable: `context`
[INFO] [stdout]    --> worker/src/task/endpoint/mod.rs:133:62
[INFO] [stdout]     |
[INFO] [stdout] 133 |     fn convert_url(&self, integration: Option<&Integration>, context: &WorkerInvocation) -> String {
[INFO] [stdout]     |                                                              ^^^^^^^ help: if this is intentional, prefix it with an underscore: `_context`
[INFO] [stdout] 
[INFO] [stdout] 
[INFO] [stdout] warning: unused variable: `key`
[INFO] [stdout]    --> worker/src/task/filter/mod.rs:136:22
[INFO] [stdout]     |
[INFO] [stdout] 136 |                 let (key, val) = obj;
[INFO] [stdout]     |                      ^^^ help: if this is intentional, prefix it with an underscore: `_key`
[INFO] [stdout] 
[INFO] [stdout] 
[INFO] [stdout] warning: method `add_task_output` is never used
[INFO] [stdout]    --> worker/src/lib.rs:663:8
[INFO] [stdout]     |
[INFO] [stdout] 137 | impl WorkerInvocation {
[INFO] [stdout]     | --------------------- method in this implementation
[INFO] [stdout] ...
[INFO] [stdout] 663 |     fn add_task_output(&mut self, output: TaskOutput, task: &Task) {
[INFO] [stdout]     |        ^^^^^^^^^^^^^^^
[INFO] [stdout]     |
[INFO] [stdout]     = note: `#[warn(dead_code)]` on by default
[INFO] [stdout] 
[INFO] [stdout] 
[INFO] [stdout] warning: function `get_user_details` is never used
[INFO] [stdout]    --> worker/src/lib.rs:936:4
[INFO] [stdout]     |
[INFO] [stdout] 936 | fn get_user_details(org_id: &str, user_id: &str, token: &str) -> User {
[INFO] [stdout]     |    ^^^^^^^^^^^^^^^^
[INFO] [stdout] 
[INFO] [stdout] 
[INFO] [stdout] warning: method `parse_operator` is never used
[INFO] [stdout]   --> worker/src/task/conditional/mod.rs:99:8
[INFO] [stdout]    |
[INFO] [stdout] 15 | impl Conditional {
[INFO] [stdout]    | ---------------- method in this implementation
[INFO] [stdout] ...
[INFO] [stdout] 99 |     fn parse_operator(&self, op: &str) -> Result<&str> {
[INFO] [stdout]    |        ^^^^^^^^^^^^^^
[INFO] [stdout] 
[INFO] [stdout] 
[INFO] [stdout] warning: method `convert_url` is never used
[INFO] [stdout]    --> worker/src/task/endpoint/mod.rs:133:8
[INFO] [stdout]     |
[INFO] [stdout] 75  | impl Endpoint {
[INFO] [stdout]     | ------------- method in this implementation
[INFO] [stdout] ...
[INFO] [stdout] 133 |     fn convert_url(&self, integration: Option<&Integration>, context: &WorkerInvocation) -> String {
[INFO] [stdout]     |        ^^^^^^^^^^^
[INFO] [stdout] 
[INFO] [stdout] 
[INFO] [stdout] warning: function `create_mock_invocation` is never used
[INFO] [stdout]    --> worker/src/lib.rs:962:8
[INFO] [stdout]     |
[INFO] [stdout] 962 |     fn create_mock_invocation() -> WorkerInvocation {
[INFO] [stdout]     |        ^^^^^^^^^^^^^^^^^^^^^^
[INFO] [stdout] 
[INFO] [stdout] 
[INFO] [stderr]    Compiling api v0.1.0 (/opt/rustwide/workdir/api)
[INFO] [stdout] warning: unused import: `StreamHandler`
[INFO] [stdout]  --> api/src/main.rs:1:37
[INFO] [stdout]   |
[INFO] [stdout] 1 | use actix::{Actor, Addr, Recipient, StreamHandler};
[INFO] [stdout]   |                                     ^^^^^^^^^^^^^
[INFO] [stdout]   |
[INFO] [stdout]   = note: `#[warn(unused_imports)]` on by default
[INFO] [stdout] 
[INFO] [stdout] 
[INFO] [stdout] warning: unused import: `TestUser`
[INFO] [stdout]   --> api/src/main.rs:16:36
[INFO] [stdout]    |
[INFO] [stdout] 16 | use xpertly_common::{AvicennaUser, TestUser, WorkerConfig};
[INFO] [stdout]    |                                    ^^^^^^^^
[INFO] [stdout] 
[INFO] [stdout] 
[INFO] [stdout] warning: unused import: `Claims`
[INFO] [stdout]  --> api/src/auth/extractor.rs:4:48
[INFO] [stdout]   |
[INFO] [stdout] 4 | use xpertly_common::auth::{ Auth, BearerToken, Claims };
[INFO] [stdout]   |                                                ^^^^^^
[INFO] [stdout] 
[INFO] [stdout] 
[INFO] [stdout] warning: unused import: `ResponseError`
[INFO] [stdout]  --> api/src/auth/middleware.rs:4:25
[INFO] [stdout]   |
[INFO] [stdout] 4 |     Error, HttpMessage, ResponseError
[INFO] [stdout]   |                         ^^^^^^^^^^^^^
[INFO] [stdout] 
[INFO] [stdout] 
[INFO] [stdout] warning: unused import: `uuid::Uuid`
[INFO] [stdout]  --> api/src/auth/middleware.rs:7:5
[INFO] [stdout]   |
[INFO] [stdout] 7 | use uuid::Uuid;
[INFO] [stdout]   |     ^^^^^^^^^^
[INFO] [stdout] 
[INFO] [stdout] 
[INFO] [stdout] warning: unused imports: `fmt::Display` and `ops::Deref`
[INFO] [stdout]  --> api/src/auth/middleware.rs:9:19
[INFO] [stdout]   |
[INFO] [stdout] 9 | use std::{rc::Rc, ops::Deref, fmt::Display};
[INFO] [stdout]   |                   ^^^^^^^^^^  ^^^^^^^^^^^^
[INFO] [stdout] 
[INFO] [stdout] 
[INFO] [stdout] warning: unused imports: `Message` and `handle`
[INFO] [stdout]   --> api/src/main.rs:23:16
[INFO] [stdout]    |
[INFO] [stdout] 23 | use actix_ws::{handle, Message};
[INFO] [stdout]    |                ^^^^^^  ^^^^^^^
[INFO] [stdout] 
[INFO] [stdout] 
[INFO] [stdout] warning: unused import: `actix_web_actors::ws`
[INFO] [stdout]  --> api/src/websockets/server.rs:4:5
[INFO] [stdout]   |
[INFO] [stdout] 4 | use actix_web_actors::ws;
[INFO] [stdout]   |     ^^^^^^^^^^^^^^^^^^^^
[INFO] [stdout] 
[INFO] [stdout] 
[INFO] [stdout] warning: unused import: `serde_json::json`
[INFO] [stdout]   --> api/src/test_api.rs:2:5
[INFO] [stdout]    |
[INFO] [stdout] 2  | use serde_json::json;
[INFO] [stdout]    |     ^^^^^^^^^^^^^^^^
[INFO] [stdout]    |
[INFO] [stdout] help: if this is a test module, consider adding a `#[cfg(test)]` to the containing module
[INFO] [stdout]   --> api/src/main.rs:32:1
[INFO] [stdout]    |
[INFO] [stdout] 32 | mod test_api;
[INFO] [stdout]    | ^^^^^^^^^^^^^
[INFO] [stdout] 
[INFO] [stdout] 
[INFO] [stdout] warning: unused imports: `create_user`, `get_user`, and `update_user`
[INFO] [stdout]   --> api/src/main.rs:33:16
[INFO] [stdout]    |
[INFO] [stdout] 33 | use test_api::{create_user, get_user, update_user};
[INFO] [stdout]    |                ^^^^^^^^^^^  ^^^^^^^^  ^^^^^^^^^^^
[INFO] [stdout] 
[INFO] [stdout] 
[INFO] [stdout] warning: unused imports: `Query` and `UrlEncoded`
[INFO] [stdout]  --> api/src/assets/mod.rs:3:28
[INFO] [stdout]   |
[INFO] [stdout] 3 | use actix_web::web::{Json, Query, UrlEncoded};
[INFO] [stdout]   |                            ^^^^^  ^^^^^^^^^^
[INFO] [stdout] 
[INFO] [stdout] 
[INFO] [stdout] warning: unused imports: `delete` and `put`
[INFO] [stdout]  --> api/src/assets/mod.rs:5:17
[INFO] [stdout]   |
[INFO] [stdout] 5 | use actix_web::{delete, get, post, put, HttpResponse, HttpRequest};
[INFO] [stdout]   |                 ^^^^^^             ^^^
[INFO] [stdout] 
[INFO] [stdout] 
[INFO] [stdout] warning: unused import: `oid::ObjectId`
[INFO] [stdout]  --> api/src/assets/mod.rs:6:26
[INFO] [stdout]   |
[INFO] [stdout] 6 | use mongodb::bson::{doc, oid::ObjectId};
[INFO] [stdout]   |                          ^^^^^^^^^^^^^
[INFO] [stdout] 
[INFO] [stdout] 
[INFO] [stdout] warning: unused imports: `delete` and `put`
[INFO] [stdout]  --> api/src/integrations/mod.rs:3:17
[INFO] [stdout]   |
[INFO] [stdout] 3 | use actix_web::{delete, get, post, put, HttpResponse};
[INFO] [stdout]   |                 ^^^^^^             ^^^
[INFO] [stdout] 
[INFO] [stdout] 
[INFO] [stdout] warning: unused import: `oid::ObjectId`
[INFO] [stdout]  --> api/src/integrations/mod.rs:4:26
[INFO] [stdout]   |
[INFO] [stdout] 4 | use mongodb::bson::{doc, oid::ObjectId};
[INFO] [stdout]   |                          ^^^^^^^^^^^^^
[INFO] [stdout] 
[INFO] [stdout] 
[INFO] [stdout] warning: unused import: `Map`
[INFO] [stdout]  --> api/src/integrations/mod.rs:5:31
[INFO] [stdout]   |
[INFO] [stdout] 5 | use serde_json::{json, Value, Map};
[INFO] [stdout]   |                               ^^^
[INFO] [stdout] 
[INFO] [stdout] 
[INFO] [stdout] warning: unused imports: `asset::AssetTag` and `asset::Asset`
[INFO] [stdout]  --> api/src/integrations/mod.rs:7:22
[INFO] [stdout]   |
[INFO] [stdout] 7 | use xpertly_common::{asset::Asset, asset::AssetTag, integration::Integration, Display};
[INFO] [stdout]   |                      ^^^^^^^^^^^^  ^^^^^^^^^^^^^^^
[INFO] [stdout] 
[INFO] [stdout] 
[INFO] [stdout] warning: unused variable: `req`
[INFO] [stdout]    --> api/src/main.rs:186:5
[INFO] [stdout]     |
[INFO] [stdout] 186 |     req: HttpRequest,
[INFO] [stdout]     |     ^^^ help: if this is intentional, prefix it with an underscore: `_req`
[INFO] [stdout]     |
[INFO] [stdout]     = note: `#[warn(unused_variables)]` on by default
[INFO] [stdout] 
[INFO] [stdout] 
[INFO] [stdout] warning: unused variable: `worker_id`
[INFO] [stdout]    --> api/src/main.rs:198:21
[INFO] [stdout]     |
[INFO] [stdout] 198 |     let (tenant_id, worker_id) = ids.into_inner();
[INFO] [stdout]     |                     ^^^^^^^^^ help: if this is intentional, prefix it with an underscore: `_worker_id`
[INFO] [stdout] 
[INFO] [stdout] 
[INFO] [stdout] warning: unused variable: `ws_data`
[INFO] [stdout]   --> api/src/test_api.rs:97:25
[INFO] [stdout]    |
[INFO] [stdout] 97 | pub async fn test_mongo(ws_data: Data<WebServerData>) -> HttpResponse {  
[INFO] [stdout]    |                         ^^^^^^^ help: if this is intentional, prefix it with an underscore: `_ws_data`
[INFO] [stdout] 
[INFO] [stdout] 
[INFO] [stdout] warning: unreachable pattern
[INFO] [stdout]   --> api/src/auth/error.rs:22:13
[INFO] [stdout]    |
[INFO] [stdout] 22 |             _ => StatusCode::INTERNAL_SERVER_ERROR
[INFO] [stdout]    |             ^ no value can reach this
[INFO] [stdout]    |
[INFO] [stdout] note: multiple earlier patterns match some of the same values
[INFO] [stdout]   --> api/src/auth/error.rs:22:13
[INFO] [stdout]    |
[INFO] [stdout] 20 |             Error::AuthenticationError => StatusCode::UNAUTHORIZED,
[INFO] [stdout]    |             -------------------------- matches some of the same values
[INFO] [stdout] 21 |             Error::AuthorizationError => StatusCode::FORBIDDEN,
[INFO] [stdout]    |             ------------------------- matches some of the same values
[INFO] [stdout] 22 |             _ => StatusCode::INTERNAL_SERVER_ERROR
[INFO] [stdout]    |             ^ collectively making this unreachable
[INFO] [stdout]    = note: `#[warn(unreachable_patterns)]` on by default
[INFO] [stdout] 
[INFO] [stdout] 
[INFO] [stdout] warning: unused variable: `payload`
[INFO] [stdout]   --> api/src/auth/extractor.rs:17:40
[INFO] [stdout]    |
[INFO] [stdout] 17 |     fn from_request(req: &HttpRequest, payload: &mut actix_web::dev::Payload) -> Self::Future {
[INFO] [stdout]    |                                        ^^^^^^^ help: if this is intentional, prefix it with an underscore: `_payload`
[INFO] [stdout] 
[INFO] [stdout] 
[INFO] [stdout] warning: unused variable: `ctx`
[INFO] [stdout]   --> api/src/websockets/server.rs:92:40
[INFO] [stdout]    |
[INFO] [stdout] 92 |     fn handle(&mut self, msg: Publish, ctx: &mut Self::Context) -> Self::Result {
[INFO] [stdout]    |                                        ^^^ help: if this is intentional, prefix it with an underscore: `_ctx`
[INFO] [stdout] 
[INFO] [stdout] 
[INFO] [stdout] warning: unused variable: `ctx`
[INFO] [stdout]   --> api/src/websockets/session.rs:35:28
[INFO] [stdout]    |
[INFO] [stdout] 35 |     fn stopping(&mut self, ctx: &mut Self::Context) -> Running {
[INFO] [stdout]    |                            ^^^ help: if this is intentional, prefix it with an underscore: `_ctx`
[INFO] [stdout] 
[INFO] [stdout] 
[INFO] [stdout] warning: type alias `ClientSocket` is never used
[INFO] [stdout]   --> api/src/main.rs:41:6
[INFO] [stdout]    |
[INFO] [stdout] 41 | type ClientSocket = Recipient<WorkerLog>;
[INFO] [stdout]    |      ^^^^^^^^^^^^
[INFO] [stdout]    |
[INFO] [stdout]    = note: `#[warn(dead_code)]` on by default
[INFO] [stdout] 
[INFO] [stdout] 
[INFO] [stdout] warning: variant `AuthorizationError` is never constructed
[INFO] [stdout]   --> api/src/auth/error.rs:10:5
[INFO] [stdout]    |
[INFO] [stdout] 5  | pub enum Error {
[INFO] [stdout]    |          ----- variant in this enum
[INFO] [stdout] ...
[INFO] [stdout] 10 |     AuthorizationError,
[INFO] [stdout]    |     ^^^^^^^^^^^^^^^^^^
[INFO] [stdout]    |
[INFO] [stdout]    = note: `Error` has a derived impl for the trait `Debug`, but this is intentionally ignored during dead code analysis
[INFO] [stdout] 
[INFO] [stdout] 
[INFO] [stderr]     Finished `dev` profile [unoptimized + debuginfo] target(s) in 8m 33s
[INFO] running `Command { std: "docker" "inspect" "5d3d5fc2099220d024c123c931ea68fb4f9bb5be5026cb0731d5f69967a3a1b1", kill_on_drop: false }`
[INFO] running `Command { std: "docker" "rm" "-f" "5d3d5fc2099220d024c123c931ea68fb4f9bb5be5026cb0731d5f69967a3a1b1", kill_on_drop: false }`
[INFO] [stdout] 5d3d5fc2099220d024c123c931ea68fb4f9bb5be5026cb0731d5f69967a3a1b1
[INFO] running `Command { std: "docker" "create" "-v" "/var/lib/crater-agent-workspace/builds/worker-4-tc1/target:/opt/rustwide/target:rw,Z" "-v" "/var/lib/crater-agent-workspace/builds/worker-4-tc1/source:/opt/rustwide/workdir:ro,Z" "-v" "/var/lib/crater-agent-workspace/cargo-home:/opt/rustwide/cargo-home:ro,Z" "-v" "/var/lib/crater-agent-workspace/rustup-home:/opt/rustwide/rustup-home:ro,Z" "-e" "SOURCE_DIR=/opt/rustwide/workdir" "-e" "CARGO_TARGET_DIR=/opt/rustwide/target" "-e" "CARGO_INCREMENTAL=0" "-e" "RUST_BACKTRACE=full" "-e" "RUSTFLAGS=--cap-lints=warn" "-e" "RUSTDOCFLAGS=--cap-lints=warn" "-e" "CARGO_HOME=/opt/rustwide/cargo-home" "-e" "RUSTUP_HOME=/opt/rustwide/rustup-home" "-w" "/opt/rustwide/workdir" "-m" "1610612736" "--user" "0:0" "--network" "none" "ghcr.io/rust-lang/crates-build-env/linux@sha256:f3a9d4ad9d972b27faf3965f35b62e55ba32bbce8f20bc8fe909558a86702fde" "/opt/rustwide/cargo-home/bin/cargo" "+1.83.0" "test" "--frozen" "--no-run" "--message-format=json", kill_on_drop: false }`
[INFO] [stdout] fac3314e9871bf27905ba691c2e191131bad84aff3e259a5118229bbeff25efe
[INFO] running `Command { std: "docker" "start" "-a" "fac3314e9871bf27905ba691c2e191131bad84aff3e259a5118229bbeff25efe", kill_on_drop: false }`
[INFO] [stderr] warning: virtual workspace defaulting to `resolver = "1"` despite one or more workspace members being on edition 2021 which implies `resolver = "2"`
[INFO] [stderr] note: to keep the current resolver, specify `workspace.resolver = "1"` in the workspace root's manifest
[INFO] [stderr] note: to use the edition 2021 resolver, specify `workspace.resolver = "2"` in the workspace root's manifest
[INFO] [stderr] note: for more details see https://doc.rust-lang.org/cargo/reference/resolver.html#resolver-versions
[INFO] [stdout] warning: unused import: `options::UpdateModifications`
[INFO] [stdout]  --> mongo_api/src/lib.rs:5:5
[INFO] [stdout]   |
[INFO] [stdout] 5 |     options::UpdateModifications,
[INFO] [stdout]   |     ^^^^^^^^^^^^^^^^^^^^^^^^^^^^
[INFO] [stdout]   |
[INFO] [stdout]   = note: `#[warn(unused_imports)]` on by default
[INFO] [stdout] 
[INFO] [stdout] 
[INFO] [stdout] warning: unused import: `std::fmt::Debug`
[INFO] [stdout]   --> mongo_api/src/lib.rs:10:5
[INFO] [stdout]    |
[INFO] [stdout] 10 | use std::fmt::Debug;
[INFO] [stdout]    |     ^^^^^^^^^^^^^^^
[INFO] [stdout] 
[INFO] [stdout] 
[INFO] [stdout] warning: field `client` is never read
[INFO] [stdout]   --> mongo_api/src/lib.rs:17:5
[INFO] [stdout]    |
[INFO] [stdout] 16 | pub struct MongoDbClient {
[INFO] [stdout]    |            ------------- field in this struct
[INFO] [stdout] 17 |     client: Client,
[INFO] [stdout]    |     ^^^^^^
[INFO] [stdout]    |
[INFO] [stdout]    = note: `MongoDbClient` has a derived impl for the trait `Clone`, but this is intentionally ignored during dead code analysis
[INFO] [stdout]    = note: `#[warn(dead_code)]` on by default
[INFO] [stdout] 
[INFO] [stdout] 
[INFO] [stderr]    Compiling mongo_derive v0.1.0 (/opt/rustwide/workdir/mongo_api/mongo_derive)
[INFO] [stderr]    Compiling mongo_api v0.1.0 (/opt/rustwide/workdir/mongo_api)
[INFO] [stdout] warning: unused import: `options::UpdateModifications`
[INFO] [stdout]  --> mongo_api/src/lib.rs:5:5
[INFO] [stdout]   |
[INFO] [stdout] 5 |     options::UpdateModifications,
[INFO] [stdout]   |     ^^^^^^^^^^^^^^^^^^^^^^^^^^^^
[INFO] [stdout]   |
[INFO] [stdout]   = note: `#[warn(unused_imports)]` on by default
[INFO] [stdout] 
[INFO] [stdout] 
[INFO] [stdout] warning: unused import: `std::fmt::Debug`
[INFO] [stdout]   --> mongo_api/src/lib.rs:10:5
[INFO] [stdout]    |
[INFO] [stdout] 10 | use std::fmt::Debug;
[INFO] [stdout]    |     ^^^^^^^^^^^^^^^
[INFO] [stdout] 
[INFO] [stdout] 
[INFO] [stdout] warning: field `client` is never read
[INFO] [stdout]   --> mongo_api/src/lib.rs:17:5
[INFO] [stdout]    |
[INFO] [stdout] 16 | pub struct MongoDbClient {
[INFO] [stdout]    |            ------------- field in this struct
[INFO] [stdout] 17 |     client: Client,
[INFO] [stdout]    |     ^^^^^^
[INFO] [stdout]    |
[INFO] [stdout]    = note: `MongoDbClient` has a derived impl for the trait `Clone`, but this is intentionally ignored during dead code analysis
[INFO] [stdout]    = note: `#[warn(dead_code)]` on by default
[INFO] [stdout] 
[INFO] [stdout] 
[INFO] [stderr]    Compiling xpertly_common v0.1.0 (/opt/rustwide/workdir/common)
[INFO] [stdout] warning: unused import: `std::f32::consts::E`
[INFO] [stdout]  --> common/src/integration/splunk.rs:1:5
[INFO] [stdout]   |
[INFO] [stdout] 1 | use std::f32::consts::E;
[INFO] [stdout]   |     ^^^^^^^^^^^^^^^^^^^
[INFO] [stdout]   |
[INFO] [stdout]   = note: `#[warn(unused_imports)]` on by default
[INFO] [stdout] 
[INFO] [stdout] 
[INFO] [stdout] warning: unused import: `std::f32::consts::E`
[INFO] [stdout]  --> common/src/integration/splunk.rs:1:5
[INFO] [stdout]   |
[INFO] [stdout] 1 | use std::f32::consts::E;
[INFO] [stdout]   |     ^^^^^^^^^^^^^^^^^^^
[INFO] [stdout]   |
[INFO] [stdout]   = note: `#[warn(unused_imports)]` on by default
[INFO] [stdout] 
[INFO] [stdout] 
[INFO] [stderr]    Compiling xpertly_worker v0.1.0 (/opt/rustwide/workdir/worker)
[INFO] [stdout] warning: unused import: `std::iter::FromIterator`
[INFO] [stdout]  --> worker/src/task/endpoint/auth/mod.rs:1:5
[INFO] [stdout]   |
[INFO] [stdout] 1 | use std::iter::FromIterator;
[INFO] [stdout]   |     ^^^^^^^^^^^^^^^^^^^^^^^
[INFO] [stdout]   |
[INFO] [stdout]   = note: `#[warn(unused_imports)]` on by default
[INFO] [stdout] 
[INFO] [stdout] 
[INFO] [stdout] warning: unused imports: `HeaderMap`, `HeaderName`, and `HeaderValue`
[INFO] [stdout]  --> worker/src/task/endpoint/auth/mod.rs:6:23
[INFO] [stdout]   |
[INFO] [stdout] 6 | use reqwest::header::{HeaderMap, HeaderName, HeaderValue};
[INFO] [stdout]   |                       ^^^^^^^^^  ^^^^^^^^^^  ^^^^^^^^^^^
[INFO] [stdout] 
[INFO] [stdout] 
[INFO] [stdout] warning: unused import: `super::Task`
[INFO] [stdout]  --> worker/src/task/filter/mod.rs:3:5
[INFO] [stdout]   |
[INFO] [stdout] 3 | use super::Task;
[INFO] [stdout]   |     ^^^^^^^^^^^
[INFO] [stdout] 
[INFO] [stdout] 
[INFO] [stdout] warning: unused import: `url::quirks::search`
[INFO] [stdout]   --> worker/src/task/filter/mod.rs:11:5
[INFO] [stdout]    |
[INFO] [stdout] 11 | use url::quirks::search;
[INFO] [stdout]    |     ^^^^^^^^^^^^^^^^^^^
[INFO] [stdout] 
[INFO] [stdout] 
[INFO] [stdout] warning: unused import: `xpertly_common::*`
[INFO] [stdout]   --> worker/src/task/filter/mod.rs:12:5
[INFO] [stdout]    |
[INFO] [stdout] 12 | use xpertly_common::*;
[INFO] [stdout]    |     ^^^^^^^^^^^^^^^^^
[INFO] [stdout] 
[INFO] [stdout] 
[INFO] [stdout] warning: unused import: `actix::dev::channel`
[INFO] [stdout]  --> worker/src/lib.rs:4:5
[INFO] [stdout]   |
[INFO] [stdout] 4 | use actix::dev::channel;
[INFO] [stdout]   |     ^^^^^^^^^^^^^^^^^^^
[INFO] [stdout] 
[INFO] [stdout] 
[INFO] [stdout] warning: unused import: `encode`
[INFO] [stdout]   --> worker/src/lib.rs:10:20
[INFO] [stdout]    |
[INFO] [stdout] 10 | use jsonwebtoken::{encode, EncodingKey, Header};
[INFO] [stdout]    |                    ^^^^^^
[INFO] [stdout] 
[INFO] [stdout] 
[INFO] [stdout] warning: unused imports: `Endpoint` and `Filter`
[INFO] [stdout]    --> worker/src/lib.rs:959:23
[INFO] [stdout]     |
[INFO] [stdout] 959 |     use crate::task::{Filter, Endpoint};
[INFO] [stdout]     |                       ^^^^^^  ^^^^^^^^
[INFO] [stdout]     |
[INFO] [stdout] help: if this is a test module, consider adding a `#[cfg(test)]` to the containing module
[INFO] [stdout]    --> worker/src/lib.rs:958:1
[INFO] [stdout]     |
[INFO] [stdout] 958 | mod tests {
[INFO] [stdout]     | ^^^^^^^^^
[INFO] [stdout] 
[INFO] [stdout] 
[INFO] [stdout] warning: use of deprecated function `base64::encode`: Use Engine::encode
[INFO] [stdout]   --> worker/src/task/endpoint/auth/mod.rs:99:41
[INFO] [stdout]    |
[INFO] [stdout] 99 |             format!("Basic {}", base64::encode(&format!("{}:{}", self.username, self.api_key))),
[INFO] [stdout]    |                                         ^^^^^^
[INFO] [stdout]    |
[INFO] [stdout]    = note: `#[warn(deprecated)]` on by default
[INFO] [stdout] 
[INFO] [stdout] 
[INFO] [stdout] warning: use of deprecated function `base64::encode`: Use Engine::encode
[INFO] [stdout]    --> worker/src/task/endpoint/auth/mod.rs:115:41
[INFO] [stdout]     |
[INFO] [stdout] 115 |             format!("Basic {}", base64::encode(&format!("{}:{}", self.username, self.password))),
[INFO] [stdout]     |                                         ^^^^^^
[INFO] [stdout] 
[INFO] [stdout] 
[INFO] [stdout] warning: unused import: `std::iter::FromIterator`
[INFO] [stdout]  --> worker/src/task/endpoint/auth/mod.rs:1:5
[INFO] [stdout]   |
[INFO] [stdout] 1 | use std::iter::FromIterator;
[INFO] [stdout]   |     ^^^^^^^^^^^^^^^^^^^^^^^
[INFO] [stdout]   |
[INFO] [stdout]   = note: `#[warn(unused_imports)]` on by default
[INFO] [stdout] 
[INFO] [stdout] 
[INFO] [stdout] warning: unused imports: `HeaderMap`, `HeaderName`, and `HeaderValue`
[INFO] [stdout]  --> worker/src/task/endpoint/auth/mod.rs:6:23
[INFO] [stdout]   |
[INFO] [stdout] 6 | use reqwest::header::{HeaderMap, HeaderName, HeaderValue};
[INFO] [stdout]   |                       ^^^^^^^^^  ^^^^^^^^^^  ^^^^^^^^^^^
[INFO] [stdout] 
[INFO] [stdout] 
[INFO] [stdout] warning: unused import: `super::Task`
[INFO] [stdout]  --> worker/src/task/filter/mod.rs:3:5
[INFO] [stdout]   |
[INFO] [stdout] 3 | use super::Task;
[INFO] [stdout]   |     ^^^^^^^^^^^
[INFO] [stdout] 
[INFO] [stdout] 
[INFO] [stdout] warning: unused import: `url::quirks::search`
[INFO] [stdout]   --> worker/src/task/filter/mod.rs:11:5
[INFO] [stdout]    |
[INFO] [stdout] 11 | use url::quirks::search;
[INFO] [stdout]    |     ^^^^^^^^^^^^^^^^^^^
[INFO] [stdout] 
[INFO] [stdout] 
[INFO] [stdout] warning: unused import: `xpertly_common::*`
[INFO] [stdout]   --> worker/src/task/filter/mod.rs:12:5
[INFO] [stdout]    |
[INFO] [stdout] 12 | use xpertly_common::*;
[INFO] [stdout]    |     ^^^^^^^^^^^^^^^^^
[INFO] [stdout] 
[INFO] [stdout] 
[INFO] [stdout] warning: unused import: `actix::dev::channel`
[INFO] [stdout]  --> worker/src/lib.rs:4:5
[INFO] [stdout]   |
[INFO] [stdout] 4 | use actix::dev::channel;
[INFO] [stdout]   |     ^^^^^^^^^^^^^^^^^^^
[INFO] [stdout] 
[INFO] [stdout] 
[INFO] [stdout] warning: unused import: `encode`
[INFO] [stdout]   --> worker/src/lib.rs:10:20
[INFO] [stdout]    |
[INFO] [stdout] 10 | use jsonwebtoken::{encode, EncodingKey, Header};
[INFO] [stdout]    |                    ^^^^^^
[INFO] [stdout] 
[INFO] [stdout] 
[INFO] [stdout] warning: use of deprecated function `base64::encode`: Use Engine::encode
[INFO] [stdout]   --> worker/src/task/endpoint/auth/mod.rs:99:41
[INFO] [stdout]    |
[INFO] [stdout] 99 |             format!("Basic {}", base64::encode(&format!("{}:{}", self.username, self.api_key))),
[INFO] [stdout]    |                                         ^^^^^^
[INFO] [stdout]    |
[INFO] [stdout]    = note: `#[warn(deprecated)]` on by default
[INFO] [stdout] 
[INFO] [stdout] 
[INFO] [stdout] warning: use of deprecated function `base64::encode`: Use Engine::encode
[INFO] [stdout]    --> worker/src/task/endpoint/auth/mod.rs:115:41
[INFO] [stdout]     |
[INFO] [stdout] 115 |             format!("Basic {}", base64::encode(&format!("{}:{}", self.username, self.password))),
[INFO] [stdout]     |                                         ^^^^^^
[INFO] [stdout] 
[INFO] [stdout] 
[INFO] [stdout] warning: variable does not need to be mutable
[INFO] [stdout]   --> worker/src/task/looping/mod.rs:65:21
[INFO] [stdout]    |
[INFO] [stdout] 65 |                 let mut loop_context = context.clone();
[INFO] [stdout]    |                     ----^^^^^^^^^^^^
[INFO] [stdout]    |                     |
[INFO] [stdout]    |                     help: remove this `mut`
[INFO] [stdout]    |
[INFO] [stdout]    = note: `#[warn(unused_mut)]` on by default
[INFO] [stdout] 
[INFO] [stdout] 
[INFO] [stdout] warning: unused variable: `context`
[INFO] [stdout]    --> worker/src/task/filter/mod.rs:238:33
[INFO] [stdout]     |
[INFO] [stdout] 238 |     pub async fn execute(&self, context: &WorkerInvocation) -> Value {
[INFO] [stdout]     |                                 ^^^^^^^ help: if this is intentional, prefix it with an underscore: `_context`
[INFO] [stdout]     |
[INFO] [stdout]     = note: `#[warn(unused_variables)]` on by default
[INFO] [stdout] 
[INFO] [stdout] 
[INFO] [stdout] warning: variable does not need to be mutable
[INFO] [stdout]   --> worker/src/task/looping/mod.rs:65:21
[INFO] [stdout]    |
[INFO] [stdout] 65 |                 let mut loop_context = context.clone();
[INFO] [stdout]    |                     ----^^^^^^^^^^^^
[INFO] [stdout]    |                     |
[INFO] [stdout]    |                     help: remove this `mut`
[INFO] [stdout]    |
[INFO] [stdout]    = note: `#[warn(unused_mut)]` on by default
[INFO] [stdout] 
[INFO] [stdout] 
[INFO] [stdout] warning: unused variable: `context`
[INFO] [stdout]    --> worker/src/task/filter/mod.rs:238:33
[INFO] [stdout]     |
[INFO] [stdout] 238 |     pub async fn execute(&self, context: &WorkerInvocation) -> Value {
[INFO] [stdout]     |                                 ^^^^^^^ help: if this is intentional, prefix it with an underscore: `_context`
[INFO] [stdout]     |
[INFO] [stdout]     = note: `#[warn(unused_variables)]` on by default
[INFO] [stdout] 
[INFO] [stdout] 
[INFO] [stdout] warning: unused variable: `context`
[INFO] [stdout]   --> worker/src/task/endpoint/auth/mod.rs:80:58
[INFO] [stdout]    |
[INFO] [stdout] 80 |     async fn inject_auth(&mut self, task: &mut Endpoint, context: &WorkerInvocation) {
[INFO] [stdout]    |                                                          ^^^^^^^ help: if this is intentional, prefix it with an underscore: `_context`
[INFO] [stdout] 
[INFO] [stdout] 
[INFO] [stdout] warning: unused variable: `context`
[INFO] [stdout]   --> worker/src/task/endpoint/auth/mod.rs:96:58
[INFO] [stdout]    |
[INFO] [stdout] 96 |     async fn inject_auth(&mut self, task: &mut Endpoint, context: &WorkerInvocation) {
[INFO] [stdout]    |                                                          ^^^^^^^ help: if this is intentional, prefix it with an underscore: `_context`
[INFO] [stdout] 
[INFO] [stdout] 
[INFO] [stdout] warning: unused variable: `context`
[INFO] [stdout]   --> worker/src/task/endpoint/auth/mod.rs:80:58
[INFO] [stdout]    |
[INFO] [stdout] 80 |     async fn inject_auth(&mut self, task: &mut Endpoint, context: &WorkerInvocation) {
[INFO] [stdout]    |                                                          ^^^^^^^ help: if this is intentional, prefix it with an underscore: `_context`
[INFO] [stdout] 
[INFO] [stdout] 
[INFO] [stdout] warning: unused variable: `context`
[INFO] [stdout]    --> worker/src/task/endpoint/auth/mod.rs:112:58
[INFO] [stdout]     |
[INFO] [stdout] 112 |     async fn inject_auth(&mut self, task: &mut Endpoint, context: &WorkerInvocation) {
[INFO] [stdout]     |                                                          ^^^^^^^ help: if this is intentional, prefix it with an underscore: `_context`
[INFO] [stdout] 
[INFO] [stdout] 
[INFO] [stdout] warning: unused variable: `context`
[INFO] [stdout]   --> worker/src/task/endpoint/auth/mod.rs:96:58
[INFO] [stdout]    |
[INFO] [stdout] 96 |     async fn inject_auth(&mut self, task: &mut Endpoint, context: &WorkerInvocation) {
[INFO] [stdout]    |                                                          ^^^^^^^ help: if this is intentional, prefix it with an underscore: `_context`
[INFO] [stdout] 
[INFO] [stdout] 
[INFO] [stdout] warning: unused variable: `context`
[INFO] [stdout]    --> worker/src/task/endpoint/auth/mod.rs:112:58
[INFO] [stdout]     |
[INFO] [stdout] 112 |     async fn inject_auth(&mut self, task: &mut Endpoint, context: &WorkerInvocation) {
[INFO] [stdout]     |                                                          ^^^^^^^ help: if this is intentional, prefix it with an underscore: `_context`
[INFO] [stdout] 
[INFO] [stdout] 
[INFO] [stdout] warning: unused variable: `context`
[INFO] [stdout]    --> worker/src/task/endpoint/auth/mod.rs:127:58
[INFO] [stdout]     |
[INFO] [stdout] 127 |     async fn inject_auth(&mut self, task: &mut Endpoint, context: &WorkerInvocation) {
[INFO] [stdout]     |                                                          ^^^^^^^ help: if this is intentional, prefix it with an underscore: `_context`
[INFO] [stdout] 
[INFO] [stdout] 
[INFO] [stdout] warning: unused variable: `context`
[INFO] [stdout]    --> worker/src/task/endpoint/auth/mod.rs:127:58
[INFO] [stdout]     |
[INFO] [stdout] 127 |     async fn inject_auth(&mut self, task: &mut Endpoint, context: &WorkerInvocation) {
[INFO] [stdout]     |                                                          ^^^^^^^ help: if this is intentional, prefix it with an underscore: `_context`
[INFO] [stdout] 
[INFO] [stdout] 
[INFO] [stdout] warning: unused variable: `context`
[INFO] [stdout]    --> worker/src/task/endpoint/auth/mod.rs:142:58
[INFO] [stdout]     |
[INFO] [stdout] 142 |     async fn inject_auth(&mut self, task: &mut Endpoint, context: &WorkerInvocation) {
[INFO] [stdout]     |                                                          ^^^^^^^ help: if this is intentional, prefix it with an underscore: `_context`
[INFO] [stdout] 
[INFO] [stdout] 
[INFO] [stdout] warning: unused variable: `context`
[INFO] [stdout]    --> worker/src/task/endpoint/auth/mod.rs:142:58
[INFO] [stdout]     |
[INFO] [stdout] 142 |     async fn inject_auth(&mut self, task: &mut Endpoint, context: &WorkerInvocation) {
[INFO] [stdout]     |                                                          ^^^^^^^ help: if this is intentional, prefix it with an underscore: `_context`
[INFO] [stdout] 
[INFO] [stdout] 
[INFO] [stdout] warning: unused variable: `context`
[INFO] [stdout]    --> worker/src/task/endpoint/auth/mod.rs:157:58
[INFO] [stdout]     |
[INFO] [stdout] 157 |     async fn inject_auth(&mut self, task: &mut Endpoint, context: &WorkerInvocation) {
[INFO] [stdout]     |                                                          ^^^^^^^ help: if this is intentional, prefix it with an underscore: `_context`
[INFO] [stdout] 
[INFO] [stdout] 
[INFO] [stdout] warning: unused variable: `context`
[INFO] [stdout]    --> worker/src/task/endpoint/auth/mod.rs:169:58
[INFO] [stdout]     |
[INFO] [stdout] 169 |     async fn inject_auth(&mut self, task: &mut Endpoint, context: &WorkerInvocation) {
[INFO] [stdout]     |                                                          ^^^^^^^ help: if this is intentional, prefix it with an underscore: `_context`
[INFO] [stdout] 
[INFO] [stdout] 
[INFO] [stdout] warning: unused variable: `context`
[INFO] [stdout]    --> worker/src/task/endpoint/auth/mod.rs:157:58
[INFO] [stdout]     |
[INFO] [stdout] 157 |     async fn inject_auth(&mut self, task: &mut Endpoint, context: &WorkerInvocation) {
[INFO] [stdout]     |                                                          ^^^^^^^ help: if this is intentional, prefix it with an underscore: `_context`
[INFO] [stdout] 
[INFO] [stdout] 
[INFO] [stdout] warning: unused variable: `context`
[INFO] [stdout]    --> worker/src/task/endpoint/auth/mod.rs:169:58
[INFO] [stdout]     |
[INFO] [stdout] 169 |     async fn inject_auth(&mut self, task: &mut Endpoint, context: &WorkerInvocation) {
[INFO] [stdout]     |                                                          ^^^^^^^ help: if this is intentional, prefix it with an underscore: `_context`
[INFO] [stdout] 
[INFO] [stdout] 
[INFO] [stdout] warning: unused variable: `context`
[INFO] [stdout]    --> worker/src/task/endpoint/mod.rs:133:62
[INFO] [stdout]     |
[INFO] [stdout] 133 |     fn convert_url(&self, integration: Option<&Integration>, context: &WorkerInvocation) -> String {
[INFO] [stdout]     |                                                              ^^^^^^^ help: if this is intentional, prefix it with an underscore: `_context`
[INFO] [stdout] 
[INFO] [stdout] 
[INFO] [stdout] warning: unused variable: `context`
[INFO] [stdout]    --> worker/src/task/endpoint/mod.rs:133:62
[INFO] [stdout]     |
[INFO] [stdout] 133 |     fn convert_url(&self, integration: Option<&Integration>, context: &WorkerInvocation) -> String {
[INFO] [stdout]     |                                                              ^^^^^^^ help: if this is intentional, prefix it with an underscore: `_context`
[INFO] [stdout] 
[INFO] [stdout] 
[INFO] [stdout] warning: unused variable: `key`
[INFO] [stdout]    --> worker/src/task/filter/mod.rs:136:22
[INFO] [stdout]     |
[INFO] [stdout] 136 |                 let (key, val) = obj;
[INFO] [stdout]     |                      ^^^ help: if this is intentional, prefix it with an underscore: `_key`
[INFO] [stdout] 
[INFO] [stdout] 
[INFO] [stdout] warning: unused variable: `key`
[INFO] [stdout]    --> worker/src/task/filter/mod.rs:136:22
[INFO] [stdout]     |
[INFO] [stdout] 136 |                 let (key, val) = obj;
[INFO] [stdout]     |                      ^^^ help: if this is intentional, prefix it with an underscore: `_key`
[INFO] [stdout] 
[INFO] [stdout] 
[INFO] [stdout] warning: variable does not need to be mutable
[INFO] [stdout]     --> worker/src/lib.rs:1839:13
[INFO] [stdout]      |
[INFO] [stdout] 1839 |         let mut invocation = WorkerInvocation {
[INFO] [stdout]      |             ----^^^^^^^^^^
[INFO] [stdout]      |             |
[INFO] [stdout]      |             help: remove this `mut`
[INFO] [stdout] 
[INFO] [stdout] 
[INFO] [stdout] warning: unused variable: `worker_config`
[INFO] [stdout]     --> worker/src/lib.rs:1994:13
[INFO] [stdout]      |
[INFO] [stdout] 1994 |         let worker_config = serde_json::from_str::<WorkerConfig>(worker_str).unwrap();
[INFO] [stdout]      |             ^^^^^^^^^^^^^ help: if this is intentional, prefix it with an underscore: `_worker_config`
[INFO] [stdout] 
[INFO] [stdout] 
[INFO] [stdout] warning: method `add_task_output` is never used
[INFO] [stdout]    --> worker/src/lib.rs:663:8
[INFO] [stdout]     |
[INFO] [stdout] 137 | impl WorkerInvocation {
[INFO] [stdout]     | --------------------- method in this implementation
[INFO] [stdout] ...
[INFO] [stdout] 663 |     fn add_task_output(&mut self, output: TaskOutput, task: &Task) {
[INFO] [stdout]     |        ^^^^^^^^^^^^^^^
[INFO] [stdout]     |
[INFO] [stdout]     = note: `#[warn(dead_code)]` on by default
[INFO] [stdout] 
[INFO] [stdout] 
[INFO] [stdout] warning: function `get_user_details` is never used
[INFO] [stdout]    --> worker/src/lib.rs:936:4
[INFO] [stdout]     |
[INFO] [stdout] 936 | fn get_user_details(org_id: &str, user_id: &str, token: &str) -> User {
[INFO] [stdout]     |    ^^^^^^^^^^^^^^^^
[INFO] [stdout] 
[INFO] [stdout] 
[INFO] [stdout] warning: method `parse_operator` is never used
[INFO] [stdout]   --> worker/src/task/conditional/mod.rs:99:8
[INFO] [stdout]    |
[INFO] [stdout] 15 | impl Conditional {
[INFO] [stdout]    | ---------------- method in this implementation
[INFO] [stdout] ...
[INFO] [stdout] 99 |     fn parse_operator(&self, op: &str) -> Result<&str> {
[INFO] [stdout]    |        ^^^^^^^^^^^^^^
[INFO] [stdout] 
[INFO] [stdout] 
[INFO] [stdout] warning: method `convert_url` is never used
[INFO] [stdout]    --> worker/src/task/endpoint/mod.rs:133:8
[INFO] [stdout]     |
[INFO] [stdout] 75  | impl Endpoint {
[INFO] [stdout]     | ------------- method in this implementation
[INFO] [stdout] ...
[INFO] [stdout] 133 |     fn convert_url(&self, integration: Option<&Integration>, context: &WorkerInvocation) -> String {
[INFO] [stdout]     |        ^^^^^^^^^^^
[INFO] [stdout] 
[INFO] [stdout] 
[INFO] [stdout] warning: function `create_mock_invocation` is never used
[INFO] [stdout]    --> worker/src/lib.rs:962:8
[INFO] [stdout]     |
[INFO] [stdout] 962 |     fn create_mock_invocation() -> WorkerInvocation {
[INFO] [stdout]     |        ^^^^^^^^^^^^^^^^^^^^^^
[INFO] [stdout] 
[INFO] [stdout] 
[INFO] [stdout] warning: method `add_task_output` is never used
[INFO] [stdout]    --> worker/src/lib.rs:663:8
[INFO] [stdout]     |
[INFO] [stdout] 137 | impl WorkerInvocation {
[INFO] [stdout]     | --------------------- method in this implementation
[INFO] [stdout] ...
[INFO] [stdout] 663 |     fn add_task_output(&mut self, output: TaskOutput, task: &Task) {
[INFO] [stdout]     |        ^^^^^^^^^^^^^^^
[INFO] [stdout]     |
[INFO] [stdout]     = note: `#[warn(dead_code)]` on by default
[INFO] [stdout] 
[INFO] [stdout] 
[INFO] [stdout] warning: function `get_user_details` is never used
[INFO] [stdout]    --> worker/src/lib.rs:936:4
[INFO] [stdout]     |
[INFO] [stdout] 936 | fn get_user_details(org_id: &str, user_id: &str, token: &str) -> User {
[INFO] [stdout]     |    ^^^^^^^^^^^^^^^^
[INFO] [stdout] 
[INFO] [stdout] 
[INFO] [stdout] warning: method `parse_operator` is never used
[INFO] [stdout]   --> worker/src/task/conditional/mod.rs:99:8
[INFO] [stdout]    |
[INFO] [stdout] 15 | impl Conditional {
[INFO] [stdout]    | ---------------- method in this implementation
[INFO] [stdout] ...
[INFO] [stdout] 99 |     fn parse_operator(&self, op: &str) -> Result<&str> {
[INFO] [stdout]    |        ^^^^^^^^^^^^^^
[INFO] [stdout] 
[INFO] [stdout] 
[INFO] [stdout] warning: method `convert_url` is never used
[INFO] [stdout]    --> worker/src/task/endpoint/mod.rs:133:8
[INFO] [stdout]     |
[INFO] [stdout] 75  | impl Endpoint {
[INFO] [stdout]     | ------------- method in this implementation
[INFO] [stdout] ...
[INFO] [stdout] 133 |     fn convert_url(&self, integration: Option<&Integration>, context: &WorkerInvocation) -> String {
[INFO] [stdout]     |        ^^^^^^^^^^^
[INFO] [stdout] 
[INFO] [stdout] 
[INFO] [stdout] warning: unused `std::result::Result` that must be used
[INFO] [stdout]     --> worker/src/lib.rs:1106:9
[INFO] [stdout]      |
[INFO] [stdout] 1106 |         dbg!(result);
[INFO] [stdout]      |         ^^^^^^^^^^^^
[INFO] [stdout]      |
[INFO] [stdout]      = note: this `Result` may be an `Err` variant, which should be handled
[INFO] [stdout]      = note: `#[warn(unused_must_use)]` on by default
[INFO] [stdout]      = note: this warning originates in the macro `dbg` (in Nightly builds, run with -Z macro-backtrace for more info)
[INFO] [stdout] 
[INFO] [stdout] 
[INFO] [stderr]    Compiling api v0.1.0 (/opt/rustwide/workdir/api)
[INFO] [stdout] warning: unused import: `StreamHandler`
[INFO] [stdout]  --> api/src/main.rs:1:37
[INFO] [stdout]   |
[INFO] [stdout] 1 | use actix::{Actor, Addr, Recipient, StreamHandler};
[INFO] [stdout]   |                                     ^^^^^^^^^^^^^
[INFO] [stdout]   |
[INFO] [stdout]   = note: `#[warn(unused_imports)]` on by default
[INFO] [stdout] 
[INFO] [stdout] 
[INFO] [stdout] warning: unused import: `TestUser`
[INFO] [stdout]   --> api/src/main.rs:16:36
[INFO] [stdout]    |
[INFO] [stdout] 16 | use xpertly_common::{AvicennaUser, TestUser, WorkerConfig};
[INFO] [stdout]    |                                    ^^^^^^^^
[INFO] [stdout] 
[INFO] [stdout] 
[INFO] [stdout] warning: unused import: `Claims`
[INFO] [stdout]  --> api/src/auth/extractor.rs:4:48
[INFO] [stdout]   |
[INFO] [stdout] 4 | use xpertly_common::auth::{ Auth, BearerToken, Claims };
[INFO] [stdout]   |                                                ^^^^^^
[INFO] [stdout] 
[INFO] [stdout] 
[INFO] [stdout] warning: unused import: `ResponseError`
[INFO] [stdout]  --> api/src/auth/middleware.rs:4:25
[INFO] [stdout]   |
[INFO] [stdout] 4 |     Error, HttpMessage, ResponseError
[INFO] [stdout]   |                         ^^^^^^^^^^^^^
[INFO] [stdout] 
[INFO] [stdout] 
[INFO] [stdout] warning: unused import: `uuid::Uuid`
[INFO] [stdout]  --> api/src/auth/middleware.rs:7:5
[INFO] [stdout]   |
[INFO] [stdout] 7 | use uuid::Uuid;
[INFO] [stdout]   |     ^^^^^^^^^^
[INFO] [stdout] 
[INFO] [stdout] 
[INFO] [stdout] warning: unused imports: `fmt::Display` and `ops::Deref`
[INFO] [stdout]  --> api/src/auth/middleware.rs:9:19
[INFO] [stdout]   |
[INFO] [stdout] 9 | use std::{rc::Rc, ops::Deref, fmt::Display};
[INFO] [stdout]   |                   ^^^^^^^^^^  ^^^^^^^^^^^^
[INFO] [stdout] 
[INFO] [stdout] 
[INFO] [stdout] warning: unused imports: `Message` and `handle`
[INFO] [stdout]   --> api/src/main.rs:23:16
[INFO] [stdout]    |
[INFO] [stdout] 23 | use actix_ws::{handle, Message};
[INFO] [stdout]    |                ^^^^^^  ^^^^^^^
[INFO] [stdout] 
[INFO] [stdout] 
[INFO] [stdout] warning: unused import: `actix_web_actors::ws`
[INFO] [stdout]  --> api/src/websockets/server.rs:4:5
[INFO] [stdout]   |
[INFO] [stdout] 4 | use actix_web_actors::ws;
[INFO] [stdout]   |     ^^^^^^^^^^^^^^^^^^^^
[INFO] [stdout] 
[INFO] [stdout] 
[INFO] [stdout] warning: unused import: `serde_json::json`
[INFO] [stdout]  --> api/src/test_api.rs:2:5
[INFO] [stdout]   |
[INFO] [stdout] 2 | use serde_json::json;
[INFO] [stdout]   |     ^^^^^^^^^^^^^^^^
[INFO] [stdout] 
[INFO] [stdout] 
[INFO] [stdout] warning: unused imports: `create_user`, `get_user`, and `update_user`
[INFO] [stdout]   --> api/src/main.rs:33:16
[INFO] [stdout]    |
[INFO] [stdout] 33 | use test_api::{create_user, get_user, update_user};
[INFO] [stdout]    |                ^^^^^^^^^^^  ^^^^^^^^  ^^^^^^^^^^^
[INFO] [stdout] 
[INFO] [stdout] 
[INFO] [stdout] warning: unused imports: `Query` and `UrlEncoded`
[INFO] [stdout]  --> api/src/assets/mod.rs:3:28
[INFO] [stdout]   |
[INFO] [stdout] 3 | use actix_web::web::{Json, Query, UrlEncoded};
[INFO] [stdout]   |                            ^^^^^  ^^^^^^^^^^
[INFO] [stdout] 
[INFO] [stdout] 
[INFO] [stdout] warning: unused imports: `delete` and `put`
[INFO] [stdout]  --> api/src/assets/mod.rs:5:17
[INFO] [stdout]   |
[INFO] [stdout] 5 | use actix_web::{delete, get, post, put, HttpResponse, HttpRequest};
[INFO] [stdout]   |                 ^^^^^^             ^^^
[INFO] [stdout] 
[INFO] [stdout] 
[INFO] [stdout] warning: unused import: `oid::ObjectId`
[INFO] [stdout]  --> api/src/assets/mod.rs:6:26
[INFO] [stdout]   |
[INFO] [stdout] 6 | use mongodb::bson::{doc, oid::ObjectId};
[INFO] [stdout]   |                          ^^^^^^^^^^^^^
[INFO] [stdout] 
[INFO] [stdout] 
[INFO] [stdout] warning: unused imports: `delete` and `put`
[INFO] [stdout]  --> api/src/integrations/mod.rs:3:17
[INFO] [stdout]   |
[INFO] [stdout] 3 | use actix_web::{delete, get, post, put, HttpResponse};
[INFO] [stdout]   |                 ^^^^^^             ^^^
[INFO] [stdout] 
[INFO] [stdout] 
[INFO] [stdout] warning: unused import: `oid::ObjectId`
[INFO] [stdout]  --> api/src/integrations/mod.rs:4:26
[INFO] [stdout]   |
[INFO] [stdout] 4 | use mongodb::bson::{doc, oid::ObjectId};
[INFO] [stdout]   |                          ^^^^^^^^^^^^^
[INFO] [stdout] 
[INFO] [stdout] 
[INFO] [stdout] warning: unused import: `Map`
[INFO] [stdout]  --> api/src/integrations/mod.rs:5:31
[INFO] [stdout]   |
[INFO] [stdout] 5 | use serde_json::{json, Value, Map};
[INFO] [stdout]   |                               ^^^
[INFO] [stdout] 
[INFO] [stdout] 
[INFO] [stdout] warning: unused imports: `asset::AssetTag` and `asset::Asset`
[INFO] [stdout]  --> api/src/integrations/mod.rs:7:22
[INFO] [stdout]   |
[INFO] [stdout] 7 | use xpertly_common::{asset::Asset, asset::AssetTag, integration::Integration, Display};
[INFO] [stdout]   |                      ^^^^^^^^^^^^  ^^^^^^^^^^^^^^^
[INFO] [stdout] 
[INFO] [stdout] 
[INFO] [stdout] warning: unused variable: `req`
[INFO] [stdout]    --> api/src/main.rs:186:5
[INFO] [stdout]     |
[INFO] [stdout] 186 |     req: HttpRequest,
[INFO] [stdout]     |     ^^^ help: if this is intentional, prefix it with an underscore: `_req`
[INFO] [stdout]     |
[INFO] [stdout]     = note: `#[warn(unused_variables)]` on by default
[INFO] [stdout] 
[INFO] [stdout] 
[INFO] [stdout] warning: unused variable: `worker_id`
[INFO] [stdout]    --> api/src/main.rs:198:21
[INFO] [stdout]     |
[INFO] [stdout] 198 |     let (tenant_id, worker_id) = ids.into_inner();
[INFO] [stdout]     |                     ^^^^^^^^^ help: if this is intentional, prefix it with an underscore: `_worker_id`
[INFO] [stdout] 
[INFO] [stdout] 
[INFO] [stdout] warning: unused variable: `ws_data`
[INFO] [stdout]   --> api/src/test_api.rs:97:25
[INFO] [stdout]    |
[INFO] [stdout] 97 | pub async fn test_mongo(ws_data: Data<WebServerData>) -> HttpResponse {  
[INFO] [stdout]    |                         ^^^^^^^ help: if this is intentional, prefix it with an underscore: `_ws_data`
[INFO] [stdout] 
[INFO] [stdout] 
[INFO] [stdout] warning: unreachable pattern
[INFO] [stdout]   --> api/src/auth/error.rs:22:13
[INFO] [stdout]    |
[INFO] [stdout] 22 |             _ => StatusCode::INTERNAL_SERVER_ERROR
[INFO] [stdout]    |             ^ no value can reach this
[INFO] [stdout]    |
[INFO] [stdout] note: multiple earlier patterns match some of the same values
[INFO] [stdout]   --> api/src/auth/error.rs:22:13
[INFO] [stdout]    |
[INFO] [stdout] 20 |             Error::AuthenticationError => StatusCode::UNAUTHORIZED,
[INFO] [stdout]    |             -------------------------- matches some of the same values
[INFO] [stdout] 21 |             Error::AuthorizationError => StatusCode::FORBIDDEN,
[INFO] [stdout]    |             ------------------------- matches some of the same values
[INFO] [stdout] 22 |             _ => StatusCode::INTERNAL_SERVER_ERROR
[INFO] [stdout]    |             ^ collectively making this unreachable
[INFO] [stdout]    = note: `#[warn(unreachable_patterns)]` on by default
[INFO] [stdout] 
[INFO] [stdout] 
[INFO] [stdout] warning: unused variable: `payload`
[INFO] [stdout]   --> api/src/auth/extractor.rs:17:40
[INFO] [stdout]    |
[INFO] [stdout] 17 |     fn from_request(req: &HttpRequest, payload: &mut actix_web::dev::Payload) -> Self::Future {
[INFO] [stdout]    |                                        ^^^^^^^ help: if this is intentional, prefix it with an underscore: `_payload`
[INFO] [stdout] 
[INFO] [stdout] 
[INFO] [stdout] warning: unused variable: `ctx`
[INFO] [stdout]   --> api/src/websockets/server.rs:92:40
[INFO] [stdout]    |
[INFO] [stdout] 92 |     fn handle(&mut self, msg: Publish, ctx: &mut Self::Context) -> Self::Result {
[INFO] [stdout]    |                                        ^^^ help: if this is intentional, prefix it with an underscore: `_ctx`
[INFO] [stdout] 
[INFO] [stdout] 
[INFO] [stdout] warning: unused variable: `ctx`
[INFO] [stdout]   --> api/src/websockets/session.rs:35:28
[INFO] [stdout]    |
[INFO] [stdout] 35 |     fn stopping(&mut self, ctx: &mut Self::Context) -> Running {
[INFO] [stdout]    |                            ^^^ help: if this is intentional, prefix it with an underscore: `_ctx`
[INFO] [stdout] 
[INFO] [stdout] 
[INFO] [stdout] warning: type alias `ClientSocket` is never used
[INFO] [stdout]   --> api/src/main.rs:41:6
[INFO] [stdout]    |
[INFO] [stdout] 41 | type ClientSocket = Recipient<WorkerLog>;
[INFO] [stdout]    |      ^^^^^^^^^^^^
[INFO] [stdout]    |
[INFO] [stdout]    = note: `#[warn(dead_code)]` on by default
[INFO] [stdout] 
[INFO] [stdout] 
[INFO] [stdout] warning: variant `AuthorizationError` is never constructed
[INFO] [stdout]   --> api/src/auth/error.rs:10:5
[INFO] [stdout]    |
[INFO] [stdout] 5  | pub enum Error {
[INFO] [stdout]    |          ----- variant in this enum
[INFO] [stdout] ...
[INFO] [stdout] 10 |     AuthorizationError,
[INFO] [stdout]    |     ^^^^^^^^^^^^^^^^^^
[INFO] [stdout]    |
[INFO] [stdout]    = note: `Error` has a derived impl for the trait `Debug`, but this is intentionally ignored during dead code analysis
[INFO] [stdout] 
[INFO] [stdout] 
[INFO] [stderr]     Finished `test` profile [unoptimized + debuginfo] target(s) in 36.11s
[INFO] running `Command { std: "docker" "inspect" "fac3314e9871bf27905ba691c2e191131bad84aff3e259a5118229bbeff25efe", kill_on_drop: false }`
[INFO] running `Command { std: "docker" "rm" "-f" "fac3314e9871bf27905ba691c2e191131bad84aff3e259a5118229bbeff25efe", kill_on_drop: false }`
[INFO] [stdout] fac3314e9871bf27905ba691c2e191131bad84aff3e259a5118229bbeff25efe
[INFO] running `Command { std: "docker" "create" "-v" "/var/lib/crater-agent-workspace/builds/worker-4-tc1/target:/opt/rustwide/target:rw,Z" "-v" "/var/lib/crater-agent-workspace/builds/worker-4-tc1/source:/opt/rustwide/workdir:ro,Z" "-v" "/var/lib/crater-agent-workspace/cargo-home:/opt/rustwide/cargo-home:ro,Z" "-v" "/var/lib/crater-agent-workspace/rustup-home:/opt/rustwide/rustup-home:ro,Z" "-e" "SOURCE_DIR=/opt/rustwide/workdir" "-e" "CARGO_TARGET_DIR=/opt/rustwide/target" "-e" "CARGO_INCREMENTAL=0" "-e" "RUST_BACKTRACE=full" "-e" "RUSTFLAGS=--cap-lints=warn" "-e" "RUSTDOCFLAGS=--cap-lints=warn" "-e" "CARGO_HOME=/opt/rustwide/cargo-home" "-e" "RUSTUP_HOME=/opt/rustwide/rustup-home" "-w" "/opt/rustwide/workdir" "-m" "1610612736" "--user" "0:0" "--network" "none" "ghcr.io/rust-lang/crates-build-env/linux@sha256:f3a9d4ad9d972b27faf3965f35b62e55ba32bbce8f20bc8fe909558a86702fde" "/opt/rustwide/cargo-home/bin/cargo" "+1.83.0" "test" "--frozen", kill_on_drop: false }`
[INFO] [stdout] be4c021579a6170222c87e81fcbae7ee4a99f40e53995c2058dff7f6a63534f8
[INFO] running `Command { std: "docker" "start" "-a" "be4c021579a6170222c87e81fcbae7ee4a99f40e53995c2058dff7f6a63534f8", kill_on_drop: false }`
[INFO] [stderr] warning: virtual workspace defaulting to `resolver = "1"` despite one or more workspace members being on edition 2021 which implies `resolver = "2"`
[INFO] [stderr] note: to keep the current resolver, specify `workspace.resolver = "1"` in the workspace root's manifest
[INFO] [stderr] note: to use the edition 2021 resolver, specify `workspace.resolver = "2"` in the workspace root's manifest
[INFO] [stderr] note: for more details see https://doc.rust-lang.org/cargo/reference/resolver.html#resolver-versions
[INFO] [stderr] warning: unused import: `options::UpdateModifications`
[INFO] [stderr]  --> mongo_api/src/lib.rs:5:5
[INFO] [stderr]   |
[INFO] [stderr] 5 |     options::UpdateModifications,
[INFO] [stderr]   |     ^^^^^^^^^^^^^^^^^^^^^^^^^^^^
[INFO] [stderr]   |
[INFO] [stderr]   = note: `#[warn(unused_imports)]` on by default
[INFO] [stderr] 
[INFO] [stderr] warning: unused import: `std::fmt::Debug`
[INFO] [stderr]   --> mongo_api/src/lib.rs:10:5
[INFO] [stderr]    |
[INFO] [stderr] 10 | use std::fmt::Debug;
[INFO] [stderr]    |     ^^^^^^^^^^^^^^^
[INFO] [stderr] 
[INFO] [stderr] warning: field `client` is never read
[INFO] [stderr]   --> mongo_api/src/lib.rs:17:5
[INFO] [stderr]    |
[INFO] [stderr] 16 | pub struct MongoDbClient {
[INFO] [stderr]    |            ------------- field in this struct
[INFO] [stderr] 17 |     client: Client,
[INFO] [stderr]    |     ^^^^^^
[INFO] [stderr]    |
[INFO] [stderr]    = note: `MongoDbClient` has a derived impl for the trait `Clone`, but this is intentionally ignored during dead code analysis
[INFO] [stderr]    = note: `#[warn(dead_code)]` on by default
[INFO] [stderr] 
[INFO] [stderr] warning: `mongo_api` (lib) generated 3 warnings (run `cargo fix --lib -p mongo_api` to apply 2 suggestions)
[INFO] [stderr] warning: unused import: `std::f32::consts::E`
[INFO] [stderr]  --> common/src/integration/splunk.rs:1:5
[INFO] [stderr]   |
[INFO] [stderr] 1 | use std::f32::consts::E;
[INFO] [stderr]   |     ^^^^^^^^^^^^^^^^^^^
[INFO] [stderr]   |
[INFO] [stderr]   = note: `#[warn(unused_imports)]` on by default
[INFO] [stderr] 
[INFO] [stderr] warning: `xpertly_common` (lib) generated 1 warning (run `cargo fix --lib -p xpertly_common` to apply 1 suggestion)
[INFO] [stderr] warning: unused import: `std::iter::FromIterator`
[INFO] [stderr]  --> worker/src/task/endpoint/auth/mod.rs:1:5
[INFO] [stderr]   |
[INFO] [stderr] 1 | use std::iter::FromIterator;
[INFO] [stderr]   |     ^^^^^^^^^^^^^^^^^^^^^^^
[INFO] [stderr]   |
[INFO] [stderr]   = note: `#[warn(unused_imports)]` on by default
[INFO] [stderr] 
[INFO] [stderr] warning: unused imports: `HeaderMap`, `HeaderName`, and `HeaderValue`
[INFO] [stderr]  --> worker/src/task/endpoint/auth/mod.rs:6:23
[INFO] [stderr]   |
[INFO] [stderr] 6 | use reqwest::header::{HeaderMap, HeaderName, HeaderValue};
[INFO] [stderr]   |                       ^^^^^^^^^  ^^^^^^^^^^  ^^^^^^^^^^^
[INFO] [stderr] 
[INFO] [stderr] warning: unused import: `super::Task`
[INFO] [stderr]  --> worker/src/task/filter/mod.rs:3:5
[INFO] [stderr]   |
[INFO] [stderr] 3 | use super::Task;
[INFO] [stderr]   |     ^^^^^^^^^^^
[INFO] [stderr] 
[INFO] [stderr] warning: unused import: `url::quirks::search`
[INFO] [stderr]   --> worker/src/task/filter/mod.rs:11:5
[INFO] [stderr]    |
[INFO] [stderr] 11 | use url::quirks::search;
[INFO] [stderr]    |     ^^^^^^^^^^^^^^^^^^^
[INFO] [stderr] 
[INFO] [stderr] warning: unused import: `xpertly_common::*`
[INFO] [stderr]   --> worker/src/task/filter/mod.rs:12:5
[INFO] [stderr]    |
[INFO] [stderr] 12 | use xpertly_common::*;
[INFO] [stderr]    |     ^^^^^^^^^^^^^^^^^
[INFO] [stderr] 
[INFO] [stderr] warning: unused import: `actix::dev::channel`
[INFO] [stderr]  --> worker/src/lib.rs:4:5
[INFO] [stderr]   |
[INFO] [stderr] 4 | use actix::dev::channel;
[INFO] [stderr]   |     ^^^^^^^^^^^^^^^^^^^
[INFO] [stderr] 
[INFO] [stderr] warning: unused import: `encode`
[INFO] [stderr]   --> worker/src/lib.rs:10:20
[INFO] [stderr]    |
[INFO] [stderr] 10 | use jsonwebtoken::{encode, EncodingKey, Header};
[INFO] [stderr]    |                    ^^^^^^
[INFO] [stderr] 
[INFO] [stderr] warning: unused imports: `Endpoint` and `Filter`
[INFO] [stderr]    --> worker/src/lib.rs:959:23
[INFO] [stderr]     |
[INFO] [stderr] 959 |     use crate::task::{Filter, Endpoint};
[INFO] [stderr]     |                       ^^^^^^  ^^^^^^^^
[INFO] [stderr]     |
[INFO] [stderr] help: if this is a test module, consider adding a `#[cfg(test)]` to the containing module
[INFO] [stderr]    --> worker/src/lib.rs:958:1
[INFO] [stderr]     |
[INFO] [stderr] 958 | mod tests {
[INFO] [stderr]     | ^^^^^^^^^
[INFO] [stderr] 
[INFO] [stderr] warning: use of deprecated function `base64::encode`: Use Engine::encode
[INFO] [stderr]   --> worker/src/task/endpoint/auth/mod.rs:99:41
[INFO] [stderr]    |
[INFO] [stderr] 99 |             format!("Basic {}", base64::encode(&format!("{}:{}", self.username, self.api_key))),
[INFO] [stderr]    |                                         ^^^^^^
[INFO] [stderr]    |
[INFO] [stderr]    = note: `#[warn(deprecated)]` on by default
[INFO] [stderr] 
[INFO] [stderr] warning: use of deprecated function `base64::encode`: Use Engine::encode
[INFO] [stderr]    --> worker/src/task/endpoint/auth/mod.rs:115:41
[INFO] [stderr]     |
[INFO] [stderr] 115 |             format!("Basic {}", base64::encode(&format!("{}:{}", self.username, self.password))),
[INFO] [stderr]     |                                         ^^^^^^
[INFO] [stderr] 
[INFO] [stderr] warning: variable does not need to be mutable
[INFO] [stderr]   --> worker/src/task/looping/mod.rs:65:21
[INFO] [stderr]    |
[INFO] [stderr] 65 |                 let mut loop_context = context.clone();
[INFO] [stderr]    |                     ----^^^^^^^^^^^^
[INFO] [stderr]    |                     |
[INFO] [stderr]    |                     help: remove this `mut`
[INFO] [stderr]    |
[INFO] [stderr]    = note: `#[warn(unused_mut)]` on by default
[INFO] [stderr] 
[INFO] [stderr] warning: unused variable: `context`
[INFO] [stderr]    --> worker/src/task/filter/mod.rs:238:33
[INFO] [stderr]     |
[INFO] [stderr] 238 |     pub async fn execute(&self, context: &WorkerInvocation) -> Value {
[INFO] [stderr]     |                                 ^^^^^^^ help: if this is intentional, prefix it with an underscore: `_context`
[INFO] [stderr]     |
[INFO] [stderr]     = note: `#[warn(unused_variables)]` on by default
[INFO] [stderr] 
[INFO] [stderr] warning: unused variable: `context`
[INFO] [stderr]   --> worker/src/task/endpoint/auth/mod.rs:80:58
[INFO] [stderr]    |
[INFO] [stderr] 80 |     async fn inject_auth(&mut self, task: &mut Endpoint, context: &WorkerInvocation) {
[INFO] [stderr]    |                                                          ^^^^^^^ help: if this is intentional, prefix it with an underscore: `_context`
[INFO] [stderr] 
[INFO] [stderr] warning: unused variable: `context`
[INFO] [stderr]   --> worker/src/task/endpoint/auth/mod.rs:96:58
[INFO] [stderr]    |
[INFO] [stderr] 96 |     async fn inject_auth(&mut self, task: &mut Endpoint, context: &WorkerInvocation) {
[INFO] [stderr]    |                                                          ^^^^^^^ help: if this is intentional, prefix it with an underscore: `_context`
[INFO] [stderr] 
[INFO] [stderr] warning: unused variable: `context`
[INFO] [stderr]    --> worker/src/task/endpoint/auth/mod.rs:112:58
[INFO] [stderr]     |
[INFO] [stderr] 112 |     async fn inject_auth(&mut self, task: &mut Endpoint, context: &WorkerInvocation) {
[INFO] [stderr]     |                                                          ^^^^^^^ help: if this is intentional, prefix it with an underscore: `_context`
[INFO] [stderr] 
[INFO] [stderr] warning: unused variable: `context`
[INFO] [stderr]    --> worker/src/task/endpoint/auth/mod.rs:127:58
[INFO] [stderr]     |
[INFO] [stderr] 127 |     async fn inject_auth(&mut self, task: &mut Endpoint, context: &WorkerInvocation) {
[INFO] [stderr]     |                                                          ^^^^^^^ help: if this is intentional, prefix it with an underscore: `_context`
[INFO] [stderr] 
[INFO] [stderr] warning: unused variable: `context`
[INFO] [stderr]    --> worker/src/task/endpoint/auth/mod.rs:142:58
[INFO] [stderr]     |
[INFO] [stderr] 142 |     async fn inject_auth(&mut self, task: &mut Endpoint, context: &WorkerInvocation) {
[INFO] [stderr]     |                                                          ^^^^^^^ help: if this is intentional, prefix it with an underscore: `_context`
[INFO] [stderr] 
[INFO] [stderr] warning: unused variable: `context`
[INFO] [stderr]    --> worker/src/task/endpoint/auth/mod.rs:157:58
[INFO] [stderr]     |
[INFO] [stderr] 157 |     async fn inject_auth(&mut self, task: &mut Endpoint, context: &WorkerInvocation) {
[INFO] [stderr]     |                                                          ^^^^^^^ help: if this is intentional, prefix it with an underscore: `_context`
[INFO] [stderr] 
[INFO] [stderr] warning: unused variable: `context`
[INFO] [stderr]    --> worker/src/task/endpoint/auth/mod.rs:169:58
[INFO] [stderr]     |
[INFO] [stderr] 169 |     async fn inject_auth(&mut self, task: &mut Endpoint, context: &WorkerInvocation) {
[INFO] [stderr]     |                                                          ^^^^^^^ help: if this is intentional, prefix it with an underscore: `_context`
[INFO] [stderr] 
[INFO] [stderr] warning: unused variable: `context`
[INFO] [stderr]    --> worker/src/task/endpoint/mod.rs:133:62
[INFO] [stderr]     |
[INFO] [stderr] 133 |     fn convert_url(&self, integration: Option<&Integration>, context: &WorkerInvocation) -> String {
[INFO] [stderr]     |                                                              ^^^^^^^ help: if this is intentional, prefix it with an underscore: `_context`
[INFO] [stderr] 
[INFO] [stderr] warning: unused variable: `key`
[INFO] [stderr]    --> worker/src/task/filter/mod.rs:136:22
[INFO] [stderr]     |
[INFO] [stderr] 136 |                 let (key, val) = obj;
[INFO] [stderr]     |                      ^^^ help: if this is intentional, prefix it with an underscore: `_key`
[INFO] [stderr] 
[INFO] [stderr] warning: method `add_task_output` is never used
[INFO] [stderr]    --> worker/src/lib.rs:663:8
[INFO] [stderr]     |
[INFO] [stderr] 137 | impl WorkerInvocation {
[INFO] [stderr]     | --------------------- method in this implementation
[INFO] [stderr] ...
[INFO] [stderr] 663 |     fn add_task_output(&mut self, output: TaskOutput, task: &Task) {
[INFO] [stderr]     |        ^^^^^^^^^^^^^^^
[INFO] [stderr]     |
[INFO] [stderr]     = note: `#[warn(dead_code)]` on by default
[INFO] [stderr] 
[INFO] [stderr] warning: function `get_user_details` is never used
[INFO] [stderr]    --> worker/src/lib.rs:936:4
[INFO] [stderr]     |
[INFO] [stderr] 936 | fn get_user_details(org_id: &str, user_id: &str, token: &str) -> User {
[INFO] [stderr]     |    ^^^^^^^^^^^^^^^^
[INFO] [stderr] 
[INFO] [stderr] warning: method `parse_operator` is never used
[INFO] [stderr]   --> worker/src/task/conditional/mod.rs:99:8
[INFO] [stderr]    |
[INFO] [stderr] 15 | impl Conditional {
[INFO] [stderr]    | ---------------- method in this implementation
[INFO] [stderr] ...
[INFO] [stderr] 99 |     fn parse_operator(&self, op: &str) -> Result<&str> {
[INFO] [stderr]    |        ^^^^^^^^^^^^^^
[INFO] [stderr] 
[INFO] [stderr] warning: method `convert_url` is never used
[INFO] [stderr]    --> worker/src/task/endpoint/mod.rs:133:8
[INFO] [stderr]     |
[INFO] [stderr] 75  | impl Endpoint {
[INFO] [stderr]     | ------------- method in this implementation
[INFO] [stderr] ...
[INFO] [stderr] 133 |     fn convert_url(&self, integration: Option<&Integration>, context: &WorkerInvocation) -> String {
[INFO] [stderr]     |        ^^^^^^^^^^^
[INFO] [stderr] 
[INFO] [stderr] warning: function `create_mock_invocation` is never used
[INFO] [stderr]    --> worker/src/lib.rs:962:8
[INFO] [stderr]     |
[INFO] [stderr] 962 |     fn create_mock_invocation() -> WorkerInvocation {
[INFO] [stderr]     |        ^^^^^^^^^^^^^^^^^^^^^^
[INFO] [stderr] 
[INFO] [stderr] warning: `xpertly_worker` (lib) generated 26 warnings (run `cargo fix --lib -p xpertly_worker` to apply 9 suggestions)
[INFO] [stderr] warning: variable does not need to be mutable
[INFO] [stderr]     --> worker/src/lib.rs:1839:13
[INFO] [stderr]      |
[INFO] [stderr] 1839 |         let mut invocation = WorkerInvocation {
[INFO] [stderr]      |             ----^^^^^^^^^^
[INFO] [stderr]      |             |
[INFO] [stderr]      |             help: remove this `mut`
[INFO] [stderr] 
[INFO] [stderr] warning: unused variable: `worker_config`
[INFO] [stderr]     --> worker/src/lib.rs:1994:13
[INFO] [stderr]      |
[INFO] [stderr] 1994 |         let worker_config = serde_json::from_str::<WorkerConfig>(worker_str).unwrap();
[INFO] [stderr]      |             ^^^^^^^^^^^^^ help: if this is intentional, prefix it with an underscore: `_worker_config`
[INFO] [stderr] 
[INFO] [stderr] warning: unused `std::result::Result` that must be used
[INFO] [stderr]     --> worker/src/lib.rs:1106:9
[INFO] [stderr]      |
[INFO] [stderr] 1106 |         dbg!(result);
[INFO] [stderr]      |         ^^^^^^^^^^^^
[INFO] [stderr]      |
[INFO] [stderr]      = note: this `Result` may be an `Err` variant, which should be handled
[INFO] [stderr]      = note: `#[warn(unused_must_use)]` on by default
[INFO] [stderr]      = note: this warning originates in the macro `dbg` (in Nightly builds, run with -Z macro-backtrace for more info)
[INFO] [stderr] 
[INFO] [stderr] warning: `xpertly_worker` (lib test) generated 27 warnings (24 duplicates) (run `cargo fix --lib -p xpertly_worker --tests` to apply 1 suggestion)
[INFO] [stderr] warning: `xpertly_common` (lib test) generated 1 warning (1 duplicate)
[INFO] [stderr] warning: `mongo_api` (lib test) generated 3 warnings (3 duplicates)
[INFO] [stderr] warning: unused import: `StreamHandler`
[INFO] [stderr]  --> api/src/main.rs:1:37
[INFO] [stderr]   |
[INFO] [stderr] 1 | use actix::{Actor, Addr, Recipient, StreamHandler};
[INFO] [stderr]   |                                     ^^^^^^^^^^^^^
[INFO] [stderr]   |
[INFO] [stderr]   = note: `#[warn(unused_imports)]` on by default
[INFO] [stderr] 
[INFO] [stderr] warning: unused import: `TestUser`
[INFO] [stderr]   --> api/src/main.rs:16:36
[INFO] [stderr]    |
[INFO] [stderr] 16 | use xpertly_common::{AvicennaUser, TestUser, WorkerConfig};
[INFO] [stderr]    |                                    ^^^^^^^^
[INFO] [stderr] 
[INFO] [stderr] warning: unused import: `Claims`
[INFO] [stderr]  --> api/src/auth/extractor.rs:4:48
[INFO] [stderr]   |
[INFO] [stderr] 4 | use xpertly_common::auth::{ Auth, BearerToken, Claims };
[INFO] [stderr]   |                                                ^^^^^^
[INFO] [stderr] 
[INFO] [stderr] warning: unused import: `ResponseError`
[INFO] [stderr]  --> api/src/auth/middleware.rs:4:25
[INFO] [stderr]   |
[INFO] [stderr] 4 |     Error, HttpMessage, ResponseError
[INFO] [stderr]   |                         ^^^^^^^^^^^^^
[INFO] [stderr] 
[INFO] [stderr] warning: unused import: `uuid::Uuid`
[INFO] [stderr]  --> api/src/auth/middleware.rs:7:5
[INFO] [stderr]   |
[INFO] [stderr] 7 | use uuid::Uuid;
[INFO] [stderr]   |     ^^^^^^^^^^
[INFO] [stderr] 
[INFO] [stderr] warning: unused imports: `fmt::Display` and `ops::Deref`
[INFO] [stderr]  --> api/src/auth/middleware.rs:9:19
[INFO] [stderr]   |
[INFO] [stderr] 9 | use std::{rc::Rc, ops::Deref, fmt::Display};
[INFO] [stderr]   |                   ^^^^^^^^^^  ^^^^^^^^^^^^
[INFO] [stderr] 
[INFO] [stderr] warning: unused imports: `Message` and `handle`
[INFO] [stderr]   --> api/src/main.rs:23:16
[INFO] [stderr]    |
[INFO] [stderr] 23 | use actix_ws::{handle, Message};
[INFO] [stderr]    |                ^^^^^^  ^^^^^^^
[INFO] [stderr] 
[INFO] [stderr] warning: unused import: `actix_web_actors::ws`
[INFO] [stderr]  --> api/src/websockets/server.rs:4:5
[INFO] [stderr]   |
[INFO] [stderr] 4 | use actix_web_actors::ws;
[INFO] [stderr]   |     ^^^^^^^^^^^^^^^^^^^^
[INFO] [stderr] 
[INFO] [stderr] warning: unused import: `serde_json::json`
[INFO] [stderr]  --> api/src/test_api.rs:2:5
[INFO] [stderr]   |
[INFO] [stderr] 2 | use serde_json::json;
[INFO] [stderr]   |     ^^^^^^^^^^^^^^^^
[INFO] [stderr] 
[INFO] [stderr] warning: unused imports: `create_user`, `get_user`, and `update_user`
[INFO] [stderr]   --> api/src/main.rs:33:16
[INFO] [stderr]    |
[INFO] [stderr] 33 | use test_api::{create_user, get_user, update_user};
[INFO] [stderr]    |                ^^^^^^^^^^^  ^^^^^^^^  ^^^^^^^^^^^
[INFO] [stderr] 
[INFO] [stderr] warning: unused imports: `Query` and `UrlEncoded`
[INFO] [stderr]  --> api/src/assets/mod.rs:3:28
[INFO] [stderr]   |
[INFO] [stderr] 3 | use actix_web::web::{Json, Query, UrlEncoded};
[INFO] [stderr]   |                            ^^^^^  ^^^^^^^^^^
[INFO] [stderr] 
[INFO] [stderr] warning: unused imports: `delete` and `put`
[INFO] [stderr]  --> api/src/assets/mod.rs:5:17
[INFO] [stderr]   |
[INFO] [stderr] 5 | use actix_web::{delete, get, post, put, HttpResponse, HttpRequest};
[INFO] [stderr]   |                 ^^^^^^             ^^^
[INFO] [stderr] 
[INFO] [stderr] warning: unused import: `oid::ObjectId`
[INFO] [stderr]  --> api/src/assets/mod.rs:6:26
[INFO] [stderr]   |
[INFO] [stderr] 6 | use mongodb::bson::{doc, oid::ObjectId};
[INFO] [stderr]   |                          ^^^^^^^^^^^^^
[INFO] [stderr] 
[INFO] [stderr] warning: unused imports: `delete` and `put`
[INFO] [stderr]  --> api/src/integrations/mod.rs:3:17
[INFO] [stderr]   |
[INFO] [stderr] 3 | use actix_web::{delete, get, post, put, HttpResponse};
[INFO] [stderr]   |                 ^^^^^^             ^^^
[INFO] [stderr] 
[INFO] [stderr] warning: unused import: `oid::ObjectId`
[INFO] [stderr]  --> api/src/integrations/mod.rs:4:26
[INFO] [stderr]   |
[INFO] [stderr] 4 | use mongodb::bson::{doc, oid::ObjectId};
[INFO] [stderr]   |                          ^^^^^^^^^^^^^
[INFO] [stderr] 
[INFO] [stderr] warning: unused import: `Map`
[INFO] [stderr]  --> api/src/integrations/mod.rs:5:31
[INFO] [stderr]   |
[INFO] [stderr] 5 | use serde_json::{json, Value, Map};
[INFO] [stderr]   |                               ^^^
[INFO] [stderr] 
[INFO] [stderr] warning: unused imports: `asset::AssetTag` and `asset::Asset`
[INFO] [stderr]  --> api/src/integrations/mod.rs:7:22
[INFO] [stderr]   |
[INFO] [stderr] 7 | use xpertly_common::{asset::Asset, asset::AssetTag, integration::Integration, Display};
[INFO] [stderr]   |                      ^^^^^^^^^^^^  ^^^^^^^^^^^^^^^
[INFO] [stderr] 
[INFO] [stderr] warning: unused variable: `req`
[INFO] [stderr]    --> api/src/main.rs:186:5
[INFO] [stderr]     |
[INFO] [stderr] 186 |     req: HttpRequest,
[INFO] [stderr]     |     ^^^ help: if this is intentional, prefix it with an underscore: `_req`
[INFO] [stderr]     |
[INFO] [stderr]     = note: `#[warn(unused_variables)]` on by default
[INFO] [stderr] 
[INFO] [stderr] warning: unused variable: `worker_id`
[INFO] [stderr]    --> api/src/main.rs:198:21
[INFO] [stderr]     |
[INFO] [stderr] 198 |     let (tenant_id, worker_id) = ids.into_inner();
[INFO] [stderr]     |                     ^^^^^^^^^ help: if this is intentional, prefix it with an underscore: `_worker_id`
[INFO] [stderr] 
[INFO] [stderr] warning: unused variable: `ws_data`
[INFO] [stderr]   --> api/src/test_api.rs:97:25
[INFO] [stderr]    |
[INFO] [stderr] 97 | pub async fn test_mongo(ws_data: Data<WebServerData>) -> HttpResponse {  
[INFO] [stderr]    |                         ^^^^^^^ help: if this is intentional, prefix it with an underscore: `_ws_data`
[INFO] [stderr] 
[INFO] [stderr] warning: unreachable pattern
[INFO] [stderr]   --> api/src/auth/error.rs:22:13
[INFO] [stderr]    |
[INFO] [stderr] 22 |             _ => StatusCode::INTERNAL_SERVER_ERROR
[INFO] [stderr]    |             ^ no value can reach this
[INFO] [stderr]    |
[INFO] [stderr] note: multiple earlier patterns match some of the same values
[INFO] [stderr]   --> api/src/auth/error.rs:22:13
[INFO] [stderr]    |
[INFO] [stderr] 20 |             Error::AuthenticationError => StatusCode::UNAUTHORIZED,
[INFO] [stderr]    |             -------------------------- matches some of the same values
[INFO] [stderr] 21 |             Error::AuthorizationError => StatusCode::FORBIDDEN,
[INFO] [stderr]    |             ------------------------- matches some of the same values
[INFO] [stderr] 22 |             _ => StatusCode::INTERNAL_SERVER_ERROR
[INFO] [stderr]    |             ^ collectively making this unreachable
[INFO] [stderr]    = note: `#[warn(unreachable_patterns)]` on by default
[INFO] [stderr] 
[INFO] [stderr] warning: unused variable: `payload`
[INFO] [stderr]   --> api/src/auth/extractor.rs:17:40
[INFO] [stderr]    |
[INFO] [stderr] 17 |     fn from_request(req: &HttpRequest, payload: &mut actix_web::dev::Payload) -> Self::Future {
[INFO] [stderr]    |                                        ^^^^^^^ help: if this is intentional, prefix it with an underscore: `_payload`
[INFO] [stderr] 
[INFO] [stderr] warning: unused variable: `ctx`
[INFO] [stderr]   --> api/src/websockets/server.rs:92:40
[INFO] [stderr]    |
[INFO] [stderr] 92 |     fn handle(&mut self, msg: Publish, ctx: &mut Self::Context) -> Self::Result {
[INFO] [stderr]    |                                        ^^^ help: if this is intentional, prefix it with an underscore: `_ctx`
[INFO] [stderr] 
[INFO] [stderr] warning: unused variable: `ctx`
[INFO] [stderr]   --> api/src/websockets/session.rs:35:28
[INFO] [stderr]    |
[INFO] [stderr] 35 |     fn stopping(&mut self, ctx: &mut Self::Context) -> Running {
[INFO] [stderr]    |                            ^^^ help: if this is intentional, prefix it with an underscore: `_ctx`
[INFO] [stderr] 
[INFO] [stderr] warning: type alias `ClientSocket` is never used
[INFO] [stderr]   --> api/src/main.rs:41:6
[INFO] [stderr]    |
[INFO] [stderr] 41 | type ClientSocket = Recipient<WorkerLog>;
[INFO] [stderr]    |      ^^^^^^^^^^^^
[INFO] [stderr]    |
[INFO] [stderr]    = note: `#[warn(dead_code)]` on by default
[INFO] [stderr] 
[INFO] [stderr] warning: variant `AuthorizationError` is never constructed
[INFO] [stderr]   --> api/src/auth/error.rs:10:5
[INFO] [stderr]    |
[INFO] [stderr] 5  | pub enum Error {
[INFO] [stderr]    |          ----- variant in this enum
[INFO] [stderr] ...
[INFO] [stderr] 10 |     AuthorizationError,
[INFO] [stderr]    |     ^^^^^^^^^^^^^^^^^^
[INFO] [stderr]    |
[INFO] [stderr]    = note: `Error` has a derived impl for the trait `Debug`, but this is intentionally ignored during dead code analysis
[INFO] [stderr] 
[INFO] [stderr] warning: `api` (bin "api" test) generated 26 warnings (run `cargo fix --bin "api" --tests` to apply 17 suggestions)
[INFO] [stderr]     Finished `test` profile [unoptimized + debuginfo] target(s) in 0.92s
[INFO] [stderr]      Running unittests src/main.rs (/opt/rustwide/target/debug/deps/api-92b12c9e8c8e560d)
[INFO] [stdout] 
[INFO] [stdout] running 0 tests
[INFO] [stdout] 
[INFO] [stdout] test result: ok. 0 passed; 0 failed; 0 ignored; 0 measured; 0 filtered out; finished in 0.00s
[INFO] [stdout] 
[INFO] [stderr]      Running unittests src/lib.rs (/opt/rustwide/target/debug/deps/mongo_api-90114291333774f5)
[INFO] [stderr]      Running unittests src/lib.rs (/opt/rustwide/target/debug/deps/mongo_derive-2a8aa8dfc10241c7)
[INFO] [stdout] 
[INFO] [stdout] running 0 tests
[INFO] [stdout] 
[INFO] [stdout] test result: ok. 0 passed; 0 failed; 0 ignored; 0 measured; 0 filtered out; finished in 0.00s
[INFO] [stdout] 
[INFO] [stdout] 
[INFO] [stdout] running 0 tests
[INFO] [stderr]      Running unittests src/lib.rs (/opt/rustwide/target/debug/deps/xpertly_common-cdaac302f8eb6d3c)
[INFO] [stdout] 
[INFO] [stdout] test result: ok. 0 passed; 0 failed; 0 ignored; 0 measured; 0 filtered out; finished in 0.00s
[INFO] [stdout] 
[INFO] [stdout] 
[INFO] [stdout] running 0 tests
[INFO] [stdout] 
[INFO] [stdout] test result: ok. 0 passed; 0 failed; 0 ignored; 0 measured; 0 filtered out; finished in 0.00s
[INFO] [stdout] 
[INFO] [stderr]      Running unittests src/lib.rs (/opt/rustwide/target/debug/deps/xpertly_worker-771555644c5c6e2e)
[INFO] [stdout] 
[INFO] [stdout] running 7 tests
[INFO] [stdout] test tests::test_serialization ... ok
[INFO] [stdout] test tests::test_conditional ... ok
[INFO] [stdout] test tests::test_loop ... FAILED
[INFO] [stdout] test tests::test_filter ... ok
[INFO] [stdout] test tests::test_resume ... FAILED
[INFO] [stdout] test tests::test_substitution ... FAILED
[INFO] [stdout] test tests::test_simple ... FAILED
[INFO] [stdout] 
[INFO] [stdout] failures:
[INFO] [stdout] 
[INFO] [stdout] ---- tests::test_loop stdout ----
[INFO] [stdout] [worker/src/lib.rs:2326:9] "starting" = "starting"
[INFO] [stdout] Error: Error("missing field `integrationId`", line: 0, column: 0)
[INFO] [stdout] 
[INFO] [stdout] ---- tests::test_resume stdout ----
[INFO] [stdout] test
[INFO] [stdout] thread 'tests::test_resume' panicked at worker/src/lib.rs:160:86:
[INFO] [stdout] called `Result::unwrap()` on an `Err` value: Error("invalid type: sequence, expected a map", line: 0, column: 0)
[INFO] [stdout] stack backtrace:
[INFO] [stdout]    0:     0x63ce14f2922a - std::backtrace_rs::backtrace::libunwind::trace::h5a5b8284f2d0c266
[INFO] [stdout]                                at /rustc/90b35a6239c3d8bdabc530a6a0816f7ff89a0aaf/library/std/src/../../backtrace/src/backtrace/libunwind.rs:116:5
[INFO] [stdout]    1:     0x63ce14f2922a - std::backtrace_rs::backtrace::trace_unsynchronized::h76d4f1c9b0b875e3
[INFO] [stdout]                                at /rustc/90b35a6239c3d8bdabc530a6a0816f7ff89a0aaf/library/std/src/../../backtrace/src/backtrace/mod.rs:66:5
[INFO] [stdout]    2:     0x63ce14f2922a - std::sys::backtrace::_print_fmt::hc4546b8364a537c6
[INFO] [stdout]                                at /rustc/90b35a6239c3d8bdabc530a6a0816f7ff89a0aaf/library/std/src/sys/backtrace.rs:66:9
[INFO] [stdout]    3:     0x63ce14f2922a - <std::sys::backtrace::BacktraceLock::print::DisplayBacktrace as core::fmt::Display>::fmt::h5b6bd5631a6d1f6b
[INFO] [stdout]                                at /rustc/90b35a6239c3d8bdabc530a6a0816f7ff89a0aaf/library/std/src/sys/backtrace.rs:39:26
[INFO] [stdout]    4:     0x63ce14f549f3 - core::fmt::rt::Argument::fmt::h270f6602a2b96f62
[INFO] [stdout]                                at /rustc/90b35a6239c3d8bdabc530a6a0816f7ff89a0aaf/library/core/src/fmt/rt.rs:177:76
[INFO] [stdout]    5:     0x63ce14f549f3 - core::fmt::write::h7550c97b06c86515
[INFO] [stdout]                                at /rustc/90b35a6239c3d8bdabc530a6a0816f7ff89a0aaf/library/core/src/fmt/mod.rs:1186:21
[INFO] [stdout]    6:     0x63ce14f25883 - std::io::Write::write_fmt::h509ff860e5956e5e
[INFO] [stdout]                                at /rustc/90b35a6239c3d8bdabc530a6a0816f7ff89a0aaf/library/std/src/io/mod.rs:1839:15
[INFO] [stdout]    7:     0x63ce14f29072 - std::sys::backtrace::BacktraceLock::print::h2395ccd2c84ba3aa
[INFO] [stdout]                                at /rustc/90b35a6239c3d8bdabc530a6a0816f7ff89a0aaf/library/std/src/sys/backtrace.rs:42:9
[INFO] [stdout]    8:     0x63ce14f2a68a - std::panicking::default_hook::{{closure}}::he19d4c7230e07961
[INFO] [stdout]                                at /rustc/90b35a6239c3d8bdabc530a6a0816f7ff89a0aaf/library/std/src/panicking.rs:268:22
[INFO] [stdout]    9:     0x63ce14f2a494 - std::panicking::default_hook::hf614597d3c67bbdb
[INFO] [stdout]                                at /rustc/90b35a6239c3d8bdabc530a6a0816f7ff89a0aaf/library/std/src/panicking.rs:292:9
[INFO] [stdout]   10:     0x63ce14211339 - <alloc::boxed::Box<F,A> as core::ops::function::Fn<Args>>::call::h39b51ce4599c23d1
[INFO] [stdout]                                at /rustc/90b35a6239c3d8bdabc530a6a0816f7ff89a0aaf/library/alloc/src/boxed.rs:2468:9
[INFO] [stdout]   11:     0x63ce14211339 - test::test_main::{{closure}}::he977ae839a582784
[INFO] [stdout]                                at /rustc/90b35a6239c3d8bdabc530a6a0816f7ff89a0aaf/library/test/src/lib.rs:133:21
[INFO] [stdout]   12:     0x63ce14f2ad28 - <alloc::boxed::Box<F,A> as core::ops::function::Fn<Args>>::call::h9455091b6b06f9fb
[INFO] [stdout]                                at /rustc/90b35a6239c3d8bdabc530a6a0816f7ff89a0aaf/library/alloc/src/boxed.rs:2468:9
[INFO] [stdout]   13:     0x63ce14f2ad28 - std::panicking::rust_panic_with_hook::h8942133a8b252070
[INFO] [stdout]                                at /rustc/90b35a6239c3d8bdabc530a6a0816f7ff89a0aaf/library/std/src/panicking.rs:809:13
[INFO] [stdout]   14:     0x63ce14f2aaea - std::panicking::begin_panic_handler::{{closure}}::hb5f5963570096b29
[INFO] [stdout]                                at /rustc/90b35a6239c3d8bdabc530a6a0816f7ff89a0aaf/library/std/src/panicking.rs:674:13
[INFO] [stdout]   15:     0x63ce14f29709 - std::sys::backtrace::__rust_end_short_backtrace::h6208cedc1922feda
[INFO] [stdout]                                at /rustc/90b35a6239c3d8bdabc530a6a0816f7ff89a0aaf/library/std/src/sys/backtrace.rs:170:18
[INFO] [stdout]   16:     0x63ce14f2a77c - rust_begin_unwind
[INFO] [stdout]                                at /rustc/90b35a6239c3d8bdabc530a6a0816f7ff89a0aaf/library/std/src/panicking.rs:665:5
[INFO] [stdout]   17:     0x63ce13fbb3b0 - core::panicking::panic_fmt::h0c3082644d1bf418
[INFO] [stdout]                                at /rustc/90b35a6239c3d8bdabc530a6a0816f7ff89a0aaf/library/core/src/panicking.rs:74:14
[INFO] [stdout]   18:     0x63ce13fbb836 - core::result::unwrap_failed::hd20b4aa073bda1e2
[INFO] [stdout]                                at /rustc/90b35a6239c3d8bdabc530a6a0816f7ff89a0aaf/library/core/src/result.rs:1700:5
[INFO] [stdout]   19:     0x63ce14050663 - core::result::Result<T,E>::unwrap::h7b44e406fdbd7ddd
[INFO] [stdout]                                at /rustc/90b35a6239c3d8bdabc530a6a0816f7ff89a0aaf/library/core/src/result.rs:1104:23
[INFO] [stdout]   20:     0x63ce14050663 - xpertly_worker::WorkerInvocation::from_suspended::h9b2276d864e08819
[INFO] [stdout]                                at /opt/rustwide/workdir/worker/src/lib.rs:160:13
[INFO] [stdout]   21:     0x63ce141128d1 - xpertly_worker::tests::test_resume::h46c9ae9fa5189ecc
[INFO] [stdout]                                at /opt/rustwide/workdir/worker/src/lib.rs:1713:26
[INFO] [stdout]   22:     0x63ce14112797 - xpertly_worker::tests::test_resume::{{closure}}::ha83e8fc7d8e74606
[INFO] [stdout]                                at /opt/rustwide/workdir/worker/src/lib.rs:1373:21
[INFO] [stdout]   23:     0x63ce14097ad6 - core::ops::function::FnOnce::call_once::h6290f0ea6775c765
[INFO] [stdout]                                at /rustc/90b35a6239c3d8bdabc530a6a0816f7ff89a0aaf/library/core/src/ops/function.rs:250:5
[INFO] [stdout]   24:     0x63ce14215cfb - core::ops::function::FnOnce::call_once::h109cf8051a59b34e
[INFO] [stdout]                                at /rustc/90b35a6239c3d8bdabc530a6a0816f7ff89a0aaf/library/core/src/ops/function.rs:250:5
[INFO] [stdout]   25:     0x63ce14215cfb - test::__rust_begin_short_backtrace::hf4fff89d377446ba
[INFO] [stdout]                                at /rustc/90b35a6239c3d8bdabc530a6a0816f7ff89a0aaf/library/test/src/lib.rs:621:18
[INFO] [stdout]   26:     0x63ce14215537 - test::run_test_in_process::{{closure}}::h0e39181dd7ee5a43
[INFO] [stdout]                                at /rustc/90b35a6239c3d8bdabc530a6a0816f7ff89a0aaf/library/test/src/lib.rs:644:60
[INFO] [stdout]   27:     0x63ce14215537 - <core::panic::unwind_safe::AssertUnwindSafe<F> as core::ops::function::FnOnce<()>>::call_once::hc5a66a30f0bdfd1f
[INFO] [stdout]                                at /rustc/90b35a6239c3d8bdabc530a6a0816f7ff89a0aaf/library/core/src/panic/unwind_safe.rs:272:9
[INFO] [stdout]   28:     0x63ce14215537 - std::panicking::try::do_call::h873b7cf639554a5e
[INFO] [stdout]                                at /rustc/90b35a6239c3d8bdabc530a6a0816f7ff89a0aaf/library/std/src/panicking.rs:557:40
[INFO] [stdout]   29:     0x63ce14215537 - std::panicking::try::hdb19862fad9c8bd1
[INFO] [stdout]                                at /rustc/90b35a6239c3d8bdabc530a6a0816f7ff89a0aaf/library/std/src/panicking.rs:520:19
[INFO] [stdout]   30:     0x63ce14215537 - std::panic::catch_unwind::h281fe732d236d260
[INFO] [stdout]                                at /rustc/90b35a6239c3d8bdabc530a6a0816f7ff89a0aaf/library/std/src/panic.rs:358:14
[INFO] [stdout]   31:     0x63ce14215537 - test::run_test_in_process::h949b6df8457ed338
[INFO] [stdout]                                at /rustc/90b35a6239c3d8bdabc530a6a0816f7ff89a0aaf/library/test/src/lib.rs:644:27
[INFO] [stdout]   32:     0x63ce14215537 - test::run_test::{{closure}}::h52c556a6d4740e10
[INFO] [stdout]                                at /rustc/90b35a6239c3d8bdabc530a6a0816f7ff89a0aaf/library/test/src/lib.rs:565:43
[INFO] [stdout]   33:     0x63ce141da814 - test::run_test::{{closure}}::h4237f6381c45ccb9
[INFO] [stdout]                                at /rustc/90b35a6239c3d8bdabc530a6a0816f7ff89a0aaf/library/test/src/lib.rs:595:41
[INFO] [stdout]   34:     0x63ce141da814 - std::sys::backtrace::__rust_begin_short_backtrace::h505c97a579eca628
[INFO] [stdout]                                at /rustc/90b35a6239c3d8bdabc530a6a0816f7ff89a0aaf/library/std/src/sys/backtrace.rs:154:18
[INFO] [stdout]   35:     0x63ce141ddede - std::thread::Builder::spawn_unchecked_::{{closure}}::{{closure}}::h9e86b2e2bc107ea3
[INFO] [stdout]                                at /rustc/90b35a6239c3d8bdabc530a6a0816f7ff89a0aaf/library/std/src/thread/mod.rs:538:17
[INFO] [stdout]   36:     0x63ce141ddede - <core::panic::unwind_safe::AssertUnwindSafe<F> as core::ops::function::FnOnce<()>>::call_once::h8b06ddb275ff4a25
[INFO] [stdout]                                at /rustc/90b35a6239c3d8bdabc530a6a0816f7ff89a0aaf/library/core/src/panic/unwind_safe.rs:272:9
[INFO] [stdout]   37:     0x63ce141ddede - std::panicking::try::do_call::hb26ecd7cd9a9355d
[INFO] [stdout]                                at /rustc/90b35a6239c3d8bdabc530a6a0816f7ff89a0aaf/library/std/src/panicking.rs:557:40
[INFO] [stdout]   38:     0x63ce141ddede - std::panicking::try::h8ddeca9d705f9069
[INFO] [stdout]                                at /rustc/90b35a6239c3d8bdabc530a6a0816f7ff89a0aaf/library/std/src/panicking.rs:520:19
[INFO] [stdout]   39:     0x63ce141ddede - std::panic::catch_unwind::h49e1c33078844c46
[INFO] [stdout]                                at /rustc/90b35a6239c3d8bdabc530a6a0816f7ff89a0aaf/library/std/src/panic.rs:358:14
[INFO] [stdout]   40:     0x63ce141ddede - std::thread::Builder::spawn_unchecked_::{{closure}}::h6073db6ff56ad35d
[INFO] [stdout]                                at /rustc/90b35a6239c3d8bdabc530a6a0816f7ff89a0aaf/library/std/src/thread/mod.rs:537:30
[INFO] [stdout]   41:     0x63ce141ddede - core::ops::function::FnOnce::call_once{{vtable.shim}}::h2c5a5f3779c774f1
[INFO] [stdout]                                at /rustc/90b35a6239c3d8bdabc530a6a0816f7ff89a0aaf/library/core/src/ops/function.rs:250:5
[INFO] [stdout]   42:     0x63ce14f2f2bb - <alloc::boxed::Box<F,A> as core::ops::function::FnOnce<Args>>::call_once::hf75717d9f28faebf
[INFO] [stdout]                                at /rustc/90b35a6239c3d8bdabc530a6a0816f7ff89a0aaf/library/alloc/src/boxed.rs:2454:9
[INFO] [stdout]   43:     0x63ce14f2f2bb - <alloc::boxed::Box<F,A> as core::ops::function::FnOnce<Args>>::call_once::h7bd883a5f3c5f3c1
[INFO] [stdout]                                at /rustc/90b35a6239c3d8bdabc530a6a0816f7ff89a0aaf/library/alloc/src/boxed.rs:2454:9
[INFO] [stdout]   44:     0x63ce14f2f2bb - std::sys::pal::unix::thread::Thread::new::thread_start::hcc78f3943333fa94
[INFO] [stdout]                                at /rustc/90b35a6239c3d8bdabc530a6a0816f7ff89a0aaf/library/std/src/sys/pal/unix/thread.rs:105:17
[INFO] [stdout]   45:     0x78182f2c9ac3 - <unknown>
[INFO] [stdout]   46:     0x78182f35aa04 - clone
[INFO] [stdout]   47:                0x0 - <unknown>
[INFO] [stdout] 
[INFO] [stdout] ---- tests::test_substitution stdout ----
[INFO] [stdout] [worker/src/lib.rs:1837:9] &worker.tasks = {
[INFO] [stdout]     "dnd_task_node_toxcs75noir": Task {
[INFO] [stdout]         name: "Post RAM Non-Compliance",
[INFO] [stdout]         react_id: "dnd_task_node_toxcs75noir",
[INFO] [stdout]         next: Some(
[INFO] [stdout]             Next {
[INFO] [stdout]                 true_branch: Some(
[INFO] [stdout]                     "dnd_conditional_node_pgtjpq0otuk",
[INFO] [stdout]                 ),
[INFO] [stdout]                 false_branch: None,
[INFO] [stdout]             },
[INFO] [stdout]         ),
[INFO] [stdout]         assets: Assets {
[INFO] [stdout]             schema: Some(
[INFO] [stdout]                 [],
[INFO] [stdout]             ),
[INFO] [stdout]             objects: None,
[INFO] [stdout]         },
[INFO] [stdout]         asset_vars: None,
[INFO] [stdout]         needs_to_wait: false,
[INFO] [stdout]         handler: Endpoint(
[INFO] [stdout]             Endpoint {
[INFO] [stdout]                 vendor: "splunk",
[INFO] [stdout]                 integration_id: Some(
[INFO] [stdout]                     8c572a0a837f48d6a3284b4e62bac285,
[INFO] [stdout]                 ),
[INFO] [stdout]                 integration: None,
[INFO] [stdout]                 method: "POST",
[INFO] [stdout]                 headers: None,
[INFO] [stdout]                 path_params: Some(
[INFO] [stdout]                     {},
[INFO] [stdout]                 ),
[INFO] [stdout]                 query_params: Some(
[INFO] [stdout]                     {},
[INFO] [stdout]                 ),
[INFO] [stdout]                 body: Some(
[INFO] [stdout]                     Object {
[INFO] [stdout]                         "event": Object {
[INFO] [stdout]                             "message": String("RAM not within compliance. {{OUTPUT:Launch a Job Template.customOutput.RAM}}"),
[INFO] [stdout]                             "Site ID": String("{{GLOBAL:Site ID}}"),
[INFO] [stdout]                         },
[INFO] [stdout]                         "index": String("soinetworks_ciscosdwan_nonprod"),
[INFO] [stdout]                     },
[INFO] [stdout]                 ),
[INFO] [stdout]                 target_url: "{{hostname}}:{{port}}/services/collector/event",
[INFO] [stdout]             },
[INFO] [stdout]         ),
[INFO] [stdout]     },
[INFO] [stdout]     "dnd_task_node_wdm8falcdte": Task {
[INFO] [stdout]         name: "Launch a Job Template",
[INFO] [stdout]         react_id: "dnd_task_node_wdm8falcdte",
[INFO] [stdout]         next: Some(
[INFO] [stdout]             Next {
[INFO] [stdout]                 true_branch: Some(
[INFO] [stdout]                     "dnd_conditional_node_6ecrssooz9h",
[INFO] [stdout]                 ),
[INFO] [stdout]                 false_branch: None,
[INFO] [stdout]             },
[INFO] [stdout]         ),
[INFO] [stdout]         assets: Assets {
[INFO] [stdout]             schema: Some(
[INFO] [stdout]                 [],
[INFO] [stdout]             ),
[INFO] [stdout]             objects: None,
[INFO] [stdout]         },
[INFO] [stdout]         asset_vars: None,
[INFO] [stdout]         needs_to_wait: true,
[INFO] [stdout]         handler: Endpoint(
[INFO] [stdout]             Endpoint {
[INFO] [stdout]                 vendor: "ansible",
[INFO] [stdout]                 integration_id: Some(
[INFO] [stdout]                     9039e1f8d49242249c090dc6de980d60,
[INFO] [stdout]                 ),
[INFO] [stdout]                 integration: None,
[INFO] [stdout]                 method: "POST",
[INFO] [stdout]                 headers: Some(
[INFO] [stdout]                     [
[INFO] [stdout]                         Header {
[INFO] [stdout]                             key: "Content-Type",
[INFO] [stdout]                             value: "application/json",
[INFO] [stdout]                         },
[INFO] [stdout]                         Header {
[INFO] [stdout]                             key: "Accept",
[INFO] [stdout]                             value: "application/json",
[INFO] [stdout]                         },
[INFO] [stdout]                     ],
[INFO] [stdout]                 ),
[INFO] [stdout]                 path_params: Some(
[INFO] [stdout]                     {
[INFO] [stdout]                         "id": "10",
[INFO] [stdout]                     },
[INFO] [stdout]                 ),
[INFO] [stdout]                 query_params: Some(
[INFO] [stdout]                     {},
[INFO] [stdout]                 ),
[INFO] [stdout]                 body: Some(
[INFO] [stdout]                     Object {
[INFO] [stdout]                         "extra_vars": Object {
[INFO] [stdout]                             "token": String("{{xpertlyRequestToken}}"),
[INFO] [stdout]                         },
[INFO] [stdout]                     },
[INFO] [stdout]                 ),
[INFO] [stdout]                 target_url: "{{ansibleHostname}}/api/v2/job_templates/:id/launch/",
[INFO] [stdout]             },
[INFO] [stdout]         ),
[INFO] [stdout]     },
[INFO] [stdout] }
[INFO] [stdout] [worker/src/lib.rs:462:13] &groups = Captures(
[INFO] [stdout]     {
[INFO] [stdout]         0: Some(
[INFO] [stdout]             "{{OUTPUT:Launch a Job Template.customOutput.RAM}}",
[INFO] [stdout]         ),
[INFO] [stdout]         1: Some(
[INFO] [stdout]             "OUTPUT:",
[INFO] [stdout]         ),
[INFO] [stdout]         "var_type": Some(
[INFO] [stdout]             "OUTPUT",
[INFO] [stdout]         ),
[INFO] [stdout]         "var_identifier": Some(
[INFO] [stdout]             "Launch a Job Template",
[INFO] [stdout]         ),
[INFO] [stdout]         "var_path": Some(
[INFO] [stdout]             "customOutput.RAM",
[INFO] [stdout]         ),
[INFO] [stdout]     },
[INFO] [stdout] )
[INFO] [stdout] [worker/src/lib.rs:462:13] &groups = Captures(
[INFO] [stdout]     {
[INFO] [stdout]         0: Some(
[INFO] [stdout]             "{{GLOBAL:Site ID}}",
[INFO] [stdout]         ),
[INFO] [stdout]         1: Some(
[INFO] [stdout]             "GLOBAL:",
[INFO] [stdout]         ),
[INFO] [stdout]         "var_type": Some(
[INFO] [stdout]             "GLOBAL",
[INFO] [stdout]         ),
[INFO] [stdout]         "var_identifier": Some(
[INFO] [stdout]             "Site ID",
[INFO] [stdout]         ),
[INFO] [stdout]         "var_path": Some(
[INFO] [stdout]             "",
[INFO] [stdout]         ),
[INFO] [stdout]     },
[INFO] [stdout] )
[INFO] [stdout] [worker/src/lib.rs:462:13] &groups = Captures(
[INFO] [stdout]     {
[INFO] [stdout]         0: Some(
[INFO] [stdout]             "{{hostname}}",
[INFO] [stdout]         ),
[INFO] [stdout]         1: None,
[INFO] [stdout]         "var_type": None,
[INFO] [stdout]         "var_identifier": Some(
[INFO] [stdout]             "hostname",
[INFO] [stdout]         ),
[INFO] [stdout]         "var_path": Some(
[INFO] [stdout]             "",
[INFO] [stdout]         ),
[INFO] [stdout]     },
[INFO] [stdout] )
[INFO] [stdout] [worker/src/lib.rs:462:13] &groups = Captures(
[INFO] [stdout]     {
[INFO] [stdout]         0: Some(
[INFO] [stdout]             "{{port}}",
[INFO] [stdout]         ),
[INFO] [stdout]         1: None,
[INFO] [stdout]         "var_type": None,
[INFO] [stdout]         "var_identifier": Some(
[INFO] [stdout]             "port",
[INFO] [stdout]         ),
[INFO] [stdout]         "var_path": Some(
[INFO] [stdout]             "",
[INFO] [stdout]         ),
[INFO] [stdout]     },
[INFO] [stdout] )
[INFO] [stdout] [worker/src/lib.rs:508:9] &translated = "{\"name\":\"Post RAM Non-Compliance\",\"react_id\":\"dnd_task_node_toxcs75noir\",\"next\":{\"true\":\"dnd_conditional_node_pgtjpq0otuk\",\"false\":null},\"assets\":{\"schema\":[],\"objects\":null},\"asset_vars\":null,\"needs_to_wait\":false,\"handler\":{\"Endpoint\":{\"vendor\":\"splunk\",\"integrationId\":\"8c572a0a-837f-48d6-a328-4b4e62bac285\",\"integration\":null,\"method\":\"POST\",\"headers\":null,\"pathParams\":{},\"queryParams\":{},\"body\":{\"event\":{\"message\":\"RAM not within compliance. {% if output.dnd_task_node_wdm8falcdte['customOutput']['RAM'] is defined %}{{ output.dnd_task_node_wdm8falcdte['customOutput']['RAM'] }}{% else %}undefined{% endif %}\",\"Site ID\":\"{{global['GLOBAL:Site ID']}}\"},\"index\":\"soinetworks_ciscosdwan_nonprod\"},\"targetUrl\":\"{% if hostname is defined %}{{hostname}}{% else %}undefined{% endif %}:{% if port is defined %}{{port}}{% else %}undefined{% endif %}/services/collector/event\"}}}"
[INFO] [stdout] thread 'tests::test_substitution' panicked at worker/src/lib.rs:511:59:
[INFO] [stdout] called `Option::unwrap()` on a `None` value
[INFO] [stdout] stack backtrace:
[INFO] [stdout]    0:     0x63ce14f2922a - std::backtrace_rs::backtrace::libunwind::trace::h5a5b8284f2d0c266
[INFO] [stdout]                                at /rustc/90b35a6239c3d8bdabc530a6a0816f7ff89a0aaf/library/std/src/../../backtrace/src/backtrace/libunwind.rs:116:5
[INFO] [stdout]    1:     0x63ce14f2922a - std::backtrace_rs::backtrace::trace_unsynchronized::h76d4f1c9b0b875e3
[INFO] [stdout]                                at /rustc/90b35a6239c3d8bdabc530a6a0816f7ff89a0aaf/library/std/src/../../backtrace/src/backtrace/mod.rs:66:5
[INFO] [stdout]    2:     0x63ce14f2922a - std::sys::backtrace::_print_fmt::hc4546b8364a537c6
[INFO] [stdout]                                at /rustc/90b35a6239c3d8bdabc530a6a0816f7ff89a0aaf/library/std/src/sys/backtrace.rs:66:9
[INFO] [stdout]    3:     0x63ce14f2922a - <std::sys::backtrace::BacktraceLock::print::DisplayBacktrace as core::fmt::Display>::fmt::h5b6bd5631a6d1f6b
[INFO] [stdout]                                at /rustc/90b35a6239c3d8bdabc530a6a0816f7ff89a0aaf/library/std/src/sys/backtrace.rs:39:26
[INFO] [stdout]    4:     0x63ce14f549f3 - core::fmt::rt::Argument::fmt::h270f6602a2b96f62
[INFO] [stdout]                                at /rustc/90b35a6239c3d8bdabc530a6a0816f7ff89a0aaf/library/core/src/fmt/rt.rs:177:76
[INFO] [stdout]    5:     0x63ce14f549f3 - core::fmt::write::h7550c97b06c86515
[INFO] [stdout]                                at /rustc/90b35a6239c3d8bdabc530a6a0816f7ff89a0aaf/library/core/src/fmt/mod.rs:1186:21
[INFO] [stdout]    6:     0x63ce14f25883 - std::io::Write::write_fmt::h509ff860e5956e5e
[INFO] [stdout]                                at /rustc/90b35a6239c3d8bdabc530a6a0816f7ff89a0aaf/library/std/src/io/mod.rs:1839:15
[INFO] [stdout]    7:     0x63ce14f29072 - std::sys::backtrace::BacktraceLock::print::h2395ccd2c84ba3aa
[INFO] [stdout]                                at /rustc/90b35a6239c3d8bdabc530a6a0816f7ff89a0aaf/library/std/src/sys/backtrace.rs:42:9
[INFO] [stdout]    8:     0x63ce14f2a68a - std::panicking::default_hook::{{closure}}::he19d4c7230e07961
[INFO] [stdout]                                at /rustc/90b35a6239c3d8bdabc530a6a0816f7ff89a0aaf/library/std/src/panicking.rs:268:22
[INFO] [stdout]    9:     0x63ce14f2a494 - std::panicking::default_hook::hf614597d3c67bbdb
[INFO] [stdout]                                at /rustc/90b35a6239c3d8bdabc530a6a0816f7ff89a0aaf/library/std/src/panicking.rs:292:9
[INFO] [stdout]   10:     0x63ce14211339 - <alloc::boxed::Box<F,A> as core::ops::function::Fn<Args>>::call::h39b51ce4599c23d1
[INFO] [stdout]                                at /rustc/90b35a6239c3d8bdabc530a6a0816f7ff89a0aaf/library/alloc/src/boxed.rs:2468:9
[INFO] [stdout]   11:     0x63ce14211339 - test::test_main::{{closure}}::he977ae839a582784
[INFO] [stdout]                                at /rustc/90b35a6239c3d8bdabc530a6a0816f7ff89a0aaf/library/test/src/lib.rs:133:21
[INFO] [stdout]   12:     0x63ce14f2ad28 - <alloc::boxed::Box<F,A> as core::ops::function::Fn<Args>>::call::h9455091b6b06f9fb
[INFO] [stdout]                                at /rustc/90b35a6239c3d8bdabc530a6a0816f7ff89a0aaf/library/alloc/src/boxed.rs:2468:9
[INFO] [stdout]   13:     0x63ce14f2ad28 - std::panicking::rust_panic_with_hook::h8942133a8b252070
[INFO] [stdout]                                at /rustc/90b35a6239c3d8bdabc530a6a0816f7ff89a0aaf/library/std/src/panicking.rs:809:13
[INFO] [stdout]   14:     0x63ce14f2aab6 - std::panicking::begin_panic_handler::{{closure}}::hb5f5963570096b29
[INFO] [stdout]                                at /rustc/90b35a6239c3d8bdabc530a6a0816f7ff89a0aaf/library/std/src/panicking.rs:667:13
[INFO] [stdout]   15:     0x63ce14f29709 - std::sys::backtrace::__rust_end_short_backtrace::h6208cedc1922feda
[INFO] [stdout]                                at /rustc/90b35a6239c3d8bdabc530a6a0816f7ff89a0aaf/library/std/src/sys/backtrace.rs:170:18
[INFO] [stdout]   16:     0x63ce14f2a77c - rust_begin_unwind
[INFO] [stdout]                                at /rustc/90b35a6239c3d8bdabc530a6a0816f7ff89a0aaf/library/std/src/panicking.rs:665:5
[INFO] [stdout]   17:     0x63ce13fbb3b0 - core::panicking::panic_fmt::h0c3082644d1bf418
[INFO] [stdout]                                at /rustc/90b35a6239c3d8bdabc530a6a0816f7ff89a0aaf/library/core/src/panicking.rs:74:14
[INFO] [stdout]   18:     0x63ce13fbb43c - core::panicking::panic::h957f98c65a3b3074
[INFO] [stdout]                                at /rustc/90b35a6239c3d8bdabc530a6a0816f7ff89a0aaf/library/core/src/panicking.rs:148:5
[INFO] [stdout]   19:     0x63ce13fbb329 - core::option::unwrap_failed::h098b0d47c83374d6
[INFO] [stdout]                                at /rustc/90b35a6239c3d8bdabc530a6a0816f7ff89a0aaf/library/core/src/option.rs:2012:5
[INFO] [stdout]   20:     0x63ce140563fe - core::option::Option<T>::unwrap::h8fb613898dee7871
[INFO] [stdout]                                at /rustc/90b35a6239c3d8bdabc530a6a0816f7ff89a0aaf/library/core/src/option.rs:972:21
[INFO] [stdout]   21:     0x63ce140563fe - xpertly_worker::WorkerInvocation::render_variables::ha4e3d16241467592
[INFO] [stdout]                                at /opt/rustwide/workdir/worker/src/lib.rs:511:34
[INFO] [stdout]   22:     0x63ce14113a6c - xpertly_worker::tests::test_substitution::h07bab3b74a703ab0
[INFO] [stdout]                                at /opt/rustwide/workdir/worker/src/lib.rs:1860:29
[INFO] [stdout]   23:     0x63ce141129c7 - xpertly_worker::tests::test_substitution::{{closure}}::h1d2dfcdddfb63a15
[INFO] [stdout]                                at /opt/rustwide/workdir/worker/src/lib.rs:1718:27
[INFO] [stdout]   24:     0x63ce14098236 - core::ops::function::FnOnce::call_once::h809bf2d135f6db34
[INFO] [stdout]                                at /rustc/90b35a6239c3d8bdabc530a6a0816f7ff89a0aaf/library/core/src/ops/function.rs:250:5
[INFO] [stdout]   25:     0x63ce14215cfb - core::ops::function::FnOnce::call_once::h109cf8051a59b34e
[INFO] [stdout]                                at /rustc/90b35a6239c3d8bdabc530a6a0816f7ff89a0aaf/library/core/src/ops/function.rs:250:5
[INFO] [stdout]   26:     0x63ce14215cfb - test::__rust_begin_short_backtrace::hf4fff89d377446ba
[INFO] [stdout]                                at /rustc/90b35a6239c3d8bdabc530a6a0816f7ff89a0aaf/library/test/src/lib.rs:621:18
[INFO] [stdout]   27:     0x63ce14215537 - test::run_test_in_process::{{closure}}::h0e39181dd7ee5a43
[INFO] [stdout]                                at /rustc/90b35a6239c3d8bdabc530a6a0816f7ff89a0aaf/library/test/src/lib.rs:644:60
[INFO] [stdout]   28:     0x63ce14215537 - <core::panic::unwind_safe::AssertUnwindSafe<F> as core::ops::function::FnOnce<()>>::call_once::hc5a66a30f0bdfd1f
[INFO] [stdout]                                at /rustc/90b35a6239c3d8bdabc530a6a0816f7ff89a0aaf/library/core/src/panic/unwind_safe.rs:272:9
[INFO] [stdout]   29:     0x63ce14215537 - std::panicking::try::do_call::h873b7cf639554a5e
[INFO] [stdout]                                at /rustc/90b35a6239c3d8bdabc530a6a0816f7ff89a0aaf/library/std/src/panicking.rs:557:40
[INFO] [stdout]   30:     0x63ce14215537 - std::panicking::try::hdb19862fad9c8bd1
[INFO] [stdout]                                at /rustc/90b35a6239c3d8bdabc530a6a0816f7ff89a0aaf/library/std/src/panicking.rs:520:19
[INFO] [stdout]   31:     0x63ce14215537 - std::panic::catch_unwind::h281fe732d236d260
[INFO] [stdout]                                at /rustc/90b35a6239c3d8bdabc530a6a0816f7ff89a0aaf/library/std/src/panic.rs:358:14
[INFO] [stdout]   32:     0x63ce14215537 - test::run_test_in_process::h949b6df8457ed338
[INFO] [stdout]                                at /rustc/90b35a6239c3d8bdabc530a6a0816f7ff89a0aaf/library/test/src/lib.rs:644:27
[INFO] [stdout]   33:     0x63ce14215537 - test::run_test::{{closure}}::h52c556a6d4740e10
[INFO] [stdout]                                at /rustc/90b35a6239c3d8bdabc530a6a0816f7ff89a0aaf/library/test/src/lib.rs:565:43
[INFO] [stdout]   34:     0x63ce141da814 - test::run_test::{{closure}}::h4237f6381c45ccb9
[INFO] [stdout]                                at /rustc/90b35a6239c3d8bdabc530a6a0816f7ff89a0aaf/library/test/src/lib.rs:595:41
[INFO] [stdout]   35:     0x63ce141da814 - std::sys::backtrace::__rust_begin_short_backtrace::h505c97a579eca628
[INFO] [stdout]                                at /rustc/90b35a6239c3d8bdabc530a6a0816f7ff89a0aaf/library/std/src/sys/backtrace.rs:154:18
[INFO] [stdout]   36:     0x63ce141ddede - std::thread::Builder::spawn_unchecked_::{{closure}}::{{closure}}::h9e86b2e2bc107ea3
[INFO] [stdout]                                at /rustc/90b35a6239c3d8bdabc530a6a0816f7ff89a0aaf/library/std/src/thread/mod.rs:538:17
[INFO] [stdout]   37:     0x63ce141ddede - <core::panic::unwind_safe::AssertUnwindSafe<F> as core::ops::function::FnOnce<()>>::call_once::h8b06ddb275ff4a25
[INFO] [stdout]                                at /rustc/90b35a6239c3d8bdabc530a6a0816f7ff89a0aaf/library/core/src/panic/unwind_safe.rs:272:9
[INFO] [stdout]   38:     0x63ce141ddede - std::panicking::try::do_call::hb26ecd7cd9a9355d
[INFO] [stdout]                                at /rustc/90b35a6239c3d8bdabc530a6a0816f7ff89a0aaf/library/std/src/panicking.rs:557:40
[INFO] [stdout]   39:     0x63ce141ddede - std::panicking::try::h8ddeca9d705f9069
[INFO] [stdout]                                at /rustc/90b35a6239c3d8bdabc530a6a0816f7ff89a0aaf/library/std/src/panicking.rs:520:19
[INFO] [stdout]   40:     0x63ce141ddede - std::panic::catch_unwind::h49e1c33078844c46
[INFO] [stdout]                                at /rustc/90b35a6239c3d8bdabc530a6a0816f7ff89a0aaf/library/std/src/panic.rs:358:14
[INFO] [stdout]   41:     0x63ce141ddede - std::thread::Builder::spawn_unchecked_::{{closure}}::h6073db6ff56ad35d
[INFO] [stdout]                                at /rustc/90b35a6239c3d8bdabc530a6a0816f7ff89a0aaf/library/std/src/thread/mod.rs:537:30
[INFO] [stdout]   42:     0x63ce141ddede - core::ops::function::FnOnce::call_once{{vtable.shim}}::h2c5a5f3779c774f1
[INFO] [stdout]                                at /rustc/90b35a6239c3d8bdabc530a6a0816f7ff89a0aaf/library/core/src/ops/function.rs:250:5
[INFO] [stdout]   43:     0x63ce14f2f2bb - <alloc::boxed::Box<F,A> as core::ops::function::FnOnce<Args>>::call_once::hf75717d9f28faebf
[INFO] [stdout]                                at /rustc/90b35a6239c3d8bdabc530a6a0816f7ff89a0aaf/library/alloc/src/boxed.rs:2454:9
[INFO] [stdout]   44:     0x63ce14f2f2bb - <alloc::boxed::Box<F,A> as core::ops::function::FnOnce<Args>>::call_once::h7bd883a5f3c5f3c1
[INFO] [stdout]                                at /rustc/90b35a6239c3d8bdabc530a6a0816f7ff89a0aaf/library/alloc/src/boxed.rs:2454:9
[INFO] [stdout]   45:     0x63ce14f2f2bb - std::sys::pal::unix::thread::Thread::new::thread_start::hcc78f3943333fa94
[INFO] [stdout]                                at /rustc/90b35a6239c3d8bdabc530a6a0816f7ff89a0aaf/library/std/src/sys/pal/unix/thread.rs:105:17
[INFO] [stdout]   46:     0x78182f2c9ac3 - <unknown>
[INFO] [stdout]   47:     0x78182f35aa04 - clone
[INFO] [stdout]   48:                0x0 - <unknown>
[INFO] [stdout] 
[INFO] [stdout] ---- tests::test_simple stdout ----
[INFO] [stdout] [worker/src/lib.rs:1350:9] &worker_config = WorkerConfig {
[INFO] [stdout]     name: "Rust test",
[INFO] [stdout]     id: 560ca9801f0d4987a883589f2878d966,
[INFO] [stdout]     tenant_id: 537c096f1862476aad342dd2e8c16626,
[INFO] [stdout]     category: Some(
[INFO] [stdout]         "Test",
[INFO] [stdout]     ),
[INFO] [stdout]     available_in_avicenna: false,
[INFO] [stdout]     schedule: None,
[INFO] [stdout]     description: "testing the rust backend",
[INFO] [stdout]     tasks: [
[INFO] [stdout]         TaskConfig {
[INFO] [stdout]             name: Some(
[INFO] [stdout]                 "List the Networks in an Organization",
[INFO] [stdout]             ),
[INFO] [stdout]             vendor: Some(
[INFO] [stdout]                 "meraki",
[INFO] [stdout]             ),
[INFO] [stdout]             category: Some(
[INFO] [stdout]                 "endpoint",
[INFO] [stdout]             ),
[INFO] [stdout]             task_id: Some(
[INFO] [stdout]                 2b8cc662fa44426da1e01f1b50416e9c,
[INFO] [stdout]             ),
[INFO] [stdout]             react_id: "dnd_task_node_m3hk1zc9tfp",
[INFO] [stdout]             description: Some(
[INFO] [stdout]                 "List the networks that the user has privileges on in an organization",
[INFO] [stdout]             ),
[INFO] [stdout]             x_pos: 463,
[INFO] [stdout]             y_pos: 142,
[INFO] [stdout]             needs_to_wait: false,
[INFO] [stdout]             fields: Endpoint(
[INFO] [stdout]                 EndpointFields {
[INFO] [stdout]                     method: "GET",
[INFO] [stdout]                     headers: Some(
[INFO] [stdout]                         [
[INFO] [stdout]                             Header {
[INFO] [stdout]                                 key: "X-Cisco-Meraki-API-Key",
[INFO] [stdout]                                 value: "",
[INFO] [stdout]                             },
[INFO] [stdout]                         ],
[INFO] [stdout]                     ),
[INFO] [stdout]                     path_params: Some(
[INFO] [stdout]                         {
[INFO] [stdout]                             "organizationId": "701665",
[INFO] [stdout]                         },
[INFO] [stdout]                     ),
[INFO] [stdout]                     query_params: Some(
[INFO] [stdout]                         {},
[INFO] [stdout]                     ),
[INFO] [stdout]                     body: None,
[INFO] [stdout]                     target_url: "https://api.meraki.com/api/v1/organizations/:organizationId/networks",
[INFO] [stdout]                 },
[INFO] [stdout]             ),
[INFO] [stdout]             next: Some(
[INFO] [stdout]                 Next {
[INFO] [stdout]                     true_branch: Some(
[INFO] [stdout]                         "dnd_conditional_node_lp40540crbc",
[INFO] [stdout]                     ),
[INFO] [stdout]                     false_branch: None,
[INFO] [stdout]                 },
[INFO] [stdout]             ),
[INFO] [stdout]             assets: Assets {
[INFO] [stdout]                 schema: Some(
[INFO] [stdout]                     [],
[INFO] [stdout]                 ),
[INFO] [stdout]                 objects: None,
[INFO] [stdout]             },
[INFO] [stdout]             path_params_pair: Some(
[INFO] [stdout]                 [
[INFO] [stdout]                     {
[INFO] [stdout]                         "key": "organizationId",
[INFO] [stdout]                         "value": "701665",
[INFO] [stdout]                     },
[INFO] [stdout]                 ],
[INFO] [stdout]             ),
[INFO] [stdout]             query_params_pair: Some(
[INFO] [stdout]                 [],
[INFO] [stdout]             ),
[INFO] [stdout]             integration_id: Some(
[INFO] [stdout]                 850b1f5d57f942a3becdfb623c364ff6,
[INFO] [stdout]             ),
[INFO] [stdout]         },
[INFO] [stdout]         TaskConfig {
[INFO] [stdout]             name: Some(
[INFO] [stdout]                 "Conditional",
[INFO] [stdout]             ),
[INFO] [stdout]             vendor: None,
[INFO] [stdout]             category: Some(
[INFO] [stdout]                 "conditional",
[INFO] [stdout]             ),
[INFO] [stdout]             task_id: None,
[INFO] [stdout]             react_id: "dnd_conditional_node_lp40540crbc",
[INFO] [stdout]             description: None,
[INFO] [stdout]             x_pos: 520,
[INFO] [stdout]             y_pos: 372,
[INFO] [stdout]             needs_to_wait: true,
[INFO] [stdout]             fields: Conditional(
[INFO] [stdout]                 ConditionalFields {
[INFO] [stdout]                     expression: [
[INFO] [stdout]                         ConditionGroup {
[INFO] [stdout]                             op: None,
[INFO] [stdout]                             conditions: [
[INFO] [stdout]                                 Condition {
[INFO] [stdout]                                     op: None,
[INFO] [stdout]                                     comparitor: Equal,
[INFO] [stdout]                                     var1: "{{OUTPUT:List the Networks in an Organization[0].organizationId}}",
[INFO] [stdout]                                     var2: "701665",
[INFO] [stdout]                                 },
[INFO] [stdout]                                 Condition {
[INFO] [stdout]                                     op: Some(
[INFO] [stdout]                                         Or,
[INFO] [stdout]                                     ),
[INFO] [stdout]                                     comparitor: NotEqual,
[INFO] [stdout]                                     var1: "test",
[INFO] [stdout]                                     var2: "{{xpertlyRequestToken}}",
[INFO] [stdout]                                 },
[INFO] [stdout]                             ],
[INFO] [stdout]                         },
[INFO] [stdout]                     ],
[INFO] [stdout]                 },
[INFO] [stdout]             ),
[INFO] [stdout]             next: Some(
[INFO] [stdout]                 Next {
[INFO] [stdout]                     true_branch: Some(
[INFO] [stdout]                         "dnd_task_node_ttuc9bt74z",
[INFO] [stdout]                     ),
[INFO] [stdout]                     false_branch: None,
[INFO] [stdout]                 },
[INFO] [stdout]             ),
[INFO] [stdout]             assets: Assets {
[INFO] [stdout]                 schema: None,
[INFO] [stdout]                 objects: None,
[INFO] [stdout]             },
[INFO] [stdout]             path_params_pair: Some(
[INFO] [stdout]                 [],
[INFO] [stdout]             ),
[INFO] [stdout]             query_params_pair: Some(
[INFO] [stdout]                 [],
[INFO] [stdout]             ),
[INFO] [stdout]             integration_id: None,
[INFO] [stdout]         },
[INFO] [stdout]         TaskConfig {
[INFO] [stdout]             name: Some(
[INFO] [stdout]                 "List the Organizations",
[INFO] [stdout]             ),
[INFO] [stdout]             vendor: Some(
[INFO] [stdout]                 "meraki",
[INFO] [stdout]             ),
[INFO] [stdout]             category: Some(
[INFO] [stdout]                 "endpoint",
[INFO] [stdout]             ),
[INFO] [stdout]             task_id: Some(
[INFO] [stdout]                 f3c14b719ec9407da68b1811ef5ce98e,
[INFO] [stdout]             ),
[INFO] [stdout]             react_id: "dnd_task_node_ttuc9bt74z",
[INFO] [stdout]             description: Some(
[INFO] [stdout]                 "List the organizations that the user has privileges on",
[INFO] [stdout]             ),
[INFO] [stdout]             x_pos: 396,
[INFO] [stdout]             y_pos: 553,
[INFO] [stdout]             needs_to_wait: false,
[INFO] [stdout]             fields: Endpoint(
[INFO] [stdout]                 EndpointFields {
[INFO] [stdout]                     method: "GET",
[INFO] [stdout]                     headers: Some(
[INFO] [stdout]                         [
[INFO] [stdout]                             Header {
[INFO] [stdout]                                 key: "X-Cisco-Meraki-API-Key",
[INFO] [stdout]                                 value: "",
[INFO] [stdout]                             },
[INFO] [stdout]                         ],
[INFO] [stdout]                     ),
[INFO] [stdout]                     path_params: Some(
[INFO] [stdout]                         {},
[INFO] [stdout]                     ),
[INFO] [stdout]                     query_params: Some(
[INFO] [stdout]                         {},
[INFO] [stdout]                     ),
[INFO] [stdout]                     body: None,
[INFO] [stdout]                     target_url: "https://api.meraki.com/api/v1/organizations",
[INFO] [stdout]                 },
[INFO] [stdout]             ),
[INFO] [stdout]             next: Some(
[INFO] [stdout]                 Next {
[INFO] [stdout]                     true_branch: None,
[INFO] [stdout]                     false_branch: None,
[INFO] [stdout]                 },
[INFO] [stdout]             ),
[INFO] [stdout]             assets: Assets {
[INFO] [stdout]                 schema: Some(
[INFO] [stdout]                     [],
[INFO] [stdout]                 ),
[INFO] [stdout]                 objects: None,
[INFO] [stdout]             },
[INFO] [stdout]             path_params_pair: Some(
[INFO] [stdout]                 [],
[INFO] [stdout]             ),
[INFO] [stdout]             query_params_pair: Some(
[INFO] [stdout]                 [],
[INFO] [stdout]             ),
[INFO] [stdout]             integration_id: Some(
[INFO] [stdout]                 850b1f5d57f942a3becdfb623c364ff6,
[INFO] [stdout]             ),
[INFO] [stdout]         },
[INFO] [stdout]     ],
[INFO] [stdout]     global: Some(
[INFO] [stdout]         Object {},
[INFO] [stdout]     ),
[INFO] [stdout]     custom: None,
[INFO] [stdout]     schema_id: None,
[INFO] [stdout] }
[INFO] [stdout] Logging: WorkerLog { timestamp: "2024-12-14T21:41:00.229023497+00:00", tenant_id: 537c096f-1862-476a-ad34-2dd2e8c16626, worker_name: "Rust test", worker_id: 560ca980-1f0d-4987-a883-589f2878d966, execution_id: 78bc4dd9-0407-4ed4-83f9-e2125ee5dc0e, worker_run_id: c917dbf5-ca5a-4625-8c13-3c439f9df03a, task_name: None, task_type: None, react_id: None, run_by: "packland@overip.io", run_by_user_id: e2b99c0e-1f18-4878-bb8b-836e1da3b6db, tag: "None", event: WorkerStart, reason: None, outputs: "null" }
[INFO] [stdout] Error logging to Elasticsearch: error sending request for url (https://api.dev.xpertly.io/v1/client/post_to_elastic): error trying to connect: dns error: failed to lookup address information: Temporary failure in name resolution
[INFO] [stdout] [worker/src/task/endpoint/mod.rs:166:9] &url = "http://localhost:8000/api/tenants/537c096f-1862-476a-ad34-2dd2e8c16626/integrations/meraki/850b1f5d-57f9-42a3-becd-fb623c364ff6"
[INFO] [stdout] thread 'tokio-runtime-worker' panicked at worker/src/task/endpoint/mod.rs:176:10:
[INFO] [stdout] called `Result::unwrap()` on an `Err` value: reqwest::Error { kind: Request, url: Url { scheme: "http", cannot_be_a_base: false, username: "", password: None, host: Some(Domain("localhost")), port: Some(8000), path: "/api/tenants/537c096f-1862-476a-ad34-2dd2e8c16626/integrations/meraki/850b1f5d-57f9-42a3-becd-fb623c364ff6", query: None, fragment: None }, source: hyper::Error(Connect, ConnectError("tcp connect error", Os { code: 111, kind: ConnectionRefused, message: "Connection refused" })) }
[INFO] [stdout] stack backtrace:
[INFO] [stdout]    0:     0x63ce14f2922a - std::backtrace_rs::backtrace::libunwind::trace::h5a5b8284f2d0c266
[INFO] [stdout]                                at /rustc/90b35a6239c3d8bdabc530a6a0816f7ff89a0aaf/library/std/src/../../backtrace/src/backtrace/libunwind.rs:116:5
[INFO] [stdout]    1:     0x63ce14f2922a - std::backtrace_rs::backtrace::trace_unsynchronized::h76d4f1c9b0b875e3
[INFO] [stdout]                                at /rustc/90b35a6239c3d8bdabc530a6a0816f7ff89a0aaf/library/std/src/../../backtrace/src/backtrace/mod.rs:66:5
[INFO] [stdout]    2:     0x63ce14f2922a - std::sys::backtrace::_print_fmt::hc4546b8364a537c6
[INFO] [stdout]                                at /rustc/90b35a6239c3d8bdabc530a6a0816f7ff89a0aaf/library/std/src/sys/backtrace.rs:66:9
[INFO] [stdout]    3:     0x63ce14f2922a - <std::sys::backtrace::BacktraceLock::print::DisplayBacktrace as core::fmt::Display>::fmt::h5b6bd5631a6d1f6b
[INFO] [stdout]                                at /rustc/90b35a6239c3d8bdabc530a6a0816f7ff89a0aaf/library/std/src/sys/backtrace.rs:39:26
[INFO] [stdout]    4:     0x63ce14f549f3 - core::fmt::rt::Argument::fmt::h270f6602a2b96f62
[INFO] [stdout]                                at /rustc/90b35a6239c3d8bdabc530a6a0816f7ff89a0aaf/library/core/src/fmt/rt.rs:177:76
[INFO] [stdout]    5:     0x63ce14f549f3 - core::fmt::write::h7550c97b06c86515
[INFO] [stdout]                                at /rustc/90b35a6239c3d8bdabc530a6a0816f7ff89a0aaf/library/core/src/fmt/mod.rs:1186:21
[INFO] [stdout]    6:     0x63ce14f25883 - std::io::Write::write_fmt::h509ff860e5956e5e
[INFO] [stdout]                                at /rustc/90b35a6239c3d8bdabc530a6a0816f7ff89a0aaf/library/std/src/io/mod.rs:1839:15
[INFO] [stdout]    7:     0x63ce14f29072 - std::sys::backtrace::BacktraceLock::print::h2395ccd2c84ba3aa
[INFO] [stdout]                                at /rustc/90b35a6239c3d8bdabc530a6a0816f7ff89a0aaf/library/std/src/sys/backtrace.rs:42:9
[INFO] [stdout]    8:     0x63ce14f2a68a - std::panicking::default_hook::{{closure}}::he19d4c7230e07961
[INFO] [stdout]                                at /rustc/90b35a6239c3d8bdabc530a6a0816f7ff89a0aaf/library/std/src/panicking.rs:268:22
[INFO] [stdout]    9:     0x63ce14f2a494 - std::panicking::default_hook::hf614597d3c67bbdb
[INFO] [stdout]                                at /rustc/90b35a6239c3d8bdabc530a6a0816f7ff89a0aaf/library/std/src/panicking.rs:292:9
[INFO] [stdout]   10:     0x63ce14211339 - <alloc::boxed::Box<F,A> as core::ops::function::Fn<Args>>::call::h39b51ce4599c23d1
[INFO] [stdout]                                at /rustc/90b35a6239c3d8bdabc530a6a0816f7ff89a0aaf/library/alloc/src/boxed.rs:2468:9
[INFO] [stdout]   11:     0x63ce14211339 - test::test_main::{{closure}}::he977ae839a582784
[INFO] [stdout]                                at /rustc/90b35a6239c3d8bdabc530a6a0816f7ff89a0aaf/library/test/src/lib.rs:133:21
[INFO] [stdout]   12:     0x63ce14f2ad28 - <alloc::boxed::Box<F,A> as core::ops::function::Fn<Args>>::call::h9455091b6b06f9fb
[INFO] [stdout]                                at /rustc/90b35a6239c3d8bdabc530a6a0816f7ff89a0aaf/library/alloc/src/boxed.rs:2468:9
[INFO] [stdout]   13:     0x63ce14f2ad28 - std::panicking::rust_panic_with_hook::h8942133a8b252070
[INFO] [stdout]                                at /rustc/90b35a6239c3d8bdabc530a6a0816f7ff89a0aaf/library/std/src/panicking.rs:809:13
[INFO] [stdout]   14:     0x63ce14f2aaea - std::panicking::begin_panic_handler::{{closure}}::hb5f5963570096b29
[INFO] [stdout]                                at /rustc/90b35a6239c3d8bdabc530a6a0816f7ff89a0aaf/library/std/src/panicking.rs:674:13
[INFO] [stdout]   15:     0x63ce14f29709 - std::sys::backtrace::__rust_end_short_backtrace::h6208cedc1922feda
[INFO] [stdout]                                at /rustc/90b35a6239c3d8bdabc530a6a0816f7ff89a0aaf/library/std/src/sys/backtrace.rs:170:18
[INFO] [stdout]   16:     0x63ce14f2a77c - rust_begin_unwind
[INFO] [stdout]                                at /rustc/90b35a6239c3d8bdabc530a6a0816f7ff89a0aaf/library/std/src/panicking.rs:665:5
[INFO] [stdout]   17:     0x63ce13fbb3b0 - core::panicking::panic_fmt::h0c3082644d1bf418
[INFO] [stdout]                                at /rustc/90b35a6239c3d8bdabc530a6a0816f7ff89a0aaf/library/core/src/panicking.rs:74:14
[INFO] [stdout]   18:     0x63ce13fbb836 - core::result::unwrap_failed::hd20b4aa073bda1e2
[INFO] [stdout]                                at /rustc/90b35a6239c3d8bdabc530a6a0816f7ff89a0aaf/library/core/src/result.rs:1700:5
[INFO] [stdout]   19:     0x63ce1413ece9 - core::result::Result<T,E>::unwrap::h20793101f4ee420a
[INFO] [stdout]                                at /rustc/90b35a6239c3d8bdabc530a6a0816f7ff89a0aaf/library/core/src/result.rs:1104:23
[INFO] [stdout]   20:     0x63ce1413ece9 - xpertly_worker::task::endpoint::Endpoint::get_integration::{{closure}}::h8f545ea5e6bfaa94
[INFO] [stdout]                                at /opt/rustwide/workdir/worker/src/task/endpoint/mod.rs:167:24
[INFO] [stdout]   21:     0x63ce1413faaa - xpertly_worker::task::endpoint::Endpoint::prepare::{{closure}}::h68495c6b4b66d67d
[INFO] [stdout]                                at /opt/rustwide/workdir/worker/src/task/endpoint/mod.rs:190:57
[INFO] [stdout]   22:     0x63ce140fb85d - xpertly_worker::task::Task::prepare::{{closure}}::ha591559094bb10d5
[INFO] [stdout]                                at /opt/rustwide/workdir/worker/src/task/mod.rs:83:48
[INFO] [stdout]   23:     0x63ce14053a0e - xpertly_worker::WorkerInvocation::run::{{closure}}::hb481672a8e7cfddd
[INFO] [stdout]                                at /opt/rustwide/workdir/worker/src/lib.rs:350:33
[INFO] [stdout]   24:     0x63ce1405325c - xpertly_worker::WorkerInvocation::start::{{closure}}::hfd84232145c23e3f
[INFO] [stdout]                                at /opt/rustwide/workdir/worker/src/lib.rs:252:20
[INFO] [stdout]   25:     0x63ce1405d59b - xpertly_worker::execute_worker::{{closure}}::hc123ff38e852f771
[INFO] [stdout]                                at /opt/rustwide/workdir/worker/src/lib.rs:825:73
[INFO] [stdout]   26:     0x63ce141c8e6e - tokio::runtime::task::core::CoreStage<T>::poll::{{closure}}::h78574423c0581737
[INFO] [stdout]                                at /opt/rustwide/cargo-home/registry/src/index.crates.io-6f17d22bba15001f/tokio-1.21.2/src/runtime/task/core.rs:184:17
[INFO] [stdout]   27:     0x63ce140f1896 - tokio::loom::std::unsafe_cell::UnsafeCell<T>::with_mut::hba3712355fee3d3c
[INFO] [stdout]                                at /opt/rustwide/cargo-home/registry/src/index.crates.io-6f17d22bba15001f/tokio-1.21.2/src/loom/std/unsafe_cell.rs:14:9
[INFO] [stdout]   28:     0x63ce141c8d02 - tokio::runtime::task::core::CoreStage<T>::poll::h35be343a94cb147e
[INFO] [stdout]                                at /opt/rustwide/cargo-home/registry/src/index.crates.io-6f17d22bba15001f/tokio-1.21.2/src/runtime/task/core.rs:174:13
[INFO] [stdout]   29:     0x63ce140a44fd - tokio::runtime::task::harness::poll_future::{{closure}}::h8db18a7b7b7fe711
[INFO] [stdout]                                at /opt/rustwide/cargo-home/registry/src/index.crates.io-6f17d22bba15001f/tokio-1.21.2/src/runtime/task/harness.rs:480:19
[INFO] [stdout]   30:     0x63ce14168070 - <core::panic::unwind_safe::AssertUnwindSafe<F> as core::ops::function::FnOnce<()>>::call_once::h6492149ed8831440
[INFO] [stdout]                                at /rustc/90b35a6239c3d8bdabc530a6a0816f7ff89a0aaf/library/core/src/panic/unwind_safe.rs:272:9
[INFO] [stdout]   31:     0x63ce141918e8 - std::panicking::try::do_call::h5816e557aa783e5a
[INFO] [stdout]                                at /rustc/90b35a6239c3d8bdabc530a6a0816f7ff89a0aaf/library/std/src/panicking.rs:557:40
[INFO] [stdout]   32:     0x63ce14067eab - __rust_try
[INFO] [stdout]   33:     0x63ce14048786 - std::panicking::try::h25e6ebf5a3e105b0
[INFO] [stdout]                                at /rustc/90b35a6239c3d8bdabc530a6a0816f7ff89a0aaf/library/std/src/panicking.rs:520:19
[INFO] [stdout]   34:     0x63ce14048786 - std::panic::catch_unwind::hca9c60f34082f5a1
[INFO] [stdout]                                at /rustc/90b35a6239c3d8bdabc530a6a0816f7ff89a0aaf/library/std/src/panic.rs:358:14
[INFO] [stdout]   35:     0x63ce140a3a11 - tokio::runtime::task::harness::poll_future::h4d61f90784d95025
[INFO] [stdout]                                at /opt/rustwide/cargo-home/registry/src/index.crates.io-6f17d22bba15001f/tokio-1.21.2/src/runtime/task/harness.rs:468:18
[INFO] [stdout]   36:     0x63ce140a4bf9 - tokio::runtime::task::harness::Harness<T,S>::poll_inner::h35f3f1fff2a7bcc9
[INFO] [stdout]                                at /opt/rustwide/cargo-home/registry/src/index.crates.io-6f17d22bba15001f/tokio-1.21.2/src/runtime/task/harness.rs:104:27
[INFO] [stdout]   37:     0x63ce140a6c43 - tokio::runtime::task::harness::Harness<T,S>::poll::hc73eabdbc6cbf2dc
[INFO] [stdout]                                at /opt/rustwide/cargo-home/registry/src/index.crates.io-6f17d22bba15001f/tokio-1.21.2/src/runtime/task/harness.rs:57:15
[INFO] [stdout]   38:     0x63ce141232cb - tokio::runtime::task::raw::poll::hecd35cedee25afa3
[INFO] [stdout]                                at /opt/rustwide/cargo-home/registry/src/index.crates.io-6f17d22bba15001f/tokio-1.21.2/src/runtime/task/raw.rs:194:5
[INFO] [stdout]   39:     0x63ce14d112a7 - tokio::runtime::task::raw::RawTask::poll::hcd6cbae651188e0e
[INFO] [stdout]                                at /opt/rustwide/cargo-home/registry/src/index.crates.io-6f17d22bba15001f/tokio-1.21.2/src/runtime/task/raw.rs:134:18
[INFO] [stdout]   40:     0x63ce14d20ad2 - tokio::runtime::task::LocalNotified<S>::run::h93b2262adf260e40
[INFO] [stdout]                                at /opt/rustwide/cargo-home/registry/src/index.crates.io-6f17d22bba15001f/tokio-1.21.2/src/runtime/task/mod.rs:385:9
[INFO] [stdout]   41:     0x63ce14d3a55c - tokio::runtime::scheduler::multi_thread::worker::Context::run_task::{{closure}}::hd4fa51b4d1c038bc
[INFO] [stdout]                                at /opt/rustwide/cargo-home/registry/src/index.crates.io-6f17d22bba15001f/tokio-1.21.2/src/runtime/scheduler/multi_thread/worker.rs:421:13
[INFO] [stdout]   42:     0x63ce14cffbe3 - tokio::coop::with_budget::{{closure}}::hfe09b7d9ba5855c5
[INFO] [stdout]                                at /opt/rustwide/cargo-home/registry/src/index.crates.io-6f17d22bba15001f/tokio-1.21.2/src/coop.rs:102:9
[INFO] [stdout]   43:     0x63ce14d34dfd - std::thread::local::LocalKey<T>::try_with::hbf4b4bd742b27852
[INFO] [stdout]                                at /rustc/90b35a6239c3d8bdabc530a6a0816f7ff89a0aaf/library/std/src/thread/local.rs:283:12
[INFO] [stdout]   44:     0x63ce14d338cb - std::thread::local::LocalKey<T>::with::h728601c563572958
[INFO] [stdout]                                at /rustc/90b35a6239c3d8bdabc530a6a0816f7ff89a0aaf/library/std/src/thread/local.rs:260:9
[INFO] [stdout]   45:     0x63ce14d3a448 - tokio::coop::with_budget::h17b8c97baa642127
[INFO] [stdout]                                at /opt/rustwide/cargo-home/registry/src/index.crates.io-6f17d22bba15001f/tokio-1.21.2/src/coop.rs:95:5
[INFO] [stdout]   46:     0x63ce14d3a448 - tokio::coop::budget::hd7f318cfc3e4462c
[INFO] [stdout]                                at /opt/rustwide/cargo-home/registry/src/index.crates.io-6f17d22bba15001f/tokio-1.21.2/src/coop.rs:72:5
[INFO] [stdout]   47:     0x63ce14d3a448 - tokio::runtime::scheduler::multi_thread::worker::Context::run_task::hca0c0dac34bf902a
[INFO] [stdout]                                at /opt/rustwide/cargo-home/registry/src/index.crates.io-6f17d22bba15001f/tokio-1.21.2/src/runtime/scheduler/multi_thread/worker.rs:420:9
[INFO] [stdout]   48:     0x63ce14d39d5f - tokio::runtime::scheduler::multi_thread::worker::Context::run::he7e38cc38ffb24c6
[INFO] [stdout]                                at /opt/rustwide/cargo-home/registry/src/index.crates.io-6f17d22bba15001f/tokio-1.21.2/src/runtime/scheduler/multi_thread/worker.rs:387:24
[INFO] [stdout]   49:     0x63ce14d39b1d - tokio::runtime::scheduler::multi_thread::worker::run::{{closure}}::h221355db6c3dca6f
[INFO] [stdout]                                at /opt/rustwide/cargo-home/registry/src/index.crates.io-6f17d22bba15001f/tokio-1.21.2/src/runtime/scheduler/multi_thread/worker.rs:372:17
[INFO] [stdout]   50:     0x63ce14d577ff - tokio::macros::scoped_tls::ScopedKey<T>::set::h5eee2e0f093de397
[INFO] [stdout]                                at /opt/rustwide/cargo-home/registry/src/index.crates.io-6f17d22bba15001f/tokio-1.21.2/src/macros/scoped_tls.rs:61:9
[INFO] [stdout]   51:     0x63ce14d39a5a - tokio::runtime::scheduler::multi_thread::worker::run::h7f69e7361fdd525f
[INFO] [stdout]                                at /opt/rustwide/cargo-home/registry/src/index.crates.io-6f17d22bba15001f/tokio-1.21.2/src/runtime/scheduler/multi_thread/worker.rs:369:5
[INFO] [stdout]   52:     0x63ce14d398cb - tokio::runtime::scheduler::multi_thread::worker::Launch::launch::{{closure}}::hf3a9f77d58ea7df5
[INFO] [stdout]                                at /opt/rustwide/cargo-home/registry/src/index.crates.io-6f17d22bba15001f/tokio-1.21.2/src/runtime/scheduler/multi_thread/worker.rs:348:45
[INFO] [stdout]   53:     0x63ce14d36cce - <tokio::runtime::blocking::task::BlockingTask<T> as core::future::future::Future>::poll::h062de8c1eb4b71c3
[INFO] [stdout]                                at /opt/rustwide/cargo-home/registry/src/index.crates.io-6f17d22bba15001f/tokio-1.21.2/src/runtime/blocking/task.rs:42:21
[INFO] [stdout]   54:     0x63ce14d18860 - tokio::runtime::task::core::CoreStage<T>::poll::{{closure}}::h72dae2fe9862436b
[INFO] [stdout]                                at /opt/rustwide/cargo-home/registry/src/index.crates.io-6f17d22bba15001f/tokio-1.21.2/src/runtime/task/core.rs:184:17
[INFO] [stdout]   55:     0x63ce14d3ecda - tokio::loom::std::unsafe_cell::UnsafeCell<T>::with_mut::hb527a4972765d9df
[INFO] [stdout]                                at /opt/rustwide/cargo-home/registry/src/index.crates.io-6f17d22bba15001f/tokio-1.21.2/src/loom/std/unsafe_cell.rs:14:9
[INFO] [stdout]   56:     0x63ce14d186d6 - tokio::runtime::task::core::CoreStage<T>::poll::h6b81b0b28f3cae78
[INFO] [stdout]                                at /opt/rustwide/cargo-home/registry/src/index.crates.io-6f17d22bba15001f/tokio-1.21.2/src/runtime/task/core.rs:174:13
[INFO] [stdout]   57:     0x63ce14cf0bb1 - tokio::runtime::task::harness::poll_future::{{closure}}::h0704319150693a5e
[INFO] [stdout]                                at /opt/rustwide/cargo-home/registry/src/index.crates.io-6f17d22bba15001f/tokio-1.21.2/src/runtime/task/harness.rs:480:19
[INFO] [stdout]   58:     0x63ce14d2bd01 - <core::panic::unwind_safe::AssertUnwindSafe<F> as core::ops::function::FnOnce<()>>::call_once::h719d4ebf299897fd
[INFO] [stdout]                                at /rustc/90b35a6239c3d8bdabc530a6a0816f7ff89a0aaf/library/core/src/panic/unwind_safe.rs:272:9
[INFO] [stdout]   59:     0x63ce14d2e239 - std::panicking::try::do_call::hd2b01137fa411636
[INFO] [stdout]                                at /rustc/90b35a6239c3d8bdabc530a6a0816f7ff89a0aaf/library/std/src/panicking.rs:557:40
[INFO] [stdout]   60:     0x63ce14d581cb - __rust_try
[INFO] [stdout]   61:     0x63ce14d56c86 - std::panicking::try::hf28af9f8921b8ba4
[INFO] [stdout]                                at /rustc/90b35a6239c3d8bdabc530a6a0816f7ff89a0aaf/library/std/src/panicking.rs:520:19
[INFO] [stdout]   62:     0x63ce14d56c86 - std::panic::catch_unwind::h8b3a5ffb4d57a3a3
[INFO] [stdout]                                at /rustc/90b35a6239c3d8bdabc530a6a0816f7ff89a0aaf/library/std/src/panic.rs:358:14
[INFO] [stdout]   63:     0x63ce14cf0812 - tokio::runtime::task::harness::poll_future::h6d3e362d06e5fbdc
[INFO] [stdout]                                at /opt/rustwide/cargo-home/registry/src/index.crates.io-6f17d22bba15001f/tokio-1.21.2/src/runtime/task/harness.rs:468:18
[INFO] [stdout]   64:     0x63ce14cef0dd - tokio::runtime::task::harness::Harness<T,S>::poll_inner::hede340553d047baf
[INFO] [stdout]                                at /opt/rustwide/cargo-home/registry/src/index.crates.io-6f17d22bba15001f/tokio-1.21.2/src/runtime/task/harness.rs:104:27
[INFO] [stdout]   65:     0x63ce14ceed77 - tokio::runtime::task::harness::Harness<T,S>::poll::hc7458ef65ddd8d63
[INFO] [stdout]                                at /opt/rustwide/cargo-home/registry/src/index.crates.io-6f17d22bba15001f/tokio-1.21.2/src/runtime/task/harness.rs:57:15
[INFO] [stdout]   66:     0x63ce14d113dd - tokio::runtime::task::raw::poll::h81c7fb2fbfc03b58
[INFO] [stdout]                                at /opt/rustwide/cargo-home/registry/src/index.crates.io-6f17d22bba15001f/tokio-1.21.2/src/runtime/task/raw.rs:194:5
[INFO] [stdout]   67:     0x63ce14d112a7 - tokio::runtime::task::raw::RawTask::poll::hcd6cbae651188e0e
[INFO] [stdout]                                at /opt/rustwide/cargo-home/registry/src/index.crates.io-6f17d22bba15001f/tokio-1.21.2/src/runtime/task/raw.rs:134:18
[INFO] [stdout]   68:     0x63ce14d20b97 - tokio::runtime::task::UnownedTask<S>::run::h8a22bb1287828642
[INFO] [stdout]                                at /opt/rustwide/cargo-home/registry/src/index.crates.io-6f17d22bba15001f/tokio-1.21.2/src/runtime/task/mod.rs:422:9
[INFO] [stdout]   69:     0x63ce14d2f9b7 - tokio::runtime::blocking::pool::Task::run::h2425f7431d7a472b
[INFO] [stdout]                                at /opt/rustwide/cargo-home/registry/src/index.crates.io-6f17d22bba15001f/tokio-1.21.2/src/runtime/blocking/pool.rs:111:9
[INFO] [stdout]   70:     0x63ce14d31658 - tokio::runtime::blocking::pool::Inner::run::h4d338bd853caea73
[INFO] [stdout]                                at /opt/rustwide/cargo-home/registry/src/index.crates.io-6f17d22bba15001f/tokio-1.21.2/src/runtime/blocking/pool.rs:346:17
[INFO] [stdout]   71:     0x63ce14d31387 - tokio::runtime::blocking::pool::Spawner::spawn_thread::{{closure}}::h3d1552fa87288df9
[INFO] [stdout]                                at /opt/rustwide/cargo-home/registry/src/index.crates.io-6f17d22bba15001f/tokio-1.21.2/src/runtime/blocking/pool.rs:321:13
[INFO] [stdout]   72:     0x63ce14d26de6 - std::sys::backtrace::__rust_begin_short_backtrace::hf0dac40f2af5570b
[INFO] [stdout]                                at /rustc/90b35a6239c3d8bdabc530a6a0816f7ff89a0aaf/library/std/src/sys/backtrace.rs:154:18
[INFO] [stdout]   73:     0x63ce14d2dcd2 - std::thread::Builder::spawn_unchecked_::{{closure}}::{{closure}}::h304a5aaa983afd77
[INFO] [stdout]                                at /rustc/90b35a6239c3d8bdabc530a6a0816f7ff89a0aaf/library/std/src/thread/mod.rs:538:17
[INFO] [stdout]   74:     0x63ce14d2bcd2 - <core::panic::unwind_safe::AssertUnwindSafe<F> as core::ops::function::FnOnce<()>>::call_once::h631274b51179647e
[INFO] [stdout]                                at /rustc/90b35a6239c3d8bdabc530a6a0816f7ff89a0aaf/library/core/src/panic/unwind_safe.rs:272:9
[INFO] [stdout]   75:     0x63ce14d2e2c3 - std::panicking::try::do_call::hd61c7fc627095b0e
[INFO] [stdout]                                at /rustc/90b35a6239c3d8bdabc530a6a0816f7ff89a0aaf/library/std/src/panicking.rs:557:40
[INFO] [stdout]   76:     0x63ce14d32d4b - __rust_try
[INFO] [stdout]   77:     0x63ce14d2d923 - std::panicking::try::h4ae36b45606d3aaf
[INFO] [stdout]                                at /rustc/90b35a6239c3d8bdabc530a6a0816f7ff89a0aaf/library/std/src/panicking.rs:520:19
[INFO] [stdout]   78:     0x63ce14d2d923 - std::panic::catch_unwind::ha967543527c4af91
[INFO] [stdout]                                at /rustc/90b35a6239c3d8bdabc530a6a0816f7ff89a0aaf/library/std/src/panic.rs:358:14
[INFO] [stdout]   79:     0x63ce14d2d923 - std::thread::Builder::spawn_unchecked_::{{closure}}::h3383351e238adbd7
[INFO] [stdout]                                at /rustc/90b35a6239c3d8bdabc530a6a0816f7ff89a0aaf/library/std/src/thread/mod.rs:537:30
[INFO] [stdout]   80:     0x63ce14d4be6f - core::ops::function::FnOnce::call_once{{vtable.shim}}::hf39f36a7fdf38d02
[INFO] [stdout]                                at /rustc/90b35a6239c3d8bdabc530a6a0816f7ff89a0aaf/library/core/src/ops/function.rs:250:5
[INFO] [stdout]   81:     0x63ce14f2f2bb - <alloc::boxed::Box<F,A> as core::ops::function::FnOnce<Args>>::call_once::hf75717d9f28faebf
[INFO] [stdout]                                at /rustc/90b35a6239c3d8bdabc530a6a0816f7ff89a0aaf/library/alloc/src/boxed.rs:2454:9
[INFO] [stdout]   82:     0x63ce14f2f2bb - <alloc::boxed::Box<F,A> as core::ops::function::FnOnce<Args>>::call_once::h7bd883a5f3c5f3c1
[INFO] [stdout]                                at /rustc/90b35a6239c3d8bdabc530a6a0816f7ff89a0aaf/library/alloc/src/boxed.rs:2454:9
[INFO] [stdout]   83:     0x63ce14f2f2bb - std::sys::pal::unix::thread::Thread::new::thread_start::hcc78f3943333fa94
[INFO] [stdout]                                at /rustc/90b35a6239c3d8bdabc530a6a0816f7ff89a0aaf/library/std/src/sys/pal/unix/thread.rs:105:17
[INFO] [stdout]   84:     0x78182f2c9ac3 - <unknown>
[INFO] [stdout]   85:     0x78182f35aa04 - clone
[INFO] [stdout]   86:                0x0 - <unknown>
[INFO] [stdout] thread 'tests::test_simple' panicked at worker/src/lib.rs:830:31:
[INFO] [stdout] called `Result::unwrap()` on an `Err` value: JoinError::Panic(Id(9), ...)
[INFO] [stdout] stack backtrace:
[INFO] [stdout]    0:     0x63ce14f2922a - std::backtrace_rs::backtrace::libunwind::trace::h5a5b8284f2d0c266
[INFO] [stdout]                                at /rustc/90b35a6239c3d8bdabc530a6a0816f7ff89a0aaf/library/std/src/../../backtrace/src/backtrace/libunwind.rs:116:5
[INFO] [stdout]    1:     0x63ce14f2922a - std::backtrace_rs::backtrace::trace_unsynchronized::h76d4f1c9b0b875e3
[INFO] [stdout]                                at /rustc/90b35a6239c3d8bdabc530a6a0816f7ff89a0aaf/library/std/src/../../backtrace/src/backtrace/mod.rs:66:5
[INFO] [stdout]    2:     0x63ce14f2922a - std::sys::backtrace::_print_fmt::hc4546b8364a537c6
[INFO] [stdout]                                at /rustc/90b35a6239c3d8bdabc530a6a0816f7ff89a0aaf/library/std/src/sys/backtrace.rs:66:9
[INFO] [stdout]    3:     0x63ce14f2922a - <std::sys::backtrace::BacktraceLock::print::DisplayBacktrace as core::fmt::Display>::fmt::h5b6bd5631a6d1f6b
[INFO] [stdout]                                at /rustc/90b35a6239c3d8bdabc530a6a0816f7ff89a0aaf/library/std/src/sys/backtrace.rs:39:26
[INFO] [stdout]    4:     0x63ce14f549f3 - core::fmt::rt::Argument::fmt::h270f6602a2b96f62
[INFO] [stdout]                                at /rustc/90b35a6239c3d8bdabc530a6a0816f7ff89a0aaf/library/core/src/fmt/rt.rs:177:76
[INFO] [stdout]    5:     0x63ce14f549f3 - core::fmt::write::h7550c97b06c86515
[INFO] [stdout]                                at /rustc/90b35a6239c3d8bdabc530a6a0816f7ff89a0aaf/library/core/src/fmt/mod.rs:1186:21
[INFO] [stdout]    6:     0x63ce14f25883 - std::io::Write::write_fmt::h509ff860e5956e5e
[INFO] [stdout]                                at /rustc/90b35a6239c3d8bdabc530a6a0816f7ff89a0aaf/library/std/src/io/mod.rs:1839:15
[INFO] [stdout]    7:     0x63ce14f29072 - std::sys::backtrace::BacktraceLock::print::h2395ccd2c84ba3aa
[INFO] [stdout]                                at /rustc/90b35a6239c3d8bdabc530a6a0816f7ff89a0aaf/library/std/src/sys/backtrace.rs:42:9
[INFO] [stdout]    8:     0x63ce14f2a68a - std::panicking::default_hook::{{closure}}::he19d4c7230e07961
[INFO] [stdout]                                at /rustc/90b35a6239c3d8bdabc530a6a0816f7ff89a0aaf/library/std/src/panicking.rs:268:22
[INFO] [stdout]    9:     0x63ce14f2a494 - std::panicking::default_hook::hf614597d3c67bbdb
[INFO] [stdout]                                at /rustc/90b35a6239c3d8bdabc530a6a0816f7ff89a0aaf/library/std/src/panicking.rs:292:9
[INFO] [stdout]   10:     0x63ce14211339 - <alloc::boxed::Box<F,A> as core::ops::function::Fn<Args>>::call::h39b51ce4599c23d1
[INFO] [stdout]                                at /rustc/90b35a6239c3d8bdabc530a6a0816f7ff89a0aaf/library/alloc/src/boxed.rs:2468:9
[INFO] [stdout]   11:     0x63ce14211339 - test::test_main::{{closure}}::he977ae839a582784
[INFO] [stdout]                                at /rustc/90b35a6239c3d8bdabc530a6a0816f7ff89a0aaf/library/test/src/lib.rs:133:21
[INFO] [stdout]   12:     0x63ce14f2ad28 - <alloc::boxed::Box<F,A> as core::ops::function::Fn<Args>>::call::h9455091b6b06f9fb
[INFO] [stdout]                                at /rustc/90b35a6239c3d8bdabc530a6a0816f7ff89a0aaf/library/alloc/src/boxed.rs:2468:9
[INFO] [stdout]   13:     0x63ce14f2ad28 - std::panicking::rust_panic_with_hook::h8942133a8b252070
[INFO] [stdout]                                at /rustc/90b35a6239c3d8bdabc530a6a0816f7ff89a0aaf/library/std/src/panicking.rs:809:13
[INFO] [stdout]   14:     0x63ce14f2aaea - std::panicking::begin_panic_handler::{{closure}}::hb5f5963570096b29
[INFO] [stdout]                                at /rustc/90b35a6239c3d8bdabc530a6a0816f7ff89a0aaf/library/std/src/panicking.rs:674:13
[INFO] [stdout]   15:     0x63ce14f29709 - std::sys::backtrace::__rust_end_short_backtrace::h6208cedc1922feda
[INFO] [stdout]                                at /rustc/90b35a6239c3d8bdabc530a6a0816f7ff89a0aaf/library/std/src/sys/backtrace.rs:170:18
[INFO] [stdout]   16:     0x63ce14f2a77c - rust_begin_unwind
[INFO] [stdout]                                at /rustc/90b35a6239c3d8bdabc530a6a0816f7ff89a0aaf/library/std/src/panicking.rs:665:5
[INFO] [stdout]   17:     0x63ce13fbb3b0 - core::panicking::panic_fmt::h0c3082644d1bf418
[INFO] [stdout]                                at /rustc/90b35a6239c3d8bdabc530a6a0816f7ff89a0aaf/library/core/src/panicking.rs:74:14
[INFO] [stdout]   18:     0x63ce13fbb836 - core::result::unwrap_failed::hd20b4aa073bda1e2
[INFO] [stdout]                                at /rustc/90b35a6239c3d8bdabc530a6a0816f7ff89a0aaf/library/core/src/result.rs:1700:5
[INFO] [stdout]   19:     0x63ce1405d89e - core::result::Result<T,E>::unwrap::hd66caf1755337c9e
[INFO] [stdout]                                at /rustc/90b35a6239c3d8bdabc530a6a0816f7ff89a0aaf/library/core/src/result.rs:1104:23
[INFO] [stdout]   20:     0x63ce1405d89e - xpertly_worker::execute_worker::{{closure}}::hc2f4ebf75db0b483
[INFO] [stdout]                                at /opt/rustwide/workdir/worker/src/lib.rs:830:13
[INFO] [stdout]   21:     0x63ce1417007f - tokio::park::thread::CachedParkThread::block_on::{{closure}}::h4e0c04090ef0f2a6
[INFO] [stdout]                                at /opt/rustwide/cargo-home/registry/src/index.crates.io-6f17d22bba15001f/tokio-1.21.2/src/park/thread.rs:267:54
[INFO] [stdout]   22:     0x63ce140f08b3 - tokio::coop::with_budget::{{closure}}::h89d2ba0251a812f8
[INFO] [stdout]                                at /opt/rustwide/cargo-home/registry/src/index.crates.io-6f17d22bba15001f/tokio-1.21.2/src/coop.rs:102:9
[INFO] [stdout]   23:     0x63ce14136b6a - std::thread::local::LocalKey<T>::try_with::h19084de0282be5f6
[INFO] [stdout]                                at /rustc/90b35a6239c3d8bdabc530a6a0816f7ff89a0aaf/library/std/src/thread/local.rs:283:12
[INFO] [stdout]   24:     0x63ce141365da - std::thread::local::LocalKey<T>::with::h26e55134c6054b37
[INFO] [stdout]                                at /rustc/90b35a6239c3d8bdabc530a6a0816f7ff89a0aaf/library/std/src/thread/local.rs:260:9
[INFO] [stdout]   25:     0x63ce1416fa66 - tokio::coop::with_budget::hbe8acc17635136f9
[INFO] [stdout]                                at /opt/rustwide/cargo-home/registry/src/index.crates.io-6f17d22bba15001f/tokio-1.21.2/src/coop.rs:95:5
[INFO] [stdout]   26:     0x63ce1416fa66 - tokio::coop::budget::h02fc0821b3af8515
[INFO] [stdout]                                at /opt/rustwide/cargo-home/registry/src/index.crates.io-6f17d22bba15001f/tokio-1.21.2/src/coop.rs:72:5
[INFO] [stdout]   27:     0x63ce1416fa66 - tokio::park::thread::CachedParkThread::block_on::ha8ebc42825c7e6c5
[INFO] [stdout]                                at /opt/rustwide/cargo-home/registry/src/index.crates.io-6f17d22bba15001f/tokio-1.21.2/src/park/thread.rs:267:31
[INFO] [stdout]   28:     0x63ce14171815 - tokio::runtime::enter::Enter::block_on::h4d5e2ee7f1c7810f
[INFO] [stdout]                                at /opt/rustwide/cargo-home/registry/src/index.crates.io-6f17d22bba15001f/tokio-1.21.2/src/runtime/enter.rs:152:13
[INFO] [stdout]   29:     0x63ce140f1dd1 - tokio::runtime::scheduler::multi_thread::MultiThread::block_on::h9a39811b377de57a
[INFO] [stdout]                                at /opt/rustwide/cargo-home/registry/src/index.crates.io-6f17d22bba15001f/tokio-1.21.2/src/runtime/scheduler/multi_thread/mod.rs:79:9
[INFO] [stdout]   30:     0x63ce141bbd87 - tokio::runtime::Runtime::block_on::hf7c9008b1fe487b0
[INFO] [stdout]                                at /opt/rustwide/cargo-home/registry/src/index.crates.io-6f17d22bba15001f/tokio-1.21.2/src/runtime/mod.rs:492:44
[INFO] [stdout]   31:     0x63ce1405d1d4 - xpertly_worker::execute_worker::hbf76210cd812389a
[INFO] [stdout]                                at /opt/rustwide/workdir/worker/src/lib.rs:828:5
[INFO] [stdout]   32:     0x63ce1411272f - xpertly_worker::tests::test_simple::h0c11376cc91922d1
[INFO] [stdout]                                at /opt/rustwide/workdir/worker/src/lib.rs:1369:9
[INFO] [stdout]   33:     0x63ce14111e67 - xpertly_worker::tests::test_simple::{{closure}}::h0331d433d47c6d04
[INFO] [stdout]                                at /opt/rustwide/workdir/worker/src/lib.rs:1187:21
[INFO] [stdout]   34:     0x63ce140985b6 - core::ops::function::FnOnce::call_once::h923880267ac7832b
[INFO] [stdout]                                at /rustc/90b35a6239c3d8bdabc530a6a0816f7ff89a0aaf/library/core/src/ops/function.rs:250:5
[INFO] [stdout]   35:     0x63ce14215cfb - core::ops::function::FnOnce::call_once::h109cf8051a59b34e
[INFO] [stdout]                                at /rustc/90b35a6239c3d8bdabc530a6a0816f7ff89a0aaf/library/core/src/ops/function.rs:250:5
[INFO] [stdout]   36:     0x63ce14215cfb - test::__rust_begin_short_backtrace::hf4fff89d377446ba
[INFO] [stdout]                                at /rustc/90b35a6239c3d8bdabc530a6a0816f7ff89a0aaf/library/test/src/lib.rs:621:18
[INFO] [stdout]   37:     0x63ce14215537 - test::run_test_in_process::{{closure}}::h0e39181dd7ee5a43
[INFO] [stdout]                                at /rustc/90b35a6239c3d8bdabc530a6a0816f7ff89a0aaf/library/test/src/lib.rs:644:60
[INFO] [stdout]   38:     0x63ce14215537 - <core::panic::unwind_safe::AssertUnwindSafe<F> as core::ops::function::FnOnce<()>>::call_once::hc5a66a30f0bdfd1f
[INFO] [stdout]                                at /rustc/90b35a6239c3d8bdabc530a6a0816f7ff89a0aaf/library/core/src/panic/unwind_safe.rs:272:9
[INFO] [stdout]   39:     0x63ce14215537 - std::panicking::try::do_call::h873b7cf639554a5e
[INFO] [stdout]                                at /rustc/90b35a6239c3d8bdabc530a6a0816f7ff89a0aaf/library/std/src/panicking.rs:557:40
[INFO] [stdout]   40:     0x63ce14215537 - std::panicking::try::hdb19862fad9c8bd1
[INFO] [stdout]                                at /rustc/90b35a6239c3d8bdabc530a6a0816f7ff89a0aaf/library/std/src/panicking.rs:520:19
[INFO] [stdout]   41:     0x63ce14215537 - std::panic::catch_unwind::h281fe732d236d260
[INFO] [stdout]                                at /rustc/90b35a6239c3d8bdabc530a6a0816f7ff89a0aaf/library/std/src/panic.rs:358:14
[INFO] [stdout]   42:     0x63ce14215537 - test::run_test_in_process::h949b6df8457ed338
[INFO] [stdout]                                at /rustc/90b35a6239c3d8bdabc530a6a0816f7ff89a0aaf/library/test/src/lib.rs:644:27
[INFO] [stdout]   43:     0x63ce14215537 - test::run_test::{{closure}}::h52c556a6d4740e10
[INFO] [stdout]                                at /rustc/90b35a6239c3d8bdabc530a6a0816f7ff89a0aaf/library/test/src/lib.rs:565:43
[INFO] [stdout]   44:     0x63ce141da814 - test::run_test::{{closure}}::h4237f6381c45ccb9
[INFO] [stdout]                                at /rustc/90b35a6239c3d8bdabc530a6a0816f7ff89a0aaf/library/test/src/lib.rs:595:41
[INFO] [stdout]   45:     0x63ce141da814 - std::sys::backtrace::__rust_begin_short_backtrace::h505c97a579eca628
[INFO] [stdout]                                at /rustc/90b35a6239c3d8bdabc530a6a0816f7ff89a0aaf/library/std/src/sys/backtrace.rs:154:18
[INFO] [stdout]   46:     0x63ce141ddede - std::thread::Builder::spawn_unchecked_::{{closure}}::{{closure}}::h9e86b2e2bc107ea3
[INFO] [stdout]                                at /rustc/90b35a6239c3d8bdabc530a6a0816f7ff89a0aaf/library/std/src/thread/mod.rs:538:17
[INFO] [stdout]   47:     0x63ce141ddede - <core::panic::unwind_safe::AssertUnwindSafe<F> as core::ops::function::FnOnce<()>>::call_once::h8b06ddb275ff4a25
[INFO] [stdout]                                at /rustc/90b35a6239c3d8bdabc530a6a0816f7ff89a0aaf/library/core/src/panic/unwind_safe.rs:272:9
[INFO] [stdout]   48:     0x63ce141ddede - std::panicking::try::do_call::hb26ecd7cd9a9355d
[INFO] [stdout]                                at /rustc/90b35a6239c3d8bdabc530a6a0816f7ff89a0aaf/library/std/src/panicking.rs:557:40
[INFO] [stdout]   49:     0x63ce141ddede - std::panicking::try::h8ddeca9d705f9069
[INFO] [stdout]                                at /rustc/90b35a6239c3d8bdabc530a6a0816f7ff89a0aaf/library/std/src/panicking.rs:520:19
[INFO] [stdout]   50:     0x63ce141ddede - std::panic::catch_unwind::h49e1c33078844c46
[INFO] [stdout]                                at /rustc/90b35a6239c3d8bdabc530a6a0816f7ff89a0aaf/library/std/src/panic.rs:358:14
[INFO] [stdout]   51:     0x63ce141ddede - std::thread::Builder::spawn_unchecked_::{{closure}}::h6073db6ff56ad35d
[INFO] [stdout]                                at /rustc/90b35a6239c3d8bdabc530a6a0816f7ff89a0aaf/library/std/src/thread/mod.rs:537:30
[INFO] [stdout]   52:     0x63ce141ddede - core::ops::function::FnOnce::call_once{{vtable.shim}}::h2c5a5f3779c774f1
[INFO] [stdout]                                at /rustc/90b35a6239c3d8bdabc530a6a0816f7ff89a0aaf/library/core/src/ops/function.rs:250:5
[INFO] [stdout]   53:     0x63ce14f2f2bb - <alloc::boxed::Box<F,A> as core::ops::function::FnOnce<Args>>::call_once::hf75717d9f28faebf
[INFO] [stdout]                                at /rustc/90b35a6239c3d8bdabc530a6a0816f7ff89a0aaf/library/alloc/src/boxed.rs:2454:9
[INFO] [stdout]   54:     0x63ce14f2f2bb - <alloc::boxed::Box<F,A> as core::ops::function::FnOnce<Args>>::call_once::h7bd883a5f3c5f3c1
[INFO] [stdout]                                at /rustc/90b35a6239c3d8bdabc530a6a0816f7ff89a0aaf/library/alloc/src/boxed.rs:2454:9
[INFO] [stdout]   55:     0x63ce14f2f2bb - std::sys::pal::unix::thread::Thread::new::thread_start::hcc78f3943333fa94
[INFO] [stdout]                                at /rustc/90b35a6239c3d8bdabc530a6a0816f7ff89a0aaf/library/std/src/sys/pal/unix/thread.rs:105:17
[INFO] [stdout]   56:     0x78182f2c9ac3 - <unknown>
[INFO] [stdout]   57:     0x78182f35aa04 - clone
[INFO] [stdout]   58:                0x0 - <unknown>
[INFO] [stdout] 
[INFO] [stdout] 
[INFO] [stdout] failures:
[INFO] [stdout]     tests::test_loop
[INFO] [stdout]     tests::test_resume
[INFO] [stdout]     tests::test_simple
[INFO] [stdout]     tests::test_substitution
[INFO] [stdout] 
[INFO] [stdout] test result: FAILED. 3 passed; 4 failed; 0 ignored; 0 measured; 0 filtered out; finished in 0.65s
[INFO] [stdout] 
[INFO] [stderr] error: test failed, to rerun pass `-p xpertly_worker --lib`
[INFO] running `Command { std: "docker" "inspect" "be4c021579a6170222c87e81fcbae7ee4a99f40e53995c2058dff7f6a63534f8", kill_on_drop: false }`
[INFO] running `Command { std: "docker" "rm" "-f" "be4c021579a6170222c87e81fcbae7ee4a99f40e53995c2058dff7f6a63534f8", kill_on_drop: false }`
[INFO] [stdout] be4c021579a6170222c87e81fcbae7ee4a99f40e53995c2058dff7f6a63534f8
