[INFO] cloning repository https://github.com/sebastiano-barrera/decompiler
[INFO] running `Command { std: "git" "-c" "credential.helper=" "-c" "credential.helper=/workspace/cargo-home/bin/git-credential-null" "clone" "--bare" "https://github.com/sebastiano-barrera/decompiler" "/workspace/cache/git-repos/https%3A%2F%2Fgithub.com%2Fsebastiano-barrera%2Fdecompiler", kill_on_drop: false }`
[INFO] [stderr] Cloning into bare repository '/workspace/cache/git-repos/https%3A%2F%2Fgithub.com%2Fsebastiano-barrera%2Fdecompiler'...
[INFO] running `Command { std: "git" "rev-parse" "HEAD", kill_on_drop: false }`
[INFO] [stdout] f51f680cb42fde3667c89e3651e99835a558b2cc
[INFO] testing sebastiano-barrera/decompiler against 1.83.0 for beta-1.84.0-4-retry
[INFO] running `Command { std: "git" "clone" "/workspace/cache/git-repos/https%3A%2F%2Fgithub.com%2Fsebastiano-barrera%2Fdecompiler" "/workspace/builds/worker-6-tc1/source", kill_on_drop: false }`
[INFO] [stderr] Cloning into '/workspace/builds/worker-6-tc1/source'...
[INFO] [stderr] done.
[INFO] validating manifest of git repo https://github.com/sebastiano-barrera/decompiler on toolchain 1.83.0
[INFO] running `Command { std: CARGO_HOME="/workspace/cargo-home" RUSTUP_HOME="/workspace/rustup-home" "/workspace/cargo-home/bin/cargo" "+1.83.0" "metadata" "--manifest-path" "Cargo.toml" "--no-deps", kill_on_drop: false }`
[INFO] started tweaking git repo https://github.com/sebastiano-barrera/decompiler
[INFO] finished tweaking git repo https://github.com/sebastiano-barrera/decompiler
[INFO] tweaked toml for git repo https://github.com/sebastiano-barrera/decompiler written to /workspace/builds/worker-6-tc1/source/Cargo.toml
[INFO] crate git repo https://github.com/sebastiano-barrera/decompiler already has a lockfile, it will not be regenerated
[INFO] running `Command { std: CARGO_HOME="/workspace/cargo-home" RUSTUP_HOME="/workspace/rustup-home" "/workspace/cargo-home/bin/cargo" "+1.83.0" "fetch" "--manifest-path" "Cargo.toml", kill_on_drop: false }`
[INFO] [stderr]     Updating crates.io index
[INFO] [stderr]  Downloading crates ...
[INFO] [stderr]   Downloaded insta v1.40.0
[INFO] [stderr]   Downloaded goblin v0.8.2
[INFO] [stderr]   Downloaded iced-x86 v1.21.0
[INFO] running `Command { std: "docker" "create" "-v" "/var/lib/crater-agent-workspace/builds/worker-6-tc1/target:/opt/rustwide/target:rw,Z" "-v" "/var/lib/crater-agent-workspace/builds/worker-6-tc1/source:/opt/rustwide/workdir:ro,Z" "-v" "/var/lib/crater-agent-workspace/cargo-home:/opt/rustwide/cargo-home:ro,Z" "-v" "/var/lib/crater-agent-workspace/rustup-home:/opt/rustwide/rustup-home:ro,Z" "-e" "SOURCE_DIR=/opt/rustwide/workdir" "-e" "CARGO_TARGET_DIR=/opt/rustwide/target" "-e" "CARGO_HOME=/opt/rustwide/cargo-home" "-e" "RUSTUP_HOME=/opt/rustwide/rustup-home" "-w" "/opt/rustwide/workdir" "-m" "1610612736" "--user" "0:0" "--network" "none" "ghcr.io/rust-lang/crates-build-env/linux@sha256:f3a9d4ad9d972b27faf3965f35b62e55ba32bbce8f20bc8fe909558a86702fde" "/opt/rustwide/cargo-home/bin/cargo" "+1.83.0" "metadata" "--no-deps" "--format-version=1", kill_on_drop: false }`
[INFO] [stdout] f8a6e7391ce14a822293842f81665e83f60a150d7919b3b59c53157b3653fff4
[INFO] running `Command { std: "docker" "start" "-a" "f8a6e7391ce14a822293842f81665e83f60a150d7919b3b59c53157b3653fff4", kill_on_drop: false }`
[INFO] running `Command { std: "docker" "inspect" "f8a6e7391ce14a822293842f81665e83f60a150d7919b3b59c53157b3653fff4", kill_on_drop: false }`
[INFO] running `Command { std: "docker" "rm" "-f" "f8a6e7391ce14a822293842f81665e83f60a150d7919b3b59c53157b3653fff4", kill_on_drop: false }`
[INFO] [stdout] f8a6e7391ce14a822293842f81665e83f60a150d7919b3b59c53157b3653fff4
[INFO] running `Command { std: "docker" "create" "-v" "/var/lib/crater-agent-workspace/builds/worker-6-tc1/target:/opt/rustwide/target:rw,Z" "-v" "/var/lib/crater-agent-workspace/builds/worker-6-tc1/source:/opt/rustwide/workdir:ro,Z" "-v" "/var/lib/crater-agent-workspace/cargo-home:/opt/rustwide/cargo-home:ro,Z" "-v" "/var/lib/crater-agent-workspace/rustup-home:/opt/rustwide/rustup-home:ro,Z" "-e" "SOURCE_DIR=/opt/rustwide/workdir" "-e" "CARGO_TARGET_DIR=/opt/rustwide/target" "-e" "CARGO_INCREMENTAL=0" "-e" "RUST_BACKTRACE=full" "-e" "RUSTFLAGS=--cap-lints=warn" "-e" "RUSTDOCFLAGS=--cap-lints=warn" "-e" "CARGO_HOME=/opt/rustwide/cargo-home" "-e" "RUSTUP_HOME=/opt/rustwide/rustup-home" "-w" "/opt/rustwide/workdir" "-m" "1610612736" "--user" "0:0" "--network" "none" "ghcr.io/rust-lang/crates-build-env/linux@sha256:f3a9d4ad9d972b27faf3965f35b62e55ba32bbce8f20bc8fe909558a86702fde" "/opt/rustwide/cargo-home/bin/cargo" "+1.83.0" "build" "--frozen" "--message-format=json", kill_on_drop: false }`
[INFO] [stdout] f7759ed8e8dd8295a767104f96bb47c2b83e7ffa2b660fd950bd8eb00f13b94c
[INFO] running `Command { std: "docker" "start" "-a" "f7759ed8e8dd8295a767104f96bb47c2b83e7ffa2b660fd950bd8eb00f13b94c", kill_on_drop: false }`
[INFO] [stderr]    Compiling proc-macro2 v1.0.86
[INFO] [stderr]    Compiling unicode-ident v1.0.13
[INFO] [stderr]    Compiling anyhow v1.0.89
[INFO] [stderr]    Compiling spin v0.9.8
[INFO] [stderr]    Compiling log v0.4.22
[INFO] [stderr]    Compiling plain v0.2.3
[INFO] [stderr]    Compiling smallvec v1.13.2
[INFO] [stderr]    Compiling lazy_static v1.5.0
[INFO] [stderr]    Compiling iced-x86 v1.21.0
[INFO] [stderr]    Compiling quote v1.0.37
[INFO] [stderr]    Compiling syn v2.0.79
[INFO] [stderr]    Compiling scroll_derive v0.12.0
[INFO] [stderr]    Compiling scroll v0.12.0
[INFO] [stderr]    Compiling goblin v0.8.2
[INFO] [stderr]    Compiling decompiler v0.1.0 (/opt/rustwide/workdir)
[INFO] [stdout] warning: variants `Div` and `Shr` are never constructed
[INFO] [stdout]    --> src/ast.rs:131:5
[INFO] [stdout]     |
[INFO] [stdout] 127 | enum BinOp {
[INFO] [stdout]     |      ----- variants in this enum
[INFO] [stdout] ...
[INFO] [stdout] 131 |     Div,
[INFO] [stdout]     |     ^^^
[INFO] [stdout] 132 |     Shl,
[INFO] [stdout] 133 |     Shr,
[INFO] [stdout]     |     ^^^
[INFO] [stdout]     |
[INFO] [stdout]     = note: `BinOp` has a derived impl for the trait `Debug`, but this is intentionally ignored during dead code analysis
[INFO] [stdout]     = note: `#[warn(dead_code)]` on by default
[INFO] [stdout] 
[INFO] [stdout] 
[INFO] [stdout] warning: variants `LE`, `GE`, and `GT` are never constructed
[INFO] [stdout]    --> src/ast.rs:157:5
[INFO] [stdout]     |
[INFO] [stdout] 154 | enum CmpOp {
[INFO] [stdout]     |      ----- variants in this enum
[INFO] [stdout] ...
[INFO] [stdout] 157 |     LE,
[INFO] [stdout]     |     ^^
[INFO] [stdout] 158 |     GE,
[INFO] [stdout]     |     ^^
[INFO] [stdout] 159 |     GT,
[INFO] [stdout]     |     ^^
[INFO] [stdout]     |
[INFO] [stdout]     = note: `CmpOp` has a derived impl for the trait `Debug`, but this is intentionally ignored during dead code analysis
[INFO] [stdout] 
[INFO] [stdout] 
[INFO] [stdout] warning: field `marks` is never read
[INFO] [stdout]    --> src/ast.rs:173:5
[INFO] [stdout]     |
[INFO] [stdout] 167 | struct Builder<'a> {
[INFO] [stdout]     |        ------- field in this struct
[INFO] [stdout] ...
[INFO] [stdout] 173 |     marks: cfg::BlockMap<BlockMark>,
[INFO] [stdout]     |     ^^^^^
[INFO] [stdout] 
[INFO] [stdout] 
[INFO] [stdout] warning: field `loop_enter_succ_ndx` is never read
[INFO] [stdout]    --> src/ast.rs:179:16
[INFO] [stdout]     |
[INFO] [stdout] 179 |     LoopHead { loop_enter_succ_ndx: u8 },
[INFO] [stdout]     |     --------   ^^^^^^^^^^^^^^^^^^^
[INFO] [stdout]     |     |
[INFO] [stdout]     |     field in this variant
[INFO] [stdout]     |
[INFO] [stdout]     = note: `BlockMark` has derived impls for the traits `Debug` and `Clone`, but these are intentionally ignored during dead code analysis
[INFO] [stdout] 
[INFO] [stdout] 
[INFO] [stdout] warning: method `iter` is never used
[INFO] [stdout]     --> src/ast.rs:1055:23
[INFO] [stdout]      |
[INFO] [stdout] 1040 |     impl NodeSet {
[INFO] [stdout]      |     ------------ method in this implementation
[INFO] [stdout] ...
[INFO] [stdout] 1055 |         pub(super) fn iter(&self) -> impl Iterator<Item = (NodeID, &Node)> {
[INFO] [stdout]      |                       ^^^^
[INFO] [stdout] 
[INFO] [stdout] 
[INFO] [stdout] warning: method `index_of_addr` is never used
[INFO] [stdout]    --> src/mil.rs:452:12
[INFO] [stdout]     |
[INFO] [stdout] 427 | impl Program {
[INFO] [stdout]     | ------------ method in this implementation
[INFO] [stdout] ...
[INFO] [stdout] 452 |     pub fn index_of_addr(&self, addr: u64) -> Option<Index> {
[INFO] [stdout]     |            ^^^^^^^^^^^^^
[INFO] [stdout] 
[INFO] [stdout] 
[INFO] [stdout] warning: method `index_of_addr` is never used
[INFO] [stdout]   --> src/ssa.rs:37:12
[INFO] [stdout]    |
[INFO] [stdout] 25 | impl Program {
[INFO] [stdout]    | ------------ method in this implementation
[INFO] [stdout] ...
[INFO] [stdout] 37 |     pub fn index_of_addr(&self, addr: u64) -> Option<mil::Index> {
[INFO] [stdout]    |            ^^^^^^^^^^^^^
[INFO] [stdout] 
[INFO] [stdout] 
[INFO] [stdout] warning: method `pred_count` is never used
[INFO] [stdout]   --> src/ssa.rs:75:12
[INFO] [stdout]    |
[INFO] [stdout] 62 | impl PhiInfo {
[INFO] [stdout]    | ------------ method in this implementation
[INFO] [stdout] ...
[INFO] [stdout] 75 |     pub fn pred_count(&self) -> mil::Index {
[INFO] [stdout]    |            ^^^^^^^^^^
[INFO] [stdout] 
[INFO] [stdout] 
[INFO] [stderr]     Finished `dev` profile [unoptimized + debuginfo] target(s) in 15.49s
[INFO] running `Command { std: "docker" "inspect" "f7759ed8e8dd8295a767104f96bb47c2b83e7ffa2b660fd950bd8eb00f13b94c", kill_on_drop: false }`
[INFO] running `Command { std: "docker" "rm" "-f" "f7759ed8e8dd8295a767104f96bb47c2b83e7ffa2b660fd950bd8eb00f13b94c", kill_on_drop: false }`
[INFO] [stdout] f7759ed8e8dd8295a767104f96bb47c2b83e7ffa2b660fd950bd8eb00f13b94c
[INFO] running `Command { std: "docker" "create" "-v" "/var/lib/crater-agent-workspace/builds/worker-6-tc1/target:/opt/rustwide/target:rw,Z" "-v" "/var/lib/crater-agent-workspace/builds/worker-6-tc1/source:/opt/rustwide/workdir:ro,Z" "-v" "/var/lib/crater-agent-workspace/cargo-home:/opt/rustwide/cargo-home:ro,Z" "-v" "/var/lib/crater-agent-workspace/rustup-home:/opt/rustwide/rustup-home:ro,Z" "-e" "SOURCE_DIR=/opt/rustwide/workdir" "-e" "CARGO_TARGET_DIR=/opt/rustwide/target" "-e" "CARGO_INCREMENTAL=0" "-e" "RUST_BACKTRACE=full" "-e" "RUSTFLAGS=--cap-lints=warn" "-e" "RUSTDOCFLAGS=--cap-lints=warn" "-e" "CARGO_HOME=/opt/rustwide/cargo-home" "-e" "RUSTUP_HOME=/opt/rustwide/rustup-home" "-w" "/opt/rustwide/workdir" "-m" "1610612736" "--user" "0:0" "--network" "none" "ghcr.io/rust-lang/crates-build-env/linux@sha256:f3a9d4ad9d972b27faf3965f35b62e55ba32bbce8f20bc8fe909558a86702fde" "/opt/rustwide/cargo-home/bin/cargo" "+1.83.0" "test" "--frozen" "--no-run" "--message-format=json", kill_on_drop: false }`
[INFO] [stdout] f2da0f28f8c5fd6b7eed256f471789b8db1cd8f69ca4323ba2faca55ea61a641
[INFO] running `Command { std: "docker" "start" "-a" "f2da0f28f8c5fd6b7eed256f471789b8db1cd8f69ca4323ba2faca55ea61a641", kill_on_drop: false }`
[INFO] [stderr]    Compiling similar v2.6.0
[INFO] [stderr]    Compiling insta v1.40.0
[INFO] [stderr]    Compiling decompiler v0.1.0 (/opt/rustwide/workdir)
[INFO] [stdout] warning: variants `Div` and `Shr` are never constructed
[INFO] [stdout]    --> src/ast.rs:131:5
[INFO] [stdout]     |
[INFO] [stdout] 127 | enum BinOp {
[INFO] [stdout]     |      ----- variants in this enum
[INFO] [stdout] ...
[INFO] [stdout] 131 |     Div,
[INFO] [stdout]     |     ^^^
[INFO] [stdout] 132 |     Shl,
[INFO] [stdout] 133 |     Shr,
[INFO] [stdout]     |     ^^^
[INFO] [stdout]     |
[INFO] [stdout]     = note: `BinOp` has a derived impl for the trait `Debug`, but this is intentionally ignored during dead code analysis
[INFO] [stdout]     = note: `#[warn(dead_code)]` on by default
[INFO] [stdout] 
[INFO] [stdout] 
[INFO] [stdout] warning: variants `LE`, `GE`, and `GT` are never constructed
[INFO] [stdout]    --> src/ast.rs:157:5
[INFO] [stdout]     |
[INFO] [stdout] 154 | enum CmpOp {
[INFO] [stdout]     |      ----- variants in this enum
[INFO] [stdout] ...
[INFO] [stdout] 157 |     LE,
[INFO] [stdout]     |     ^^
[INFO] [stdout] 158 |     GE,
[INFO] [stdout]     |     ^^
[INFO] [stdout] 159 |     GT,
[INFO] [stdout]     |     ^^
[INFO] [stdout]     |
[INFO] [stdout]     = note: `CmpOp` has a derived impl for the trait `Debug`, but this is intentionally ignored during dead code analysis
[INFO] [stdout] 
[INFO] [stdout] 
[INFO] [stdout] warning: field `marks` is never read
[INFO] [stdout]    --> src/ast.rs:173:5
[INFO] [stdout]     |
[INFO] [stdout] 167 | struct Builder<'a> {
[INFO] [stdout]     |        ------- field in this struct
[INFO] [stdout] ...
[INFO] [stdout] 173 |     marks: cfg::BlockMap<BlockMark>,
[INFO] [stdout]     |     ^^^^^
[INFO] [stdout] 
[INFO] [stdout] 
[INFO] [stdout] warning: field `loop_enter_succ_ndx` is never read
[INFO] [stdout]    --> src/ast.rs:179:16
[INFO] [stdout]     |
[INFO] [stdout] 179 |     LoopHead { loop_enter_succ_ndx: u8 },
[INFO] [stdout]     |     --------   ^^^^^^^^^^^^^^^^^^^
[INFO] [stdout]     |     |
[INFO] [stdout]     |     field in this variant
[INFO] [stdout]     |
[INFO] [stdout]     = note: `BlockMark` has derived impls for the traits `Debug` and `Clone`, but these are intentionally ignored during dead code analysis
[INFO] [stdout] 
[INFO] [stdout] 
[INFO] [stdout] warning: method `iter` is never used
[INFO] [stdout]     --> src/ast.rs:1055:23
[INFO] [stdout]      |
[INFO] [stdout] 1040 |     impl NodeSet {
[INFO] [stdout]      |     ------------ method in this implementation
[INFO] [stdout] ...
[INFO] [stdout] 1055 |         pub(super) fn iter(&self) -> impl Iterator<Item = (NodeID, &Node)> {
[INFO] [stdout]      |                       ^^^^
[INFO] [stdout] 
[INFO] [stdout] 
[INFO] [stdout] warning: method `index_of_addr` is never used
[INFO] [stdout]    --> src/mil.rs:452:12
[INFO] [stdout]     |
[INFO] [stdout] 427 | impl Program {
[INFO] [stdout]     | ------------ method in this implementation
[INFO] [stdout] ...
[INFO] [stdout] 452 |     pub fn index_of_addr(&self, addr: u64) -> Option<Index> {
[INFO] [stdout]     |            ^^^^^^^^^^^^^
[INFO] [stdout] 
[INFO] [stdout] 
[INFO] [stdout] warning: method `index_of_addr` is never used
[INFO] [stdout]   --> src/ssa.rs:37:12
[INFO] [stdout]    |
[INFO] [stdout] 25 | impl Program {
[INFO] [stdout]    | ------------ method in this implementation
[INFO] [stdout] ...
[INFO] [stdout] 37 |     pub fn index_of_addr(&self, addr: u64) -> Option<mil::Index> {
[INFO] [stdout]    |            ^^^^^^^^^^^^^
[INFO] [stdout] 
[INFO] [stdout] 
[INFO] [stdout] warning: method `pred_count` is never used
[INFO] [stdout]   --> src/ssa.rs:75:12
[INFO] [stdout]    |
[INFO] [stdout] 62 | impl PhiInfo {
[INFO] [stdout]    | ------------ method in this implementation
[INFO] [stdout] ...
[INFO] [stdout] 75 |     pub fn pred_count(&self) -> mil::Index {
[INFO] [stdout]    |            ^^^^^^^^^^
[INFO] [stdout] 
[INFO] [stdout] 
[INFO] [stderr]     Finished `test` profile [unoptimized + debuginfo] target(s) in 14.18s
[INFO] running `Command { std: "docker" "inspect" "f2da0f28f8c5fd6b7eed256f471789b8db1cd8f69ca4323ba2faca55ea61a641", kill_on_drop: false }`
[INFO] running `Command { std: "docker" "rm" "-f" "f2da0f28f8c5fd6b7eed256f471789b8db1cd8f69ca4323ba2faca55ea61a641", kill_on_drop: false }`
[INFO] [stdout] f2da0f28f8c5fd6b7eed256f471789b8db1cd8f69ca4323ba2faca55ea61a641
[INFO] running `Command { std: "docker" "create" "-v" "/var/lib/crater-agent-workspace/builds/worker-6-tc1/target:/opt/rustwide/target:rw,Z" "-v" "/var/lib/crater-agent-workspace/builds/worker-6-tc1/source:/opt/rustwide/workdir:ro,Z" "-v" "/var/lib/crater-agent-workspace/cargo-home:/opt/rustwide/cargo-home:ro,Z" "-v" "/var/lib/crater-agent-workspace/rustup-home:/opt/rustwide/rustup-home:ro,Z" "-e" "SOURCE_DIR=/opt/rustwide/workdir" "-e" "CARGO_TARGET_DIR=/opt/rustwide/target" "-e" "CARGO_INCREMENTAL=0" "-e" "RUST_BACKTRACE=full" "-e" "RUSTFLAGS=--cap-lints=warn" "-e" "RUSTDOCFLAGS=--cap-lints=warn" "-e" "CARGO_HOME=/opt/rustwide/cargo-home" "-e" "RUSTUP_HOME=/opt/rustwide/rustup-home" "-w" "/opt/rustwide/workdir" "-m" "1610612736" "--user" "0:0" "--network" "none" "ghcr.io/rust-lang/crates-build-env/linux@sha256:f3a9d4ad9d972b27faf3965f35b62e55ba32bbce8f20bc8fe909558a86702fde" "/opt/rustwide/cargo-home/bin/cargo" "+1.83.0" "test" "--frozen", kill_on_drop: false }`
[INFO] [stdout] eab322c19b99a714e3df67d6171dd82c3e5b1145d61adaceaa8e6228854281aa
[INFO] running `Command { std: "docker" "start" "-a" "eab322c19b99a714e3df67d6171dd82c3e5b1145d61adaceaa8e6228854281aa", kill_on_drop: false }`
[INFO] [stderr] warning: variants `Div` and `Shr` are never constructed
[INFO] [stdout] 
[INFO] [stderr]    --> src/ast.rs:131:5
[INFO] [stdout] running 1 test
[INFO] [stderr]     |
[INFO] [stderr] 127 | enum BinOp {
[INFO] [stderr]     |      ----- variants in this enum
[INFO] [stderr] ...
[INFO] [stderr] 131 |     Div,
[INFO] [stderr]     |     ^^^
[INFO] [stderr] 132 |     Shl,
[INFO] [stderr] 133 |     Shr,
[INFO] [stderr]     |     ^^^
[INFO] [stderr]     |
[INFO] [stderr]     = note: `BinOp` has a derived impl for the trait `Debug`, but this is intentionally ignored during dead code analysis
[INFO] [stderr]     = note: `#[warn(dead_code)]` on by default
[INFO] [stderr] 
[INFO] [stderr] warning: variants `LE`, `GE`, and `GT` are never constructed
[INFO] [stderr]    --> src/ast.rs:157:5
[INFO] [stderr]     |
[INFO] [stderr] 154 | enum CmpOp {
[INFO] [stderr]     |      ----- variants in this enum
[INFO] [stderr] ...
[INFO] [stderr] 157 |     LE,
[INFO] [stderr]     |     ^^
[INFO] [stderr] 158 |     GE,
[INFO] [stderr]     |     ^^
[INFO] [stderr] 159 |     GT,
[INFO] [stderr]     |     ^^
[INFO] [stderr]     |
[INFO] [stderr]     = note: `CmpOp` has a derived impl for the trait `Debug`, but this is intentionally ignored during dead code analysis
[INFO] [stderr] 
[INFO] [stderr] warning: field `marks` is never read
[INFO] [stderr]    --> src/ast.rs:173:5
[INFO] [stderr]     |
[INFO] [stderr] 167 | struct Builder<'a> {
[INFO] [stderr]     |        ------- field in this struct
[INFO] [stderr] ...
[INFO] [stderr] 173 |     marks: cfg::BlockMap<BlockMark>,
[INFO] [stderr]     |     ^^^^^
[INFO] [stderr] 
[INFO] [stderr] warning: field `loop_enter_succ_ndx` is never read
[INFO] [stderr]    --> src/ast.rs:179:16
[INFO] [stderr]     |
[INFO] [stderr] 179 |     LoopHead { loop_enter_succ_ndx: u8 },
[INFO] [stderr]     |     --------   ^^^^^^^^^^^^^^^^^^^
[INFO] [stderr]     |     |
[INFO] [stderr]     |     field in this variant
[INFO] [stderr]     |
[INFO] [stderr]     = note: `BlockMark` has derived impls for the traits `Debug` and `Clone`, but these are intentionally ignored during dead code analysis
[INFO] [stderr] 
[INFO] [stderr] warning: method `iter` is never used
[INFO] [stderr]     --> src/ast.rs:1055:23
[INFO] [stderr]      |
[INFO] [stderr] 1040 |     impl NodeSet {
[INFO] [stderr]      |     ------------ method in this implementation
[INFO] [stderr] ...
[INFO] [stderr] 1055 |         pub(super) fn iter(&self) -> impl Iterator<Item = (NodeID, &Node)> {
[INFO] [stderr]      |                       ^^^^
[INFO] [stderr] 
[INFO] [stderr] warning: method `index_of_addr` is never used
[INFO] [stderr]    --> src/mil.rs:452:12
[INFO] [stderr]     |
[INFO] [stderr] 427 | impl Program {
[INFO] [stderr]     | ------------ method in this implementation
[INFO] [stderr] ...
[INFO] [stderr] 452 |     pub fn index_of_addr(&self, addr: u64) -> Option<Index> {
[INFO] [stderr]     |            ^^^^^^^^^^^^^
[INFO] [stderr] 
[INFO] [stderr] warning: method `index_of_addr` is never used
[INFO] [stderr]   --> src/ssa.rs:37:12
[INFO] [stderr]    |
[INFO] [stderr] 25 | impl Program {
[INFO] [stderr]    | ------------ method in this implementation
[INFO] [stderr] ...
[INFO] [stderr] 37 |     pub fn index_of_addr(&self, addr: u64) -> Option<mil::Index> {
[INFO] [stderr]    |            ^^^^^^^^^^^^^
[INFO] [stderr] 
[INFO] [stderr] warning: method `pred_count` is never used
[INFO] [stderr]   --> src/ssa.rs:75:12
[INFO] [stderr]    |
[INFO] [stderr] 62 | impl PhiInfo {
[INFO] [stderr]    | ------------ method in this implementation
[INFO] [stderr] ...
[INFO] [stderr] 75 |     pub fn pred_count(&self) -> mil::Index {
[INFO] [stderr]    |            ^^^^^^^^^^
[INFO] [stderr] 
[INFO] [stderr] warning: `decompiler` (bin "decompiler" test) generated 8 warnings
[INFO] [stderr]     Finished `test` profile [unoptimized + debuginfo] target(s) in 0.03s
[INFO] [stderr]      Running unittests src/main.rs (/opt/rustwide/target/debug/deps/decompiler-fe63faf8a2b5ea60)
[INFO] [stdout] test ssa::tests::test_phi_read ... FAILED
[INFO] [stdout] 
[INFO] [stdout] failures:
[INFO] [stdout] 
[INFO] [stdout] ---- ssa::tests::test_phi_read stdout ----
[INFO] [stdout] -- mil:
[INFO] [stdout] program  7 instrs
[INFO] [stdout] 0xf0:
[INFO] [stdout]     0 r0 <- const8   123 (0x7b)
[INFO] [stdout]     1 r1 <- jmp.if   r0,4
[INFO] [stdout] 0xf1:
[INFO] [stdout]     2 r2 <- const1   4 (0x4)
[INFO] [stdout]     3 r3 <- jmp      5
[INFO] [stdout] 0xf2:
[INFO] [stdout]     4 r2 <- const1   8 (0x8)
[INFO] [stdout] 0xf3:
[INFO] [stdout]     5 r4 <- add      r2,456
[INFO] [stdout]     6 r5 <- ret      r4
[INFO] [stdout] 
[INFO] [stdout] -- ssa:
[INFO] [stdout] //  --- dom tree ---
[INFO] [stdout] digraph {
[INFO] [stdout]   // 4 blocks
[INFO] [stdout]   block0 [label="0\n0..2"];
[INFO] [stdout]   block0 -> block1 [color="darkred"];
[INFO] [stdout]   block0 -> block2 [color="darkgreen"];
[INFO] [stdout] 
[INFO] [stdout]   block1 [label="1\n2..4"];
[INFO] [stdout]   block1 -> block3 [color="black"];
[INFO] [stdout] 
[INFO] [stdout]   block2 [label="2\n4..5"];
[INFO] [stdout]   block2 -> block3 [color="black"];
[INFO] [stdout] 
[INFO] [stdout]   block3 [label="3\n5..7"];
[INFO] [stdout]   block3 -> end
[INFO] [stdout] 
[INFO] [stdout]   // dominator tree
[INFO] [stdout]   block1 -> block0 [style="dotted"];
[INFO] [stdout]   block2 -> block0 [style="dotted"];
[INFO] [stdout]   block3 -> block0 [style="dotted"];
[INFO] [stdout] }
[INFO] [stdout] //  --- END ---
[INFO] [stdout] thread 'ssa::tests::test_phi_read' panicked at src/ssa.rs:330:29:
[INFO] [stdout] value r3 not initialized in pre-ssa (phi BlockID(2)--[1]-->BlockID(3))
[INFO] [stdout] stack backtrace:
[INFO] [stdout]    0:     0x62aa1431e0ea - std::backtrace_rs::backtrace::libunwind::trace::h5a5b8284f2d0c266
[INFO] [stdout]                                at /rustc/90b35a6239c3d8bdabc530a6a0816f7ff89a0aaf/library/std/src/../../backtrace/src/backtrace/libunwind.rs:116:5
[INFO] [stdout]    1:     0x62aa1431e0ea - std::backtrace_rs::backtrace::trace_unsynchronized::h76d4f1c9b0b875e3
[INFO] [stdout]                                at /rustc/90b35a6239c3d8bdabc530a6a0816f7ff89a0aaf/library/std/src/../../backtrace/src/backtrace/mod.rs:66:5
[INFO] [stdout]    2:     0x62aa1431e0ea - std::sys::backtrace::_print_fmt::hc4546b8364a537c6
[INFO] [stdout]                                at /rustc/90b35a6239c3d8bdabc530a6a0816f7ff89a0aaf/library/std/src/sys/backtrace.rs:66:9
[INFO] [stdout]    3:     0x62aa1431e0ea - <std::sys::backtrace::BacktraceLock::print::DisplayBacktrace as core::fmt::Display>::fmt::h5b6bd5631a6d1f6b
[INFO] [stdout]                                at /rustc/90b35a6239c3d8bdabc530a6a0816f7ff89a0aaf/library/std/src/sys/backtrace.rs:39:26
[INFO] [stdout]    4:     0x62aa143469b3 - core::fmt::rt::Argument::fmt::h270f6602a2b96f62
[INFO] [stdout]                                at /rustc/90b35a6239c3d8bdabc530a6a0816f7ff89a0aaf/library/core/src/fmt/rt.rs:177:76
[INFO] [stdout]    5:     0x62aa143469b3 - core::fmt::write::h7550c97b06c86515
[INFO] [stdout]                                at /rustc/90b35a6239c3d8bdabc530a6a0816f7ff89a0aaf/library/core/src/fmt/mod.rs:1186:21
[INFO] [stdout]    6:     0x62aa1431a843 - std::io::Write::write_fmt::h509ff860e5956e5e
[INFO] [stdout]                                at /rustc/90b35a6239c3d8bdabc530a6a0816f7ff89a0aaf/library/std/src/io/mod.rs:1839:15
[INFO] [stdout]    7:     0x62aa1431df32 - std::sys::backtrace::BacktraceLock::print::h2395ccd2c84ba3aa
[INFO] [stdout]                                at /rustc/90b35a6239c3d8bdabc530a6a0816f7ff89a0aaf/library/std/src/sys/backtrace.rs:42:9
[INFO] [stdout]    8:     0x62aa1431f54a - std::panicking::default_hook::{{closure}}::he19d4c7230e07961
[INFO] [stdout]                                at /rustc/90b35a6239c3d8bdabc530a6a0816f7ff89a0aaf/library/std/src/panicking.rs:268:22
[INFO] [stdout]    9:     0x62aa1431f354 - std::panicking::default_hook::hf614597d3c67bbdb
[INFO] [stdout]                                at /rustc/90b35a6239c3d8bdabc530a6a0816f7ff89a0aaf/library/std/src/panicking.rs:292:9
[INFO] [stdout]   10:     0x62aa142e75a9 - <alloc::boxed::Box<F,A> as core::ops::function::Fn<Args>>::call::h39b51ce4599c23d1
[INFO] [stdout]                                at /rustc/90b35a6239c3d8bdabc530a6a0816f7ff89a0aaf/library/alloc/src/boxed.rs:2468:9
[INFO] [stdout]   11:     0x62aa142e75a9 - test::test_main::{{closure}}::he977ae839a582784
[INFO] [stdout]                                at /rustc/90b35a6239c3d8bdabc530a6a0816f7ff89a0aaf/library/test/src/lib.rs:133:21
[INFO] [stdout]   12:     0x62aa1431fbe8 - <alloc::boxed::Box<F,A> as core::ops::function::Fn<Args>>::call::h9455091b6b06f9fb
[INFO] [stdout]                                at /rustc/90b35a6239c3d8bdabc530a6a0816f7ff89a0aaf/library/alloc/src/boxed.rs:2468:9
[INFO] [stdout]   13:     0x62aa1431fbe8 - std::panicking::rust_panic_with_hook::h8942133a8b252070
[INFO] [stdout]                                at /rustc/90b35a6239c3d8bdabc530a6a0816f7ff89a0aaf/library/std/src/panicking.rs:809:13
[INFO] [stdout]   14:     0x62aa1431f9aa - std::panicking::begin_panic_handler::{{closure}}::hb5f5963570096b29
[INFO] [stdout]                                at /rustc/90b35a6239c3d8bdabc530a6a0816f7ff89a0aaf/library/std/src/panicking.rs:674:13
[INFO] [stdout]   15:     0x62aa1431e5c9 - std::sys::backtrace::__rust_end_short_backtrace::h6208cedc1922feda
[INFO] [stdout]                                at /rustc/90b35a6239c3d8bdabc530a6a0816f7ff89a0aaf/library/std/src/sys/backtrace.rs:170:18
[INFO] [stdout]   16:     0x62aa1431f63c - rust_begin_unwind
[INFO] [stdout]                                at /rustc/90b35a6239c3d8bdabc530a6a0816f7ff89a0aaf/library/std/src/panicking.rs:665:5
[INFO] [stdout]   17:     0x62aa141f8b30 - core::panicking::panic_fmt::h0c3082644d1bf418
[INFO] [stdout]                                at /rustc/90b35a6239c3d8bdabc530a6a0816f7ff89a0aaf/library/core/src/panicking.rs:74:14
[INFO] [stdout]   18:     0x62aa142101af - decompiler::ssa::mil_to_ssa::{{closure}}::hdf55bd5eea6f4ed5
[INFO] [stdout]                                at /opt/rustwide/workdir/src/ssa.rs:330:29
[INFO] [stdout]   19:     0x62aa14222d74 - core::option::Option<T>::unwrap_or_else::h85ca14cabaf019f8
[INFO] [stdout]                                at /rustc/90b35a6239c3d8bdabc530a6a0816f7ff89a0aaf/library/core/src/option.rs:1017:21
[INFO] [stdout]   20:     0x62aa1420eeee - decompiler::ssa::mil_to_ssa::hf7a2ddf98859f3aa
[INFO] [stdout]                                at /opt/rustwide/workdir/src/ssa.rs:329:32
[INFO] [stdout]   21:     0x62aa14224ffe - decompiler::ssa::tests::test_phi_read::h25e6df5a438c0e42
[INFO] [stdout]                                at /opt/rustwide/workdir/src/ssa.rs:670:20
[INFO] [stdout]   22:     0x62aa14224b87 - decompiler::ssa::tests::test_phi_read::{{closure}}::h57d9c26edce8724b
[INFO] [stdout]                                at /opt/rustwide/workdir/src/ssa.rs:637:23
[INFO] [stdout]   23:     0x62aa14214b26 - core::ops::function::FnOnce::call_once::hb6df91e38136ff1e
[INFO] [stdout]                                at /rustc/90b35a6239c3d8bdabc530a6a0816f7ff89a0aaf/library/core/src/ops/function.rs:250:5
[INFO] [stdout]   24:     0x62aa142ebf6b - core::ops::function::FnOnce::call_once::h109cf8051a59b34e
[INFO] [stdout]                                at /rustc/90b35a6239c3d8bdabc530a6a0816f7ff89a0aaf/library/core/src/ops/function.rs:250:5
[INFO] [stdout]   25:     0x62aa142ebf6b - test::__rust_begin_short_backtrace::hf4fff89d377446ba
[INFO] [stdout]                                at /rustc/90b35a6239c3d8bdabc530a6a0816f7ff89a0aaf/library/test/src/lib.rs:621:18
[INFO] [stdout]   26:     0x62aa142eb7a7 - test::run_test_in_process::{{closure}}::h0e39181dd7ee5a43
[INFO] [stdout]                                at /rustc/90b35a6239c3d8bdabc530a6a0816f7ff89a0aaf/library/test/src/lib.rs:644:60
[INFO] [stdout]   27:     0x62aa142eb7a7 - <core::panic::unwind_safe::AssertUnwindSafe<F> as core::ops::function::FnOnce<()>>::call_once::hc5a66a30f0bdfd1f
[INFO] [stdout]                                at /rustc/90b35a6239c3d8bdabc530a6a0816f7ff89a0aaf/library/core/src/panic/unwind_safe.rs:272:9
[INFO] [stdout]   28:     0x62aa142eb7a7 - std::panicking::try::do_call::h873b7cf639554a5e
[INFO] [stdout]                                at /rustc/90b35a6239c3d8bdabc530a6a0816f7ff89a0aaf/library/std/src/panicking.rs:557:40
[INFO] [stdout]   29:     0x62aa142eb7a7 - std::panicking::try::hdb19862fad9c8bd1
[INFO] [stdout]                                at /rustc/90b35a6239c3d8bdabc530a6a0816f7ff89a0aaf/library/std/src/panicking.rs:520:19
[INFO] [stdout]   30:     0x62aa142eb7a7 - std::panic::catch_unwind::h281fe732d236d260
[INFO] [stdout]                                at /rustc/90b35a6239c3d8bdabc530a6a0816f7ff89a0aaf/library/std/src/panic.rs:358:14
[INFO] [stdout]   31:     0x62aa142eb7a7 - test::run_test_in_process::h949b6df8457ed338
[INFO] [stdout]                                at /rustc/90b35a6239c3d8bdabc530a6a0816f7ff89a0aaf/library/test/src/lib.rs:644:27
[INFO] [stdout]   32:     0x62aa142eb7a7 - test::run_test::{{closure}}::h52c556a6d4740e10
[INFO] [stdout]                                at /rustc/90b35a6239c3d8bdabc530a6a0816f7ff89a0aaf/library/test/src/lib.rs:565:43
[INFO] [stdout]   33:     0x62aa142b0a84 - test::run_test::{{closure}}::h4237f6381c45ccb9
[INFO] [stdout]                                at /rustc/90b35a6239c3d8bdabc530a6a0816f7ff89a0aaf/library/test/src/lib.rs:595:41
[INFO] [stdout]   34:     0x62aa142b0a84 - std::sys::backtrace::__rust_begin_short_backtrace::h505c97a579eca628
[INFO] [stdout]                                at /rustc/90b35a6239c3d8bdabc530a6a0816f7ff89a0aaf/library/std/src/sys/backtrace.rs:154:18
[INFO] [stdout]   35:     0x62aa142b414e - std::thread::Builder::spawn_unchecked_::{{closure}}::{{closure}}::h9e86b2e2bc107ea3
[INFO] [stdout]                                at /rustc/90b35a6239c3d8bdabc530a6a0816f7ff89a0aaf/library/std/src/thread/mod.rs:538:17
[INFO] [stdout]   36:     0x62aa142b414e - <core::panic::unwind_safe::AssertUnwindSafe<F> as core::ops::function::FnOnce<()>>::call_once::h8b06ddb275ff4a25
[INFO] [stdout]                                at /rustc/90b35a6239c3d8bdabc530a6a0816f7ff89a0aaf/library/core/src/panic/unwind_safe.rs:272:9
[INFO] [stdout]   37:     0x62aa142b414e - std::panicking::try::do_call::hb26ecd7cd9a9355d
[INFO] [stdout]                                at /rustc/90b35a6239c3d8bdabc530a6a0816f7ff89a0aaf/library/std/src/panicking.rs:557:40
[INFO] [stdout]   38:     0x62aa142b414e - std::panicking::try::h8ddeca9d705f9069
[INFO] [stdout]                                at /rustc/90b35a6239c3d8bdabc530a6a0816f7ff89a0aaf/library/std/src/panicking.rs:520:19
[INFO] [stdout]   39:     0x62aa142b414e - std::panic::catch_unwind::h49e1c33078844c46
[INFO] [stdout]                                at /rustc/90b35a6239c3d8bdabc530a6a0816f7ff89a0aaf/library/std/src/panic.rs:358:14
[INFO] [stdout]   40:     0x62aa142b414e - std::thread::Builder::spawn_unchecked_::{{closure}}::h6073db6ff56ad35d
[INFO] [stdout]                                at /rustc/90b35a6239c3d8bdabc530a6a0816f7ff89a0aaf/library/std/src/thread/mod.rs:537:30
[INFO] [stdout]   41:     0x62aa142b414e - core::ops::function::FnOnce::call_once{{vtable.shim}}::h2c5a5f3779c774f1
[INFO] [stdout]                                at /rustc/90b35a6239c3d8bdabc530a6a0816f7ff89a0aaf/library/core/src/ops/function.rs:250:5
[INFO] [stdout]   42:     0x62aa14323f4b - <alloc::boxed::Box<F,A> as core::ops::function::FnOnce<Args>>::call_once::hf75717d9f28faebf
[INFO] [stdout]                                at /rustc/90b35a6239c3d8bdabc530a6a0816f7ff89a0aaf/library/alloc/src/boxed.rs:2454:9
[INFO] [stdout]   43:     0x62aa14323f4b - <alloc::boxed::Box<F,A> as core::ops::function::FnOnce<Args>>::call_once::h7bd883a5f3c5f3c1
[INFO] [stdout]                                at /rustc/90b35a6239c3d8bdabc530a6a0816f7ff89a0aaf/library/alloc/src/boxed.rs:2454:9
[INFO] [stdout]   44:     0x62aa14323f4b - std::sys::pal::unix::thread::Thread::new::thread_start::hcc78f3943333fa94
[INFO] [stdout]                                at /rustc/90b35a6239c3d8bdabc530a6a0816f7ff89a0aaf/library/std/src/sys/pal/unix/thread.rs:105:17
[INFO] [stdout]   45:     0x769d35ed3ac3 - <unknown>
[INFO] [stdout]   46:     0x769d35f64a04 - clone
[INFO] [stdout]   47:                0x0 - <unknown>
[INFO] [stdout] 
[INFO] [stdout] 
[INFO] [stdout] failures:
[INFO] [stdout]     ssa::tests::test_phi_read
[INFO] [stdout] 
[INFO] [stdout] test result: FAILED. 0 passed; 1 failed; 0 ignored; 0 measured; 0 filtered out; finished in 0.07s
[INFO] [stdout] 
[INFO] [stderr] error: test failed, to rerun pass `--bin decompiler`
[INFO] running `Command { std: "docker" "inspect" "eab322c19b99a714e3df67d6171dd82c3e5b1145d61adaceaa8e6228854281aa", kill_on_drop: false }`
[INFO] running `Command { std: "docker" "rm" "-f" "eab322c19b99a714e3df67d6171dd82c3e5b1145d61adaceaa8e6228854281aa", kill_on_drop: false }`
[INFO] [stdout] eab322c19b99a714e3df67d6171dd82c3e5b1145d61adaceaa8e6228854281aa
