[INFO] cloning repository https://github.com/sdtnjung/tower-memlim
[INFO] running `Command { std: "git" "-c" "credential.helper=" "-c" "credential.helper=/workspace/cargo-home/bin/git-credential-null" "clone" "--bare" "https://github.com/sdtnjung/tower-memlim" "/workspace/cache/git-repos/https%3A%2F%2Fgithub.com%2Fsdtnjung%2Ftower-memlim", kill_on_drop: false }`
[INFO] [stderr] Cloning into bare repository '/workspace/cache/git-repos/https%3A%2F%2Fgithub.com%2Fsdtnjung%2Ftower-memlim'...
[INFO] running `Command { std: "git" "rev-parse" "HEAD", kill_on_drop: false }`
[INFO] [stdout] f6e5d844ed24879a0bf8b04a8d371ff5bd94290c
[INFO] testing sdtnjung/tower-memlim against 1.83.0 for beta-1.84.0-4-retry
[INFO] running `Command { std: "git" "clone" "/workspace/cache/git-repos/https%3A%2F%2Fgithub.com%2Fsdtnjung%2Ftower-memlim" "/workspace/builds/worker-5-tc1/source", kill_on_drop: false }`
[INFO] [stderr] Cloning into '/workspace/builds/worker-5-tc1/source'...
[INFO] [stderr] done.
[INFO] validating manifest of git repo https://github.com/sdtnjung/tower-memlim on toolchain 1.83.0
[INFO] running `Command { std: CARGO_HOME="/workspace/cargo-home" RUSTUP_HOME="/workspace/rustup-home" "/workspace/cargo-home/bin/cargo" "+1.83.0" "metadata" "--manifest-path" "Cargo.toml" "--no-deps", kill_on_drop: false }`
[INFO] started tweaking git repo https://github.com/sdtnjung/tower-memlim
[INFO] finished tweaking git repo https://github.com/sdtnjung/tower-memlim
[INFO] tweaked toml for git repo https://github.com/sdtnjung/tower-memlim written to /workspace/builds/worker-5-tc1/source/Cargo.toml
[INFO] crate git repo https://github.com/sdtnjung/tower-memlim already has a lockfile, it will not be regenerated
[INFO] running `Command { std: CARGO_HOME="/workspace/cargo-home" RUSTUP_HOME="/workspace/rustup-home" "/workspace/cargo-home/bin/cargo" "+1.83.0" "fetch" "--manifest-path" "Cargo.toml", kill_on_drop: false }`
[INFO] [stderr]     Updating crates.io index
[INFO] [stderr]  Downloading crates ...
[INFO] [stderr]   Downloaded cgroup-memory v0.1.0
[INFO] running `Command { std: "docker" "create" "-v" "/var/lib/crater-agent-workspace/builds/worker-5-tc1/target:/opt/rustwide/target:rw,Z" "-v" "/var/lib/crater-agent-workspace/builds/worker-5-tc1/source:/opt/rustwide/workdir:ro,Z" "-v" "/var/lib/crater-agent-workspace/cargo-home:/opt/rustwide/cargo-home:ro,Z" "-v" "/var/lib/crater-agent-workspace/rustup-home:/opt/rustwide/rustup-home:ro,Z" "-e" "SOURCE_DIR=/opt/rustwide/workdir" "-e" "CARGO_TARGET_DIR=/opt/rustwide/target" "-e" "CARGO_HOME=/opt/rustwide/cargo-home" "-e" "RUSTUP_HOME=/opt/rustwide/rustup-home" "-w" "/opt/rustwide/workdir" "-m" "1610612736" "--user" "0:0" "--network" "none" "ghcr.io/rust-lang/crates-build-env/linux@sha256:f3a9d4ad9d972b27faf3965f35b62e55ba32bbce8f20bc8fe909558a86702fde" "/opt/rustwide/cargo-home/bin/cargo" "+1.83.0" "metadata" "--no-deps" "--format-version=1", kill_on_drop: false }`
[INFO] [stdout] 7a77cf93232fe459cc1da0a24c040e387a7ee0e083bbafac7eee8eba8ad48196
[INFO] running `Command { std: "docker" "start" "-a" "7a77cf93232fe459cc1da0a24c040e387a7ee0e083bbafac7eee8eba8ad48196", kill_on_drop: false }`
[INFO] running `Command { std: "docker" "inspect" "7a77cf93232fe459cc1da0a24c040e387a7ee0e083bbafac7eee8eba8ad48196", kill_on_drop: false }`
[INFO] running `Command { std: "docker" "rm" "-f" "7a77cf93232fe459cc1da0a24c040e387a7ee0e083bbafac7eee8eba8ad48196", kill_on_drop: false }`
[INFO] [stdout] 7a77cf93232fe459cc1da0a24c040e387a7ee0e083bbafac7eee8eba8ad48196
[INFO] running `Command { std: "docker" "create" "-v" "/var/lib/crater-agent-workspace/builds/worker-5-tc1/target:/opt/rustwide/target:rw,Z" "-v" "/var/lib/crater-agent-workspace/builds/worker-5-tc1/source:/opt/rustwide/workdir:ro,Z" "-v" "/var/lib/crater-agent-workspace/cargo-home:/opt/rustwide/cargo-home:ro,Z" "-v" "/var/lib/crater-agent-workspace/rustup-home:/opt/rustwide/rustup-home:ro,Z" "-e" "SOURCE_DIR=/opt/rustwide/workdir" "-e" "CARGO_TARGET_DIR=/opt/rustwide/target" "-e" "CARGO_INCREMENTAL=0" "-e" "RUST_BACKTRACE=full" "-e" "RUSTFLAGS=--cap-lints=warn" "-e" "RUSTDOCFLAGS=--cap-lints=warn" "-e" "CARGO_HOME=/opt/rustwide/cargo-home" "-e" "RUSTUP_HOME=/opt/rustwide/rustup-home" "-w" "/opt/rustwide/workdir" "-m" "1610612736" "--user" "0:0" "--network" "none" "ghcr.io/rust-lang/crates-build-env/linux@sha256:f3a9d4ad9d972b27faf3965f35b62e55ba32bbce8f20bc8fe909558a86702fde" "/opt/rustwide/cargo-home/bin/cargo" "+1.83.0" "build" "--frozen" "--message-format=json", kill_on_drop: false }`
[INFO] [stdout] 32f700e8791adec2ed76802de7028a54b8702c8e1e355e5a1d0f8061ee8f1ff2
[INFO] running `Command { std: "docker" "start" "-a" "32f700e8791adec2ed76802de7028a54b8702c8e1e355e5a1d0f8061ee8f1ff2", kill_on_drop: false }`
[INFO] [stderr]    Compiling unicode-ident v1.0.13
[INFO] [stderr]    Compiling pin-project-lite v0.2.14
[INFO] [stderr]    Compiling tower-service v0.3.3
[INFO] [stderr]    Compiling futures-core v0.3.30
[INFO] [stderr]    Compiling cgroup-memory v0.1.0
[INFO] [stderr]    Compiling tower-layer v0.3.3
[INFO] [stderr]    Compiling proc-macro2 v1.0.86
[INFO] [stderr]    Compiling quote v1.0.37
[INFO] [stderr]    Compiling syn v2.0.79
[INFO] [stderr]    Compiling tokio-macros v2.4.0
[INFO] [stderr]    Compiling tokio v1.40.0
[INFO] [stderr]    Compiling tower-memlim v0.3.0 (/opt/rustwide/workdir)
[INFO] [stderr]     Finished `dev` profile [unoptimized + debuginfo] target(s) in 10.24s
[INFO] running `Command { std: "docker" "inspect" "32f700e8791adec2ed76802de7028a54b8702c8e1e355e5a1d0f8061ee8f1ff2", kill_on_drop: false }`
[INFO] running `Command { std: "docker" "rm" "-f" "32f700e8791adec2ed76802de7028a54b8702c8e1e355e5a1d0f8061ee8f1ff2", kill_on_drop: false }`
[INFO] [stdout] 32f700e8791adec2ed76802de7028a54b8702c8e1e355e5a1d0f8061ee8f1ff2
[INFO] running `Command { std: "docker" "create" "-v" "/var/lib/crater-agent-workspace/builds/worker-5-tc1/target:/opt/rustwide/target:rw,Z" "-v" "/var/lib/crater-agent-workspace/builds/worker-5-tc1/source:/opt/rustwide/workdir:ro,Z" "-v" "/var/lib/crater-agent-workspace/cargo-home:/opt/rustwide/cargo-home:ro,Z" "-v" "/var/lib/crater-agent-workspace/rustup-home:/opt/rustwide/rustup-home:ro,Z" "-e" "SOURCE_DIR=/opt/rustwide/workdir" "-e" "CARGO_TARGET_DIR=/opt/rustwide/target" "-e" "CARGO_INCREMENTAL=0" "-e" "RUST_BACKTRACE=full" "-e" "RUSTFLAGS=--cap-lints=warn" "-e" "RUSTDOCFLAGS=--cap-lints=warn" "-e" "CARGO_HOME=/opt/rustwide/cargo-home" "-e" "RUSTUP_HOME=/opt/rustwide/rustup-home" "-w" "/opt/rustwide/workdir" "-m" "1610612736" "--user" "0:0" "--network" "none" "ghcr.io/rust-lang/crates-build-env/linux@sha256:f3a9d4ad9d972b27faf3965f35b62e55ba32bbce8f20bc8fe909558a86702fde" "/opt/rustwide/cargo-home/bin/cargo" "+1.83.0" "test" "--frozen" "--no-run" "--message-format=json", kill_on_drop: false }`
[INFO] [stdout] c185be1722ee8764144eac125627f15f4d3469d2c7da2c27b9d132bcadc58df0
[INFO] running `Command { std: "docker" "start" "-a" "c185be1722ee8764144eac125627f15f4d3469d2c7da2c27b9d132bcadc58df0", kill_on_drop: false }`
[INFO] [stderr]    Compiling autocfg v1.4.0
[INFO] [stderr]    Compiling pin-utils v0.1.0
[INFO] [stderr]    Compiling futures-task v0.3.30
[INFO] [stderr]    Compiling bytes v1.7.2
[INFO] [stderr]    Compiling sync_wrapper v0.1.2
[INFO] [stderr]    Compiling futures-macro v0.3.30
[INFO] [stderr]    Compiling async-stream-impl v0.3.6
[INFO] [stderr]    Compiling pin-project-internal v1.1.5
[INFO] [stderr]    Compiling tokio-stream v0.1.16
[INFO] [stderr]    Compiling slab v0.4.9
[INFO] [stderr]    Compiling async-stream v0.3.6
[INFO] [stderr]    Compiling tokio-test v0.4.4
[INFO] [stderr]    Compiling futures-util v0.3.30
[INFO] [stderr]    Compiling pin-project v1.1.5
[INFO] [stderr]    Compiling tower v0.5.1
[INFO] [stderr]    Compiling tower-test v0.4.0
[INFO] [stderr]    Compiling tower-memlim v0.3.0 (/opt/rustwide/workdir)
[INFO] [stdout] warning: unused import: `assert_ready_err`
[INFO] [stdout]  --> tests/main.rs:9:34
[INFO] [stdout]   |
[INFO] [stdout] 9 | use tokio_test::{assert_pending, assert_ready_err, assert_ready_ok};
[INFO] [stdout]   |                                  ^^^^^^^^^^^^^^^^
[INFO] [stdout]   |
[INFO] [stdout]   = note: `#[warn(unused_imports)]` on by default
[INFO] [stdout] 
[INFO] [stdout] 
[INFO] [stdout] warning: unused import: `self`
[INFO] [stdout]   --> tests/main.rs:19:24
[INFO] [stdout]    |
[INFO] [stdout] 19 | use tower_test::mock::{self};
[INFO] [stdout]    |                        ^^^^
[INFO] [stdout] 
[INFO] [stdout] 
[INFO] [stderr]     Finished `test` profile [unoptimized + debuginfo] target(s) in 7.41s
[INFO] running `Command { std: "docker" "inspect" "c185be1722ee8764144eac125627f15f4d3469d2c7da2c27b9d132bcadc58df0", kill_on_drop: false }`
[INFO] running `Command { std: "docker" "rm" "-f" "c185be1722ee8764144eac125627f15f4d3469d2c7da2c27b9d132bcadc58df0", kill_on_drop: false }`
[INFO] [stdout] c185be1722ee8764144eac125627f15f4d3469d2c7da2c27b9d132bcadc58df0
[INFO] running `Command { std: "docker" "create" "-v" "/var/lib/crater-agent-workspace/builds/worker-5-tc1/target:/opt/rustwide/target:rw,Z" "-v" "/var/lib/crater-agent-workspace/builds/worker-5-tc1/source:/opt/rustwide/workdir:ro,Z" "-v" "/var/lib/crater-agent-workspace/cargo-home:/opt/rustwide/cargo-home:ro,Z" "-v" "/var/lib/crater-agent-workspace/rustup-home:/opt/rustwide/rustup-home:ro,Z" "-e" "SOURCE_DIR=/opt/rustwide/workdir" "-e" "CARGO_TARGET_DIR=/opt/rustwide/target" "-e" "CARGO_INCREMENTAL=0" "-e" "RUST_BACKTRACE=full" "-e" "RUSTFLAGS=--cap-lints=warn" "-e" "RUSTDOCFLAGS=--cap-lints=warn" "-e" "CARGO_HOME=/opt/rustwide/cargo-home" "-e" "RUSTUP_HOME=/opt/rustwide/rustup-home" "-w" "/opt/rustwide/workdir" "-m" "1610612736" "--user" "0:0" "--network" "none" "ghcr.io/rust-lang/crates-build-env/linux@sha256:f3a9d4ad9d972b27faf3965f35b62e55ba32bbce8f20bc8fe909558a86702fde" "/opt/rustwide/cargo-home/bin/cargo" "+1.83.0" "test" "--frozen", kill_on_drop: false }`
[INFO] [stdout] e6972c5c0acddbb09fd4ec0ef80f0c34c965ee00ea97cbbf7f4c8d877f2fdd7b
[INFO] running `Command { std: "docker" "start" "-a" "e6972c5c0acddbb09fd4ec0ef80f0c34c965ee00ea97cbbf7f4c8d877f2fdd7b", kill_on_drop: false }`
[INFO] [stderr] warning: unused import: `assert_ready_err`
[INFO] [stderr]  --> tests/main.rs:9:34
[INFO] [stderr]   |
[INFO] [stderr] 9 | use tokio_test::{assert_pending, assert_ready_err, assert_ready_ok};
[INFO] [stderr]   |                                  ^^^^^^^^^^^^^^^^
[INFO] [stderr]   |
[INFO] [stderr]   = note: `#[warn(unused_imports)]` on by default
[INFO] [stderr] 
[INFO] [stderr] warning: unused import: `self`
[INFO] [stderr]   --> tests/main.rs:19:24
[INFO] [stderr]    |
[INFO] [stderr] 19 | use tower_test::mock::{self};
[INFO] [stderr]    |                        ^^^^
[INFO] [stderr] 
[INFO] [stderr] warning: `tower-memlim` (test "main") generated 2 warnings (run `cargo fix --test "main"` to apply 2 suggestions)
[INFO] [stderr]     Finished `test` profile [unoptimized + debuginfo] target(s) in 0.08s
[INFO] [stderr]      Running unittests src/lib.rs (/opt/rustwide/target/debug/deps/tower_memlim-f7b51f7aa170144a)
[INFO] [stdout] 
[INFO] [stdout] running 0 tests
[INFO] [stdout] 
[INFO] [stdout] test result: ok. 0 passed; 0 failed; 0 ignored; 0 measured; 0 filtered out; finished in 0.00s
[INFO] [stdout] 
[INFO] [stderr]      Running tests/main.rs (/opt/rustwide/target/debug/deps/main-dbade77e9625acf5)
[INFO] [stdout] 
[INFO] [stdout] running 4 tests
[INFO] [stdout] test test_with_load_shed_error ... ok
[INFO] [stdout] test test_with_load_shed_error_conversion ... ok
[INFO] [stdout] test test_waker ... ok
[INFO] [stdout] test test_basis_with_functional_mem_provider_stub ... ok
[INFO] [stdout] 
[INFO] [stdout] test result: ok. 4 passed; 0 failed; 0 ignored; 0 measured; 0 filtered out; finished in 0.08s
[INFO] [stdout] 
[INFO] [stderr]    Doc-tests tower_memlim
[INFO] [stdout] 
[INFO] [stdout] running 1 test
[INFO] [stdout] test src/../README.md - (line 18) ... FAILED
[INFO] [stdout] 
[INFO] [stdout] failures:
[INFO] [stdout] 
[INFO] [stdout] ---- src/../README.md - (line 18) stdout ----
[INFO] [stdout] Test executable failed (exit status: 101).
[INFO] [stdout] 
[INFO] [stdout] stderr:
[INFO] [stdout] thread 'main' panicked at /opt/rustwide/workdir/src/service.rs:43:29:
[INFO] [stdout] there is no reactor running, must be called from the context of a Tokio 1.x runtime
[INFO] [stdout] stack backtrace:
[INFO] [stdout]    0:     0x56e34e6c3eca - std::backtrace_rs::backtrace::libunwind::trace::h5a5b8284f2d0c266
[INFO] [stdout]                                at /rustc/90b35a6239c3d8bdabc530a6a0816f7ff89a0aaf/library/std/src/../../backtrace/src/backtrace/libunwind.rs:116:5
[INFO] [stdout]    1:     0x56e34e6c3eca - std::backtrace_rs::backtrace::trace_unsynchronized::h76d4f1c9b0b875e3
[INFO] [stdout]                                at /rustc/90b35a6239c3d8bdabc530a6a0816f7ff89a0aaf/library/std/src/../../backtrace/src/backtrace/mod.rs:66:5
[INFO] [stdout]    2:     0x56e34e6c3eca - std::sys::backtrace::_print_fmt::hc4546b8364a537c6
[INFO] [stdout]                                at /rustc/90b35a6239c3d8bdabc530a6a0816f7ff89a0aaf/library/std/src/sys/backtrace.rs:66:9
[INFO] [stdout]    3:     0x56e34e6c3eca - <std::sys::backtrace::BacktraceLock::print::DisplayBacktrace as core::fmt::Display>::fmt::h5b6bd5631a6d1f6b
[INFO] [stdout]                                at /rustc/90b35a6239c3d8bdabc530a6a0816f7ff89a0aaf/library/std/src/sys/backtrace.rs:39:26
[INFO] [stdout]    4:     0x56e34e6dfb53 - core::fmt::rt::Argument::fmt::h270f6602a2b96f62
[INFO] [stdout]                                at /rustc/90b35a6239c3d8bdabc530a6a0816f7ff89a0aaf/library/core/src/fmt/rt.rs:177:76
[INFO] [stdout]    5:     0x56e34e6dfb53 - core::fmt::write::h7550c97b06c86515
[INFO] [stdout]                                at /rustc/90b35a6239c3d8bdabc530a6a0816f7ff89a0aaf/library/core/src/fmt/mod.rs:1186:21
[INFO] [stdout]    6:     0x56e34e6c1a73 - std::io::Write::write_fmt::h7b09c64fe0be9c84
[INFO] [stdout]                                at /rustc/90b35a6239c3d8bdabc530a6a0816f7ff89a0aaf/library/std/src/io/mod.rs:1839:15
[INFO] [stdout]    7:     0x56e34e6c3d12 - std::sys::backtrace::BacktraceLock::print::h2395ccd2c84ba3aa
[INFO] [stdout]                                at /rustc/90b35a6239c3d8bdabc530a6a0816f7ff89a0aaf/library/std/src/sys/backtrace.rs:42:9
[INFO] [stdout]    8:     0x56e34e6c4cbc - std::panicking::default_hook::{{closure}}::he19d4c7230e07961
[INFO] [stdout]                                at /rustc/90b35a6239c3d8bdabc530a6a0816f7ff89a0aaf/library/std/src/panicking.rs:268:22
[INFO] [stdout]    9:     0x56e34e6c4b02 - std::panicking::default_hook::hf614597d3c67bbdb
[INFO] [stdout]                                at /rustc/90b35a6239c3d8bdabc530a6a0816f7ff89a0aaf/library/std/src/panicking.rs:295:9
[INFO] [stdout]   10:     0x56e34e6c5297 - std::panicking::rust_panic_with_hook::h8942133a8b252070
[INFO] [stdout]                                at /rustc/90b35a6239c3d8bdabc530a6a0816f7ff89a0aaf/library/std/src/panicking.rs:801:13
[INFO] [stdout]   11:     0x56e34e6c512a - std::panicking::begin_panic_handler::{{closure}}::hb5f5963570096b29
[INFO] [stdout]                                at /rustc/90b35a6239c3d8bdabc530a6a0816f7ff89a0aaf/library/std/src/panicking.rs:674:13
[INFO] [stdout]   12:     0x56e34e6c43a9 - std::sys::backtrace::__rust_end_short_backtrace::h6208cedc1922feda
[INFO] [stdout]                                at /rustc/90b35a6239c3d8bdabc530a6a0816f7ff89a0aaf/library/std/src/sys/backtrace.rs:170:18
[INFO] [stdout]   13:     0x56e34e6c4dbc - rust_begin_unwind
[INFO] [stdout]                                at /rustc/90b35a6239c3d8bdabc530a6a0816f7ff89a0aaf/library/std/src/panicking.rs:665:5
[INFO] [stdout]   14:     0x56e34e695200 - core::panicking::panic_fmt::h0c3082644d1bf418
[INFO] [stdout]                                at /rustc/90b35a6239c3d8bdabc530a6a0816f7ff89a0aaf/library/core/src/panicking.rs:74:14
[INFO] [stdout]   15:     0x56e34e6a3af3 - core::panicking::panic_display::hc1a8c3290aba8ce3
[INFO] [stdout]                                at /rustc/90b35a6239c3d8bdabc530a6a0816f7ff89a0aaf/library/core/src/panicking.rs:264:5
[INFO] [stdout]   16:     0x56e34e6a580e - tokio::runtime::scheduler::Handle::current::panic_cold_display::h0805604ecf0aec6c
[INFO] [stdout]                                at /rustc/90b35a6239c3d8bdabc530a6a0816f7ff89a0aaf/library/core/src/panic.rs:100:13
[INFO] [stdout]   17:     0x56e34e6a57f9 - tokio::runtime::scheduler::Handle::current::h560f49cd6f9dd195
[INFO] [stdout]                                at /opt/rustwide/cargo-home/registry/src/index.crates.io-6f17d22bba15001f/tokio-1.40.0/src/runtime/scheduler/mod.rs:108:27
[INFO] [stdout]   18:     0x56e34e6978b3 - tokio::time::sleep::Sleep::new_timeout::hb4d908a08415682c
[INFO] [stdout]                                at /opt/rustwide/cargo-home/registry/src/index.crates.io-6f17d22bba15001f/tokio-1.40.0/src/time/sleep.rs:257:22
[INFO] [stdout]   19:     0x56e34e697859 - tokio::time::sleep::sleep::hb40e81e59e3c92c8
[INFO] [stdout]                                at /opt/rustwide/cargo-home/registry/src/index.crates.io-6f17d22bba15001f/tokio-1.40.0/src/time/sleep.rs:129:27
[INFO] [stdout]   20:     0x56e34e695c53 - tower_memlim::service::MemoryLimit<T,M>::new::h6d793c0e0c224725
[INFO] [stdout]   21:     0x56e34e6965a6 - <tower_memlim::layer::MemoryLimitLayer<M> as tower_layer::Layer<S>>::layer::h146407339780f544
[INFO] [stdout]   22:     0x56e34e69648d - <tower_layer::stack::Stack<Inner,Outer> as tower_layer::Layer<S>>::layer::h448d94df05ec4bb8
[INFO] [stdout]   23:     0x56e34e69636d - tower::builder::ServiceBuilder<L>::service::hf70ad3dd3203b160
[INFO] [stdout]   24:     0x56e34e6966bd - rust_out::main::_doctest_main_src____README_md_18_0::h6a832ee5aa90b57d
[INFO] [stdout]   25:     0x56e34e696666 - rust_out::main::h86d391cc11b8a827
[INFO] [stdout]   26:     0x56e34e695dc3 - core::ops::function::FnOnce::call_once::hd1e0b33d350e8c2e
[INFO] [stdout]   27:     0x56e34e695da6 - std::sys::backtrace::__rust_begin_short_backtrace::hb7c4fd168269da08
[INFO] [stdout]   28:     0x56e34e695d89 - std::rt::lang_start::{{closure}}::h7630186e3858a44d
[INFO] [stdout]   29:     0x56e34e6bfe5e - core::ops::function::impls::<impl core::ops::function::FnOnce<A> for &F>::call_once::hfdb85f4ee94732d3
[INFO] [stdout]                                at /rustc/90b35a6239c3d8bdabc530a6a0816f7ff89a0aaf/library/core/src/ops/function.rs:284:13
[INFO] [stdout]   30:     0x56e34e6bfe5e - std::panicking::try::do_call::h6e577310f330cbef
[INFO] [stdout]                                at /rustc/90b35a6239c3d8bdabc530a6a0816f7ff89a0aaf/library/std/src/panicking.rs:557:40
[INFO] [stdout]   31:     0x56e34e6bfe5e - std::panicking::try::ha588d438267d2645
[INFO] [stdout]                                at /rustc/90b35a6239c3d8bdabc530a6a0816f7ff89a0aaf/library/std/src/panicking.rs:520:19
[INFO] [stdout]   32:     0x56e34e6bfe5e - std::panic::catch_unwind::h429fda1e025f26d9
[INFO] [stdout]                                at /rustc/90b35a6239c3d8bdabc530a6a0816f7ff89a0aaf/library/std/src/panic.rs:358:14
[INFO] [stdout]   33:     0x56e34e6bfe5e - std::rt::lang_start_internal::{{closure}}::h7b731265e841c4bf
[INFO] [stdout]                                at /rustc/90b35a6239c3d8bdabc530a6a0816f7ff89a0aaf/library/std/src/rt.rs:174:48
[INFO] [stdout]   34:     0x56e34e6bfe5e - std::panicking::try::do_call::hc0f6a675b7ae5a36
[INFO] [stdout]                                at /rustc/90b35a6239c3d8bdabc530a6a0816f7ff89a0aaf/library/std/src/panicking.rs:557:40
[INFO] [stdout]   35:     0x56e34e6bfe5e - std::panicking::try::h4c93b7ff0671f1ff
[INFO] [stdout]                                at /rustc/90b35a6239c3d8bdabc530a6a0816f7ff89a0aaf/library/std/src/panicking.rs:520:19
[INFO] [stdout]   36:     0x56e34e6bfe5e - std::panic::catch_unwind::hcc1e154961d16ce6
[INFO] [stdout]                                at /rustc/90b35a6239c3d8bdabc530a6a0816f7ff89a0aaf/library/std/src/panic.rs:358:14
[INFO] [stdout]   37:     0x56e34e6bfe5e - std::rt::lang_start_internal::h1c66660c99c8424c
[INFO] [stdout]                                at /rustc/90b35a6239c3d8bdabc530a6a0816f7ff89a0aaf/library/std/src/rt.rs:174:20
[INFO] [stdout]   38:     0x56e34e695d67 - std::rt::lang_start::hcdb31f4834f76b8c
[INFO] [stdout]   39:     0x56e34e6966e5 - main
[INFO] [stdout]   40:     0x75759284fd90 - <unknown>
[INFO] [stdout]   41:     0x75759284fe40 - __libc_start_main
[INFO] [stdout]   42:     0x56e34e695a95 - _start
[INFO] [stdout]   43:                0x0 - <unknown>
[INFO] [stdout] 
[INFO] [stdout] 
[INFO] [stdout] 
[INFO] [stdout] failures:
[INFO] [stdout]     src/../README.md - (line 18)
[INFO] [stdout] 
[INFO] [stdout] test result: FAILED. 0 passed; 1 failed; 0 ignored; 0 measured; 0 filtered out; finished in 0.55s
[INFO] [stdout] 
[INFO] [stderr] error: doctest failed, to rerun pass `--doc`
[INFO] running `Command { std: "docker" "inspect" "e6972c5c0acddbb09fd4ec0ef80f0c34c965ee00ea97cbbf7f4c8d877f2fdd7b", kill_on_drop: false }`
[INFO] running `Command { std: "docker" "rm" "-f" "e6972c5c0acddbb09fd4ec0ef80f0c34c965ee00ea97cbbf7f4c8d877f2fdd7b", kill_on_drop: false }`
[INFO] [stdout] e6972c5c0acddbb09fd4ec0ef80f0c34c965ee00ea97cbbf7f4c8d877f2fdd7b
