[INFO] cloning repository https://github.com/sciencefidelity/challenge
[INFO] running `Command { std: "git" "-c" "credential.helper=" "-c" "credential.helper=/workspace/cargo-home/bin/git-credential-null" "clone" "--bare" "https://github.com/sciencefidelity/challenge" "/workspace/cache/git-repos/https%3A%2F%2Fgithub.com%2Fsciencefidelity%2Fchallenge", kill_on_drop: false }`
[INFO] [stderr] Cloning into bare repository '/workspace/cache/git-repos/https%3A%2F%2Fgithub.com%2Fsciencefidelity%2Fchallenge'...
[INFO] running `Command { std: "git" "rev-parse" "HEAD", kill_on_drop: false }`
[INFO] [stdout] abb5d2764bdc01a9bcf392a073982ba0f4c2e7c6
[INFO] testing sciencefidelity/challenge against 1.83.0 for beta-1.84.0-4-retry
[INFO] running `Command { std: "git" "clone" "/workspace/cache/git-repos/https%3A%2F%2Fgithub.com%2Fsciencefidelity%2Fchallenge" "/workspace/builds/worker-6-tc1/source", kill_on_drop: false }`
[INFO] [stderr] Cloning into '/workspace/builds/worker-6-tc1/source'...
[INFO] [stderr] done.
[INFO] validating manifest of git repo https://github.com/sciencefidelity/challenge on toolchain 1.83.0
[INFO] running `Command { std: CARGO_HOME="/workspace/cargo-home" RUSTUP_HOME="/workspace/rustup-home" "/workspace/cargo-home/bin/cargo" "+1.83.0" "metadata" "--manifest-path" "Cargo.toml" "--no-deps", kill_on_drop: false }`
[INFO] started tweaking git repo https://github.com/sciencefidelity/challenge
[INFO] finished tweaking git repo https://github.com/sciencefidelity/challenge
[INFO] tweaked toml for git repo https://github.com/sciencefidelity/challenge written to /workspace/builds/worker-6-tc1/source/Cargo.toml
[INFO] crate git repo https://github.com/sciencefidelity/challenge already has a lockfile, it will not be regenerated
[INFO] running `Command { std: CARGO_HOME="/workspace/cargo-home" RUSTUP_HOME="/workspace/rustup-home" "/workspace/cargo-home/bin/cargo" "+1.83.0" "fetch" "--manifest-path" "Cargo.toml", kill_on_drop: false }`
[INFO] [stderr]  Downloading crates ...
[INFO] [stderr]   Downloaded libc v0.2.155
[INFO] running `Command { std: "docker" "create" "-v" "/var/lib/crater-agent-workspace/builds/worker-6-tc1/target:/opt/rustwide/target:rw,Z" "-v" "/var/lib/crater-agent-workspace/builds/worker-6-tc1/source:/opt/rustwide/workdir:ro,Z" "-v" "/var/lib/crater-agent-workspace/cargo-home:/opt/rustwide/cargo-home:ro,Z" "-v" "/var/lib/crater-agent-workspace/rustup-home:/opt/rustwide/rustup-home:ro,Z" "-e" "SOURCE_DIR=/opt/rustwide/workdir" "-e" "CARGO_TARGET_DIR=/opt/rustwide/target" "-e" "CARGO_HOME=/opt/rustwide/cargo-home" "-e" "RUSTUP_HOME=/opt/rustwide/rustup-home" "-w" "/opt/rustwide/workdir" "-m" "1610612736" "--user" "0:0" "--network" "none" "ghcr.io/rust-lang/crates-build-env/linux@sha256:f3a9d4ad9d972b27faf3965f35b62e55ba32bbce8f20bc8fe909558a86702fde" "/opt/rustwide/cargo-home/bin/cargo" "+1.83.0" "metadata" "--no-deps" "--format-version=1", kill_on_drop: false }`
[INFO] [stdout] 0b9139119b0bdf6d824ceb7a7b87f755dcdcbbd78ab90e3bb143c3413624d41c
[INFO] running `Command { std: "docker" "start" "-a" "0b9139119b0bdf6d824ceb7a7b87f755dcdcbbd78ab90e3bb143c3413624d41c", kill_on_drop: false }`
[INFO] running `Command { std: "docker" "inspect" "0b9139119b0bdf6d824ceb7a7b87f755dcdcbbd78ab90e3bb143c3413624d41c", kill_on_drop: false }`
[INFO] running `Command { std: "docker" "rm" "-f" "0b9139119b0bdf6d824ceb7a7b87f755dcdcbbd78ab90e3bb143c3413624d41c", kill_on_drop: false }`
[INFO] [stdout] 0b9139119b0bdf6d824ceb7a7b87f755dcdcbbd78ab90e3bb143c3413624d41c
[INFO] running `Command { std: "docker" "create" "-v" "/var/lib/crater-agent-workspace/builds/worker-6-tc1/target:/opt/rustwide/target:rw,Z" "-v" "/var/lib/crater-agent-workspace/builds/worker-6-tc1/source:/opt/rustwide/workdir:ro,Z" "-v" "/var/lib/crater-agent-workspace/cargo-home:/opt/rustwide/cargo-home:ro,Z" "-v" "/var/lib/crater-agent-workspace/rustup-home:/opt/rustwide/rustup-home:ro,Z" "-e" "SOURCE_DIR=/opt/rustwide/workdir" "-e" "CARGO_TARGET_DIR=/opt/rustwide/target" "-e" "CARGO_INCREMENTAL=0" "-e" "RUST_BACKTRACE=full" "-e" "RUSTFLAGS=--cap-lints=warn" "-e" "RUSTDOCFLAGS=--cap-lints=warn" "-e" "CARGO_HOME=/opt/rustwide/cargo-home" "-e" "RUSTUP_HOME=/opt/rustwide/rustup-home" "-w" "/opt/rustwide/workdir" "-m" "1610612736" "--user" "0:0" "--network" "none" "ghcr.io/rust-lang/crates-build-env/linux@sha256:f3a9d4ad9d972b27faf3965f35b62e55ba32bbce8f20bc8fe909558a86702fde" "/opt/rustwide/cargo-home/bin/cargo" "+1.83.0" "build" "--frozen" "--message-format=json", kill_on_drop: false }`
[INFO] [stdout] 932ad0c723da9614f8cf57e0e83397684df51d9d3a9875ace89a69c19a42241d
[INFO] running `Command { std: "docker" "start" "-a" "932ad0c723da9614f8cf57e0e83397684df51d9d3a9875ace89a69c19a42241d", kill_on_drop: false }`
[INFO] [stderr]    Compiling libc v0.2.155
[INFO] [stderr]    Compiling ppv-lite86 v0.2.17
[INFO] [stderr]    Compiling utils v0.1.0 (/opt/rustwide/workdir/crates/utils)
[INFO] [stderr]    Compiling b_tree v0.1.0 (/opt/rustwide/workdir/crates/b_tree)
[INFO] [stderr]    Compiling linked v0.1.0 (/opt/rustwide/workdir/crates/linked)
[INFO] [stderr]    Compiling getrandom v0.2.15
[INFO] [stderr]    Compiling rand_core v0.6.4
[INFO] [stderr]    Compiling rand_chacha v0.3.1
[INFO] [stderr]    Compiling rand v0.8.5
[INFO] [stderr]    Compiling challenge v0.1.0 (/opt/rustwide/workdir)
[INFO] [stderr]     Finished `dev` profile [unoptimized + debuginfo] target(s) in 7.73s
[INFO] running `Command { std: "docker" "inspect" "932ad0c723da9614f8cf57e0e83397684df51d9d3a9875ace89a69c19a42241d", kill_on_drop: false }`
[INFO] running `Command { std: "docker" "rm" "-f" "932ad0c723da9614f8cf57e0e83397684df51d9d3a9875ace89a69c19a42241d", kill_on_drop: false }`
[INFO] [stdout] 932ad0c723da9614f8cf57e0e83397684df51d9d3a9875ace89a69c19a42241d
[INFO] running `Command { std: "docker" "create" "-v" "/var/lib/crater-agent-workspace/builds/worker-6-tc1/target:/opt/rustwide/target:rw,Z" "-v" "/var/lib/crater-agent-workspace/builds/worker-6-tc1/source:/opt/rustwide/workdir:ro,Z" "-v" "/var/lib/crater-agent-workspace/cargo-home:/opt/rustwide/cargo-home:ro,Z" "-v" "/var/lib/crater-agent-workspace/rustup-home:/opt/rustwide/rustup-home:ro,Z" "-e" "SOURCE_DIR=/opt/rustwide/workdir" "-e" "CARGO_TARGET_DIR=/opt/rustwide/target" "-e" "CARGO_INCREMENTAL=0" "-e" "RUST_BACKTRACE=full" "-e" "RUSTFLAGS=--cap-lints=warn" "-e" "RUSTDOCFLAGS=--cap-lints=warn" "-e" "CARGO_HOME=/opt/rustwide/cargo-home" "-e" "RUSTUP_HOME=/opt/rustwide/rustup-home" "-w" "/opt/rustwide/workdir" "-m" "1610612736" "--user" "0:0" "--network" "none" "ghcr.io/rust-lang/crates-build-env/linux@sha256:f3a9d4ad9d972b27faf3965f35b62e55ba32bbce8f20bc8fe909558a86702fde" "/opt/rustwide/cargo-home/bin/cargo" "+1.83.0" "test" "--frozen" "--no-run" "--message-format=json", kill_on_drop: false }`
[INFO] [stdout] bc8492341f197b910f17d31a42425e127ebab12a7b67a94e61e51d962d29a708
[INFO] running `Command { std: "docker" "start" "-a" "bc8492341f197b910f17d31a42425e127ebab12a7b67a94e61e51d962d29a708", kill_on_drop: false }`
[INFO] [stderr]    Compiling challenge v0.1.0 (/opt/rustwide/workdir)
[INFO] [stderr]     Finished `test` profile [unoptimized + debuginfo] target(s) in 9.27s
[INFO] running `Command { std: "docker" "inspect" "bc8492341f197b910f17d31a42425e127ebab12a7b67a94e61e51d962d29a708", kill_on_drop: false }`
[INFO] running `Command { std: "docker" "rm" "-f" "bc8492341f197b910f17d31a42425e127ebab12a7b67a94e61e51d962d29a708", kill_on_drop: false }`
[INFO] [stdout] bc8492341f197b910f17d31a42425e127ebab12a7b67a94e61e51d962d29a708
[INFO] running `Command { std: "docker" "create" "-v" "/var/lib/crater-agent-workspace/builds/worker-6-tc1/target:/opt/rustwide/target:rw,Z" "-v" "/var/lib/crater-agent-workspace/builds/worker-6-tc1/source:/opt/rustwide/workdir:ro,Z" "-v" "/var/lib/crater-agent-workspace/cargo-home:/opt/rustwide/cargo-home:ro,Z" "-v" "/var/lib/crater-agent-workspace/rustup-home:/opt/rustwide/rustup-home:ro,Z" "-e" "SOURCE_DIR=/opt/rustwide/workdir" "-e" "CARGO_TARGET_DIR=/opt/rustwide/target" "-e" "CARGO_INCREMENTAL=0" "-e" "RUST_BACKTRACE=full" "-e" "RUSTFLAGS=--cap-lints=warn" "-e" "RUSTDOCFLAGS=--cap-lints=warn" "-e" "CARGO_HOME=/opt/rustwide/cargo-home" "-e" "RUSTUP_HOME=/opt/rustwide/rustup-home" "-w" "/opt/rustwide/workdir" "-m" "1610612736" "--user" "0:0" "--network" "none" "ghcr.io/rust-lang/crates-build-env/linux@sha256:f3a9d4ad9d972b27faf3965f35b62e55ba32bbce8f20bc8fe909558a86702fde" "/opt/rustwide/cargo-home/bin/cargo" "+1.83.0" "test" "--frozen", kill_on_drop: false }`
[INFO] [stdout] 72597d2043e0082f23cb6abc634e60f7b4e656742b4d30604537986fe94bebdc
[INFO] running `Command { std: "docker" "start" "-a" "72597d2043e0082f23cb6abc634e60f7b4e656742b4d30604537986fe94bebdc", kill_on_drop: false }`
[INFO] [stderr]     Finished `test` profile [unoptimized + debuginfo] target(s) in 0.03s
[INFO] [stderr]      Running unittests src/lib.rs (/opt/rustwide/target/debug/deps/challenge-6c33511ccb7f3b76)
[INFO] [stdout] 
[INFO] [stdout] running 1043 tests
[INFO] [stdout] test pr_0001::tests::case_3 ... ok
[INFO] [stdout] test pr_0002::tests::case_2 ... ok
[INFO] [stdout] test pr_0002::tests::case_1 ... ok
[INFO] [stdout] test pr_0001::tests::case_1 ... ok
[INFO] [stdout] test pr_0002::tests::case_3 ... ok
[INFO] [stdout] test pr_0003::tests::case_1 ... ok
[INFO] [stdout] test pr_0003::tests::case_3 ... ok
[INFO] [stdout] test pr_0001::tests::case_2 ... ok
[INFO] [stdout] test pr_0006::tests::case_1 ... ok
[INFO] [stdout] test pr_0006::tests::case_2 ... ok
[INFO] [stdout] test pr_0006::tests::case_3 ... ok
[INFO] [stdout] test pr_0007::tests::case_1 ... ok
[INFO] [stdout] test pr_0007::tests::case_10 ... ok
[INFO] [stdout] test pr_0007::tests::case_11 ... ok
[INFO] [stdout] test pr_0007::tests::case_12 ... ok
[INFO] [stdout] test pr_0007::tests::case_2 ... ok
[INFO] [stdout] test pr_0007::tests::case_3 ... ok
[INFO] [stdout] test pr_0007::tests::case_6 ... ok
[INFO] [stdout] test pr_0007::tests::case_7 ... ok
[INFO] [stdout] test pr_0007::tests::case_8 ... ok
[INFO] [stdout] test pr_0007::tests::case_9 ... ok
[INFO] [stdout] test pr_0008::tests::case_1 ... ok
[INFO] [stdout] test pr_0008::tests::case_2 ... ok
[INFO] [stdout] test pr_0008::tests::case_3 ... ok
[INFO] [stdout] test pr_0008::tests::case_8 ... ok
[INFO] [stdout] test pr_0008::tests::case_5 ... ok
[INFO] [stdout] test pr_0008::tests::case_4 ... ok
[INFO] [stdout] test pr_0012::tests::case_3 ... ok
[INFO] [stdout] test pr_0009::tests::case_1 ... ok
[INFO] [stdout] test pr_0012::tests::case_1 ... ok
[INFO] [stdout] test pr_0012::tests::case_2 ... ok
[INFO] [stdout] test pr_0009::tests::case_2 ... ok
[INFO] [stdout] test pr_0008::tests::case_6 ... ok
[INFO] [stdout] test pr_0003::tests::case_4 ... ok
[INFO] [stdout] test pr_0008::tests::case_7 ... ok
[INFO] [stdout] test pr_0011::tests::case_2 ... ok
[INFO] [stdout] test pr_0013::tests::case_2 ... ok
[INFO] [stdout] test pr_0013::tests::case_3 ... ok
[INFO] [stdout] test pr_0014::tests::case_2 ... ok
[INFO] [stdout] test pr_0014::tests::case_1 ... ok
[INFO] [stdout] test pr_0011::tests::case_1 ... ok
[INFO] [stdout] test pr_0014::tests::case_3 ... ok
[INFO] [stdout] test pr_0014::tests::case_5 ... ok
[INFO] [stdout] test pr_0014::tests::case_4 ... ok
[INFO] [stdout] test pr_0013::tests::case_1 ... ok
[INFO] [stdout] test pr_0015::tests::case_1 ... ok
[INFO] [stdout] test pr_0015::tests::case_2 ... ok
[INFO] [stdout] test pr_0009::tests::case_3 ... ok
[INFO] [stdout] test pr_0015::tests::case_3 ... ok
[INFO] [stdout] test pr_0017::tests::case_3 ... ok
[INFO] [stdout] test pr_0017::tests::case_4 ... ok
[INFO] [stdout] test pr_0019::tests::case_1 ... ok
[INFO] [stdout] test pr_0019::tests::case_2 ... ok
[INFO] [stdout] test pr_0019::tests::case_3 ... ok
[INFO] [stdout] test pr_0017::tests::case_1 ... ok
[INFO] [stdout] test pr_0020::tests::case_2 ... ok
[INFO] [stdout] test pr_0020::tests::case_1 ... ok
[INFO] [stdout] test pr_0022::tests::case_1 ... ok
[INFO] [stdout] test pr_0003::tests::case_2 ... ok
[INFO] [stdout] test pr_0017::tests::case_2 ... ok
[INFO] [stdout] test pr_0020::tests::case_3 ... ok
[INFO] [stdout] test pr_0021::tests::case_3 ... ok
[INFO] [stdout] test pr_0021::tests::case_2 ... ok
[INFO] [stdout] test pr_0021::tests::case_1 ... ok
[INFO] [stdout] test pr_0022::tests::case_2 ... ok
[INFO] [stdout] test pr_0027::tests::case_2 ... ok
[INFO] [stdout] test pr_0029::tests::case_2 ... ok
[INFO] [stdout] test pr_0035::tests::case_1 ... ok
[INFO] [stdout] test pr_0035::tests::case_4 ... ok
[INFO] [stdout] test pr_0028::tests::case_1 ... ok
[INFO] [stdout] test pr_0036::tests::case_1 ... ok
[INFO] [stdout] test pr_0036::tests::case_2 ... ok
[INFO] [stdout] test pr_0029::tests::case_3 ... ok
[INFO] [stdout] test pr_0028::tests::case_2 ... ok
[INFO] [stdout] test pr_0029::tests::case_1 ... ok
[INFO] [stdout] test pr_0026::tests::case_1 ... ok
[INFO] [stdout] test pr_0039::tests::case_1 ... ok
[INFO] [stdout] test pr_0035::tests::case_3 ... ok
[INFO] [stdout] test pr_0007::tests::case_4 ... ok
[INFO] [stdout] test pr_0007::tests::case_5 ... ok
[INFO] [stdout] test pr_0035::tests::case_2 ... ok
[INFO] [stdout] test pr_0039::tests::case_3 ... ok
[INFO] [stdout] test pr_0039::tests::case_2 ... ok
[INFO] [stdout] test pr_0040::tests::case_1 ... ok
[INFO] [stdout] test pr_0045::tests::case_2 ... ok
[INFO] [stdout] test pr_0045::tests::case_3 ... ok
[INFO] [stdout] test pr_0045::tests::case_4 ... ok
[INFO] [stdout] test pr_0043::tests::case_2 ... ok
[INFO] [stdout] test pr_0040::tests::case_2 ... ok
[INFO] [stdout] test pr_0046::tests::case_1 ... ok
[INFO] [stdout] test pr_0045::tests::case_5 ... ok
[INFO] [stdout] test pr_0047::tests::case_2 ... ok
[INFO] [stdout] test pr_0043::tests::case_1 ... ok
[INFO] [stdout] test pr_0047::tests::case_3 ... ok
[INFO] [stdout] test pr_0046::tests::case_2 ... ok
[INFO] [stdout] test pr_0047::tests::case_1 ... ok
[INFO] [stdout] test pr_0045::tests::case_1 ... ok
[INFO] [stdout] test pr_0049::tests::case_3 ... ok
[INFO] [stdout] test pr_0048::tests::case_2 ... ok
[INFO] [stdout] test pr_0048::tests::case_1 ... ok
[INFO] [stdout] test pr_0049::tests::case_1 ... ok
[INFO] [stdout] test pr_0050::tests::case_1 ... ok
[INFO] [stdout] test pr_0046::tests::case_3 ... ok
[INFO] [stdout] test pr_0050::tests::case_3 ... ok
[INFO] [stdout] test pr_0049::tests::case_2 ... ok
[INFO] [stdout] test pr_0050::tests::case_4 ... ok
[INFO] [stdout] test pr_0053::tests::case_3 ... ok
[INFO] [stdout] test pr_0054::tests::case_3 ... ok
[INFO] [stdout] test pr_0050::tests::case_2 ... ok
[INFO] [stdout] test pr_0055::tests::case_1 ... ok
[INFO] [stdout] test pr_0055::tests::case_2 ... ok
[INFO] [stdout] test pr_0057::tests::case_1 ... ok
[INFO] [stdout] test pr_0056::tests::case_2 ... ok
[INFO] [stdout] test pr_0057::tests::case_3 ... ok
[INFO] [stdout] test pr_0057::tests::case_4 ... ok
[INFO] [stdout] test pr_0058::tests::case_1 ... ok
[INFO] [stdout] test pr_0058::tests::case_2 ... ok
[INFO] [stdout] test pr_0059::tests::case_1 ... ok
[INFO] [stdout] test pr_0058::tests::case_3 ... ok
[INFO] [stdout] test pr_0061::tests::case_1 ... ok
[INFO] [stdout] test pr_0066::tests::case_1 ... ok
[INFO] [stdout] test pr_0059::tests::case_2 ... ok
[INFO] [stdout] test pr_0066::tests::case_3 ... ok
[INFO] [stdout] test pr_0066::tests::case_4 ... ok
[INFO] [stdout] test pr_0061::tests::case_2 ... ok
[INFO] [stdout] test pr_0066::tests::case_2 ... ok
[INFO] [stdout] test pr_0026::tests::case_2 ... ok
[INFO] [stdout] test pr_0027::tests::case_1 ... ok
[INFO] [stdout] test pr_0055::tests::case_3 ... ok
[INFO] [stdout] test pr_0053::tests::case_1 ... ok
[INFO] [stdout] test pr_0053::tests::case_2 ... ok
[INFO] [stdout] test pr_0055::tests::case_4 ... ok
[INFO] [stdout] test pr_0056::tests::case_1 ... ok
[INFO] [stdout] test pr_0057::tests::case_2 ... ok
[INFO] [stdout] test pr_0054::tests::case_1 ... ok
[INFO] [stdout] test pr_0054::tests::case_2 ... ok
[INFO] [stdout] test pr_0067::tests::case_2 ... ok
[INFO] [stdout] test pr_0069::tests::case_1 ... ok
[INFO] [stdout] test pr_0069::tests::case_2 ... ok
[INFO] [stdout] test pr_0070::tests::case_1 ... ok
[INFO] [stdout] test pr_0071::tests::case_1 ... ok
[INFO] [stdout] test pr_0071::tests::case_2 ... ok
[INFO] [stdout] test pr_0067::tests::case_1 ... ok
[INFO] [stdout] test pr_0070::tests::case_2 ... ok
[INFO] [stdout] test pr_0071::tests::case_3 ... ok
[INFO] [stdout] test pr_0073::tests::case_1 ... ok
[INFO] [stdout] test pr_0073::tests::case_2 ... ok
[INFO] [stdout] test pr_0074::tests::case_2 ... ok
[INFO] [stdout] test pr_0074::tests::case_1 ... ok
[INFO] [stdout] test pr_0080::tests::case_1 ... ok
[INFO] [stdout] test pr_0082::tests::case_1 ... ok
[INFO] [stdout] test pr_0083::tests::case_1 ... ok
[INFO] [stdout] test pr_0083::tests::case_2 ... ok
[INFO] [stdout] test pr_0086::tests::case_1 ... ok
[INFO] [stdout] test pr_0088::tests::case_2 ... ok
[INFO] [stdout] test pr_0088::tests::case_3 ... ok
[INFO] [stdout] test pr_0092::tests::case_1 ... ok
[INFO] [stdout] test pr_0092::tests::case_2 ... ok
[INFO] [stdout] test pr_0094::tests::case_1 ... ok
[INFO] [stdout] test pr_0094::tests::case_2 ... ok
[INFO] [stdout] test pr_0098::tests::case_1 ... ok
[INFO] [stdout] test pr_0098::tests::case_2 ... ok
[INFO] [stdout] test pr_0098::tests::case_3 ... ok
[INFO] [stdout] test pr_0071::tests::case_4 ... ok
[INFO] [stdout] test pr_0098::tests::case_4 ... ok
[INFO] [stdout] test pr_0098::tests::case_5 ... ok
[INFO] [stdout] test pr_0071::tests::case_5 ... ok
[INFO] [stdout] test pr_0102::tests::case_2 ... ok
[INFO] [stdout] test pr_0102::tests::case_3 ... ok
[INFO] [stdout] test pr_0103::tests::case_2 ... ok
[INFO] [stdout] test pr_0103::tests::case_1 ... ok
[INFO] [stdout] test pr_0100::tests::case_2 ... ok
[INFO] [stdout] test pr_0100::tests::case_3 ... ok
[INFO] [stdout] test pr_0101::tests::case_1 ... ok
[INFO] [stdout] test pr_0101::tests::case_2 ... ok
[INFO] [stdout] test pr_0088::tests::case_1 ... ok
[INFO] [stdout] test pr_0080::tests::case_2 ... ok
[INFO] [stdout] test pr_0102::tests::case_1 ... ok
[INFO] [stdout] test pr_0077::tests::case_2 ... ok
[INFO] [stdout] test pr_0082::tests::case_2 ... ok
[INFO] [stdout] test pr_0104::tests::case_1 ... ok
[INFO] [stdout] test pr_0103::tests::case_4 ... ok
[INFO] [stdout] test pr_0105::tests::case_2 ... ok
[INFO] [stdout] test pr_0105::tests::case_1 ... ok
[INFO] [stdout] test pr_0105::tests::case_3 ... ok
[INFO] [stdout] test pr_0106::tests::case_1 ... ok
[INFO] [stdout] test pr_0104::tests::case_2 ... ok
[INFO] [stdout] test pr_0106::tests::case_2 ... ok
[INFO] [stdout] test pr_0103::tests::case_5 ... ok
[INFO] [stdout] test pr_0108::tests::case_1 ... ok
[INFO] [stdout] test pr_0103::tests::case_3 ... ok
[INFO] [stdout] test pr_0108::tests::case_2 ... ok
[INFO] [stdout] test pr_0110::tests::case_1 ... ok
[INFO] [stdout] test pr_0110::tests::case_2 ... ok
[INFO] [stdout] test pr_0110::tests::case_3 ... ok
[INFO] [stdout] test pr_0111::tests::case_1 ... ok
[INFO] [stdout] test pr_0112::tests::case_2 ... ok
[INFO] [stdout] test pr_0112::tests::case_1 ... ok
[INFO] [stdout] test pr_0100::tests::case_1 ... ok
[INFO] [stdout] test pr_0111::tests::case_2 ... ok
[INFO] [stdout] test pr_0112::tests::case_3 ... ok
[INFO] [stdout] test pr_0113::tests::case_1 ... ok
[INFO] [stdout] test pr_0113::tests::case_2 ... ok
[INFO] [stdout] test pr_0114::tests::case_1 ... ok
[INFO] [stdout] test pr_0114::tests::case_2 ... ok
[INFO] [stdout] test pr_0077::tests::case_1 ... ok
[INFO] [stdout] test pr_0086::tests::case_2 ... ok
[INFO] [stdout] test pr_0119::tests::case_4 ... ok
[INFO] [stdout] test pr_0114::tests::case_3 ... ok
[INFO] [stdout] test pr_0118::tests::case_1 ... ok
[INFO] [stdout] test pr_0118::tests::case_2 ... ok
[INFO] [stdout] test pr_0119::tests::case_1 ... ok
[INFO] [stdout] test pr_0119::tests::case_3 ... ok
[INFO] [stdout] test pr_0121::tests::case_1 ... ok
[INFO] [stdout] test pr_0121::tests::case_2 ... ok
[INFO] [stdout] test pr_0119::tests::case_2 ... ok
[INFO] [stdout] test pr_0122::tests::case_1 ... ok
[INFO] [stdout] test pr_0122::tests::case_3 ... ok
[INFO] [stdout] test pr_0122::tests::case_2 ... ok
[INFO] [stdout] test pr_0125::tests::case_1 ... ok
[INFO] [stdout] test pr_0125::tests::case_2 ... ok
[INFO] [stdout] test pr_0125::tests::case_3 ... ok
[INFO] [stdout] test pr_0125::tests::case_4 ... ok
[INFO] [stdout] test pr_0125::tests::case_5 ... ok
[INFO] [stdout] test pr_0130::tests::case_2 ... ok
[INFO] [stdout] test pr_0130::tests::case_5 ... ok
[INFO] [stdout] test pr_0134::tests::case_1 ... ok
[INFO] [stdout] test pr_0136::tests::case_2 ... ok
[INFO] [stdout] test pr_0136::tests::case_3 ... ok
[INFO] [stdout] test pr_0144::tests::case_1 ... ok
[INFO] [stdout] test pr_0144::tests::case_3 ... ok
[INFO] [stdout] test pr_0128::tests::case_1 ... ok
[INFO] [stdout] test pr_0129::tests::case_2 ... ok
[INFO] [stdout] test pr_0144::tests::case_4 ... ok
[INFO] [stdout] test pr_0130::tests::case_4 ... ok
[INFO] [stdout] test pr_0130::tests::case_1 ... ok
[INFO] [stdout] test pr_0145::tests::case_1 ... ok
[INFO] [stdout] test pr_0145::tests::case_2 ... ok
[INFO] [stdout] test pr_0145::tests::case_3 ... ok
[INFO] [stdout] test pr_0146::tests::case_1 ... ok
[INFO] [stdout] test pr_0150::tests::case_2 ... ok
[INFO] [stdout] test pr_0150::tests::case_3 ... ok
[INFO] [stdout] test pr_0151::tests::case_1 ... ok
[INFO] [stdout] test pr_0151::tests::case_2 ... ok
[INFO] [stdout] test pr_0151::tests::case_3 ... ok
[INFO] [stdout] test pr_0152::tests::case_1 ... ok
[INFO] [stdout] test pr_0152::tests::case_2 ... ok
[INFO] [stdout] test pr_0152::tests::case_3 ... ok
[INFO] [stdout] test pr_0155::tests::case_1 ... ok
[INFO] [stdout] test pr_0152::tests::case_4 ... ok
[INFO] [stdout] test pr_0162::tests::case_3 ... ok
[INFO] [stdout] test pr_0162::tests::case_1 ... ok
[INFO] [stdout] test pr_0145::tests::case_4 ... ok
[INFO] [stdout] test pr_0162::tests::case_4 ... ok
[INFO] [stdout] test pr_0150::tests::case_1 ... ok
[INFO] [stdout] test pr_0162::tests::case_2 ... ok
[INFO] [stdout] test pr_0167::tests::case_2 ... ok
[INFO] [stdout] test pr_0134::tests::case_2 ... ok
[INFO] [stdout] test pr_0167::tests::case_3 ... ok
[INFO] [stdout] test pr_0169::tests::case_2 ... ok
[INFO] [stdout] test pr_0144::tests::case_2 ... ok
[INFO] [stdout] test pr_0173::tests::case_1 ... ok
[INFO] [stdout] test pr_0189::tests::case_3 ... ok
[INFO] [stdout] test pr_0136::tests::case_1 ... ok
[INFO] [stdout] test pr_0198::tests::case_2 ... ok
[INFO] [stdout] test pr_0199::tests::case_2 ... ok
[INFO] [stdout] test pr_0199::tests::case_1 ... ok
[INFO] [stdout] test pr_0199::tests::case_3 ... ok
[INFO] [stdout] test pr_0199::tests::case_4 ... ok
[INFO] [stdout] test pr_0199::tests::case_5 ... ok
[INFO] [stdout] test pr_0200::tests::case_1 ... ok
[INFO] [stdout] test pr_0200::tests::case_2 ... ok
[INFO] [stdout] test pr_0202::tests::case_1 ... ok
[INFO] [stdout] test pr_0190::tests::case_1 ... ok
[INFO] [stdout] test pr_0205::tests::case_2 ... ok
[INFO] [stdout] test pr_0205::tests::case_1 ... ok
[INFO] [stdout] test pr_0169::tests::case_1 ... ok
[INFO] [stdout] test pr_0189::tests::case_1 ... ok
[INFO] [stdout] test pr_0189::tests::case_2 ... ok
[INFO] [stdout] test pr_0190::tests::case_2 ... ok
[INFO] [stdout] test pr_0198::tests::case_1 ... ok
[INFO] [stdout] test pr_0128::tests::case_2 ... ok
[INFO] [stdout] test pr_0129::tests::case_1 ... ok
[INFO] [stdout] test pr_0130::tests::case_3 ... ok
[INFO] [stdout] test pr_0167::tests::case_1 ... ok
[INFO] [stdout] test pr_0179::tests::case_1 ... ok
[INFO] [stdout] test pr_0179::tests::case_2 ... ok
[INFO] [stdout] test pr_0205::tests::case_3 ... ok
[INFO] [stdout] test pr_0205::tests::case_4 ... ok
[INFO] [stdout] test pr_0206::tests::case_1 ... ok
[INFO] [stdout] test pr_0206::tests::case_3 ... ok
[INFO] [stdout] test pr_0206::tests::case_2 ... ok
[INFO] [stdout] test pr_0207::tests::case_1 ... ok
[INFO] [stdout] test pr_0209::tests::case_1 ... ok
[INFO] [stdout] test pr_0209::tests::case_2 ... ok
[INFO] [stdout] test pr_0209::tests::case_3 ... ok
[INFO] [stdout] test pr_0208::tests::case_1 ... ok
[INFO] [stdout] test pr_0214::tests::case_1 ... ok
[INFO] [stdout] test pr_0215::tests::case_1 ... ok
[INFO] [stdout] test pr_0216::tests::case_1 ... ok
[INFO] [stdout] test pr_0214::tests::case_2 ... ok
[INFO] [stdout] test pr_0216::tests::case_2 ... ok
[INFO] [stdout] test pr_0215::tests::case_2 ... ok
[INFO] [stdout] test pr_0217::tests::case_2 ... ok
[INFO] [stdout] test pr_0217::tests::case_3 ... ok
[INFO] [stdout] test pr_0219::tests::case_1 ... ok
[INFO] [stdout] test pr_0219::tests::case_2 ... ok
[INFO] [stdout] test pr_0219::tests::case_3 ... ok
[INFO] [stdout] test pr_0222::tests::case_1 ... ok
[INFO] [stdout] test pr_0222::tests::case_2 ... ok
[INFO] [stdout] test pr_0226::tests::case_3 ... ok
[INFO] [stdout] test pr_0226::tests::case_2 ... ok
[INFO] [stdout] test pr_0202::tests::case_2 ... ok
[INFO] [stdout] test pr_0217::tests::case_1 ... ok
[INFO] [stdout] test pr_0230::tests::case_2 ... ok
[INFO] [stdout] test pr_0207::tests::case_2 ... ok
[INFO] [stdout] test pr_0207::tests::case_3 ... ok
[INFO] [stdout] test pr_0191::tests::case_1 ... ok
[INFO] [stdout] test pr_0191::tests::case_2 ... ok
[INFO] [stdout] test pr_0216::tests::case_3 ... ok
[INFO] [stdout] test pr_0222::tests::case_3 ... ok
[INFO] [stdout] test pr_0226::tests::case_1 ... ok
[INFO] [stdout] test pr_0235::tests::case_3 ... ok
[INFO] [stdout] test pr_0228::tests::case_2 ... ok
[INFO] [stdout] test pr_0236::tests::case_1 ... ok
[INFO] [stdout] test pr_0228::tests::case_1 ... ok
[INFO] [stdout] test pr_0236::tests::case_2 ... ok
[INFO] [stdout] test pr_0231::tests::case_1 ... ok
[INFO] [stdout] test pr_0238::tests::case_1 ... ok
[INFO] [stdout] test pr_0238::tests::case_2 ... ok
[INFO] [stdout] test pr_0241::tests::case_1 ... ok
[INFO] [stdout] test pr_0231::tests::case_2 ... ok
[INFO] [stdout] test pr_0231::tests::case_3 ... ok
[INFO] [stdout] test pr_0234::tests::case_1 ... ok
[INFO] [stdout] test pr_0234::tests::case_2 ... ok
[INFO] [stdout] test pr_0235::tests::case_1 ... ok
[INFO] [stdout] test pr_0235::tests::case_2 ... ok
[INFO] [stdout] test pr_0230::tests::case_1 ... ok
[INFO] [stdout] test pr_0242::tests::case_3 ... ok
[INFO] [stdout] test pr_0257::tests::case_2 ... ok
[INFO] [stdout] test pr_0263::tests::case_1 ... ok
[INFO] [stdout] test pr_0263::tests::case_2 ... ok
[INFO] [stdout] test pr_0257::tests::case_3 ... ok
[INFO] [stdout] test pr_0263::tests::case_3 ... ok
[INFO] [stdout] test pr_0264::tests::case_1 ... ok
[INFO] [stdout] test pr_0241::tests::case_2 ... ok
[INFO] [stdout] test pr_0264::tests::case_2 ... ok
[INFO] [stdout] test pr_0268::tests::case_1 ... ok
[INFO] [stdout] test pr_0264::tests::case_3 ... ok
[INFO] [stdout] test pr_0268::tests::case_3 ... ok
[INFO] [stdout] test pr_0268::tests::case_2 ... ok
[INFO] [stdout] test pr_0273::tests::case_1 ... ok
[INFO] [stdout] test pr_0273::tests::case_0 ... ok
[INFO] [stdout] test pr_0257::tests::case_1 ... ok
[INFO] [stdout] test pr_0273::tests::case_10 ... ok
[INFO] [stdout] test pr_0273::tests::case_11 ... ok
[INFO] [stdout] test pr_0264::tests::case_4 ... ok
[INFO] [stdout] test pr_0273::tests::case_13 ... ok
[INFO] [stdout] test pr_0273::tests::case_17 ... ok
[INFO] [stdout] test pr_0273::tests::case_21 ... ok
[INFO] [stdout] test pr_0273::tests::case_12 ... ok
[INFO] [stdout] test pr_0273::tests::case_14 ... ok
[INFO] [stdout] test pr_0273::tests::case_15 ... ok
[INFO] [stdout] test pr_0273::tests::case_16 ... ok
[INFO] [stdout] test pr_0273::tests::case_3 ... ok
[INFO] [stdout] test pr_0242::tests::case_1 ... ok
[INFO] [stdout] test pr_0273::tests::case_4 ... ok
[INFO] [stdout] test pr_0242::tests::case_2 ... ok
[INFO] [stdout] test pr_0273::tests::case_18 ... ok
[INFO] [stdout] test pr_0273::tests::case_19 ... ok
[INFO] [stdout] test pr_0273::tests::case_2 ... ok
[INFO] [stdout] test pr_0273::tests::case_20 ... ok
[INFO] [stdout] test pr_0273::tests::case_5 ... ok
[INFO] [stdout] test pr_0273::tests::case_6 ... ok
[INFO] [stdout] test pr_0273::tests::case_9 ... ok
[INFO] [stdout] test pr_0274::tests::case_2 ... ok
[INFO] [stdout] test pr_0274::tests::case_1 ... ok
[INFO] [stdout] test pr_0273::tests::case_8 ... ok
[INFO] [stdout] test pr_0278::tests::case_1 ... ok
[INFO] [stdout] test pr_0278::tests::case_3 ... ok
[INFO] [stdout] test pr_0283::tests::case_1 ... ok
[INFO] [stdout] test pr_0283::tests::case_3 ... ok
[INFO] [stdout] test pr_0289::tests::case_1 ... ok
[INFO] [stdout] test pr_0289::tests::case_2 ... ok
[INFO] [stdout] test pr_0290::tests::case_1 ... ok
[INFO] [stdout] test pr_0290::tests::case_2 ... ok
[INFO] [stdout] test pr_0290::tests::case_3 ... ok
[INFO] [stdout] test pr_0292::tests::case_1 ... ok
[INFO] [stdout] test pr_0278::tests::case_2 ... ok
[INFO] [stdout] test pr_0283::tests::case_2 ... ok
[INFO] [stdout] test pr_0292::tests::case_2 ... ok
[INFO] [stdout] test pr_0292::tests::case_3 ... ok
[INFO] [stdout] test pr_0300::tests::case_1 ... ok
[INFO] [stdout] test pr_0300::tests::case_2 ... ok
[INFO] [stdout] test pr_0300::tests::case_3 ... ok
[INFO] [stdout] test pr_0273::tests::case_7 ... ok
[INFO] [stdout] test pr_0322::tests::case_1 ... ok
[INFO] [stdout] test pr_0322::tests::case_2 ... ok
[INFO] [stdout] test pr_0322::tests::case_3 ... ok
[INFO] [stdout] test pr_0338::tests::case_1 ... ok
[INFO] [stdout] test pr_0338::tests::case_2 ... ok
[INFO] [stdout] test pr_0326::tests::case_1 ... ok
[INFO] [stdout] test pr_0342::tests::case_1 ... ok
[INFO] [stdout] test pr_0342::tests::case_3 ... ok
[INFO] [stdout] test pr_0334::tests::case_2 ... ok
[INFO] [stdout] test pr_0342::tests::case_2 ... ok
[INFO] [stdout] test pr_0345::tests::case_1 ... ok
[INFO] [stdout] test pr_0345::tests::case_2 ... ok
[INFO] [stdout] test pr_0334::tests::case_3 ... ok
[INFO] [stdout] test pr_0328::tests::case_2 ... ok
[INFO] [stdout] test pr_0326::tests::case_2 ... ok
[INFO] [stdout] test pr_0345::tests::case_3 ... ok
[INFO] [stdout] test pr_0374::tests::case_1 ... ok
[INFO] [stdout] test pr_0328::tests::case_1 ... ok
[INFO] [stdout] test pr_0350::tests::case_2 ... ok
[INFO] [stdout] test pr_0383::tests::case_2 ... ok
[INFO] [stdout] test pr_0386::tests::case_1 ... ok
[INFO] [stdout] test pr_0386::tests::case_2 ... ok
[INFO] [stdout] test pr_0392::tests::case_1 ... ok
[INFO] [stdout] test pr_0392::tests::case_2 ... ok
[INFO] [stdout] test pr_0392::tests::case_3 ... ok
[INFO] [stdout] test pr_0394::tests::case_1 ... ok
[INFO] [stdout] test pr_0326::tests::case_3 ... ok
[INFO] [stdout] test pr_0334::tests::case_1 ... ok
[INFO] [stdout] test pr_0394::tests::case_3 ... ok
[INFO] [stdout] test pr_0399::tests::case_1 ... ok
[INFO] [stdout] test pr_0380::tests::case_1 ... ok
[INFO] [stdout] test pr_0383::tests::case_1 ... ok
[INFO] [stdout] test pr_0399::tests::case_3 ... ok
[INFO] [stdout] test pr_0401::tests::case_1 ... ok
[INFO] [stdout] test pr_0415::tests::case_2 ... ok
[INFO] [stdout] test pr_0401::tests::case_2 ... ok
[INFO] [stdout] test pr_0350::tests::case_1 ... ok
[INFO] [stdout] test pr_0383::tests::case_3 ... ok
[INFO] [stdout] test pr_0394::tests::case_2 ... ok
[INFO] [stdout] test pr_0399::tests::case_2 ... ok
[INFO] [stdout] test pr_0415::tests::case_4 ... ok
[INFO] [stdout] test pr_0409::tests::case_1 ... ok
[INFO] [stdout] test pr_0437::tests::case_1 ... ok
[INFO] [stdout] test pr_0432::tests::case_1 ... ok
[INFO] [stdout] test pr_0443::tests::case_2 ... ok
[INFO] [stdout] test pr_0440::tests::case_2 ... ok
[INFO] [stdout] test pr_0443::tests::case_3 ... ok
[INFO] [stdout] test pr_0450::tests::case_2 ... ok
[INFO] [stdout] test pr_0450::tests::case_1 ... ok
[INFO] [stdout] test pr_0437::tests::case_2 ... ok
[INFO] [stdout] test pr_0452::tests::case_1 ... ok
[INFO] [stdout] test pr_0452::tests::case_2 ... ok
[INFO] [stdout] test pr_0440::tests::case_1 ... ok
[INFO] [stdout] test pr_0409::tests::case_2 ... ok
[INFO] [stdout] test pr_0530::tests::case_1 ... ok
[INFO] [stdout] test pr_0476::tests::case_1 ... ok
[INFO] [stdout] test pr_0415::tests::case_1 ... ok
[INFO] [stdout] test pr_0539::tests::case_2 ... ok
[INFO] [stdout] test pr_0547::tests::case_1 ... ok
[INFO] [stdout] test pr_0547::tests::case_2 ... ok
[INFO] [stdout] test pr_0530::tests::case_2 ... ok
[INFO] [stdout] test pr_0452::tests::case_3 ... ok
[INFO] [stdout] test pr_0530::tests::case_3 ... ok
[INFO] [stdout] test pr_0476::tests::case_2 ... ok
[INFO] [stdout] test pr_0539::tests::case_1 ... ok
[INFO] [stdout] test pr_0443::tests::case_1 ... ok
[INFO] [stdout] test pr_0415::tests::case_3 ... ok
[INFO] [stdout] test pr_0450::tests::case_3 ... ok
[INFO] [stdout] test pr_0560::tests::case_1 ... ok
[INFO] [stdout] test pr_0560::tests::case_2 ... ok
[INFO] [stdout] test pr_0564::tests::case_1 ... ok
[INFO] [stdout] test pr_0564::tests::case_2 ... ok
[INFO] [stdout] test pr_0564::tests::case_3 ... ok
[INFO] [stdout] test pr_0564::tests::case_4 ... ok
[INFO] [stdout] test pr_0564::tests::case_6 ... ok
[INFO] [stdout] test pr_0564::tests::case_9 ... ok
[INFO] [stdout] test pr_0564::tests::case_7 ... ok
[INFO] [stdout] test pr_0567::tests::case_1 ... ok
[INFO] [stdout] test pr_0564::tests::case_5 ... ok
[INFO] [stdout] test pr_0592::tests::case_1 ... ok
[INFO] [stdout] test pr_0567::tests::case_2 ... ok
[INFO] [stdout] test pr_0592::tests::case_2 ... ok
[INFO] [stdout] test pr_0592::tests::case_3 ... ok
[INFO] [stdout] test pr_0605::tests::case_1 ... ok
[INFO] [stdout] test pr_0564::tests::case_8 ... ok
[INFO] [stdout] test pr_0624::tests::case_1 ... ok
[INFO] [stdout] test pr_0605::tests::case_4 ... ok
[INFO] [stdout] test pr_0637::tests::case_3 ... ok
[INFO] [stdout] test pr_0641::tests::case_1 ... ok
[INFO] [stdout] test pr_0643::tests::case_1 ... ok
[INFO] [stdout] test pr_0643::tests::case_2 ... ok
[INFO] [stdout] test pr_0643::tests::case_3 ... ok
[INFO] [stdout] test pr_0649::tests::case_1 ... ok
[INFO] [stdout] test pr_0605::tests::case_2 ... ok
[INFO] [stdout] test pr_0624::tests::case_2 ... ok
[INFO] [stdout] test pr_0632::tests::case_1 ... ok
[INFO] [stdout] test pr_0632::tests::case_2 ... ok
[INFO] [stdout] test pr_0633::tests::case_1 ... ok
[INFO] [stdout] test pr_0633::tests::case_2 ... ok
[INFO] [stdout] test pr_0633::tests::case_3 ... ok
[INFO] [stdout] test pr_0605::tests::case_3 ... ok
[INFO] [stdout] test pr_0637::tests::case_1 ... ok
[INFO] [stdout] test pr_0637::tests::case_2 ... ok
[INFO] [stdout] test pr_0649::tests::case_3 ... ok
[INFO] [stdout] test pr_0650::tests::case_3 ... ok
[INFO] [stdout] test pr_0650::tests::case_1 ... ok
[INFO] [stdout] test pr_0650::tests::case_5 ... ok
[INFO] [stdout] test pr_0649::tests::case_2 ... ok
[INFO] [stdout] test pr_0650::tests::case_2 ... ok
[INFO] [stdout] test pr_0664::tests::case_1 ... ok
[INFO] [stdout] test pr_0670::tests::case_2 ... ok
[INFO] [stdout] test pr_0670::tests::case_3 ... ok
[INFO] [stdout] test pr_0700::tests::case_1 ... ok
[INFO] [stdout] test pr_0703::tests::case_1 ... ok
[INFO] [stdout] test pr_0704::tests::case_1 ... ok
[INFO] [stdout] test pr_0704::tests::case_2 ... ok
[INFO] [stdout] test pr_0719::tests::case_1 ... ok
[INFO] [stdout] test pr_0719::tests::case_2 ... ok
[INFO] [stdout] test pr_0650::tests::case_4 ... ok
[INFO] [stdout] test pr_0670::tests::case_1 ... ok
[INFO] [stdout] test pr_0650::tests::case_6 ... ok
[INFO] [stdout] test pr_0700::tests::case_2 ... ok
[INFO] [stdout] test pr_0724::tests::case_2 ... ok
[INFO] [stdout] test pr_0724::tests::case_3 ... ok
[INFO] [stdout] test pr_0724::tests::case_1 ... ok
[INFO] [stdout] test pr_0719::tests::case_3 ... ok
[INFO] [stdout] test pr_0726::tests::case_1 ... ok
[INFO] [stdout] test pr_0705::tests::case_1 ... ok
[INFO] [stdout] test pr_0726::tests::case_2 ... ok
[INFO] [stdout] test pr_0725::tests::case_2 ... ok
[INFO] [stdout] test pr_0725::tests::case_1 ... ok
[INFO] [stdout] test pr_0664::tests::case_2 ... ok
[INFO] [stdout] test pr_0726::tests::case_3 ... ok
[INFO] [stdout] test pr_0729::tests::case_1 ... ok
[INFO] [stdout] test pr_0731::tests::case_1 ... ok
[INFO] [stdout] test pr_0726::tests::case_4 ... ok
[INFO] [stdout] test pr_0733::tests::case_1 ... ok
[INFO] [stdout] test pr_0733::tests::case_2 ... ok
[INFO] [stdout] test pr_0733::tests::case_3 ... ok
[INFO] [stdout] test pr_0735::tests::case_1 ... ok
[INFO] [stdout] test pr_0735::tests::case_2 ... ok
[INFO] [stdout] test pr_0735::tests::case_3 ... ok
[INFO] [stdout] test pr_0735::tests::case_4 ... ok
[INFO] [stdout] test pr_0746::tests::case_1 ... ok
[INFO] [stdout] test pr_0746::tests::case_2 ... ok
[INFO] [stdout] test pr_0826::tests::case_2 ... ok
[INFO] [stdout] test pr_0841::tests::case_1 ... ok
[INFO] [stdout] test pr_0840::tests::case_1 ... ok
[INFO] [stdout] test pr_0840::tests::case_2 ... ok
[INFO] [stdout] test pr_0860::tests::case_3 ... ok
[INFO] [stdout] test pr_0841::tests::case_2 ... ok
[INFO] [stdout] test pr_0862::tests::case_1 ... ok
[INFO] [stdout] test pr_0862::tests::case_2 ... ok
[INFO] [stdout] test pr_0872::tests::case_1 ... ok
[INFO] [stdout] test pr_0872::tests::case_2 ... ok
[INFO] [stdout] test pr_0862::tests::case_3 ... ok
[INFO] [stdout] test pr_0773::tests::case_3 ... ok
[INFO] [stdout] test pr_0773::tests::case_1 ... ok
[INFO] [stdout] test pr_0773::tests::case_2 ... ok
[INFO] [stdout] test pr_0860::tests::case_1 ... ok
[INFO] [stdout] test pr_0796::tests::case_1 ... ok
[INFO] [stdout] test pr_0796::tests::case_2 ... ok
[INFO] [stdout] test pr_0874::tests::case_2 ... ok
[INFO] [stdout] test pr_0874::tests::case_1 ... ok
[INFO] [stdout] test pr_0875::tests::case_1 ... ok
[INFO] [stdout] test pr_0876::tests::case_2 ... ok
[INFO] [stdout] test pr_0874::tests::case_3 ... ok
[INFO] [stdout] test pr_0875::tests::case_2 ... ok
[INFO] [stdout] test pr_0875::tests::case_3 ... ok
[INFO] [stdout] test pr_0876::tests::case_1 ... ok
[INFO] [stdout] test pr_0826::tests::case_1 ... ok
[INFO] [stdout] test pr_0860::tests::case_2 ... ok
[INFO] [stdout] test pr_0884::tests::case_2 ... ok
[INFO] [stdout] test pr_0885::tests::case_1 ... ok
[INFO] [stdout] test pr_0885::tests::case_2 ... ok
[INFO] [stdout] test pr_0912::tests::case_1 ... ok
[INFO] [stdout] test pr_0918::tests::case_1 ... ok
[INFO] [stdout] test pr_0912::tests::case_2 ... ok
[INFO] [stdout] test pr_0918::tests::case_3 ... ok
[INFO] [stdout] test pr_0921::tests::case_2 ... ok
[INFO] [stdout] test pr_0933::tests::case_1 ... ok
[INFO] [stdout] test pr_0945::tests::case_1 ... ok
[INFO] [stdout] test pr_0945::tests::case_2 ... ok
[INFO] [stdout] test pr_0947::tests::case_1 ... ok
[INFO] [stdout] test pr_0947::tests::case_3 ... ok
[INFO] [stdout] test pr_0959::tests::case_1 ... ok
[INFO] [stdout] test pr_0921::tests::case_1 ... ok
[INFO] [stdout] test pr_0994::tests::case_1 ... ok
[INFO] [stdout] test pr_0994::tests::case_2 ... ok
[INFO] [stdout] test pr_0918::tests::case_2 ... ok
[INFO] [stdout] test pr_0951::tests::case_3 ... ok
[INFO] [stdout] test pr_0951::tests::case_1 ... ok
[INFO] [stdout] test pr_0884::tests::case_1 ... ok
[INFO] [stdout] test pr_0947::tests::case_2 ... ok
[INFO] [stdout] test pr_0959::tests::case_2 ... ok
[INFO] [stdout] test pr_0962::tests::case_1 ... ok
[INFO] [stdout] test pr_0959::tests::case_3 ... ok
[INFO] [stdout] test pr_0994::tests::case_3 ... ok
[INFO] [stdout] test pr_0962::tests::case_2 ... ok
[INFO] [stdout] test pr_0951::tests::case_2 ... ok
[INFO] [stdout] test pr_0995::tests::case_2 ... ok
[INFO] [stdout] test pr_0995::tests::case_3 ... ok
[INFO] [stdout] test pr_0997::tests::case_1 ... ok
[INFO] [stdout] test pr_0997::tests::case_3 ... ok
[INFO] [stdout] test pr_1004::tests::case_1 ... ok
[INFO] [stdout] test pr_1004::tests::case_2 ... ok
[INFO] [stdout] test pr_1009::tests::case_1 ... ok
[INFO] [stdout] test pr_1009::tests::case_2 ... ok
[INFO] [stdout] test pr_1009::tests::case_3 ... ok
[INFO] [stdout] test pr_1038::tests::case_1 ... ok
[INFO] [stdout] test pr_1038::tests::case_2 ... ok
[INFO] [stdout] test pr_1052::tests::case_1 ... ok
[INFO] [stdout] test pr_1052::tests::case_2 ... ok
[INFO] [stdout] test pr_1071::tests::case_1 ... ok
[INFO] [stdout] test pr_1071::tests::case_2 ... ok
[INFO] [stdout] test pr_1071::tests::case_3 ... ok
[INFO] [stdout] test pr_1072::tests::case_1 ... ok
[INFO] [stdout] test pr_1072::tests::case_3 ... ok
[INFO] [stdout] test pr_1105::tests::case_1 ... ok
[INFO] [stdout] test pr_1105::tests::case_2 ... ok
[INFO] [stdout] test pr_1106::tests::case_1 ... ok
[INFO] [stdout] test pr_1072::tests::case_2 ... ok
[INFO] [stdout] test pr_1190::tests::case_2 ... ok
[INFO] [stdout] test pr_1110::tests::case_1 ... ok
[INFO] [stdout] test pr_1106::tests::case_2 ... ok
[INFO] [stdout] test pr_1110::tests::case_2 ... ok
[INFO] [stdout] test pr_1137::tests::case_1 ... ok
[INFO] [stdout] test pr_1137::tests::case_3 ... ok
[INFO] [stdout] test pr_1137::tests::case_4 ... ok
[INFO] [stdout] test pr_1140::tests::case_1 ... ok
[INFO] [stdout] test pr_1140::tests::case_2 ... ok
[INFO] [stdout] test pr_1161::tests::case_1 ... ok
[INFO] [stdout] test pr_1161::tests::case_2 ... ok
[INFO] [stdout] test pr_1137::tests::case_2 ... ok
[INFO] [stdout] test pr_0995::tests::case_1 ... ok
[INFO] [stdout] test pr_1190::tests::case_3 ... ok
[INFO] [stdout] test pr_1207::tests::case_1 ... ok
[INFO] [stdout] test pr_1207::tests::case_2 ... ok
[INFO] [stdout] test pr_1233::tests::case_2 ... ok
[INFO] [stdout] test pr_1248::tests::case_2 ... ok
[INFO] [stdout] test pr_1233::tests::case_3 ... ok
[INFO] [stdout] test pr_1248::tests::case_1 ... ok
[INFO] [stdout] test pr_1207::tests::case_3 ... ok
[INFO] [stdout] test pr_1249::tests::case_1 ... ok
[INFO] [stdout] test pr_1249::tests::case_3 ... ok
[INFO] [stdout] test pr_1233::tests::case_1 ... ok
[INFO] [stdout] test pr_1248::tests::case_3 ... ok
[INFO] [stdout] test pr_1249::tests::case_2 ... ok
[INFO] [stdout] test pr_1277::tests::case_2 ... ok
[INFO] [stdout] test pr_1277::tests::case_1 ... ok
[INFO] [stdout] test pr_1290::tests::case_2 ... ok
[INFO] [stdout] test pr_1310::tests::case_1 ... ok
[INFO] [stdout] test pr_1310::tests::case_2 ... ok
[INFO] [stdout] test pr_1290::tests::case_1 ... ok
[INFO] [stdout] test pr_1334::tests::case_1 ... ok
[INFO] [stdout] test pr_1334::tests::case_2 ... ok
[INFO] [stdout] test pr_1346::tests::case_1 ... ok
[INFO] [stdout] test pr_1346::tests::case_2 ... ok
[INFO] [stdout] test pr_1367::tests::case_1 ... ok
[INFO] [stdout] test pr_1367::tests::case_2 ... ok
[INFO] [stdout] test pr_1367::tests::case_3 ... ok
[INFO] [stdout] test pr_1371::tests::case_1 ... ok
[INFO] [stdout] test pr_0997::tests::case_2 ... ok
[INFO] [stdout] test pr_1190::tests::case_1 ... ok
[INFO] [stdout] test pr_1331::tests::case_1 ... ok
[INFO] [stdout] test pr_1331::tests::case_2 ... ok
[INFO] [stdout] test pr_1331::tests::case_3 ... ok
[INFO] [stdout] test pr_1371::tests::case_2 ... ok
[INFO] [stdout] test pr_1371::tests::case_3 ... ok
[INFO] [stdout] test pr_1372::tests::case_2 ... ok
[INFO] [stdout] test pr_1372::tests::case_1 ... ok
[INFO] [stdout] test pr_1380::tests::case_2 ... ok
[INFO] [stdout] test pr_1380::tests::case_1 ... ok
[INFO] [stdout] test pr_1380::tests::case_4 ... ok
[INFO] [stdout] test pr_1382::tests::case_2 ... ok
[INFO] [stdout] test pr_1395::tests::case_1 ... ok
[INFO] [stdout] test pr_1382::tests::case_1 ... ok
[INFO] [stdout] test pr_1381::tests::case_1 ... ok
[INFO] [stdout] test pr_1405::tests::case_2 ... ok
[INFO] [stdout] test pr_1395::tests::case_3 ... ok
[INFO] [stdout] test pr_1431::tests::case_1 ... ok
[INFO] [stdout] test pr_1438::tests::case_1 ... ok
[INFO] [stdout] test pr_1405::tests::case_1 ... ok
[INFO] [stdout] test pr_1438::tests::case_3 ... ok
[INFO] [stdout] test pr_1448::tests::case_1 ... ok
[INFO] [stdout] test pr_1438::tests::case_2 ... ok
[INFO] [stdout] test pr_1456::tests::case_2 ... ok
[INFO] [stdout] test pr_1448::tests::case_2 ... ok
[INFO] [stdout] test pr_1456::tests::case_3 ... ok
[INFO] [stdout] test pr_1456::tests::case_4 ... ok
[INFO] [stdout] test pr_1455::tests::case_1 ... ok
[INFO] [stdout] test pr_1455::tests::case_2 ... ok
[INFO] [stdout] test pr_1455::tests::case_3 ... ok
[INFO] [stdout] test pr_1482::tests::case_1 ... ok
[INFO] [stdout] test pr_1456::tests::case_1 ... ok
[INFO] [stdout] test pr_1456::tests::case_5 ... ok
[INFO] [stdout] test pr_1460::tests::case_2 ... ok
[INFO] [stdout] test pr_1431::tests::case_2 ... ok
[INFO] [stdout] test pr_1372::tests::case_3 ... ok
[INFO] [stdout] test pr_1380::tests::case_3 ... ok
[INFO] [stdout] test pr_1395::tests::case_2 ... ok
[INFO] [stdout] test pr_1460::tests::case_1 ... ok
[INFO] [stdout] test pr_1431::tests::case_3 ... ok
[INFO] [stdout] test pr_1460::tests::case_3 ... ok
[INFO] [stdout] test pr_1466::tests::case_1 ... ok
[INFO] [stdout] test pr_1466::tests::case_2 ... ok
[INFO] [stdout] test pr_1466::tests::case_3 ... ok
[INFO] [stdout] test pr_1482::tests::case_2 ... ok
[INFO] [stdout] test pr_1493::tests::case_3 ... ok
[INFO] [stdout] test pr_1497::tests::case_1 ... ok
[INFO] [stdout] test pr_1497::tests::case_2 ... ok
[INFO] [stdout] test pr_1508::tests::case_3 ... ok
[INFO] [stdout] test pr_1509::tests::case_1 ... ok
[INFO] [stdout] test pr_1514::tests::case_2 ... ok
[INFO] [stdout] test pr_1514::tests::case_3 ... ok
[INFO] [stdout] test pr_1493::tests::case_1 ... ok
[INFO] [stdout] test pr_1482::tests::case_3 ... ok
[INFO] [stdout] test pr_1497::tests::case_3 ... ok
[INFO] [stdout] test pr_1508::tests::case_1 ... ok
[INFO] [stdout] test pr_1508::tests::case_2 ... ok
[INFO] [stdout] test pr_1509::tests::case_2 ... ok
[INFO] [stdout] test pr_1509::tests::case_3 ... ok
[INFO] [stdout] test pr_1493::tests::case_2 ... ok
[INFO] [stdout] test pr_1514::tests::case_1 ... ok
[INFO] [stdout] test pr_1518::tests::case_1 ... ok
[INFO] [stdout] test pr_1518::tests::case_2 ... ok
[INFO] [stdout] test pr_1493::tests::case_4 ... ok
[INFO] [stdout] test pr_1530::tests::case_1 ... ok
[INFO] [stdout] test pr_1530::tests::case_2 ... ok
[INFO] [stdout] test pr_1545::tests::case_1 ... ok
[INFO] [stdout] test pr_1545::tests::case_2 ... ok
[INFO] [stdout] test pr_1530::tests::case_3 ... ok
[INFO] [stdout] test pr_1550::tests::case_1 ... ok
[INFO] [stdout] test pr_1552::tests::case_1 ... ok
[INFO] [stdout] test pr_1568::tests::case_1 ... ok
[INFO] [stdout] test pr_1574::tests::case_2 ... ok
[INFO] [stdout] test pr_1568::tests::case_2 ... ok
[INFO] [stdout] test pr_1579::tests::case_3 ... ok
[INFO] [stdout] test pr_1579::tests::case_1 ... ok
[INFO] [stdout] test pr_1574::tests::case_1 ... ok
[INFO] [stdout] test pr_1590::tests::case_1 ... ok
[INFO] [stdout] test pr_1593::tests::case_3 ... ok
[INFO] [stdout] test pr_1598::tests::case_1 ... ok
[INFO] [stdout] test pr_1598::tests::case_2 ... ok
[INFO] [stdout] test pr_1593::tests::case_2 ... ok
[INFO] [stdout] test pr_1598::tests::case_3 ... ok
[INFO] [stdout] test pr_1605::tests::case_1 ... ok
[INFO] [stdout] test pr_1593::tests::case_1 ... ok
[INFO] [stdout] test pr_1605::tests::case_2 ... ok
[INFO] [stdout] test pr_1550::tests::case_3 ... ok
[INFO] [stdout] test pr_1605::tests::case_3 ... ok
[INFO] [stdout] test pr_1552::tests::case_2 ... ok
[INFO] [stdout] test pr_1636::tests::case_1 ... ok
[INFO] [stdout] test pr_1636::tests::case_2 ... ok
[INFO] [stdout] test pr_1636::tests::case_3 ... ok
[INFO] [stdout] test pr_1652::tests::case_1 ... ok
[INFO] [stdout] test pr_1652::tests::case_2 ... ok
[INFO] [stdout] test pr_1652::tests::case_3 ... ok
[INFO] [stdout] test pr_1653::tests::case_2 ... ok
[INFO] [stdout] test pr_1653::tests::case_1 ... ok
[INFO] [stdout] test pr_1657::tests::case_1 ... ok
[INFO] [stdout] test pr_1657::tests::case_2 ... ok
[INFO] [stdout] test pr_1657::tests::case_4 ... ok
[INFO] [stdout] test pr_1657::tests::case_3 ... ok
[INFO] [stdout] test pr_1671::tests::case_1 ... ok
[INFO] [stdout] test pr_1671::tests::case_2 ... ok
[INFO] [stdout] test pr_1679::tests::case_1 ... ok
[INFO] [stdout] test pr_1550::tests::case_2 ... ok
[INFO] [stdout] test pr_1679::tests::case_2 ... ok
[INFO] [stdout] test pr_1679::tests::case_4 ... ok
[INFO] [stdout] test pr_1684::tests::case_1 ... ok
[INFO] [stdout] test pr_1684::tests::case_2 ... ok
[INFO] [stdout] test pr_1684::tests::case_3 ... ok
[INFO] [stdout] test pr_1701::tests::case_0 ... ok
[INFO] [stdout] test pr_1679::tests::case_3 ... ok
[INFO] [stdout] test pr_1701::tests::case_1 ... ok
[INFO] [stdout] test pr_1701::tests::case_2 ... ok
[INFO] [stdout] test pr_1717::tests::case_1 ... ok
[INFO] [stdout] test pr_1590::tests::case_3 ... ok
[INFO] [stdout] test pr_1717::tests::case_2 ... ok
[INFO] [stdout] test pr_1717::tests::case_3 ... ok
[INFO] [stdout] test pr_1732::tests::case_2 ... ok
[INFO] [stdout] test pr_1732::tests::case_1 ... ok
[INFO] [stdout] test pr_1760::tests::case_1 ... ok
[INFO] [stdout] test pr_1760::tests::case_2 ... ok
[INFO] [stdout] test pr_1768::tests::case_1 ... ok
[INFO] [stdout] test pr_1768::tests::case_3 ... ok
[INFO] [stdout] test pr_1574::tests::case_3 ... ok
[INFO] [stdout] test pr_1768::tests::case_2 ... ok
[INFO] [stdout] test pr_1760::tests::case_3 ... ok
[INFO] [stdout] test pr_1579::tests::case_2 ... ok
[INFO] [stdout] test pr_1590::tests::case_2 ... ok
[INFO] [stdout] test pr_1861::tests::case_1 ... ok
[INFO] [stdout] test pr_1791::tests::case_1 ... ok
[INFO] [stdout] test pr_1854::tests::case_1 ... ok
[INFO] [stdout] test pr_1861::tests::case_3 ... ok
[INFO] [stdout] test pr_1905::tests::case_2 ... ok
[INFO] [stdout] test pr_1905::tests::case_1 ... ok
[INFO] [stdout] test pr_1905::tests::case_3 ... ok
[INFO] [stdout] test pr_1926::tests::case_2 ... ok
[INFO] [stdout] test pr_1791::tests::case_2 ... ok
[INFO] [stdout] test pr_1823::tests::case_2 ... ok
[INFO] [stdout] test pr_1829::tests::case_1 ... ok
[INFO] [stdout] test pr_1829::tests::case_2 ... ok
[INFO] [stdout] test pr_1813::tests::case_1 ... ok
[INFO] [stdout] test pr_1813::tests::case_2 ... ok
[INFO] [stdout] test pr_1861::tests::case_2 ... ok
[INFO] [stdout] test pr_1813::tests::case_3 ... ok
[INFO] [stdout] test pr_1823::tests::case_1 ... ok
[INFO] [stdout] test pr_1854::tests::case_2 ... ok
[INFO] [stdout] test pr_1829::tests::case_3 ... ok
[INFO] [stdout] test pr_1926::tests::case_1 ... ok
[INFO] [stdout] test pr_1937::tests::case_2 ... ok
[INFO] [stdout] test pr_1942::tests::case_1 ... ok
[INFO] [stdout] test pr_1942::tests::case_2 ... ok
[INFO] [stdout] test pr_1945::tests::case_1 ... ok
[INFO] [stdout] test pr_1926::tests::case_3 ... ok
[INFO] [stdout] test pr_1937::tests::case_1 ... ok
[INFO] [stdout] test pr_1957::tests::case_2 ... ok
[INFO] [stdout] test pr_1957::tests::case_3 ... ok
[INFO] [stdout] test pr_1963::tests::case_1 ... ok
[INFO] [stdout] test pr_1963::tests::case_2 ... ok
[INFO] [stdout] test pr_1945::tests::case_3 ... ok
[INFO] [stdout] test pr_1957::tests::case_1 ... ok
[INFO] [stdout] test pr_1963::tests::case_3 ... ok
[INFO] [stdout] test pr_1971::tests::case_1 ... ok
[INFO] [stdout] test pr_1971::tests::case_2 ... ok
[INFO] [stdout] test pr_1975::tests::case_1 ... ok
[INFO] [stdout] test pr_1975::tests::case_2 ... ok
[INFO] [stdout] test pr_1979::tests::case_1 ... ok
[INFO] [stdout] test pr_1979::tests::case_2 ... ok
[INFO] [stdout] test pr_1979::tests::case_3 ... ok
[INFO] [stdout] test pr_2022::tests::case_1 ... ok
[INFO] [stdout] test pr_2022::tests::case_2 ... ok
[INFO] [stdout] test pr_2022::tests::case_3 ... ok
[INFO] [stdout] test pr_2022::tests::case_4 ... ok
[INFO] [stdout] test pr_2028::tests::case_1 ... ok
[INFO] [stdout] test pr_2028::tests::case_3 ... ok
[INFO] [stdout] test pr_2028::tests::case_2 ... ok
[INFO] [stdout] test pr_2054::tests::case_3 ... ok
[INFO] [stdout] test pr_2058::tests::case_1 ... ok
[INFO] [stdout] test pr_2054::tests::case_2 ... ok
[INFO] [stdout] test pr_2044::tests::case_3 ... ok
[INFO] [stdout] test pr_2045::tests::case_1 ... ok
[INFO] [stdout] test pr_2053::tests::case_1 ... ok
[INFO] [stdout] test pr_2053::tests::case_2 ... ok
[INFO] [stdout] test pr_2053::tests::case_3 ... ok
[INFO] [stdout] test pr_2044::tests::case_2 ... ok
[INFO] [stdout] test pr_2058::tests::case_3 ... ok
[INFO] [stdout] test pr_2054::tests::case_1 ... ok
[INFO] [stdout] test pr_2058::tests::case_2 ... ok
[INFO] [stdout] test pr_2064::tests::case_1 ... ok
[INFO] [stdout] test pr_2064::tests::case_2 ... ok
[INFO] [stdout] test pr_2064::tests::case_3 ... ok
[INFO] [stdout] test pr_2070::tests::case_2 ... ok
[INFO] [stdout] test pr_2070::tests::case_1 ... ok
[INFO] [stdout] test pr_2096::tests::case_1 ... ok
[INFO] [stdout] test pr_2070::tests::case_3 ... ok
[INFO] [stdout] test pr_2045::tests::case_2 ... ok
[INFO] [stdout] test pr_2095::tests::case_1 ... ok
[INFO] [stdout] test pr_2095::tests::case_2 ... ok
[INFO] [stdout] test pr_2096::tests::case_3 ... ok
[INFO] [stdout] test pr_2096::tests::case_2 ... ok
[INFO] [stdout] test pr_2097::tests::case_1 ... ok
[INFO] [stdout] test pr_2097::tests::case_3 ... ok
[INFO] [stdout] test pr_2097::tests::case_2 ... ok
[INFO] [stdout] test pr_2109::tests::case_2 ... ok
[INFO] [stdout] test pr_2130::tests::case_1 ... ok
[INFO] [stdout] test pr_2130::tests::case_2 ... ok
[INFO] [stdout] test pr_2130::tests::case_3 ... ok
[INFO] [stdout] test pr_2134::tests::case_1 ... ok
[INFO] [stdout] test pr_2134::tests::case_2 ... ok
[INFO] [stdout] test pr_2134::tests::case_3 ... ok
[INFO] [stdout] test pr_1945::tests::case_2 ... ok
[INFO] [stdout] test pr_2181::tests::case_1 ... ok
[INFO] [stdout] test pr_1268::tests::case_2 ... FAILED
[INFO] [stdout] test pr_2044::tests::case_1 ... ok
[INFO] [stdout] test pr_2109::tests::case_1 ... ok
[INFO] [stdout] test pr_1268::tests::case_1 ... FAILED
[INFO] [stdout] test pr_2095::tests::case_3 ... ok
[INFO] [stdout] test pr_2181::tests::case_2 ... ok
[INFO] [stdout] test pr_2191::tests::case_1 ... ok
[INFO] [stdout] test pr_2191::tests::case_2 ... ok
[INFO] [stdout] test pr_2191::tests::case_3 ... ok
[INFO] [stdout] test pr_2192::tests::case_1 ... ok
[INFO] [stdout] test pr_2196::tests::case_1 ... ok
[INFO] [stdout] test pr_2215::tests::case_2 ... ok
[INFO] [stdout] test pr_2275::tests::case_1 ... ok
[INFO] [stdout] test pr_2275::tests::case_2 ... ok
[INFO] [stdout] test pr_2275::tests::case_3 ... ok
[INFO] [stdout] test pr_2257::tests::case_2 ... ok
[INFO] [stdout] test pr_2192::tests::case_2 ... ok
[INFO] [stdout] test pr_2196::tests::case_2 ... ok
[INFO] [stdout] test pr_2220::tests::case_2 ... ok
[INFO] [stdout] test pr_2300::tests::case_2 ... ok
[INFO] [stdout] test pr_2326::tests::case_2 ... ok
[INFO] [stdout] test pr_2290::tests::case_1 ... ok
[INFO] [stdout] test pr_2257::tests::case_1 ... ok
[INFO] [stdout] test pr_2285::tests::case_1 ... ok
[INFO] [stdout] test pr_2300::tests::case_1 ... ok
[INFO] [stdout] test pr_2215::tests::case_1 ... ok
[INFO] [stdout] test pr_2336::tests::case_1 ... ok
[INFO] [stdout] test pr_2337::tests::case_3 ... ok
[INFO] [stdout] test pr_2390::tests::case_2 ... ok
[INFO] [stdout] test pr_2392::tests::case_1 ... ok
[INFO] [stdout] test pr_2109::tests::case_3 ... ok
[INFO] [stdout] test pr_2285::tests::case_2 ... ok
[INFO] [stdout] test pr_2326::tests::case_1 ... ok
[INFO] [stdout] test pr_2290::tests::case_2 ... ok
[INFO] [stdout] test pr_2220::tests::case_1 ... ok
[INFO] [stdout] test pr_2352::tests::case_1 ... ok
[INFO] [stdout] test pr_2406::tests::case_1 ... ok
[INFO] [stdout] test pr_2406::tests::case_2 ... ok
[INFO] [stdout] test pr_2416::tests::case_1 ... ok
[INFO] [stdout] test pr_2337::tests::case_1 ... ok
[INFO] [stdout] test pr_2392::tests::case_2 ... ok
[INFO] [stdout] test pr_2352::tests::case_3 ... ok
[INFO] [stdout] test pr_2352::tests::case_2 ... ok
[INFO] [stdout] test pr_2416::tests::case_2 ... ok
[INFO] [stdout] test pr_2418::tests::case_1 ... ok
[INFO] [stdout] test pr_2337::tests::case_2 ... ok
[INFO] [stdout] test pr_2418::tests::case_2 ... ok
[INFO] [stdout] test pr_2390::tests::case_1 ... ok
[INFO] [stdout] test pr_2419::tests::case_1 ... ok
[INFO] [stdout] test pr_2419::tests::case_2 ... ok
[INFO] [stdout] test pr_2458::tests::case_1 ... ok
[INFO] [stdout] test pr_2461::tests::case_1 ... ok
[INFO] [stdout] test pr_2458::tests::case_2 ... ok
[INFO] [stdout] test pr_2463::tests::case_1 ... ok
[INFO] [stdout] test pr_2490::tests::case_1 ... ok
[INFO] [stdout] test pr_2490::tests::case_3 ... ok
[INFO] [stdout] test pr_2490::tests::case_2 ... ok
[INFO] [stdout] test pr_2491::tests::case_3 ... ok
[INFO] [stdout] test pr_2501::tests::case_1 ... ok
[INFO] [stdout] test pr_2501::tests::case_2 ... ok
[INFO] [stdout] test pr_2516::tests::case_1 ... ok
[INFO] [stdout] test pr_2516::tests::case_2 ... ok
[INFO] [stdout] test pr_2530::tests::case_1 ... ok
[INFO] [stdout] test pr_2542::tests::case_1 ... ok
[INFO] [stdout] test pr_2554::tests::case_1 ... ok
[INFO] [stdout] test pr_2554::tests::case_3 ... ok
[INFO] [stdout] test pr_2558::tests::case_1 ... ok
[INFO] [stdout] test pr_2558::tests::case_2 ... ok
[INFO] [stdout] test pr_2563::tests::case_1 ... ok
[INFO] [stdout] test pr_2563::tests::case_2 ... ok
[INFO] [stdout] test pr_2574::tests::case_1 ... ok
[INFO] [stdout] test pr_2574::tests::case_2 ... ok
[INFO] [stdout] test pr_2577::tests::case_2 ... ok
[INFO] [stdout] test pr_2577::tests::case_1 ... ok
[INFO] [stdout] test pr_2582::tests::case_2 ... ok
[INFO] [stdout] test pr_2582::tests::case_3 ... ok
[INFO] [stdout] test pr_2582::tests::case_1 ... ok
[INFO] [stdout] test pr_2463::tests::case_2 ... ok
[INFO] [stdout] test pr_2491::tests::case_1 ... ok
[INFO] [stdout] test pr_2491::tests::case_2 ... ok
[INFO] [stdout] test pr_2530::tests::case_2 ... ok
[INFO] [stdout] test pr_2554::tests::case_2 ... ok
[INFO] [stdout] test pr_2542::tests::case_2 ... ok
[INFO] [stdout] test pr_2583::tests::case_1 ... ok
[INFO] [stdout] test pr_2461::tests::case_2 ... ok
[INFO] [stdout] test pr_2583::tests::case_2 ... ok
[INFO] [stdout] test pr_2593::tests::case_1 ... ok
[INFO] [stdout] test pr_2601::tests::case_1 ... ok
[INFO] [stdout] test pr_2601::tests::case_2 ... ok
[INFO] [stdout] test pr_2601::tests::case_3 ... ok
[INFO] [stdout] test pr_2641::tests::case_1 ... ok
[INFO] [stdout] test pr_2678::tests::case_1 ... ok
[INFO] [stdout] test pr_2678::tests::case_2 ... ok
[INFO] [stdout] test pr_2641::tests::case_2 ... ok
[INFO] [stdout] test pr_2684::tests::case_1 ... ok
[INFO] [stdout] test pr_2684::tests::case_2 ... ok
[INFO] [stdout] test pr_2696::tests::case_2 ... ok
[INFO] [stdout] test pr_2699::tests::case_1 ... ok
[INFO] [stdout] test pr_2699::tests::case_2 ... ok
[INFO] [stdout] test pr_2699::tests::case_3 ... ok
[INFO] [stdout] test pr_2707::tests::case_1 ... ok
[INFO] [stdout] test pr_2707::tests::case_2 ... ok
[INFO] [stdout] test pr_2751::tests::case_2 ... ok
[INFO] [stdout] test pr_2751::tests::case_1 ... ok
[INFO] [stdout] test pr_2751::tests::case_3 ... ok
[INFO] [stdout] test pr_2678::tests::case_3 ... ok
[INFO] [stdout] test pr_2762::tests::case_1 ... ok
[INFO] [stdout] test pr_2696::tests::case_1 ... ok
[INFO] [stdout] test pr_2593::tests::case_2 ... ok
[INFO] [stdout] test pr_2762::tests::case_2 ... ok
[INFO] [stdout] test pr_2779::tests::case_1 ... ok
[INFO] [stdout] test pr_2807::tests::case_1 ... ok
[INFO] [stdout] test pr_2807::tests::case_2 ... ok
[INFO] [stdout] test pr_2825::tests::case_1 ... ok
[INFO] [stdout] test pr_2825::tests::case_3 ... ok
[INFO] [stdout] test pr_2825::tests::case_2 ... ok
[INFO] [stdout] test pr_2825::tests::case_4 ... ok
[INFO] [stdout] test pr_2914::tests::case_1 ... ok
[INFO] [stdout] test pr_2914::tests::case_2 ... ok
[INFO] [stdout] test pr_2914::tests::case_3 ... ok
[INFO] [stdout] test pr_2938::tests::case_1 ... ok
[INFO] [stdout] test pr_2938::tests::case_2 ... ok
[INFO] [stdout] test pr_2938::tests::case_3 ... ok
[INFO] [stdout] test pr_2976::tests::case_1 ... ok
[INFO] [stdout] test pr_2976::tests::case_2 ... ok
[INFO] [stdout] test pr_2779::tests::case_2 ... ok
[INFO] [stdout] test pr_2924::tests::case_2 ... ok
[INFO] [stdout] test pr_2981::tests::case_1 ... ok
[INFO] [stdout] test pr_2924::tests::case_1 ... ok
[INFO] [stdout] test pr_2976::tests::case_3 ... ok
[INFO] [stdout] test pr_3043::tests::case_2 ... ok
[INFO] [stdout] test pr_3043::tests::case_1 ... ok
[INFO] [stdout] test pr_2981::tests::case_2 ... ok
[INFO] [stdout] test pr_2981::tests::case_3 ... ok
[INFO] [stdout] test pr_3011::tests::case_1 ... ok
[INFO] [stdout] test pr_3011::tests::case_2 ... ok
[INFO] [stdout] test pr_3014::tests::case_2 ... ok
[INFO] [stdout] test pr_3016::tests::case_1 ... ok
[INFO] [stdout] test pr_3016::tests::case_2 ... ok
[INFO] [stdout] test pr_3011::tests::case_3 ... ok
[INFO] [stdout] test pr_3014::tests::case_1 ... ok
[INFO] [stdout] test pr_3016::tests::case_3 ... ok
[INFO] [stdout] test pr_3097::tests::case_1 ... ok
[INFO] [stdout] test pr_3097::tests::case_3 ... ok
[INFO] [stdout] test pr_3163::tests::case_3 ... ok
[INFO] [stdout] test pr_3133::tests::case_1 ... ok
[INFO] [stdout] test pr_3097::tests::case_2 ... ok
[INFO] [stdout] test pr_3133::tests::case_2 ... ok
[INFO] [stdout] test pr_3146::tests::case_1 ... ok
[INFO] [stdout] test pr_3146::tests::case_2 ... ok
[INFO] [stdout] test pr_3152::tests::case_1 ... ok
[INFO] [stdout] test pr_3152::tests::case_2 ... ok
[INFO] [stdout] test pr_3163::tests::case_1 ... ok
[INFO] [stdout] test pr_3163::tests::case_2 ... ok
[INFO] [stdout] test pr_3190::tests::case_1 ... ok
[INFO] [stdout] test pr_3190::tests::case_2 ... ok
[INFO] [stdout] test pr_3194::tests::case_2 ... ok
[INFO] [stdout] test pr_3194::tests::case_1 ... ok
[INFO] [stdout] test pr_3207::tests::case_2 ... ok
[INFO] [stdout] test pr_3217::tests::case_1 ... ok
[INFO] [stdout] test pr_3254::tests::case_2 ... ok
[INFO] [stdout] test pr_3254::tests::case_3 ... ok
[INFO] [stdout] test pr_3217::tests::case_2 ... ok
[INFO] [stdout] test pr_3206::tests::case_2 ... ok
[INFO] [stdout] test pr_3207::tests::case_3 ... ok
[INFO] [stdout] test pr_3217::tests::case_3 ... ok
[INFO] [stdout] test pr_3194::tests::case_3 ... ok
[INFO] [stdout] test pr_3206::tests::case_1 ... ok
[INFO] [stdout] test pr_3207::tests::case_1 ... ok
[INFO] [stdout] test pr_3243::tests::case_2 ... ok
[INFO] [stdout] test pr_3254::tests::case_1 ... ok
[INFO] [stdout] test pr_3243::tests::case_1 ... ok
[INFO] [stdout] 
[INFO] [stdout] failures:
[INFO] [stdout] 
[INFO] [stdout] ---- pr_1268::tests::case_2 stdout ----
[INFO] [stdout] thread 'pr_1268::tests::case_2' panicked at src/pr_1268.rs:58:9:
[INFO] [stdout] assertion `left == right` failed
[INFO] [stdout]   left: []
[INFO] [stdout]  right: [["havana"], ["havana"], ["havana"], ["havana"], ["havana"], ["havana"]]
[INFO] [stdout] stack backtrace:
[INFO] [stdout]    0:     0x65293004d6fa - std::backtrace_rs::backtrace::libunwind::trace::h5a5b8284f2d0c266
[INFO] [stdout]                                at /rustc/90b35a6239c3d8bdabc530a6a0816f7ff89a0aaf/library/std/src/../../backtrace/src/backtrace/libunwind.rs:116:5
[INFO] [stdout]    1:     0x65293004d6fa - std::backtrace_rs::backtrace::trace_unsynchronized::h76d4f1c9b0b875e3
[INFO] [stdout]                                at /rustc/90b35a6239c3d8bdabc530a6a0816f7ff89a0aaf/library/std/src/../../backtrace/src/backtrace/mod.rs:66:5
[INFO] [stdout]    2:     0x65293004d6fa - std::sys::backtrace::_print_fmt::hc4546b8364a537c6
[INFO] [stdout]                                at /rustc/90b35a6239c3d8bdabc530a6a0816f7ff89a0aaf/library/std/src/sys/backtrace.rs:66:9
[INFO] [stdout]    3:     0x65293004d6fa - <std::sys::backtrace::BacktraceLock::print::DisplayBacktrace as core::fmt::Display>::fmt::h5b6bd5631a6d1f6b
[INFO] [stdout]                                at /rustc/90b35a6239c3d8bdabc530a6a0816f7ff89a0aaf/library/std/src/sys/backtrace.rs:39:26
[INFO] [stdout]    4:     0x652930072ff3 - core::fmt::rt::Argument::fmt::h270f6602a2b96f62
[INFO] [stdout]                                at /rustc/90b35a6239c3d8bdabc530a6a0816f7ff89a0aaf/library/core/src/fmt/rt.rs:177:76
[INFO] [stdout]    5:     0x652930072ff3 - core::fmt::write::h7550c97b06c86515
[INFO] [stdout]                                at /rustc/90b35a6239c3d8bdabc530a6a0816f7ff89a0aaf/library/core/src/fmt/mod.rs:1186:21
[INFO] [stdout]    6:     0x65293004a8c3 - std::io::Write::write_fmt::h509ff860e5956e5e
[INFO] [stdout]                                at /rustc/90b35a6239c3d8bdabc530a6a0816f7ff89a0aaf/library/std/src/io/mod.rs:1839:15
[INFO] [stdout]    7:     0x65293004d542 - std::sys::backtrace::BacktraceLock::print::h2395ccd2c84ba3aa
[INFO] [stdout]                                at /rustc/90b35a6239c3d8bdabc530a6a0816f7ff89a0aaf/library/std/src/sys/backtrace.rs:42:9
[INFO] [stdout]    8:     0x65293004eb5a - std::panicking::default_hook::{{closure}}::he19d4c7230e07961
[INFO] [stdout]                                at /rustc/90b35a6239c3d8bdabc530a6a0816f7ff89a0aaf/library/std/src/panicking.rs:268:22
[INFO] [stdout]    9:     0x65293004e964 - std::panicking::default_hook::hf614597d3c67bbdb
[INFO] [stdout]                                at /rustc/90b35a6239c3d8bdabc530a6a0816f7ff89a0aaf/library/std/src/panicking.rs:292:9
[INFO] [stdout]   10:     0x65292ffdbd79 - <alloc::boxed::Box<F,A> as core::ops::function::Fn<Args>>::call::h39b51ce4599c23d1
[INFO] [stdout]                                at /rustc/90b35a6239c3d8bdabc530a6a0816f7ff89a0aaf/library/alloc/src/boxed.rs:2468:9
[INFO] [stdout]   11:     0x65292ffdbd79 - test::test_main::{{closure}}::he977ae839a582784
[INFO] [stdout]                                at /rustc/90b35a6239c3d8bdabc530a6a0816f7ff89a0aaf/library/test/src/lib.rs:133:21
[INFO] [stdout]   12:     0x65293004f1f8 - <alloc::boxed::Box<F,A> as core::ops::function::Fn<Args>>::call::h9455091b6b06f9fb
[INFO] [stdout]                                at /rustc/90b35a6239c3d8bdabc530a6a0816f7ff89a0aaf/library/alloc/src/boxed.rs:2468:9
[INFO] [stdout]   13:     0x65293004f1f8 - std::panicking::rust_panic_with_hook::h8942133a8b252070
[INFO] [stdout]                                at /rustc/90b35a6239c3d8bdabc530a6a0816f7ff89a0aaf/library/std/src/panicking.rs:809:13
[INFO] [stdout]   14:     0x65293004efba - std::panicking::begin_panic_handler::{{closure}}::hb5f5963570096b29
[INFO] [stdout]                                at /rustc/90b35a6239c3d8bdabc530a6a0816f7ff89a0aaf/library/std/src/panicking.rs:674:13
[INFO] [stdout]   15:     0x65293004dbd9 - std::sys::backtrace::__rust_end_short_backtrace::h6208cedc1922feda
[INFO] [stdout]                                at /rustc/90b35a6239c3d8bdabc530a6a0816f7ff89a0aaf/library/std/src/sys/backtrace.rs:170:18
[INFO] [stdout]   16:     0x65293004ec4c - rust_begin_unwind
[INFO] [stdout]                                at /rustc/90b35a6239c3d8bdabc530a6a0816f7ff89a0aaf/library/std/src/panicking.rs:665:5
[INFO] [stdout]   17:     0x65292fd36140 - core::panicking::panic_fmt::h0c3082644d1bf418
[INFO] [stdout]                                at /rustc/90b35a6239c3d8bdabc530a6a0816f7ff89a0aaf/library/core/src/panicking.rs:74:14
[INFO] [stdout]   18:     0x65292fd3650b - core::panicking::assert_failed_inner::h2ddf1fcc067fa858
[INFO] [stdout]   19:     0x65292ff69bf0 - core::panicking::assert_failed::h853e3a8b94157091
[INFO] [stdout]                                at /rustc/90b35a6239c3d8bdabc530a6a0816f7ff89a0aaf/library/core/src/panicking.rs:367:5
[INFO] [stdout]   20:     0x65292fe938ea - challenge::pr_1268::tests::case_2::hee8bdf2e7e73264f
[INFO] [stdout]                                at /opt/rustwide/workdir/src/pr_1268.rs:58:9
[INFO] [stdout]   21:     0x65292fe92f77 - challenge::pr_1268::tests::case_2::{{closure}}::h94b87898e3a6dd48
[INFO] [stdout]                                at /opt/rustwide/workdir/src/pr_1268.rs:47:16
[INFO] [stdout]   22:     0x65292fec9646 - core::ops::function::FnOnce::call_once::h3eeb60f0c70920ae
[INFO] [stdout]                                at /rustc/90b35a6239c3d8bdabc530a6a0816f7ff89a0aaf/library/core/src/ops/function.rs:250:5
[INFO] [stdout]   23:     0x65292ffe073b - core::ops::function::FnOnce::call_once::h109cf8051a59b34e
[INFO] [stdout]                                at /rustc/90b35a6239c3d8bdabc530a6a0816f7ff89a0aaf/library/core/src/ops/function.rs:250:5
[INFO] [stdout]   24:     0x65292ffe073b - test::__rust_begin_short_backtrace::hf4fff89d377446ba
[INFO] [stdout]                                at /rustc/90b35a6239c3d8bdabc530a6a0816f7ff89a0aaf/library/test/src/lib.rs:621:18
[INFO] [stdout]   25:     0x65292ffdff77 - test::run_test_in_process::{{closure}}::h0e39181dd7ee5a43
[INFO] [stdout]                                at /rustc/90b35a6239c3d8bdabc530a6a0816f7ff89a0aaf/library/test/src/lib.rs:644:60
[INFO] [stdout]   26:     0x65292ffdff77 - <core::panic::unwind_safe::AssertUnwindSafe<F> as core::ops::function::FnOnce<()>>::call_once::hc5a66a30f0bdfd1f
[INFO] [stdout]                                at /rustc/90b35a6239c3d8bdabc530a6a0816f7ff89a0aaf/library/core/src/panic/unwind_safe.rs:272:9
[INFO] [stdout]   27:     0x65292ffdff77 - std::panicking::try::do_call::h873b7cf639554a5e
[INFO] [stdout]                                at /rustc/90b35a6239c3d8bdabc530a6a0816f7ff89a0aaf/library/std/src/panicking.rs:557:40
[INFO] [stdout]   28:     0x65292ffdff77 - std::panicking::try::hdb19862fad9c8bd1
[INFO] [stdout]                                at /rustc/90b35a6239c3d8bdabc530a6a0816f7ff89a0aaf/library/std/src/panicking.rs:520:19
[INFO] [stdout]   29:     0x65292ffdff77 - std::panic::catch_unwind::h281fe732d236d260
[INFO] [stdout]                                at /rustc/90b35a6239c3d8bdabc530a6a0816f7ff89a0aaf/library/std/src/panic.rs:358:14
[INFO] [stdout]   30:     0x65292ffdff77 - test::run_test_in_process::h949b6df8457ed338
[INFO] [stdout]                                at /rustc/90b35a6239c3d8bdabc530a6a0816f7ff89a0aaf/library/test/src/lib.rs:644:27
[INFO] [stdout]   31:     0x65292ffdff77 - test::run_test::{{closure}}::h52c556a6d4740e10
[INFO] [stdout]                                at /rustc/90b35a6239c3d8bdabc530a6a0816f7ff89a0aaf/library/test/src/lib.rs:565:43
[INFO] [stdout]   32:     0x65292ffa5254 - test::run_test::{{closure}}::h4237f6381c45ccb9
[INFO] [stdout]                                at /rustc/90b35a6239c3d8bdabc530a6a0816f7ff89a0aaf/library/test/src/lib.rs:595:41
[INFO] [stdout]   33:     0x65292ffa5254 - std::sys::backtrace::__rust_begin_short_backtrace::h505c97a579eca628
[INFO] [stdout]                                at /rustc/90b35a6239c3d8bdabc530a6a0816f7ff89a0aaf/library/std/src/sys/backtrace.rs:154:18
[INFO] [stdout]   34:     0x65292ffa891e - std::thread::Builder::spawn_unchecked_::{{closure}}::{{closure}}::h9e86b2e2bc107ea3
[INFO] [stdout]                                at /rustc/90b35a6239c3d8bdabc530a6a0816f7ff89a0aaf/library/std/src/thread/mod.rs:538:17
[INFO] [stdout]   35:     0x65292ffa891e - <core::panic::unwind_safe::AssertUnwindSafe<F> as core::ops::function::FnOnce<()>>::call_once::h8b06ddb275ff4a25
[INFO] [stdout]                                at /rustc/90b35a6239c3d8bdabc530a6a0816f7ff89a0aaf/library/core/src/panic/unwind_safe.rs:272:9
[INFO] [stdout]   36:     0x65292ffa891e - std::panicking::try::do_call::hb26ecd7cd9a9355d
[INFO] [stdout]                                at /rustc/90b35a6239c3d8bdabc530a6a0816f7ff89a0aaf/library/std/src/panicking.rs:557:40
[INFO] [stdout]   37:     0x65292ffa891e - std::panicking::try::h8ddeca9d705f9069
[INFO] [stdout]                                at /rustc/90b35a6239c3d8bdabc530a6a0816f7ff89a0aaf/library/std/src/panicking.rs:520:19
[INFO] [stdout]   38:     0x65292ffa891e - std::panic::catch_unwind::h49e1c33078844c46
[INFO] [stdout]                                at /rustc/90b35a6239c3d8bdabc530a6a0816f7ff89a0aaf/library/std/src/panic.rs:358:14
[INFO] [stdout]   39:     0x65292ffa891e - std::thread::Builder::spawn_unchecked_::{{closure}}::h6073db6ff56ad35d
[INFO] [stdout]                                at /rustc/90b35a6239c3d8bdabc530a6a0816f7ff89a0aaf/library/std/src/thread/mod.rs:537:30
[INFO] [stdout]   40:     0x65292ffa891e - core::ops::function::FnOnce::call_once{{vtable.shim}}::h2c5a5f3779c774f1
[INFO] [stdout]                                at /rustc/90b35a6239c3d8bdabc530a6a0816f7ff89a0aaf/library/core/src/ops/function.rs:250:5
[INFO] [stdout]   41:     0x652930052f4b - <alloc::boxed::Box<F,A> as core::ops::function::FnOnce<Args>>::call_once::hf75717d9f28faebf
[INFO] [stdout]                                at /rustc/90b35a6239c3d8bdabc530a6a0816f7ff89a0aaf/library/alloc/src/boxed.rs:2454:9
[INFO] [stdout]   42:     0x652930052f4b - <alloc::boxed::Box<F,A> as core::ops::function::FnOnce<Args>>::call_once::h7bd883a5f3c5f3c1
[INFO] [stdout]                                at /rustc/90b35a6239c3d8bdabc530a6a0816f7ff89a0aaf/library/alloc/src/boxed.rs:2454:9
[INFO] [stdout]   43:     0x652930052f4b - std::sys::pal::unix::thread::Thread::new::thread_start::hcc78f3943333fa94
[INFO] [stdout]                                at /rustc/90b35a6239c3d8bdabc530a6a0816f7ff89a0aaf/library/std/src/sys/pal/unix/thread.rs:105:17
[INFO] [stdout]   44:     0x719376ac0ac3 - <unknown>
[INFO] [stdout]   45:     0x719376b51a04 - clone
[INFO] [stdout]   46:                0x0 - <unknown>
[INFO] [stdout] 
[INFO] [stdout] ---- pr_1268::tests::case_1 stdout ----
[INFO] [stdout] thread 'pr_1268::tests::case_1' panicked at src/pr_1268.rs:40:9:
[INFO] [stdout] assertion `left == right` failed
[INFO] [stdout]   left: []
[INFO] [stdout]  right: [["mobile", "moneypot", "monitor"], ["mobile", "moneypot", "monitor"], ["mouse", "mousepad"], ["mouse", "mousepad"], ["mouse", "mousepad"]]
[INFO] [stdout] stack backtrace:
[INFO] [stdout]    0:     0x65293004d6fa - std::backtrace_rs::backtrace::libunwind::trace::h5a5b8284f2d0c266
[INFO] [stdout]                                at /rustc/90b35a6239c3d8bdabc530a6a0816f7ff89a0aaf/library/std/src/../../backtrace/src/backtrace/libunwind.rs:116:5
[INFO] [stdout]    1:     0x65293004d6fa - std::backtrace_rs::backtrace::trace_unsynchronized::h76d4f1c9b0b875e3
[INFO] [stdout]                                at /rustc/90b35a6239c3d8bdabc530a6a0816f7ff89a0aaf/library/std/src/../../backtrace/src/backtrace/mod.rs:66:5
[INFO] [stdout]    2:     0x65293004d6fa - std::sys::backtrace::_print_fmt::hc4546b8364a537c6
[INFO] [stdout]                                at /rustc/90b35a6239c3d8bdabc530a6a0816f7ff89a0aaf/library/std/src/sys/backtrace.rs:66:9
[INFO] [stdout]    3:     0x65293004d6fa - <std::sys::backtrace::BacktraceLock::print::DisplayBacktrace as core::fmt::Display>::fmt::h5b6bd5631a6d1f6b
[INFO] [stdout]                                at /rustc/90b35a6239c3d8bdabc530a6a0816f7ff89a0aaf/library/std/src/sys/backtrace.rs:39:26
[INFO] [stdout]    4:     0x652930072ff3 - core::fmt::rt::Argument::fmt::h270f6602a2b96f62
[INFO] [stdout]                                at /rustc/90b35a6239c3d8bdabc530a6a0816f7ff89a0aaf/library/core/src/fmt/rt.rs:177:76
[INFO] [stdout]    5:     0x652930072ff3 - core::fmt::write::h7550c97b06c86515
[INFO] [stdout]                                at /rustc/90b35a6239c3d8bdabc530a6a0816f7ff89a0aaf/library/core/src/fmt/mod.rs:1186:21
[INFO] [stdout]    6:     0x65293004a8c3 - std::io::Write::write_fmt::h509ff860e5956e5e
[INFO] [stdout]                                at /rustc/90b35a6239c3d8bdabc530a6a0816f7ff89a0aaf/library/std/src/io/mod.rs:1839:15
[INFO] [stdout]    7:     0x65293004d542 - std::sys::backtrace::BacktraceLock::print::h2395ccd2c84ba3aa
[INFO] [stdout]                                at /rustc/90b35a6239c3d8bdabc530a6a0816f7ff89a0aaf/library/std/src/sys/backtrace.rs:42:9
[INFO] [stdout]    8:     0x65293004eb5a - std::panicking::default_hook::{{closure}}::he19d4c7230e07961
[INFO] [stdout]                                at /rustc/90b35a6239c3d8bdabc530a6a0816f7ff89a0aaf/library/std/src/panicking.rs:268:22
[INFO] [stdout]    9:     0x65293004e964 - std::panicking::default_hook::hf614597d3c67bbdb
[INFO] [stdout]                                at /rustc/90b35a6239c3d8bdabc530a6a0816f7ff89a0aaf/library/std/src/panicking.rs:292:9
[INFO] [stdout]   10:     0x65292ffdbd79 - <alloc::boxed::Box<F,A> as core::ops::function::Fn<Args>>::call::h39b51ce4599c23d1
[INFO] [stdout]                                at /rustc/90b35a6239c3d8bdabc530a6a0816f7ff89a0aaf/library/alloc/src/boxed.rs:2468:9
[INFO] [stdout]   11:     0x65292ffdbd79 - test::test_main::{{closure}}::he977ae839a582784
[INFO] [stdout]                                at /rustc/90b35a6239c3d8bdabc530a6a0816f7ff89a0aaf/library/test/src/lib.rs:133:21
[INFO] [stdout]   12:     0x65293004f1f8 - <alloc::boxed::Box<F,A> as core::ops::function::Fn<Args>>::call::h9455091b6b06f9fb
[INFO] [stdout]                                at /rustc/90b35a6239c3d8bdabc530a6a0816f7ff89a0aaf/library/alloc/src/boxed.rs:2468:9
[INFO] [stdout]   13:     0x65293004f1f8 - std::panicking::rust_panic_with_hook::h8942133a8b252070
[INFO] [stdout]                                at /rustc/90b35a6239c3d8bdabc530a6a0816f7ff89a0aaf/library/std/src/panicking.rs:809:13
[INFO] [stdout]   14:     0x65293004efba - std::panicking::begin_panic_handler::{{closure}}::hb5f5963570096b29
[INFO] [stdout]                                at /rustc/90b35a6239c3d8bdabc530a6a0816f7ff89a0aaf/library/std/src/panicking.rs:674:13
[INFO] [stdout]   15:     0x65293004dbd9 - std::sys::backtrace::__rust_end_short_backtrace::h6208cedc1922feda
[INFO] [stdout]                                at /rustc/90b35a6239c3d8bdabc530a6a0816f7ff89a0aaf/library/std/src/sys/backtrace.rs:170:18
[INFO] [stdout]   16:     0x65293004ec4c - rust_begin_unwind
[INFO] [stdout]                                at /rustc/90b35a6239c3d8bdabc530a6a0816f7ff89a0aaf/library/std/src/panicking.rs:665:5
[INFO] [stdout]   17:     0x65292fd36140 - core::panicking::panic_fmt::h0c3082644d1bf418
[INFO] [stdout]                                at /rustc/90b35a6239c3d8bdabc530a6a0816f7ff89a0aaf/library/core/src/panicking.rs:74:14
[INFO] [stdout]   18:     0x65292fd3650b - core::panicking::assert_failed_inner::h2ddf1fcc067fa858
[INFO] [stdout]   19:     0x65292ff69bf0 - core::panicking::assert_failed::h853e3a8b94157091
[INFO] [stdout]                                at /rustc/90b35a6239c3d8bdabc530a6a0816f7ff89a0aaf/library/core/src/panicking.rs:367:5
[INFO] [stdout]   20:     0x65292fe92ed0 - challenge::pr_1268::tests::case_1::h7d7cd5b3e57e2fa4
[INFO] [stdout]                                at /opt/rustwide/workdir/src/pr_1268.rs:40:9
[INFO] [stdout]   21:     0x65292fe922b7 - challenge::pr_1268::tests::case_1::{{closure}}::h16702bb97d54fc50
[INFO] [stdout]                                at /opt/rustwide/workdir/src/pr_1268.rs:30:16
[INFO] [stdout]   22:     0x65292fed68e6 - core::ops::function::FnOnce::call_once::hf1e117d9e909db94
[INFO] [stdout]                                at /rustc/90b35a6239c3d8bdabc530a6a0816f7ff89a0aaf/library/core/src/ops/function.rs:250:5
[INFO] [stdout]   23:     0x65292ffe073b - core::ops::function::FnOnce::call_once::h109cf8051a59b34e
[INFO] [stdout]                                at /rustc/90b35a6239c3d8bdabc530a6a0816f7ff89a0aaf/library/core/src/ops/function.rs:250:5
[INFO] [stdout]   24:     0x65292ffe073b - test::__rust_begin_short_backtrace::hf4fff89d377446ba
[INFO] [stdout]                                at /rustc/90b35a6239c3d8bdabc530a6a0816f7ff89a0aaf/library/test/src/lib.rs:621:18
[INFO] [stdout]   25:     0x65292ffdff77 - test::run_test_in_process::{{closure}}::h0e39181dd7ee5a43
[INFO] [stdout]                                at /rustc/90b35a6239c3d8bdabc530a6a0816f7ff89a0aaf/library/test/src/lib.rs:644:60
[INFO] [stdout]   26:     0x65292ffdff77 - <core::panic::unwind_safe::AssertUnwindSafe<F> as core::ops::function::FnOnce<()>>::call_once::hc5a66a30f0bdfd1f
[INFO] [stdout]                                at /rustc/90b35a6239c3d8bdabc530a6a0816f7ff89a0aaf/library/core/src/panic/unwind_safe.rs:272:9
[INFO] [stdout]   27:     0x65292ffdff77 - std::panicking::try::do_call::h873b7cf639554a5e
[INFO] [stdout]                                at /rustc/90b35a6239c3d8bdabc530a6a0816f7ff89a0aaf/library/std/src/panicking.rs:557:40
[INFO] [stdout]   28:     0x65292ffdff77 - std::panicking::try::hdb19862fad9c8bd1
[INFO] [stdout]                                at /rustc/90b35a6239c3d8bdabc530a6a0816f7ff89a0aaf/library/std/src/panicking.rs:520:19
[INFO] [stdout]   29:     0x65292ffdff77 - std::panic::catch_unwind::h281fe732d236d260
[INFO] [stdout]                                at /rustc/90b35a6239c3d8bdabc530a6a0816f7ff89a0aaf/library/std/src/panic.rs:358:14
[INFO] [stdout]   30:     0x65292ffdff77 - test::run_test_in_process::h949b6df8457ed338
[INFO] [stdout]                                at /rustc/90b35a6239c3d8bdabc530a6a0816f7ff89a0aaf/library/test/src/lib.rs:644:27
[INFO] [stdout]   31:     0x65292ffdff77 - test::run_test::{{closure}}::h52c556a6d4740e10
[INFO] [stdout]                                at /rustc/90b35a6239c3d8bdabc530a6a0816f7ff89a0aaf/library/test/src/lib.rs:565:43
[INFO] [stdout]   32:     0x65292ffa5254 - test::run_test::{{closure}}::h4237f6381c45ccb9
[INFO] [stdout]                                at /rustc/90b35a6239c3d8bdabc530a6a0816f7ff89a0aaf/library/test/src/lib.rs:595:41
[INFO] [stdout]   33:     0x65292ffa5254 - std::sys::backtrace::__rust_begin_short_backtrace::h505c97a579eca628
[INFO] [stdout]                                at /rustc/90b35a6239c3d8bdabc530a6a0816f7ff89a0aaf/library/std/src/sys/backtrace.rs:154:18
[INFO] [stdout]   34:     0x65292ffa891e - std::thread::Builder::spawn_unchecked_::{{closure}}::{{closure}}::h9e86b2e2bc107ea3
[INFO] [stdout]                                at /rustc/90b35a6239c3d8bdabc530a6a0816f7ff89a0aaf/library/std/src/thread/mod.rs:538:17
[INFO] [stdout]   35:     0x65292ffa891e - <core::panic::unwind_safe::AssertUnwindSafe<F> as core::ops::function::FnOnce<()>>::call_once::h8b06ddb275ff4a25
[INFO] [stdout]                                at /rustc/90b35a6239c3d8bdabc530a6a0816f7ff89a0aaf/library/core/src/panic/unwind_safe.rs:272:9
[INFO] [stdout]   36:     0x65292ffa891e - std::panicking::try::do_call::hb26ecd7cd9a9355d
[INFO] [stdout]                                at /rustc/90b35a6239c3d8bdabc530a6a0816f7ff89a0aaf/library/std/src/panicking.rs:557:40
[INFO] [stdout]   37:     0x65292ffa891e - std::panicking::try::h8ddeca9d705f9069
[INFO] [stdout]                                at /rustc/90b35a6239c3d8bdabc530a6a0816f7ff89a0aaf/library/std/src/panicking.rs:520:19
[INFO] [stdout]   38:     0x65292ffa891e - std::panic::catch_unwind::h49e1c33078844c46
[INFO] [stdout]                                at /rustc/90b35a6239c3d8bdabc530a6a0816f7ff89a0aaf/library/std/src/panic.rs:358:14
[INFO] [stdout]   39:     0x65292ffa891e - std::thread::Builder::spawn_unchecked_::{{closure}}::h6073db6ff56ad35d
[INFO] [stdout]                                at /rustc/90b35a6239c3d8bdabc530a6a0816f7ff89a0aaf/library/std/src/thread/mod.rs:537:30
[INFO] [stdout]   40:     0x65292ffa891e - core::ops::function::FnOnce::call_once{{vtable.shim}}::h2c5a5f3779c774f1
[INFO] [stdout]                                at /rustc/90b35a6239c3d8bdabc530a6a0816f7ff89a0aaf/library/core/src/ops/function.rs:250:5
[INFO] [stdout]   41:     0x652930052f4b - <alloc::boxed::Box<F,A> as core::ops::function::FnOnce<Args>>::call_once::hf75717d9f28faebf
[INFO] [stdout]                                at /rustc/90b35a6239c3d8bdabc530a6a0816f7ff89a0aaf/library/alloc/src/boxed.rs:2454:9
[INFO] [stdout]   42:     0x652930052f4b - <alloc::boxed::Box<F,A> as core::ops::function::FnOnce<Args>>::call_once::h7bd883a5f3c5f3c1
[INFO] [stdout]                                at /rustc/90b35a6239c3d8bdabc530a6a0816f7ff89a0aaf/library/alloc/src/boxed.rs:2454:9
[INFO] [stdout]   43:     0x652930052f4b - std::sys::pal::unix::thread::Thread::new::thread_start::hcc78f3943333fa94
[INFO] [stdout]                                at /rustc/90b35a6239c3d8bdabc530a6a0816f7ff89a0aaf/library/std/src/sys/pal/unix/thread.rs:105:17
[INFO] [stdout]   44:     0x719376ac0ac3 - <unknown>
[INFO] [stdout]   45:     0x719376b51a04 - clone
[INFO] [stdout]   46:                0x0 - <unknown>
[INFO] [stdout] 
[INFO] [stdout] 
[INFO] [stdout] failures:
[INFO] [stdout]     pr_1268::tests::case_1
[INFO] [stdout]     pr_1268::tests::case_2
[INFO] [stdout] 
[INFO] [stdout] test result: FAILED. 1041 passed; 2 failed; 0 ignored; 0 measured; 0 filtered out; finished in 0.38s
[INFO] [stdout] 
[INFO] [stderr] error: test failed, to rerun pass `--lib`
[INFO] running `Command { std: "docker" "inspect" "72597d2043e0082f23cb6abc634e60f7b4e656742b4d30604537986fe94bebdc", kill_on_drop: false }`
[INFO] running `Command { std: "docker" "rm" "-f" "72597d2043e0082f23cb6abc634e60f7b4e656742b4d30604537986fe94bebdc", kill_on_drop: false }`
[INFO] [stdout] 72597d2043e0082f23cb6abc634e60f7b4e656742b4d30604537986fe94bebdc
