[INFO] cloning repository https://github.com/sciencefidelity/aoc
[INFO] running `Command { std: "git" "-c" "credential.helper=" "-c" "credential.helper=/workspace/cargo-home/bin/git-credential-null" "clone" "--bare" "https://github.com/sciencefidelity/aoc" "/workspace/cache/git-repos/https%3A%2F%2Fgithub.com%2Fsciencefidelity%2Faoc", kill_on_drop: false }`
[INFO] [stderr] Cloning into bare repository '/workspace/cache/git-repos/https%3A%2F%2Fgithub.com%2Fsciencefidelity%2Faoc'...
[INFO] running `Command { std: "git" "rev-parse" "HEAD", kill_on_drop: false }`
[INFO] [stdout] 4c65f7bd0dc0b609ad605155ddb23e0a558bf11a
[INFO] testing sciencefidelity/aoc against beta-2024-12-08 for beta-1.84.0-4-retry
[INFO] running `Command { std: "git" "clone" "/workspace/cache/git-repos/https%3A%2F%2Fgithub.com%2Fsciencefidelity%2Faoc" "/workspace/builds/worker-0-tc2/source", kill_on_drop: false }`
[INFO] [stderr] Cloning into '/workspace/builds/worker-0-tc2/source'...
[INFO] [stderr] done.
[INFO] validating manifest of git repo https://github.com/sciencefidelity/aoc on toolchain beta-2024-12-08
[INFO] running `Command { std: CARGO_HOME="/workspace/cargo-home" RUSTUP_HOME="/workspace/rustup-home" "/workspace/cargo-home/bin/cargo" "+beta-2024-12-08" "metadata" "--manifest-path" "Cargo.toml" "--no-deps", kill_on_drop: false }`
[INFO] started tweaking git repo https://github.com/sciencefidelity/aoc
[INFO] finished tweaking git repo https://github.com/sciencefidelity/aoc
[INFO] tweaked toml for git repo https://github.com/sciencefidelity/aoc written to /workspace/builds/worker-0-tc2/source/Cargo.toml
[INFO] crate git repo https://github.com/sciencefidelity/aoc already has a lockfile, it will not be regenerated
[INFO] running `Command { std: CARGO_HOME="/workspace/cargo-home" RUSTUP_HOME="/workspace/rustup-home" "/workspace/cargo-home/bin/cargo" "+beta-2024-12-08" "fetch" "--manifest-path" "Cargo.toml", kill_on_drop: false }`
[INFO] running `Command { std: "docker" "create" "-v" "/var/lib/crater-agent-workspace/builds/worker-0-tc2/target:/opt/rustwide/target:rw,Z" "-v" "/var/lib/crater-agent-workspace/builds/worker-0-tc2/source:/opt/rustwide/workdir:ro,Z" "-v" "/var/lib/crater-agent-workspace/cargo-home:/opt/rustwide/cargo-home:ro,Z" "-v" "/var/lib/crater-agent-workspace/rustup-home:/opt/rustwide/rustup-home:ro,Z" "-e" "SOURCE_DIR=/opt/rustwide/workdir" "-e" "CARGO_TARGET_DIR=/opt/rustwide/target" "-e" "CARGO_HOME=/opt/rustwide/cargo-home" "-e" "RUSTUP_HOME=/opt/rustwide/rustup-home" "-w" "/opt/rustwide/workdir" "-m" "1610612736" "--user" "0:0" "--network" "none" "ghcr.io/rust-lang/crates-build-env/linux@sha256:f3a9d4ad9d972b27faf3965f35b62e55ba32bbce8f20bc8fe909558a86702fde" "/opt/rustwide/cargo-home/bin/cargo" "+beta-2024-12-08" "metadata" "--no-deps" "--format-version=1", kill_on_drop: false }`
[INFO] [stdout] 39ef00757993f9641ed794d30b6aeef25bb1f88e2bb0b96b7004c4539a93afbc
[INFO] running `Command { std: "docker" "start" "-a" "39ef00757993f9641ed794d30b6aeef25bb1f88e2bb0b96b7004c4539a93afbc", kill_on_drop: false }`
[INFO] running `Command { std: "docker" "inspect" "39ef00757993f9641ed794d30b6aeef25bb1f88e2bb0b96b7004c4539a93afbc", kill_on_drop: false }`
[INFO] running `Command { std: "docker" "rm" "-f" "39ef00757993f9641ed794d30b6aeef25bb1f88e2bb0b96b7004c4539a93afbc", kill_on_drop: false }`
[INFO] [stdout] 39ef00757993f9641ed794d30b6aeef25bb1f88e2bb0b96b7004c4539a93afbc
[INFO] running `Command { std: "docker" "create" "-v" "/var/lib/crater-agent-workspace/builds/worker-0-tc2/target:/opt/rustwide/target:rw,Z" "-v" "/var/lib/crater-agent-workspace/builds/worker-0-tc2/source:/opt/rustwide/workdir:ro,Z" "-v" "/var/lib/crater-agent-workspace/cargo-home:/opt/rustwide/cargo-home:ro,Z" "-v" "/var/lib/crater-agent-workspace/rustup-home:/opt/rustwide/rustup-home:ro,Z" "-e" "SOURCE_DIR=/opt/rustwide/workdir" "-e" "CARGO_TARGET_DIR=/opt/rustwide/target" "-e" "CARGO_INCREMENTAL=0" "-e" "RUST_BACKTRACE=full" "-e" "RUSTFLAGS=--cap-lints=warn" "-e" "RUSTDOCFLAGS=--cap-lints=warn" "-e" "CARGO_HOME=/opt/rustwide/cargo-home" "-e" "RUSTUP_HOME=/opt/rustwide/rustup-home" "-w" "/opt/rustwide/workdir" "-m" "1610612736" "--user" "0:0" "--network" "none" "ghcr.io/rust-lang/crates-build-env/linux@sha256:f3a9d4ad9d972b27faf3965f35b62e55ba32bbce8f20bc8fe909558a86702fde" "/opt/rustwide/cargo-home/bin/cargo" "+beta-2024-12-08" "build" "--frozen" "--message-format=json", kill_on_drop: false }`
[INFO] [stdout] f8db699021e38bdbb0d10e1854eb95b6f1234ff14db0b02f6ac23ae9bca695ef
[INFO] running `Command { std: "docker" "start" "-a" "f8db699021e38bdbb0d10e1854eb95b6f1234ff14db0b02f6ac23ae9bca695ef", kill_on_drop: false }`
[INFO] [stderr]    Compiling utils v0.1.0 (/opt/rustwide/workdir/crates/utils)
[INFO] [stderr]    Compiling bytes v1.9.0
[INFO] [stderr]    Compiling coordinates v0.1.0 (/opt/rustwide/workdir/crates/coordinates)
[INFO] [stderr]    Compiling aoc_24 v0.1.0 (/opt/rustwide/workdir/crates/aoc_24)
[INFO] [stderr]     Finished `dev` profile [unoptimized + debuginfo] target(s) in 1.02s
[INFO] running `Command { std: "docker" "inspect" "f8db699021e38bdbb0d10e1854eb95b6f1234ff14db0b02f6ac23ae9bca695ef", kill_on_drop: false }`
[INFO] running `Command { std: "docker" "rm" "-f" "f8db699021e38bdbb0d10e1854eb95b6f1234ff14db0b02f6ac23ae9bca695ef", kill_on_drop: false }`
[INFO] [stdout] f8db699021e38bdbb0d10e1854eb95b6f1234ff14db0b02f6ac23ae9bca695ef
[INFO] running `Command { std: "docker" "create" "-v" "/var/lib/crater-agent-workspace/builds/worker-0-tc2/target:/opt/rustwide/target:rw,Z" "-v" "/var/lib/crater-agent-workspace/builds/worker-0-tc2/source:/opt/rustwide/workdir:ro,Z" "-v" "/var/lib/crater-agent-workspace/cargo-home:/opt/rustwide/cargo-home:ro,Z" "-v" "/var/lib/crater-agent-workspace/rustup-home:/opt/rustwide/rustup-home:ro,Z" "-e" "SOURCE_DIR=/opt/rustwide/workdir" "-e" "CARGO_TARGET_DIR=/opt/rustwide/target" "-e" "CARGO_INCREMENTAL=0" "-e" "RUST_BACKTRACE=full" "-e" "RUSTFLAGS=--cap-lints=warn" "-e" "RUSTDOCFLAGS=--cap-lints=warn" "-e" "CARGO_HOME=/opt/rustwide/cargo-home" "-e" "RUSTUP_HOME=/opt/rustwide/rustup-home" "-w" "/opt/rustwide/workdir" "-m" "1610612736" "--user" "0:0" "--network" "none" "ghcr.io/rust-lang/crates-build-env/linux@sha256:f3a9d4ad9d972b27faf3965f35b62e55ba32bbce8f20bc8fe909558a86702fde" "/opt/rustwide/cargo-home/bin/cargo" "+beta-2024-12-08" "test" "--frozen" "--no-run" "--message-format=json", kill_on_drop: false }`
[INFO] [stdout] bd8f8d0c66350cf39667bcf94f432f41b0eca1678201aed123c09c6369edcc14
[INFO] running `Command { std: "docker" "start" "-a" "bd8f8d0c66350cf39667bcf94f432f41b0eca1678201aed123c09c6369edcc14", kill_on_drop: false }`
[INFO] [stderr]    Compiling coordinates v0.1.0 (/opt/rustwide/workdir/crates/coordinates)
[INFO] [stderr]    Compiling aoc_24 v0.1.0 (/opt/rustwide/workdir/crates/aoc_24)
[INFO] [stderr]    Compiling utils v0.1.0 (/opt/rustwide/workdir/crates/utils)
[INFO] [stderr]     Finished `test` profile [unoptimized + debuginfo] target(s) in 1.30s
[INFO] running `Command { std: "docker" "inspect" "bd8f8d0c66350cf39667bcf94f432f41b0eca1678201aed123c09c6369edcc14", kill_on_drop: false }`
[INFO] running `Command { std: "docker" "rm" "-f" "bd8f8d0c66350cf39667bcf94f432f41b0eca1678201aed123c09c6369edcc14", kill_on_drop: false }`
[INFO] [stdout] bd8f8d0c66350cf39667bcf94f432f41b0eca1678201aed123c09c6369edcc14
[INFO] running `Command { std: "docker" "create" "-v" "/var/lib/crater-agent-workspace/builds/worker-0-tc2/target:/opt/rustwide/target:rw,Z" "-v" "/var/lib/crater-agent-workspace/builds/worker-0-tc2/source:/opt/rustwide/workdir:ro,Z" "-v" "/var/lib/crater-agent-workspace/cargo-home:/opt/rustwide/cargo-home:ro,Z" "-v" "/var/lib/crater-agent-workspace/rustup-home:/opt/rustwide/rustup-home:ro,Z" "-e" "SOURCE_DIR=/opt/rustwide/workdir" "-e" "CARGO_TARGET_DIR=/opt/rustwide/target" "-e" "CARGO_INCREMENTAL=0" "-e" "RUST_BACKTRACE=full" "-e" "RUSTFLAGS=--cap-lints=warn" "-e" "RUSTDOCFLAGS=--cap-lints=warn" "-e" "CARGO_HOME=/opt/rustwide/cargo-home" "-e" "RUSTUP_HOME=/opt/rustwide/rustup-home" "-w" "/opt/rustwide/workdir" "-m" "1610612736" "--user" "0:0" "--network" "none" "ghcr.io/rust-lang/crates-build-env/linux@sha256:f3a9d4ad9d972b27faf3965f35b62e55ba32bbce8f20bc8fe909558a86702fde" "/opt/rustwide/cargo-home/bin/cargo" "+beta-2024-12-08" "test" "--frozen", kill_on_drop: false }`
[INFO] [stdout] 69eecba00cab16a5f2a45592b182dbc03fb84e789864830870851b0dffa04764
[INFO] running `Command { std: "docker" "start" "-a" "69eecba00cab16a5f2a45592b182dbc03fb84e789864830870851b0dffa04764", kill_on_drop: false }`
[INFO] [stderr]     Finished `test` profile [unoptimized + debuginfo] target(s) in 0.02s
[INFO] [stderr]      Running unittests src/lib.rs (/opt/rustwide/target/debug/deps/aoc_24-a0fd40a97fad0370)
[INFO] [stdout] 
[INFO] [stdout] running 29 tests
[INFO] [stdout] test day_01::tests::test_historian_hysteria_part_1_a ... ok
[INFO] [stdout] test day_01::tests::test_historian_hysteria_part_2_a ... ok
[INFO] [stdout] test day_02::tests::test_red_nosed_reports_part_2_a ... ok
[INFO] [stdout] test day_02::tests::test_red_nosed_reports_part_1_a ... ok
[INFO] [stdout] test day_03::tests::test_mull_it_over_part_1_a ... ok
[INFO] [stdout] test day_03::tests::test_mull_it_over_part_2_a ... ok
[INFO] [stdout] test day_04::tests::test_ceres_search_part_1_a ... ok
[INFO] [stdout] test day_07::tests::test_bridge_repair_part_1_a ... ok
[INFO] [stdout] test day_05::tests::test_print_queue_a ... ok
[INFO] [stdout] test day_04::tests::test_ceres_search_part_2_a ... ok
[INFO] [stdout] test day_07::tests::test_bridge_repair_part_2_a ... ok
[INFO] [stdout] test day_01::tests::test_historian_hysteria_part_2_b ... ok
[INFO] [stdout] test day_08::tests::test_resonant_collinearity_part_2_a ... ok
[INFO] [stdout] test day_08::tests::test_resonant_collinearity_part_2_b ... ok
[INFO] [stdout] test day_01::tests::test_historian_hysteria_part_1_b ... ok
[INFO] [stdout] test day_02::tests::test_red_nosed_reports_part_2_b ... ok
[INFO] [stdout] test day_02::tests::test_red_nosed_reports_part_1_b ... ok
[INFO] [stdout] test day_04::tests::test_ceres_search_part_1_b ... ok
[INFO] [stdout] test day_06::tests::test_guard_gallivant_a ... ok
[INFO] [stdout] test day_08::tests::test_resonant_collinearity_part_1_b ... ok
[INFO] [stdout] test day_03::tests::test_mull_it_over_part_2_b ... ok
[INFO] [stdout] test day_08::tests::test_resonant_collinearity_part_1_a ... ok
[INFO] [stdout] test day_04::tests::test_ceres_search_part_2_b ... ok
[INFO] [stdout] test day_03::tests::test_mull_it_over_part_1_b ... ok
[INFO] [stdout] test day_05::tests::test_print_queue_b ... ok
[INFO] [stdout] test day_09::tests::test_disk_fragmenter_part_1_a ... FAILED
[INFO] [stdout] test day_07::tests::test_bridge_repair_part_1_b ... ok
[INFO] [stdout] test day_07::tests::test_bridge_repair_part_2_b ... ok
[INFO] [stderr] error: test failed, to rerun pass `-p aoc_24 --lib`
[INFO] [stdout] test day_06::tests::test_guard_gallivant_b ... ok
[INFO] [stdout] 
[INFO] [stdout] failures:
[INFO] [stdout] 
[INFO] [stdout] ---- day_09::tests::test_disk_fragmenter_part_1_a stdout ----
[INFO] [stdout] [0, 0, 9, 9, 8, 1, 1, 1, 8, 8, 8, 2, 2147483647, 7, 7, 3, 3, 3, 7, 4, 4, 2147483647, 5, 5, 5, 5, 6, 6, 6, 6]
[INFO] [stdout] thread 'day_09::tests::test_disk_fragmenter_part_1_a' panicked at crates/aoc_24/src/day_09.rs:36:9:
[INFO] [stdout] assertion `left == right` failed
[INFO] [stdout]   left: 0
[INFO] [stdout]  right: 1928
[INFO] [stdout] stack backtrace:
[INFO] [stdout]    0:     0x60ab86a0482a - std::backtrace_rs::backtrace::libunwind::trace::h8810477743020387
[INFO] [stdout]                                at /rustc/202008a1b8de96d2e5b6bc02d379db03a877d34d/library/std/src/../../backtrace/src/backtrace/libunwind.rs:116:5
[INFO] [stdout]    1:     0x60ab86a0482a - std::backtrace_rs::backtrace::trace_unsynchronized::h3aa55355dd6c54a6
[INFO] [stdout]                                at /rustc/202008a1b8de96d2e5b6bc02d379db03a877d34d/library/std/src/../../backtrace/src/backtrace/mod.rs:66:5
[INFO] [stdout]    2:     0x60ab86a0482a - std::sys::backtrace::_print_fmt::h8588b0f62410823f
[INFO] [stdout]                                at /rustc/202008a1b8de96d2e5b6bc02d379db03a877d34d/library/std/src/sys/backtrace.rs:66:9
[INFO] [stdout]    3:     0x60ab86a0482a - <std::sys::backtrace::BacktraceLock::print::DisplayBacktrace as core::fmt::Display>::fmt::h98c26ac25ffe89bb
[INFO] [stdout]                                at /rustc/202008a1b8de96d2e5b6bc02d379db03a877d34d/library/std/src/sys/backtrace.rs:39:26
[INFO] [stdout]    4:     0x60ab86a2a393 - core::fmt::rt::Argument::fmt::hf95377f4aebd453b
[INFO] [stdout]                                at /rustc/202008a1b8de96d2e5b6bc02d379db03a877d34d/library/core/src/fmt/rt.rs:177:76
[INFO] [stdout]    5:     0x60ab86a2a393 - core::fmt::write::h0dd5f6e2238c7982
[INFO] [stdout]                                at /rustc/202008a1b8de96d2e5b6bc02d379db03a877d34d/library/core/src/fmt/mod.rs:1189:21
[INFO] [stdout]    6:     0x60ab86a019c3 - std::io::Write::write_fmt::h03bb0ca26e6faf8c
[INFO] [stdout]                                at /rustc/202008a1b8de96d2e5b6bc02d379db03a877d34d/library/std/src/io/mod.rs:1884:15
[INFO] [stdout]    7:     0x60ab86a04672 - std::sys::backtrace::BacktraceLock::print::h5c19c1c038ee186d
[INFO] [stdout]                                at /rustc/202008a1b8de96d2e5b6bc02d379db03a877d34d/library/std/src/sys/backtrace.rs:42:9
[INFO] [stdout]    8:     0x60ab86a05cad - std::panicking::default_hook::{{closure}}::h77172f079a1fcb13
[INFO] [stdout]                                at /rustc/202008a1b8de96d2e5b6bc02d379db03a877d34d/library/std/src/panicking.rs:268:22
[INFO] [stdout]    9:     0x60ab86a05ab7 - std::panicking::default_hook::he5f8e3b203ccddba
[INFO] [stdout]                                at /rustc/202008a1b8de96d2e5b6bc02d379db03a877d34d/library/std/src/panicking.rs:292:9
[INFO] [stdout]   10:     0x60ab869cc7a7 - <alloc::boxed::Box<F,A> as core::ops::function::Fn<Args>>::call::h7a3c7b4a1ae77f2f
[INFO] [stdout]                                at /rustc/202008a1b8de96d2e5b6bc02d379db03a877d34d/library/alloc/src/boxed.rs:1986:9
[INFO] [stdout]   11:     0x60ab869cc7a7 - test::test_main::{{closure}}::hf0d3b69ae9b353d1
[INFO] [stdout]                                at /rustc/202008a1b8de96d2e5b6bc02d379db03a877d34d/library/test/src/lib.rs:134:21
[INFO] [stdout]   12:     0x60ab86a06358 - <alloc::boxed::Box<F,A> as core::ops::function::Fn<Args>>::call::h6332e82e7b189abd
[INFO] [stdout]                                at /rustc/202008a1b8de96d2e5b6bc02d379db03a877d34d/library/alloc/src/boxed.rs:1986:9
[INFO] [stdout]   13:     0x60ab86a06358 - std::panicking::rust_panic_with_hook::h53863d4e9018df39
[INFO] [stdout]                                at /rustc/202008a1b8de96d2e5b6bc02d379db03a877d34d/library/std/src/panicking.rs:809:13
[INFO] [stdout]   14:     0x60ab86a0611a - std::panicking::begin_panic_handler::{{closure}}::h67280e6fa0757873
[INFO] [stdout]                                at /rustc/202008a1b8de96d2e5b6bc02d379db03a877d34d/library/std/src/panicking.rs:674:13
[INFO] [stdout]   15:     0x60ab86a04d09 - std::sys::backtrace::__rust_end_short_backtrace::h1dac3f54d6fbbeb2
[INFO] [stdout]                                at /rustc/202008a1b8de96d2e5b6bc02d379db03a877d34d/library/std/src/sys/backtrace.rs:170:18
[INFO] [stdout]   16:     0x60ab86a05dac - rust_begin_unwind
[INFO] [stdout]                                at /rustc/202008a1b8de96d2e5b6bc02d379db03a877d34d/library/std/src/panicking.rs:665:5
[INFO] [stdout]   17:     0x60ab8695caf0 - core::panicking::panic_fmt::h6792bd1b2bf01041
[INFO] [stdout]                                at /rustc/202008a1b8de96d2e5b6bc02d379db03a877d34d/library/core/src/panicking.rs:76:14
[INFO] [stdout]   18:     0x60ab8695cebb - core::panicking::assert_failed_inner::hf2c17e6d30928787
[INFO] [stdout]   19:     0x60ab869852ea - core::panicking::assert_failed::hd371dbd747d08fb5
[INFO] [stdout]                                at /rustc/202008a1b8de96d2e5b6bc02d379db03a877d34d/library/core/src/panicking.rs:373:5
[INFO] [stdout]   20:     0x60ab869789d5 - aoc_24::day_09::tests::test_disk_fragmenter_part_1_a::hfb65a7f51794e1da
[INFO] [stdout]                                at /opt/rustwide/workdir/crates/aoc_24/src/day_09.rs:36:9
[INFO] [stdout]   21:     0x60ab86978957 - aoc_24::day_09::tests::test_disk_fragmenter_part_1_a::{{closure}}::hf7f07680f7fd3f67
[INFO] [stdout]                                at /opt/rustwide/workdir/crates/aoc_24/src/day_09.rs:35:39
[INFO] [stdout]   22:     0x60ab8698d706 - core::ops::function::FnOnce::call_once::h0ebd8397833a3282
[INFO] [stdout]                                at /rustc/202008a1b8de96d2e5b6bc02d379db03a877d34d/library/core/src/ops/function.rs:250:5
[INFO] [stdout]   23:     0x60ab869d12cb - core::ops::function::FnOnce::call_once::h871bf86719ec9aa4
[INFO] [stdout]                                at /rustc/202008a1b8de96d2e5b6bc02d379db03a877d34d/library/core/src/ops/function.rs:250:5
[INFO] [stdout]   24:     0x60ab869d12cb - test::__rust_begin_short_backtrace::h2167df1e2b7d76fd
[INFO] [stdout]                                at /rustc/202008a1b8de96d2e5b6bc02d379db03a877d34d/library/test/src/lib.rs:632:18
[INFO] [stdout]   25:     0x60ab869d0cb8 - test::run_test_in_process::{{closure}}::h15d92f75a3adfb79
[INFO] [stdout]                                at /rustc/202008a1b8de96d2e5b6bc02d379db03a877d34d/library/test/src/lib.rs:655:60
[INFO] [stdout]   26:     0x60ab869d0cb8 - <core::panic::unwind_safe::AssertUnwindSafe<F> as core::ops::function::FnOnce<()>>::call_once::hb6c8955835a8dbbb
[INFO] [stdout]                                at /rustc/202008a1b8de96d2e5b6bc02d379db03a877d34d/library/core/src/panic/unwind_safe.rs:272:9
[INFO] [stdout]   27:     0x60ab869d0cb8 - std::panicking::try::do_call::hc79d0fc888a0bd30
[INFO] [stdout]                                at /rustc/202008a1b8de96d2e5b6bc02d379db03a877d34d/library/std/src/panicking.rs:557:40
[INFO] [stdout]   28:     0x60ab869d0cb8 - std::panicking::try::hb8a7878e3a8589d6
[INFO] [stdout]                                at /rustc/202008a1b8de96d2e5b6bc02d379db03a877d34d/library/std/src/panicking.rs:520:19
[INFO] [stdout]   29:     0x60ab869d0cb8 - std::panic::catch_unwind::hb8e4600ff0ff5cfa
[INFO] [stdout]                                at /rustc/202008a1b8de96d2e5b6bc02d379db03a877d34d/library/std/src/panic.rs:358:14
[INFO] [stdout]   30:     0x60ab869d0cb8 - test::run_test_in_process::hc2900b0b18688dd6
[INFO] [stdout]                                at /rustc/202008a1b8de96d2e5b6bc02d379db03a877d34d/library/test/src/lib.rs:655:27
[INFO] [stdout]   31:     0x60ab869d0cb8 - test::run_test::{{closure}}::hac2a9cb07be3d48d
[INFO] [stdout]                                at /rustc/202008a1b8de96d2e5b6bc02d379db03a877d34d/library/test/src/lib.rs:576:43
[INFO] [stdout]   32:     0x60ab8699475a - test::run_test::{{closure}}::h4a5b729e66a38cd8
[INFO] [stdout]                                at /rustc/202008a1b8de96d2e5b6bc02d379db03a877d34d/library/test/src/lib.rs:606:41
[INFO] [stdout]   33:     0x60ab8699475a - std::sys::backtrace::__rust_begin_short_backtrace::h0496fb742492f573
[INFO] [stdout]                                at /rustc/202008a1b8de96d2e5b6bc02d379db03a877d34d/library/std/src/sys/backtrace.rs:154:18
[INFO] [stdout]   34:     0x60ab869980d4 - std::thread::Builder::spawn_unchecked_::{{closure}}::{{closure}}::hbb6d257c550a54bd
[INFO] [stdout]                                at /rustc/202008a1b8de96d2e5b6bc02d379db03a877d34d/library/std/src/thread/mod.rs:561:17
[INFO] [stdout]   35:     0x60ab869980d4 - <core::panic::unwind_safe::AssertUnwindSafe<F> as core::ops::function::FnOnce<()>>::call_once::h46696fe4a6832328
[INFO] [stdout]                                at /rustc/202008a1b8de96d2e5b6bc02d379db03a877d34d/library/core/src/panic/unwind_safe.rs:272:9
[INFO] [stdout]   36:     0x60ab869980d4 - std::panicking::try::do_call::h2625a51b667bfb64
[INFO] [stdout]                                at /rustc/202008a1b8de96d2e5b6bc02d379db03a877d34d/library/std/src/panicking.rs:557:40
[INFO] [stdout]   37:     0x60ab869980d4 - std::panicking::try::hb956a59a1973aa4c
[INFO] [stdout]                                at /rustc/202008a1b8de96d2e5b6bc02d379db03a877d34d/library/std/src/panicking.rs:520:19
[INFO] [stdout]   38:     0x60ab869980d4 - std::panic::catch_unwind::h64f3b9d1067ef6a0
[INFO] [stdout]                                at /rustc/202008a1b8de96d2e5b6bc02d379db03a877d34d/library/std/src/panic.rs:358:14
[INFO] [stdout]   39:     0x60ab869980d4 - std::thread::Builder::spawn_unchecked_::{{closure}}::h42b2841295b6c0b2
[INFO] [stdout]                                at /rustc/202008a1b8de96d2e5b6bc02d379db03a877d34d/library/std/src/thread/mod.rs:559:30
[INFO] [stdout]   40:     0x60ab869980d4 - core::ops::function::FnOnce::call_once{{vtable.shim}}::h6127de71b8124639
[INFO] [stdout]                                at /rustc/202008a1b8de96d2e5b6bc02d379db03a877d34d/library/core/src/ops/function.rs:250:5
[INFO] [stdout]   41:     0x60ab86a0a2ab - <alloc::boxed::Box<F,A> as core::ops::function::FnOnce<Args>>::call_once::h42f0ba71002a1b2c
[INFO] [stdout]                                at /rustc/202008a1b8de96d2e5b6bc02d379db03a877d34d/library/alloc/src/boxed.rs:1972:9
[INFO] [stdout]   42:     0x60ab86a0a2ab - <alloc::boxed::Box<F,A> as core::ops::function::FnOnce<Args>>::call_once::had9e47d7a3dcecb8
[INFO] [stdout]                                at /rustc/202008a1b8de96d2e5b6bc02d379db03a877d34d/library/alloc/src/boxed.rs:1972:9
[INFO] [stdout]   43:     0x60ab86a0a2ab - std::sys::pal::unix::thread::Thread::new::thread_start::h48cf765408f6f5f2
[INFO] [stdout]                                at /rustc/202008a1b8de96d2e5b6bc02d379db03a877d34d/library/std/src/sys/pal/unix/thread.rs:105:17
[INFO] [stdout]   44:     0x787591a8bac3 - <unknown>
[INFO] [stdout]   45:     0x787591b1ca04 - clone
[INFO] [stdout]   46:                0x0 - <unknown>
[INFO] [stdout] 
[INFO] [stdout] 
[INFO] [stdout] failures:
[INFO] [stdout]     day_09::tests::test_disk_fragmenter_part_1_a
[INFO] [stdout] 
[INFO] [stdout] test result: FAILED. 28 passed; 1 failed; 0 ignored; 0 measured; 0 filtered out; finished in 35.36s
[INFO] [stdout] 
[INFO] running `Command { std: "docker" "inspect" "69eecba00cab16a5f2a45592b182dbc03fb84e789864830870851b0dffa04764", kill_on_drop: false }`
[INFO] running `Command { std: "docker" "rm" "-f" "69eecba00cab16a5f2a45592b182dbc03fb84e789864830870851b0dffa04764", kill_on_drop: false }`
[INFO] [stdout] 69eecba00cab16a5f2a45592b182dbc03fb84e789864830870851b0dffa04764
