[INFO] cloning repository https://github.com/scaraclette/advent-of-code-2024
[INFO] running `Command { std: "git" "-c" "credential.helper=" "-c" "credential.helper=/workspace/cargo-home/bin/git-credential-null" "clone" "--bare" "https://github.com/scaraclette/advent-of-code-2024" "/workspace/cache/git-repos/https%3A%2F%2Fgithub.com%2Fscaraclette%2Fadvent-of-code-2024", kill_on_drop: false }`
[INFO] [stderr] Cloning into bare repository '/workspace/cache/git-repos/https%3A%2F%2Fgithub.com%2Fscaraclette%2Fadvent-of-code-2024'...
[INFO] running `Command { std: "git" "rev-parse" "HEAD", kill_on_drop: false }`
[INFO] [stdout] 97d6ffbe57d776bb09f72894a62ad35e5e6dda88
[INFO] testing scaraclette/advent-of-code-2024 against beta-2024-12-08 for beta-1.84.0-4-retry
[INFO] running `Command { std: "git" "clone" "/workspace/cache/git-repos/https%3A%2F%2Fgithub.com%2Fscaraclette%2Fadvent-of-code-2024" "/workspace/builds/worker-5-tc2/source", kill_on_drop: false }`
[INFO] [stderr] Cloning into '/workspace/builds/worker-5-tc2/source'...
[INFO] [stderr] done.
[INFO] validating manifest of git repo https://github.com/scaraclette/advent-of-code-2024 on toolchain beta-2024-12-08
[INFO] running `Command { std: CARGO_HOME="/workspace/cargo-home" RUSTUP_HOME="/workspace/rustup-home" "/workspace/cargo-home/bin/cargo" "+beta-2024-12-08" "metadata" "--manifest-path" "Cargo.toml" "--no-deps", kill_on_drop: false }`
[INFO] started tweaking git repo https://github.com/scaraclette/advent-of-code-2024
[INFO] finished tweaking git repo https://github.com/scaraclette/advent-of-code-2024
[INFO] tweaked toml for git repo https://github.com/scaraclette/advent-of-code-2024 written to /workspace/builds/worker-5-tc2/source/Cargo.toml
[INFO] crate git repo https://github.com/scaraclette/advent-of-code-2024 already has a lockfile, it will not be regenerated
[INFO] running `Command { std: CARGO_HOME="/workspace/cargo-home" RUSTUP_HOME="/workspace/rustup-home" "/workspace/cargo-home/bin/cargo" "+beta-2024-12-08" "fetch" "--manifest-path" "Cargo.toml", kill_on_drop: false }`
[INFO] running `Command { std: "docker" "create" "-v" "/var/lib/crater-agent-workspace/builds/worker-5-tc2/target:/opt/rustwide/target:rw,Z" "-v" "/var/lib/crater-agent-workspace/builds/worker-5-tc2/source:/opt/rustwide/workdir:ro,Z" "-v" "/var/lib/crater-agent-workspace/cargo-home:/opt/rustwide/cargo-home:ro,Z" "-v" "/var/lib/crater-agent-workspace/rustup-home:/opt/rustwide/rustup-home:ro,Z" "-e" "SOURCE_DIR=/opt/rustwide/workdir" "-e" "CARGO_TARGET_DIR=/opt/rustwide/target" "-e" "CARGO_HOME=/opt/rustwide/cargo-home" "-e" "RUSTUP_HOME=/opt/rustwide/rustup-home" "-w" "/opt/rustwide/workdir" "-m" "1610612736" "--user" "0:0" "--network" "none" "ghcr.io/rust-lang/crates-build-env/linux@sha256:f3a9d4ad9d972b27faf3965f35b62e55ba32bbce8f20bc8fe909558a86702fde" "/opt/rustwide/cargo-home/bin/cargo" "+beta-2024-12-08" "metadata" "--no-deps" "--format-version=1", kill_on_drop: false }`
[INFO] [stdout] 1f7f55ccd5f8f2684e1e94c6d040ca4ad35ecb2cf06ff34477ec698a6dba1a76
[INFO] running `Command { std: "docker" "start" "-a" "1f7f55ccd5f8f2684e1e94c6d040ca4ad35ecb2cf06ff34477ec698a6dba1a76", kill_on_drop: false }`
[INFO] running `Command { std: "docker" "inspect" "1f7f55ccd5f8f2684e1e94c6d040ca4ad35ecb2cf06ff34477ec698a6dba1a76", kill_on_drop: false }`
[INFO] running `Command { std: "docker" "rm" "-f" "1f7f55ccd5f8f2684e1e94c6d040ca4ad35ecb2cf06ff34477ec698a6dba1a76", kill_on_drop: false }`
[INFO] [stdout] 1f7f55ccd5f8f2684e1e94c6d040ca4ad35ecb2cf06ff34477ec698a6dba1a76
[INFO] running `Command { std: "docker" "create" "-v" "/var/lib/crater-agent-workspace/builds/worker-5-tc2/target:/opt/rustwide/target:rw,Z" "-v" "/var/lib/crater-agent-workspace/builds/worker-5-tc2/source:/opt/rustwide/workdir:ro,Z" "-v" "/var/lib/crater-agent-workspace/cargo-home:/opt/rustwide/cargo-home:ro,Z" "-v" "/var/lib/crater-agent-workspace/rustup-home:/opt/rustwide/rustup-home:ro,Z" "-e" "SOURCE_DIR=/opt/rustwide/workdir" "-e" "CARGO_TARGET_DIR=/opt/rustwide/target" "-e" "CARGO_INCREMENTAL=0" "-e" "RUST_BACKTRACE=full" "-e" "RUSTFLAGS=--cap-lints=warn" "-e" "RUSTDOCFLAGS=--cap-lints=warn" "-e" "CARGO_HOME=/opt/rustwide/cargo-home" "-e" "RUSTUP_HOME=/opt/rustwide/rustup-home" "-w" "/opt/rustwide/workdir" "-m" "1610612736" "--user" "0:0" "--network" "none" "ghcr.io/rust-lang/crates-build-env/linux@sha256:f3a9d4ad9d972b27faf3965f35b62e55ba32bbce8f20bc8fe909558a86702fde" "/opt/rustwide/cargo-home/bin/cargo" "+beta-2024-12-08" "build" "--frozen" "--message-format=json", kill_on_drop: false }`
[INFO] [stdout] dece6086af9e05b849e9d133c487fb18503e7c69acee21d56248ab6a87e57421
[INFO] running `Command { std: "docker" "start" "-a" "dece6086af9e05b849e9d133c487fb18503e7c69acee21d56248ab6a87e57421", kill_on_drop: false }`
[INFO] [stderr]    Compiling proc-macro2 v1.0.92
[INFO] [stderr]    Compiling unicode-ident v1.0.14
[INFO] [stderr]    Compiling memchr v2.7.4
[INFO] [stderr]    Compiling thiserror v1.0.69
[INFO] [stderr]    Compiling token-read v0.2.0
[INFO] [stderr]    Compiling regex-syntax v0.8.5
[INFO] [stderr]    Compiling anyhow v1.0.93
[INFO] [stderr]    Compiling arrayvec v0.7.6
[INFO] [stderr]    Compiling aho-corasick v1.1.3
[INFO] [stderr]    Compiling quote v1.0.37
[INFO] [stderr]    Compiling syn v2.0.90
[INFO] [stderr]    Compiling regex-automata v0.4.9
[INFO] [stderr]    Compiling thiserror-impl v1.0.69
[INFO] [stderr]    Compiling regex v1.11.1
[INFO] [stderr]    Compiling advent_of_code_2024 v0.1.0 (/opt/rustwide/workdir)
[INFO] [stdout] warning: unused import: `vec`
[INFO] [stdout]  --> src/day_2.rs:2:36
[INFO] [stdout]   |
[INFO] [stdout] 2 | use std::{fs::File, io::BufReader, vec};
[INFO] [stdout]   |                                    ^^^
[INFO] [stdout]   |
[INFO] [stdout]   = note: `#[warn(unused_imports)]` on by default
[INFO] [stdout] 
[INFO] [stdout] 
[INFO] [stdout] warning: unused imports: `File` and `io::BufReader`
[INFO] [stdout]  --> src/day_3.rs:4:16
[INFO] [stdout]   |
[INFO] [stdout] 4 |     fs::{self, File},
[INFO] [stdout]   |                ^^^^
[INFO] [stdout] 5 |     io::BufReader,
[INFO] [stdout]   |     ^^^^^^^^^^^^^
[INFO] [stdout] 
[INFO] [stdout] 
[INFO] [stdout] warning: unused imports: `ReadTokensError` and `TokenReader`
[INFO] [stdout]  --> src/day_4.rs:7:24
[INFO] [stdout]   |
[INFO] [stdout] 7 | use token_read::{self, ReadTokensError, TokenReader};
[INFO] [stdout]   |                        ^^^^^^^^^^^^^^^  ^^^^^^^^^^^
[INFO] [stdout] 
[INFO] [stdout] 
[INFO] [stdout] warning: function `get_lists` is never used
[INFO] [stdout]  --> src/day_1.rs:6:4
[INFO] [stdout]   |
[INFO] [stdout] 6 | fn get_lists() -> Result<(Vec<u32>, Vec<u32>)> {
[INFO] [stdout]   |    ^^^^^^^^^
[INFO] [stdout]   |
[INFO] [stdout]   = note: `#[warn(dead_code)]` on by default
[INFO] [stdout] 
[INFO] [stdout] 
[INFO] [stdout] warning: function `find_distance` is never used
[INFO] [stdout]   --> src/day_1.rs:30:4
[INFO] [stdout]    |
[INFO] [stdout] 30 | fn find_distance() -> Result<u32> {
[INFO] [stdout]    |    ^^^^^^^^^^^^^
[INFO] [stdout] 
[INFO] [stdout] 
[INFO] [stdout] warning: function `find_similarity_score` is never used
[INFO] [stdout]   --> src/day_1.rs:44:4
[INFO] [stdout]    |
[INFO] [stdout] 44 | fn find_similarity_score() -> Result<u32> {
[INFO] [stdout]    |    ^^^^^^^^^^^^^^^^^^^^^
[INFO] [stdout] 
[INFO] [stdout] 
[INFO] [stdout] warning: function `read_levels` is never used
[INFO] [stdout]  --> src/day_2.rs:6:8
[INFO] [stdout]   |
[INFO] [stdout] 6 | pub fn read_levels() -> Vec<Vec<u32>> {
[INFO] [stdout]   |        ^^^^^^^^^^^
[INFO] [stdout] 
[INFO] [stdout] 
[INFO] [stdout] warning: function `validate_levels` is never used
[INFO] [stdout]   --> src/day_2.rs:27:4
[INFO] [stdout]    |
[INFO] [stdout] 27 | fn validate_levels(levels: Vec<Vec<u32>>) -> Result<u32> {
[INFO] [stdout]    |    ^^^^^^^^^^^^^^^
[INFO] [stdout] 
[INFO] [stdout] 
[INFO] [stdout] warning: function `read_input_simple` is never used
[INFO] [stdout]  --> src/day_3.rs:8:8
[INFO] [stdout]   |
[INFO] [stdout] 8 | pub fn read_input_simple() -> String {
[INFO] [stdout]   |        ^^^^^^^^^^^^^^^^^
[INFO] [stdout] 
[INFO] [stdout] 
[INFO] [stdout] warning: function `extract_multiplications` is never used
[INFO] [stdout]   --> src/day_3.rs:20:8
[INFO] [stdout]    |
[INFO] [stdout] 20 | pub fn extract_multiplications(contents: String) -> Result<i32> {
[INFO] [stdout]    |        ^^^^^^^^^^^^^^^^^^^^^^^
[INFO] [stdout] 
[INFO] [stdout] 
[INFO] [stdout] warning: function `extract_multiplications_with_rules` is never used
[INFO] [stdout]   --> src/day_3.rs:35:8
[INFO] [stdout]    |
[INFO] [stdout] 35 | pub fn extract_multiplications_with_rules(contents: String) -> Result<Vec<String>> {
[INFO] [stdout]    |        ^^^^^^^^^^^^^^^^^^^^^^^^^^^^^^^^^^
[INFO] [stdout] 
[INFO] [stdout] 
[INFO] [stdout] warning: function `calculate_multiplications_with_rules` is never used
[INFO] [stdout]   --> src/day_3.rs:45:8
[INFO] [stdout]    |
[INFO] [stdout] 45 | pub fn calculate_multiplications_with_rules(
[INFO] [stdout]    |        ^^^^^^^^^^^^^^^^^^^^^^^^^^^^^^^^^^^^
[INFO] [stdout] 
[INFO] [stdout] 
[INFO] [stdout] warning: function `compute_multiplication` is never used
[INFO] [stdout]   --> src/day_3.rs:80:8
[INFO] [stdout]    |
[INFO] [stdout] 80 | pub fn compute_multiplication(mul: &str) -> Result<i32> {
[INFO] [stdout]    |        ^^^^^^^^^^^^^^^^^^^^^^
[INFO] [stdout] 
[INFO] [stdout] 
[INFO] [stdout] warning: function `create_matrix` is never used
[INFO] [stdout]   --> src/day_4.rs:10:4
[INFO] [stdout]    |
[INFO] [stdout] 10 | fn create_matrix() -> Vec<Vec<char>> {
[INFO] [stdout]    |    ^^^^^^^^^^^^^
[INFO] [stdout] 
[INFO] [stdout] 
[INFO] [stdout] warning: function `count_xmas` is never used
[INFO] [stdout]   --> src/day_4.rs:40:4
[INFO] [stdout]    |
[INFO] [stdout] 40 | fn count_xmas(matrix: Vec<Vec<char>>) -> (i32, i32) {
[INFO] [stdout]    |    ^^^^^^^^^^
[INFO] [stdout] 
[INFO] [stdout] 
[INFO] [stdout] warning: type alias `Validation` is never used
[INFO] [stdout]    --> src/day_4.rs:102:6
[INFO] [stdout]     |
[INFO] [stdout] 102 | type Validation = Vec<(char, (isize, isize))>;
[INFO] [stdout]     |      ^^^^^^^^^^
[INFO] [stdout] 
[INFO] [stdout] 
[INFO] [stdout] warning: function `validate_x_mas` is never used
[INFO] [stdout]    --> src/day_4.rs:104:4
[INFO] [stdout]     |
[INFO] [stdout] 104 | fn validate_x_mas(
[INFO] [stdout]     |    ^^^^^^^^^^^^^^
[INFO] [stdout] 
[INFO] [stdout] 
[INFO] [stdout] warning: function `traverse_xmas_straight` is never used
[INFO] [stdout]    --> src/day_4.rs:133:4
[INFO] [stdout]     |
[INFO] [stdout] 133 | fn traverse_xmas_straight(
[INFO] [stdout]     |    ^^^^^^^^^^^^^^^^^^^^^^
[INFO] [stdout] 
[INFO] [stdout] 
[INFO] [stdout] warning: function `traverse_xmas_snake` is never used
[INFO] [stdout]    --> src/day_4.rs:178:4
[INFO] [stdout]     |
[INFO] [stdout] 178 | fn traverse_xmas_snake(matrix: &Vec<Vec<char>>, row: isize, col: isize) -> i32 {
[INFO] [stdout]     |    ^^^^^^^^^^^^^^^^^^^
[INFO] [stdout] 
[INFO] [stdout] 
[INFO] [stderr]     Finished `dev` profile [unoptimized + debuginfo] target(s) in 13.04s
[INFO] running `Command { std: "docker" "inspect" "dece6086af9e05b849e9d133c487fb18503e7c69acee21d56248ab6a87e57421", kill_on_drop: false }`
[INFO] running `Command { std: "docker" "rm" "-f" "dece6086af9e05b849e9d133c487fb18503e7c69acee21d56248ab6a87e57421", kill_on_drop: false }`
[INFO] [stdout] dece6086af9e05b849e9d133c487fb18503e7c69acee21d56248ab6a87e57421
[INFO] running `Command { std: "docker" "create" "-v" "/var/lib/crater-agent-workspace/builds/worker-5-tc2/target:/opt/rustwide/target:rw,Z" "-v" "/var/lib/crater-agent-workspace/builds/worker-5-tc2/source:/opt/rustwide/workdir:ro,Z" "-v" "/var/lib/crater-agent-workspace/cargo-home:/opt/rustwide/cargo-home:ro,Z" "-v" "/var/lib/crater-agent-workspace/rustup-home:/opt/rustwide/rustup-home:ro,Z" "-e" "SOURCE_DIR=/opt/rustwide/workdir" "-e" "CARGO_TARGET_DIR=/opt/rustwide/target" "-e" "CARGO_INCREMENTAL=0" "-e" "RUST_BACKTRACE=full" "-e" "RUSTFLAGS=--cap-lints=warn" "-e" "RUSTDOCFLAGS=--cap-lints=warn" "-e" "CARGO_HOME=/opt/rustwide/cargo-home" "-e" "RUSTUP_HOME=/opt/rustwide/rustup-home" "-w" "/opt/rustwide/workdir" "-m" "1610612736" "--user" "0:0" "--network" "none" "ghcr.io/rust-lang/crates-build-env/linux@sha256:f3a9d4ad9d972b27faf3965f35b62e55ba32bbce8f20bc8fe909558a86702fde" "/opt/rustwide/cargo-home/bin/cargo" "+beta-2024-12-08" "test" "--frozen" "--no-run" "--message-format=json", kill_on_drop: false }`
[INFO] [stdout] d5a994b566d3246f1b218021f05313c963152df493ebcf55f8c867ef5791c24d
[INFO] running `Command { std: "docker" "start" "-a" "d5a994b566d3246f1b218021f05313c963152df493ebcf55f8c867ef5791c24d", kill_on_drop: false }`
[INFO] [stderr]    Compiling advent_of_code_2024 v0.1.0 (/opt/rustwide/workdir)
[INFO] [stdout] warning: unused import: `vec`
[INFO] [stdout]  --> src/day_2.rs:2:36
[INFO] [stdout]   |
[INFO] [stdout] 2 | use std::{fs::File, io::BufReader, vec};
[INFO] [stdout]   |                                    ^^^
[INFO] [stdout]   |
[INFO] [stdout]   = note: `#[warn(unused_imports)]` on by default
[INFO] [stdout] 
[INFO] [stdout] 
[INFO] [stdout] warning: unused imports: `File` and `io::BufReader`
[INFO] [stdout]  --> src/day_3.rs:4:16
[INFO] [stdout]   |
[INFO] [stdout] 4 |     fs::{self, File},
[INFO] [stdout]   |                ^^^^
[INFO] [stdout] 5 |     io::BufReader,
[INFO] [stdout]   |     ^^^^^^^^^^^^^
[INFO] [stdout] 
[INFO] [stdout] 
[INFO] [stdout] warning: unused imports: `ReadTokensError` and `TokenReader`
[INFO] [stdout]  --> src/day_4.rs:7:24
[INFO] [stdout]   |
[INFO] [stdout] 7 | use token_read::{self, ReadTokensError, TokenReader};
[INFO] [stdout]   |                        ^^^^^^^^^^^^^^^  ^^^^^^^^^^^
[INFO] [stdout] 
[INFO] [stdout] 
[INFO] [stdout] warning: function `get_lists` is never used
[INFO] [stdout]  --> src/day_1.rs:6:4
[INFO] [stdout]   |
[INFO] [stdout] 6 | fn get_lists() -> Result<(Vec<u32>, Vec<u32>)> {
[INFO] [stdout]   |    ^^^^^^^^^
[INFO] [stdout]   |
[INFO] [stdout]   = note: `#[warn(dead_code)]` on by default
[INFO] [stdout] 
[INFO] [stdout] 
[INFO] [stdout] warning: function `find_distance` is never used
[INFO] [stdout]   --> src/day_1.rs:30:4
[INFO] [stdout]    |
[INFO] [stdout] 30 | fn find_distance() -> Result<u32> {
[INFO] [stdout]    |    ^^^^^^^^^^^^^
[INFO] [stdout] 
[INFO] [stdout] 
[INFO] [stdout] warning: function `find_similarity_score` is never used
[INFO] [stdout]   --> src/day_1.rs:44:4
[INFO] [stdout]    |
[INFO] [stdout] 44 | fn find_similarity_score() -> Result<u32> {
[INFO] [stdout]    |    ^^^^^^^^^^^^^^^^^^^^^
[INFO] [stdout] 
[INFO] [stdout] 
[INFO] [stdout] warning: function `read_levels` is never used
[INFO] [stdout]  --> src/day_2.rs:6:8
[INFO] [stdout]   |
[INFO] [stdout] 6 | pub fn read_levels() -> Vec<Vec<u32>> {
[INFO] [stdout]   |        ^^^^^^^^^^^
[INFO] [stdout] 
[INFO] [stdout] 
[INFO] [stdout] warning: function `validate_levels` is never used
[INFO] [stdout]   --> src/day_2.rs:27:4
[INFO] [stdout]    |
[INFO] [stdout] 27 | fn validate_levels(levels: Vec<Vec<u32>>) -> Result<u32> {
[INFO] [stdout]    |    ^^^^^^^^^^^^^^^
[INFO] [stdout] 
[INFO] [stdout] 
[INFO] [stdout] warning: function `read_input_simple` is never used
[INFO] [stdout]  --> src/day_3.rs:8:8
[INFO] [stdout]   |
[INFO] [stdout] 8 | pub fn read_input_simple() -> String {
[INFO] [stdout]   |        ^^^^^^^^^^^^^^^^^
[INFO] [stdout] 
[INFO] [stdout] 
[INFO] [stdout] warning: function `extract_multiplications` is never used
[INFO] [stdout]   --> src/day_3.rs:20:8
[INFO] [stdout]    |
[INFO] [stdout] 20 | pub fn extract_multiplications(contents: String) -> Result<i32> {
[INFO] [stdout]    |        ^^^^^^^^^^^^^^^^^^^^^^^
[INFO] [stdout] 
[INFO] [stdout] 
[INFO] [stdout] warning: function `extract_multiplications_with_rules` is never used
[INFO] [stdout]   --> src/day_3.rs:35:8
[INFO] [stdout]    |
[INFO] [stdout] 35 | pub fn extract_multiplications_with_rules(contents: String) -> Result<Vec<String>> {
[INFO] [stdout]    |        ^^^^^^^^^^^^^^^^^^^^^^^^^^^^^^^^^^
[INFO] [stdout] 
[INFO] [stdout] 
[INFO] [stdout] warning: function `calculate_multiplications_with_rules` is never used
[INFO] [stdout]   --> src/day_3.rs:45:8
[INFO] [stdout]    |
[INFO] [stdout] 45 | pub fn calculate_multiplications_with_rules(
[INFO] [stdout]    |        ^^^^^^^^^^^^^^^^^^^^^^^^^^^^^^^^^^^^
[INFO] [stdout] 
[INFO] [stdout] 
[INFO] [stdout] warning: function `compute_multiplication` is never used
[INFO] [stdout]   --> src/day_3.rs:80:8
[INFO] [stdout]    |
[INFO] [stdout] 80 | pub fn compute_multiplication(mul: &str) -> Result<i32> {
[INFO] [stdout]    |        ^^^^^^^^^^^^^^^^^^^^^^
[INFO] [stdout] 
[INFO] [stdout] 
[INFO] [stdout] warning: function `create_matrix` is never used
[INFO] [stdout]   --> src/day_4.rs:10:4
[INFO] [stdout]    |
[INFO] [stdout] 10 | fn create_matrix() -> Vec<Vec<char>> {
[INFO] [stdout]    |    ^^^^^^^^^^^^^
[INFO] [stdout] 
[INFO] [stdout] 
[INFO] [stdout] warning: function `count_xmas` is never used
[INFO] [stdout]   --> src/day_4.rs:40:4
[INFO] [stdout]    |
[INFO] [stdout] 40 | fn count_xmas(matrix: Vec<Vec<char>>) -> (i32, i32) {
[INFO] [stdout]    |    ^^^^^^^^^^
[INFO] [stdout] 
[INFO] [stdout] 
[INFO] [stdout] warning: type alias `Validation` is never used
[INFO] [stdout]    --> src/day_4.rs:102:6
[INFO] [stdout]     |
[INFO] [stdout] 102 | type Validation = Vec<(char, (isize, isize))>;
[INFO] [stdout]     |      ^^^^^^^^^^
[INFO] [stdout] 
[INFO] [stdout] 
[INFO] [stdout] warning: function `validate_x_mas` is never used
[INFO] [stdout]    --> src/day_4.rs:104:4
[INFO] [stdout]     |
[INFO] [stdout] 104 | fn validate_x_mas(
[INFO] [stdout]     |    ^^^^^^^^^^^^^^
[INFO] [stdout] 
[INFO] [stdout] 
[INFO] [stdout] warning: function `traverse_xmas_straight` is never used
[INFO] [stdout]    --> src/day_4.rs:133:4
[INFO] [stdout]     |
[INFO] [stdout] 133 | fn traverse_xmas_straight(
[INFO] [stdout]     |    ^^^^^^^^^^^^^^^^^^^^^^
[INFO] [stdout] 
[INFO] [stdout] 
[INFO] [stdout] warning: function `traverse_xmas_snake` is never used
[INFO] [stdout]    --> src/day_4.rs:178:4
[INFO] [stdout]     |
[INFO] [stdout] 178 | fn traverse_xmas_snake(matrix: &Vec<Vec<char>>, row: isize, col: isize) -> i32 {
[INFO] [stdout]     |    ^^^^^^^^^^^^^^^^^^^
[INFO] [stdout] 
[INFO] [stdout] 
[INFO] [stdout] warning: unused imports: `File` and `io::BufReader`
[INFO] [stdout]  --> src/day_3.rs:4:16
[INFO] [stdout]   |
[INFO] [stdout] 4 |     fs::{self, File},
[INFO] [stdout]   |                ^^^^
[INFO] [stdout] 5 |     io::BufReader,
[INFO] [stdout]   |     ^^^^^^^^^^^^^
[INFO] [stdout]   |
[INFO] [stdout]   = note: `#[warn(unused_imports)]` on by default
[INFO] [stdout] 
[INFO] [stdout] 
[INFO] [stdout] warning: unused imports: `ReadTokensError` and `TokenReader`
[INFO] [stdout]  --> src/day_4.rs:7:24
[INFO] [stdout]   |
[INFO] [stdout] 7 | use token_read::{self, ReadTokensError, TokenReader};
[INFO] [stdout]   |                        ^^^^^^^^^^^^^^^  ^^^^^^^^^^^
[INFO] [stdout] 
[INFO] [stdout] 
[INFO] [stdout] warning: unused variable: `res`
[INFO] [stdout]    --> src/day_3.rs:121:9
[INFO] [stdout]     |
[INFO] [stdout] 121 |     let res = extract_multiplications_with_rules(res);
[INFO] [stdout]     |         ^^^ help: if this is intentional, prefix it with an underscore: `_res`
[INFO] [stdout]     |
[INFO] [stdout]     = note: `#[warn(unused_variables)]` on by default
[INFO] [stdout] 
[INFO] [stdout] 
[INFO] [stderr]     Finished `test` profile [unoptimized + debuginfo] target(s) in 1.77s
[INFO] running `Command { std: "docker" "inspect" "d5a994b566d3246f1b218021f05313c963152df493ebcf55f8c867ef5791c24d", kill_on_drop: false }`
[INFO] running `Command { std: "docker" "rm" "-f" "d5a994b566d3246f1b218021f05313c963152df493ebcf55f8c867ef5791c24d", kill_on_drop: false }`
[INFO] [stdout] d5a994b566d3246f1b218021f05313c963152df493ebcf55f8c867ef5791c24d
[INFO] running `Command { std: "docker" "create" "-v" "/var/lib/crater-agent-workspace/builds/worker-5-tc2/target:/opt/rustwide/target:rw,Z" "-v" "/var/lib/crater-agent-workspace/builds/worker-5-tc2/source:/opt/rustwide/workdir:ro,Z" "-v" "/var/lib/crater-agent-workspace/cargo-home:/opt/rustwide/cargo-home:ro,Z" "-v" "/var/lib/crater-agent-workspace/rustup-home:/opt/rustwide/rustup-home:ro,Z" "-e" "SOURCE_DIR=/opt/rustwide/workdir" "-e" "CARGO_TARGET_DIR=/opt/rustwide/target" "-e" "CARGO_INCREMENTAL=0" "-e" "RUST_BACKTRACE=full" "-e" "RUSTFLAGS=--cap-lints=warn" "-e" "RUSTDOCFLAGS=--cap-lints=warn" "-e" "CARGO_HOME=/opt/rustwide/cargo-home" "-e" "RUSTUP_HOME=/opt/rustwide/rustup-home" "-w" "/opt/rustwide/workdir" "-m" "1610612736" "--user" "0:0" "--network" "none" "ghcr.io/rust-lang/crates-build-env/linux@sha256:f3a9d4ad9d972b27faf3965f35b62e55ba32bbce8f20bc8fe909558a86702fde" "/opt/rustwide/cargo-home/bin/cargo" "+beta-2024-12-08" "test" "--frozen", kill_on_drop: false }`
[INFO] [stdout] 04e4c20246074cde5d14c790e6c10b14b1bf92225adde5b45a5b801bea0e50f4
[INFO] running `Command { std: "docker" "start" "-a" "04e4c20246074cde5d14c790e6c10b14b1bf92225adde5b45a5b801bea0e50f4", kill_on_drop: false }`
[INFO] [stderr] warning: unused import: `vec`
[INFO] [stderr]  --> src/day_2.rs:2:36
[INFO] [stderr]   |
[INFO] [stderr] 2 | use std::{fs::File, io::BufReader, vec};
[INFO] [stderr]   |                                    ^^^
[INFO] [stderr]   |
[INFO] [stderr]   = note: `#[warn(unused_imports)]` on by default
[INFO] [stderr] 
[INFO] [stderr] warning: unused imports: `File` and `io::BufReader`
[INFO] [stderr]  --> src/day_3.rs:4:16
[INFO] [stderr]   |
[INFO] [stderr] 4 |     fs::{self, File},
[INFO] [stderr]   |                ^^^^
[INFO] [stderr] 5 |     io::BufReader,
[INFO] [stderr]   |     ^^^^^^^^^^^^^
[INFO] [stderr] 
[INFO] [stderr] warning: unused imports: `ReadTokensError` and `TokenReader`
[INFO] [stderr]  --> src/day_4.rs:7:24
[INFO] [stderr]   |
[INFO] [stderr] 7 | use token_read::{self, ReadTokensError, TokenReader};
[INFO] [stderr]   |                        ^^^^^^^^^^^^^^^  ^^^^^^^^^^^
[INFO] [stderr] 
[INFO] [stderr] warning: function `get_lists` is never used
[INFO] [stderr]  --> src/day_1.rs:6:4
[INFO] [stderr]   |
[INFO] [stderr] 6 | fn get_lists() -> Result<(Vec<u32>, Vec<u32>)> {
[INFO] [stderr]   |    ^^^^^^^^^
[INFO] [stderr]   |
[INFO] [stderr]   = note: `#[warn(dead_code)]` on by default
[INFO] [stderr] 
[INFO] [stderr] warning: function `find_distance` is never used
[INFO] [stderr]   --> src/day_1.rs:30:4
[INFO] [stderr]    |
[INFO] [stderr] 30 | fn find_distance() -> Result<u32> {
[INFO] [stderr]    |    ^^^^^^^^^^^^^
[INFO] [stderr] 
[INFO] [stderr] warning: function `find_similarity_score` is never used
[INFO] [stderr]   --> src/day_1.rs:44:4
[INFO] [stderr]    |
[INFO] [stderr] 44 | fn find_similarity_score() -> Result<u32> {
[INFO] [stderr]    |    ^^^^^^^^^^^^^^^^^^^^^
[INFO] [stderr] 
[INFO] [stderr] warning: function `read_levels` is never used
[INFO] [stderr]  --> src/day_2.rs:6:8
[INFO] [stderr]   |
[INFO] [stderr] 6 | pub fn read_levels() -> Vec<Vec<u32>> {
[INFO] [stderr]   |        ^^^^^^^^^^^
[INFO] [stderr] 
[INFO] [stderr] warning: function `validate_levels` is never used
[INFO] [stderr]   --> src/day_2.rs:27:4
[INFO] [stderr]    |
[INFO] [stderr] 27 | fn validate_levels(levels: Vec<Vec<u32>>) -> Result<u32> {
[INFO] [stderr]    |    ^^^^^^^^^^^^^^^
[INFO] [stderr] 
[INFO] [stderr] warning: function `read_input_simple` is never used
[INFO] [stderr]  --> src/day_3.rs:8:8
[INFO] [stderr]   |
[INFO] [stderr] 8 | pub fn read_input_simple() -> String {
[INFO] [stderr]   |        ^^^^^^^^^^^^^^^^^
[INFO] [stderr] 
[INFO] [stderr] warning: function `extract_multiplications` is never used
[INFO] [stderr]   --> src/day_3.rs:20:8
[INFO] [stderr]    |
[INFO] [stderr] 20 | pub fn extract_multiplications(contents: String) -> Result<i32> {
[INFO] [stderr]    |        ^^^^^^^^^^^^^^^^^^^^^^^
[INFO] [stderr] 
[INFO] [stderr] warning: function `extract_multiplications_with_rules` is never used
[INFO] [stderr]   --> src/day_3.rs:35:8
[INFO] [stderr]    |
[INFO] [stderr] 35 | pub fn extract_multiplications_with_rules(contents: String) -> Result<Vec<String>> {
[INFO] [stderr]    |        ^^^^^^^^^^^^^^^^^^^^^^^^^^^^^^^^^^
[INFO] [stderr] 
[INFO] [stderr] warning: function `calculate_multiplications_with_rules` is never used
[INFO] [stderr]   --> src/day_3.rs:45:8
[INFO] [stderr]    |
[INFO] [stderr] 45 | pub fn calculate_multiplications_with_rules(
[INFO] [stderr]    |        ^^^^^^^^^^^^^^^^^^^^^^^^^^^^^^^^^^^^
[INFO] [stderr] 
[INFO] [stderr] warning: function `compute_multiplication` is never used
[INFO] [stderr]   --> src/day_3.rs:80:8
[INFO] [stderr]    |
[INFO] [stderr] 80 | pub fn compute_multiplication(mul: &str) -> Result<i32> {
[INFO] [stderr]    |        ^^^^^^^^^^^^^^^^^^^^^^
[INFO] [stderr] 
[INFO] [stderr] warning: function `create_matrix` is never used
[INFO] [stderr]   --> src/day_4.rs:10:4
[INFO] [stderr]    |
[INFO] [stderr] 10 | fn create_matrix() -> Vec<Vec<char>> {
[INFO] [stderr]    |    ^^^^^^^^^^^^^
[INFO] [stderr] 
[INFO] [stderr] warning: function `count_xmas` is never used
[INFO] [stderr]   --> src/day_4.rs:40:4
[INFO] [stderr]    |
[INFO] [stderr] 40 | fn count_xmas(matrix: Vec<Vec<char>>) -> (i32, i32) {
[INFO] [stderr]    |    ^^^^^^^^^^
[INFO] [stderr] 
[INFO] [stderr] warning: type alias `Validation` is never used
[INFO] [stderr]    --> src/day_4.rs:102:6
[INFO] [stderr]     |
[INFO] [stderr] 102 | type Validation = Vec<(char, (isize, isize))>;
[INFO] [stderr]     |      ^^^^^^^^^^
[INFO] [stderr] 
[INFO] [stderr] warning: function `validate_x_mas` is never used
[INFO] [stderr]    --> src/day_4.rs:104:4
[INFO] [stderr]     |
[INFO] [stderr] 104 | fn validate_x_mas(
[INFO] [stderr]     |    ^^^^^^^^^^^^^^
[INFO] [stderr] 
[INFO] [stderr] warning: function `traverse_xmas_straight` is never used
[INFO] [stderr]    --> src/day_4.rs:133:4
[INFO] [stderr]     |
[INFO] [stderr] 133 | fn traverse_xmas_straight(
[INFO] [stderr]     |    ^^^^^^^^^^^^^^^^^^^^^^
[INFO] [stderr] 
[INFO] [stderr] warning: function `traverse_xmas_snake` is never used
[INFO] [stderr]    --> src/day_4.rs:178:4
[INFO] [stderr]     |
[INFO] [stderr] 178 | fn traverse_xmas_snake(matrix: &Vec<Vec<char>>, row: isize, col: isize) -> i32 {
[INFO] [stderr]     |    ^^^^^^^^^^^^^^^^^^^
[INFO] [stderr] 
[INFO] [stderr] warning: unused imports: `File` and `io::BufReader`
[INFO] [stderr]  --> src/day_3.rs:4:16
[INFO] [stderr]   |
[INFO] [stderr] 4 |     fs::{self, File},
[INFO] [stderr]   |                ^^^^
[INFO] [stderr] 5 |     io::BufReader,
[INFO] [stderr]   |     ^^^^^^^^^^^^^
[INFO] [stderr]   |
[INFO] [stderr]   = note: `#[warn(unused_imports)]` on by default
[INFO] [stderr] 
[INFO] [stderr] warning: unused variable: `res`
[INFO] [stderr]    --> src/day_3.rs:121:9
[INFO] [stderr]     |
[INFO] [stderr] 121 |     let res = extract_multiplications_with_rules(res);
[INFO] [stderr]     |         ^^^ help: if this is intentional, prefix it with an underscore: `_res`
[INFO] [stderr]     |
[INFO] [stderr]     = note: `#[warn(unused_variables)]` on by default
[INFO] [stderr] 
[INFO] [stderr] warning: `advent_of_code_2024` (lib) generated 19 warnings (run `cargo fix --lib -p advent_of_code_2024` to apply 3 suggestions)
[INFO] [stderr] warning: `advent_of_code_2024` (lib test) generated 3 warnings (1 duplicate) (run `cargo fix --lib -p advent_of_code_2024 --tests` to apply 1 suggestion)
[INFO] [stderr]     Finished `test` profile [unoptimized + debuginfo] target(s) in 0.03s
[INFO] [stderr]      Running unittests src/lib.rs (/opt/rustwide/target/debug/deps/advent_of_code_2024-5ea02f53999de31c)
[INFO] [stdout] 
[INFO] [stdout] running 14 tests
[INFO] [stdout] test day_4::test_traverse_xmas ... ok
[INFO] [stdout] test day_4::test_create_matrix ... ok
[INFO] [stdout] test day_2::test_day_two ... ok
[INFO] [stdout] test day_1::test_day_one ... ok
[INFO] [stdout] test day_3::test_compute_multiplication ... ok
[INFO] [stdout] test day_4::test_small_x_mas ... ok
[INFO] [stdout] test day_4::test_traverse_xmas_straight ... ok
[INFO] [stdout] test day_4::random_test ... ok
[INFO] [stdout] test day_3::test_extract_multiplication_with_rules ... ok
[INFO] [stdout] test day_2::test_small_input ... FAILED
[INFO] [stdout] test day_4::test_day_1 ... ok
[INFO] [stdout] test day_4::test_count_xmas ... ok
[INFO] [stdout] test day_3::test_day_three_part_2 ... ok
[INFO] [stdout] test day_3::test_day_three_part_1 ... ok
[INFO] [stdout] 
[INFO] [stdout] failures:
[INFO] [stdout] 
[INFO] [stdout] ---- day_2::test_small_input stdout ----
[INFO] [stdout] [src/day_2.rs:33:9] is_increasing = Some(
[INFO] [stdout]     true,
[INFO] [stdout] )
[INFO] [stdout] thread 'day_2::test_small_input' panicked at src/day_2.rs:77:5:
[INFO] [stdout] assertion `left == right` failed
[INFO] [stdout]   left: 0
[INFO] [stdout]  right: 1
[INFO] [stdout] stack backtrace:
[INFO] [stdout]    0:     0x5d296327abba - std::backtrace_rs::backtrace::libunwind::trace::h8810477743020387
[INFO] [stdout]                                at /rustc/202008a1b8de96d2e5b6bc02d379db03a877d34d/library/std/src/../../backtrace/src/backtrace/libunwind.rs:116:5
[INFO] [stdout]    1:     0x5d296327abba - std::backtrace_rs::backtrace::trace_unsynchronized::h3aa55355dd6c54a6
[INFO] [stdout]                                at /rustc/202008a1b8de96d2e5b6bc02d379db03a877d34d/library/std/src/../../backtrace/src/backtrace/mod.rs:66:5
[INFO] [stdout]    2:     0x5d296327abba - std::sys::backtrace::_print_fmt::h8588b0f62410823f
[INFO] [stdout]                                at /rustc/202008a1b8de96d2e5b6bc02d379db03a877d34d/library/std/src/sys/backtrace.rs:66:9
[INFO] [stdout]    3:     0x5d296327abba - <std::sys::backtrace::BacktraceLock::print::DisplayBacktrace as core::fmt::Display>::fmt::h98c26ac25ffe89bb
[INFO] [stdout]                                at /rustc/202008a1b8de96d2e5b6bc02d379db03a877d34d/library/std/src/sys/backtrace.rs:39:26
[INFO] [stdout]    4:     0x5d29632a0bd3 - core::fmt::rt::Argument::fmt::hf95377f4aebd453b
[INFO] [stdout]                                at /rustc/202008a1b8de96d2e5b6bc02d379db03a877d34d/library/core/src/fmt/rt.rs:177:76
[INFO] [stdout]    5:     0x5d29632a0bd3 - core::fmt::write::h0dd5f6e2238c7982
[INFO] [stdout]                                at /rustc/202008a1b8de96d2e5b6bc02d379db03a877d34d/library/core/src/fmt/mod.rs:1189:21
[INFO] [stdout]    6:     0x5d2963277b83 - std::io::Write::write_fmt::h03bb0ca26e6faf8c
[INFO] [stdout]                                at /rustc/202008a1b8de96d2e5b6bc02d379db03a877d34d/library/std/src/io/mod.rs:1884:15
[INFO] [stdout]    7:     0x5d296327aa02 - std::sys::backtrace::BacktraceLock::print::h5c19c1c038ee186d
[INFO] [stdout]                                at /rustc/202008a1b8de96d2e5b6bc02d379db03a877d34d/library/std/src/sys/backtrace.rs:42:9
[INFO] [stdout]    8:     0x5d296327c03d - std::panicking::default_hook::{{closure}}::h77172f079a1fcb13
[INFO] [stdout]                                at /rustc/202008a1b8de96d2e5b6bc02d379db03a877d34d/library/std/src/panicking.rs:268:22
[INFO] [stdout]    9:     0x5d296327be47 - std::panicking::default_hook::he5f8e3b203ccddba
[INFO] [stdout]                                at /rustc/202008a1b8de96d2e5b6bc02d379db03a877d34d/library/std/src/panicking.rs:292:9
[INFO] [stdout]   10:     0x5d2962fae7f7 - <alloc::boxed::Box<F,A> as core::ops::function::Fn<Args>>::call::h7a3c7b4a1ae77f2f
[INFO] [stdout]                                at /rustc/202008a1b8de96d2e5b6bc02d379db03a877d34d/library/alloc/src/boxed.rs:1986:9
[INFO] [stdout]   11:     0x5d2962fae7f7 - test::test_main::{{closure}}::hf0d3b69ae9b353d1
[INFO] [stdout]                                at /rustc/202008a1b8de96d2e5b6bc02d379db03a877d34d/library/test/src/lib.rs:134:21
[INFO] [stdout]   12:     0x5d296327c6e8 - <alloc::boxed::Box<F,A> as core::ops::function::Fn<Args>>::call::h6332e82e7b189abd
[INFO] [stdout]                                at /rustc/202008a1b8de96d2e5b6bc02d379db03a877d34d/library/alloc/src/boxed.rs:1986:9
[INFO] [stdout]   13:     0x5d296327c6e8 - std::panicking::rust_panic_with_hook::h53863d4e9018df39
[INFO] [stdout]                                at /rustc/202008a1b8de96d2e5b6bc02d379db03a877d34d/library/std/src/panicking.rs:809:13
[INFO] [stdout]   14:     0x5d296327c4aa - std::panicking::begin_panic_handler::{{closure}}::h67280e6fa0757873
[INFO] [stdout]                                at /rustc/202008a1b8de96d2e5b6bc02d379db03a877d34d/library/std/src/panicking.rs:674:13
[INFO] [stdout]   15:     0x5d296327b099 - std::sys::backtrace::__rust_end_short_backtrace::h1dac3f54d6fbbeb2
[INFO] [stdout]                                at /rustc/202008a1b8de96d2e5b6bc02d379db03a877d34d/library/std/src/sys/backtrace.rs:170:18
[INFO] [stdout]   16:     0x5d296327c13c - rust_begin_unwind
[INFO] [stdout]                                at /rustc/202008a1b8de96d2e5b6bc02d379db03a877d34d/library/std/src/panicking.rs:665:5
[INFO] [stdout]   17:     0x5d2962f4d180 - core::panicking::panic_fmt::h6792bd1b2bf01041
[INFO] [stdout]                                at /rustc/202008a1b8de96d2e5b6bc02d379db03a877d34d/library/core/src/panicking.rs:76:14
[INFO] [stdout]   18:     0x5d2962f4d584 - core::panicking::assert_failed_inner::hf2c17e6d30928787
[INFO] [stdout]   19:     0x5d29630e10cc - core::panicking::assert_failed::h9208c5a2011d492b
[INFO] [stdout]                                at /rustc/202008a1b8de96d2e5b6bc02d379db03a877d34d/library/core/src/panicking.rs:373:5
[INFO] [stdout]   20:     0x5d2962f648ec - advent_of_code_2024::day_2::test_small_input::hfd7d4b1e4477480c
[INFO] [stdout]                                at /opt/rustwide/workdir/src/day_2.rs:77:5
[INFO] [stdout]   21:     0x5d2962f646b7 - advent_of_code_2024::day_2::test_small_input::{{closure}}::h04d06cbc868aa058
[INFO] [stdout]                                at /opt/rustwide/workdir/src/day_2.rs:66:22
[INFO] [stdout]   22:     0x5d2962f55296 - core::ops::function::FnOnce::call_once::h0cd47e7627ef7b3c
[INFO] [stdout]                                at /rustc/202008a1b8de96d2e5b6bc02d379db03a877d34d/library/core/src/ops/function.rs:250:5
[INFO] [stdout]   23:     0x5d2962fb331b - core::ops::function::FnOnce::call_once::h871bf86719ec9aa4
[INFO] [stdout]                                at /rustc/202008a1b8de96d2e5b6bc02d379db03a877d34d/library/core/src/ops/function.rs:250:5
[INFO] [stdout]   24:     0x5d2962fb331b - test::__rust_begin_short_backtrace::h2167df1e2b7d76fd
[INFO] [stdout]                                at /rustc/202008a1b8de96d2e5b6bc02d379db03a877d34d/library/test/src/lib.rs:632:18
[INFO] [stdout]   25:     0x5d2962fb2d08 - test::run_test_in_process::{{closure}}::h15d92f75a3adfb79
[INFO] [stdout]                                at /rustc/202008a1b8de96d2e5b6bc02d379db03a877d34d/library/test/src/lib.rs:655:60
[INFO] [stdout]   26:     0x5d2962fb2d08 - <core::panic::unwind_safe::AssertUnwindSafe<F> as core::ops::function::FnOnce<()>>::call_once::hb6c8955835a8dbbb
[INFO] [stdout]                                at /rustc/202008a1b8de96d2e5b6bc02d379db03a877d34d/library/core/src/panic/unwind_safe.rs:272:9
[INFO] [stdout]   27:     0x5d2962fb2d08 - std::panicking::try::do_call::hc79d0fc888a0bd30
[INFO] [stdout]                                at /rustc/202008a1b8de96d2e5b6bc02d379db03a877d34d/library/std/src/panicking.rs:557:40
[INFO] [stdout]   28:     0x5d2962fb2d08 - std::panicking::try::hb8a7878e3a8589d6
[INFO] [stdout]                                at /rustc/202008a1b8de96d2e5b6bc02d379db03a877d34d/library/std/src/panicking.rs:520:19
[INFO] [stdout]   29:     0x5d2962fb2d08 - std::panic::catch_unwind::hb8e4600ff0ff5cfa
[INFO] [stdout]                                at /rustc/202008a1b8de96d2e5b6bc02d379db03a877d34d/library/std/src/panic.rs:358:14
[INFO] [stdout]   30:     0x5d2962fb2d08 - test::run_test_in_process::hc2900b0b18688dd6
[INFO] [stdout]                                at /rustc/202008a1b8de96d2e5b6bc02d379db03a877d34d/library/test/src/lib.rs:655:27
[INFO] [stdout]   31:     0x5d2962fb2d08 - test::run_test::{{closure}}::hac2a9cb07be3d48d
[INFO] [stdout]                                at /rustc/202008a1b8de96d2e5b6bc02d379db03a877d34d/library/test/src/lib.rs:576:43
[INFO] [stdout]   32:     0x5d2962f767aa - test::run_test::{{closure}}::h4a5b729e66a38cd8
[INFO] [stdout]                                at /rustc/202008a1b8de96d2e5b6bc02d379db03a877d34d/library/test/src/lib.rs:606:41
[INFO] [stdout]   33:     0x5d2962f767aa - std::sys::backtrace::__rust_begin_short_backtrace::h0496fb742492f573
[INFO] [stdout]                                at /rustc/202008a1b8de96d2e5b6bc02d379db03a877d34d/library/std/src/sys/backtrace.rs:154:18
[INFO] [stdout]   34:     0x5d2962f7a124 - std::thread::Builder::spawn_unchecked_::{{closure}}::{{closure}}::hbb6d257c550a54bd
[INFO] [stdout]                                at /rustc/202008a1b8de96d2e5b6bc02d379db03a877d34d/library/std/src/thread/mod.rs:561:17
[INFO] [stdout]   35:     0x5d2962f7a124 - <core::panic::unwind_safe::AssertUnwindSafe<F> as core::ops::function::FnOnce<()>>::call_once::h46696fe4a6832328
[INFO] [stdout]                                at /rustc/202008a1b8de96d2e5b6bc02d379db03a877d34d/library/core/src/panic/unwind_safe.rs:272:9
[INFO] [stdout]   36:     0x5d2962f7a124 - std::panicking::try::do_call::h2625a51b667bfb64
[INFO] [stdout]                                at /rustc/202008a1b8de96d2e5b6bc02d379db03a877d34d/library/std/src/panicking.rs:557:40
[INFO] [stdout]   37:     0x5d2962f7a124 - std::panicking::try::hb956a59a1973aa4c
[INFO] [stdout]                                at /rustc/202008a1b8de96d2e5b6bc02d379db03a877d34d/library/std/src/panicking.rs:520:19
[INFO] [stdout]   38:     0x5d2962f7a124 - std::panic::catch_unwind::h64f3b9d1067ef6a0
[INFO] [stdout]                                at /rustc/202008a1b8de96d2e5b6bc02d379db03a877d34d/library/std/src/panic.rs:358:14
[INFO] [stdout]   39:     0x5d2962f7a124 - std::thread::Builder::spawn_unchecked_::{{closure}}::h42b2841295b6c0b2
[INFO] [stdout]                                at /rustc/202008a1b8de96d2e5b6bc02d379db03a877d34d/library/std/src/thread/mod.rs:559:30
[INFO] [stdout]   40:     0x5d2962f7a124 - core::ops::function::FnOnce::call_once{{vtable.shim}}::h6127de71b8124639
[INFO] [stdout]                                at /rustc/202008a1b8de96d2e5b6bc02d379db03a877d34d/library/core/src/ops/function.rs:250:5
[INFO] [stdout]   41:     0x5d296328063b - <alloc::boxed::Box<F,A> as core::ops::function::FnOnce<Args>>::call_once::h42f0ba71002a1b2c
[INFO] [stdout]                                at /rustc/202008a1b8de96d2e5b6bc02d379db03a877d34d/library/alloc/src/boxed.rs:1972:9
[INFO] [stdout]   42:     0x5d296328063b - <alloc::boxed::Box<F,A> as core::ops::function::FnOnce<Args>>::call_once::had9e47d7a3dcecb8
[INFO] [stdout]                                at /rustc/202008a1b8de96d2e5b6bc02d379db03a877d34d/library/alloc/src/boxed.rs:1972:9
[INFO] [stdout]   43:     0x5d296328063b - std::sys::pal::unix::thread::Thread::new::thread_start::h48cf765408f6f5f2
[INFO] [stdout]                                at /rustc/202008a1b8de96d2e5b6bc02d379db03a877d34d/library/std/src/sys/pal/unix/thread.rs:105:17
[INFO] [stdout]   44:     0x734d5af78ac3 - <unknown>
[INFO] [stdout]   45:     0x734d5b009a04 - clone
[INFO] [stdout]   46:                0x0 - <unknown>
[INFO] [stdout] 
[INFO] [stdout] 
[INFO] [stdout] failures:
[INFO] [stdout]     day_2::test_small_input
[INFO] [stdout] 
[INFO] [stdout] test result: FAILED. 13 passed; 1 failed; 0 ignored; 0 measured; 0 filtered out; finished in 1.01s
[INFO] [stdout] 
[INFO] [stderr] error: test failed, to rerun pass `--lib`
[INFO] running `Command { std: "docker" "inspect" "04e4c20246074cde5d14c790e6c10b14b1bf92225adde5b45a5b801bea0e50f4", kill_on_drop: false }`
[INFO] running `Command { std: "docker" "rm" "-f" "04e4c20246074cde5d14c790e6c10b14b1bf92225adde5b45a5b801bea0e50f4", kill_on_drop: false }`
[INFO] [stdout] 04e4c20246074cde5d14c790e6c10b14b1bf92225adde5b45a5b801bea0e50f4
