[INFO] cloning repository https://github.com/savente93/cite-me-bro
[INFO] running `Command { std: "git" "-c" "credential.helper=" "-c" "credential.helper=/workspace/cargo-home/bin/git-credential-null" "clone" "--bare" "https://github.com/savente93/cite-me-bro" "/workspace/cache/git-repos/https%3A%2F%2Fgithub.com%2Fsavente93%2Fcite-me-bro", kill_on_drop: false }`
[INFO] [stderr] Cloning into bare repository '/workspace/cache/git-repos/https%3A%2F%2Fgithub.com%2Fsavente93%2Fcite-me-bro'...
[INFO] running `Command { std: "git" "rev-parse" "HEAD", kill_on_drop: false }`
[INFO] [stdout] b68465fc7d193f4c1250e6fb8fa1dd99c3f697d0
[INFO] testing savente93/cite-me-bro against 1.83.0 for beta-1.84.0-4-retry
[INFO] running `Command { std: "git" "clone" "/workspace/cache/git-repos/https%3A%2F%2Fgithub.com%2Fsavente93%2Fcite-me-bro" "/workspace/builds/worker-3-tc1/source", kill_on_drop: false }`
[INFO] [stderr] Cloning into '/workspace/builds/worker-3-tc1/source'...
[INFO] [stderr] done.
[INFO] validating manifest of git repo https://github.com/savente93/cite-me-bro on toolchain 1.83.0
[INFO] running `Command { std: CARGO_HOME="/workspace/cargo-home" RUSTUP_HOME="/workspace/rustup-home" "/workspace/cargo-home/bin/cargo" "+1.83.0" "metadata" "--manifest-path" "Cargo.toml" "--no-deps", kill_on_drop: false }`
[INFO] started tweaking git repo https://github.com/savente93/cite-me-bro
[INFO] finished tweaking git repo https://github.com/savente93/cite-me-bro
[INFO] tweaked toml for git repo https://github.com/savente93/cite-me-bro written to /workspace/builds/worker-3-tc1/source/Cargo.toml
[INFO] crate git repo https://github.com/savente93/cite-me-bro already has a lockfile, it will not be regenerated
[INFO] running `Command { std: CARGO_HOME="/workspace/cargo-home" RUSTUP_HOME="/workspace/rustup-home" "/workspace/cargo-home/bin/cargo" "+1.83.0" "fetch" "--manifest-path" "Cargo.toml", kill_on_drop: false }`
[INFO] [stderr]  Downloading crates ...
[INFO] [stderr]   Downloaded parse-hyperlinks v0.27.2
[INFO] [stderr]   Downloaded clap_complete v4.5.7
[INFO] running `Command { std: "docker" "create" "-v" "/var/lib/crater-agent-workspace/builds/worker-3-tc1/target:/opt/rustwide/target:rw,Z" "-v" "/var/lib/crater-agent-workspace/builds/worker-3-tc1/source:/opt/rustwide/workdir:ro,Z" "-v" "/var/lib/crater-agent-workspace/cargo-home:/opt/rustwide/cargo-home:ro,Z" "-v" "/var/lib/crater-agent-workspace/rustup-home:/opt/rustwide/rustup-home:ro,Z" "-e" "SOURCE_DIR=/opt/rustwide/workdir" "-e" "CARGO_TARGET_DIR=/opt/rustwide/target" "-e" "CARGO_HOME=/opt/rustwide/cargo-home" "-e" "RUSTUP_HOME=/opt/rustwide/rustup-home" "-w" "/opt/rustwide/workdir" "-m" "1610612736" "--user" "0:0" "--network" "none" "ghcr.io/rust-lang/crates-build-env/linux@sha256:f3a9d4ad9d972b27faf3965f35b62e55ba32bbce8f20bc8fe909558a86702fde" "/opt/rustwide/cargo-home/bin/cargo" "+1.83.0" "metadata" "--no-deps" "--format-version=1", kill_on_drop: false }`
[INFO] [stdout] f976db7381dc58e14a0f5de608c2f92694b03887411cbc0b908c8f8dd41c3032
[INFO] running `Command { std: "docker" "start" "-a" "f976db7381dc58e14a0f5de608c2f92694b03887411cbc0b908c8f8dd41c3032", kill_on_drop: false }`
[INFO] running `Command { std: "docker" "inspect" "f976db7381dc58e14a0f5de608c2f92694b03887411cbc0b908c8f8dd41c3032", kill_on_drop: false }`
[INFO] running `Command { std: "docker" "rm" "-f" "f976db7381dc58e14a0f5de608c2f92694b03887411cbc0b908c8f8dd41c3032", kill_on_drop: false }`
[INFO] [stdout] f976db7381dc58e14a0f5de608c2f92694b03887411cbc0b908c8f8dd41c3032
[INFO] running `Command { std: "docker" "create" "-v" "/var/lib/crater-agent-workspace/builds/worker-3-tc1/target:/opt/rustwide/target:rw,Z" "-v" "/var/lib/crater-agent-workspace/builds/worker-3-tc1/source:/opt/rustwide/workdir:ro,Z" "-v" "/var/lib/crater-agent-workspace/cargo-home:/opt/rustwide/cargo-home:ro,Z" "-v" "/var/lib/crater-agent-workspace/rustup-home:/opt/rustwide/rustup-home:ro,Z" "-e" "SOURCE_DIR=/opt/rustwide/workdir" "-e" "CARGO_TARGET_DIR=/opt/rustwide/target" "-e" "CARGO_INCREMENTAL=0" "-e" "RUST_BACKTRACE=full" "-e" "RUSTFLAGS=--cap-lints=warn" "-e" "RUSTDOCFLAGS=--cap-lints=warn" "-e" "CARGO_HOME=/opt/rustwide/cargo-home" "-e" "RUSTUP_HOME=/opt/rustwide/rustup-home" "-w" "/opt/rustwide/workdir" "-m" "1610612736" "--user" "0:0" "--network" "none" "ghcr.io/rust-lang/crates-build-env/linux@sha256:f3a9d4ad9d972b27faf3965f35b62e55ba32bbce8f20bc8fe909558a86702fde" "/opt/rustwide/cargo-home/bin/cargo" "+1.83.0" "build" "--frozen" "--message-format=json", kill_on_drop: false }`
[INFO] [stdout] f5186757da2a8a158db959a49f424f82405042526b2adf0b28ee63ba06ccefad
[INFO] running `Command { std: "docker" "start" "-a" "f5186757da2a8a158db959a49f424f82405042526b2adf0b28ee63ba06ccefad", kill_on_drop: false }`
[INFO] [stderr]    Compiling proc-macro2 v1.0.86
[INFO] [stderr]    Compiling unicode-ident v1.0.12
[INFO] [stderr]    Compiling cfg-if v1.0.0
[INFO] [stderr]    Compiling libc v0.2.155
[INFO] [stderr]    Compiling version_check v0.9.4
[INFO] [stderr]    Compiling autocfg v1.3.0
[INFO] [stderr]    Compiling log v0.4.22
[INFO] [stderr]    Compiling memchr v2.7.4
[INFO] [stderr]    Compiling ppv-lite86 v0.2.17
[INFO] [stderr]    Compiling itoa v1.0.11
[INFO] [stderr]    Compiling siphasher v0.3.11
[INFO] [stderr]    Compiling once_cell v1.19.0
[INFO] [stderr]    Compiling bytes v1.6.0
[INFO] [stderr]    Compiling serde v1.0.203
[INFO] [stderr]    Compiling thiserror v1.0.61
[INFO] [stderr]    Compiling typenum v1.17.0
[INFO] [stderr]    Compiling fnv v1.0.7
[INFO] [stderr]    Compiling regex-syntax v0.8.4
[INFO] [stderr]    Compiling pin-project-lite v0.2.14
[INFO] [stderr]    Compiling percent-encoding v2.3.1
[INFO] [stderr]    Compiling tinyvec_macros v0.1.1
[INFO] [stderr]    Compiling phf_shared v0.10.0
[INFO] [stderr]    Compiling crossbeam-utils v0.8.20
[INFO] [stderr]    Compiling tinyvec v1.6.1
[INFO] [stderr]    Compiling phf_shared v0.11.2
[INFO] [stderr]    Compiling bitflags v2.6.0
[INFO] [stderr]    Compiling lock_api v0.4.12
[INFO] [stderr]    Compiling slab v0.4.9
[INFO] [stderr]    Compiling parking_lot_core v0.9.10
[INFO] [stderr]    Compiling utf-8 v0.7.6
[INFO] [stderr]    Compiling generic-array v0.14.7
[INFO] [stderr]    Compiling unicase v2.7.0
[INFO] [stderr]    Compiling rustix v0.38.34
[INFO] [stderr]    Compiling futures-core v0.3.30
[INFO] [stderr]    Compiling futures-sink v0.3.30
[INFO] [stderr]    Compiling http v0.2.12
[INFO] [stderr]    Compiling form_urlencoded v1.2.1
[INFO] [stderr]    Compiling httparse v1.9.4
[INFO] [stderr]    Compiling linux-raw-sys v0.4.14
[INFO] [stderr]    Compiling unicode-bidi v0.3.15
[INFO] [stderr]    Compiling new_debug_unreachable v1.0.6
[INFO] [stderr]    Compiling smallvec v1.13.2
[INFO] [stderr]    Compiling scopeguard v1.2.0
[INFO] [stderr]    Compiling aho-corasick v1.1.3
[INFO] [stderr]    Compiling utf8parse v0.2.2
[INFO] [stderr]    Compiling anstyle-parse v0.2.4
[INFO] [stderr]    Compiling getrandom v0.2.15
[INFO] [stderr]    Compiling pin-utils v0.1.0
[INFO] [stderr]    Compiling colorchoice v1.0.1
[INFO] [stderr]    Compiling serde_json v1.0.120
[INFO] [stderr]    Compiling ryu v1.0.18
[INFO] [stderr]    Compiling ucd-trie v0.1.6
[INFO] [stderr]    Compiling unicode-normalization v0.1.23
[INFO] [stderr]    Compiling mac v0.1.1
[INFO] [stderr]    Compiling quote v1.0.36
[INFO] [stderr]    Compiling rand_core v0.6.4
[INFO] [stderr]    Compiling anstyle v1.0.7
[INFO] [stderr]    Compiling anstyle-query v1.1.0
[INFO] [stderr]    Compiling mio v0.8.11
[INFO] [stderr]    Compiling syn v2.0.68
[INFO] [stderr]    Compiling rand_chacha v0.3.1
[INFO] [stderr]    Compiling socket2 v0.5.7
[INFO] [stderr]    Compiling num_cpus v1.16.0
[INFO] [stderr]    Compiling futures-task v0.3.30
[INFO] [stderr]    Compiling idna v0.5.0
[INFO] [stderr]    Compiling cpufeatures v0.2.12
[INFO] [stderr]    Compiling is_terminal_polyfill v1.70.0
[INFO] [stderr]    Compiling anstream v0.6.14
[INFO] [stderr]    Compiling futf v0.1.5
[INFO] [stderr]    Compiling rand v0.8.5
[INFO] [stderr]    Compiling parking_lot v0.12.3
[INFO] [stderr]    Compiling tracing-core v0.1.32
[INFO] [stderr]    Compiling block-buffer v0.10.4
[INFO] [stderr]    Compiling crypto-common v0.1.6
[INFO] [stderr]    Compiling digest v0.10.7
[INFO] [stderr]    Compiling hashbrown v0.14.5
[INFO] [stderr]    Compiling equivalent v1.0.1
[INFO] [stderr]    Compiling url v2.5.2
[INFO] [stderr]    Compiling sha1 v0.10.6
[INFO] [stderr]    Compiling precomputed-hash v0.1.1
[INFO] [stderr]    Compiling same-file v1.0.6
[INFO] [stderr]    Compiling phf v0.11.2
[INFO] [stderr]    Compiling tracing v0.1.40
[INFO] [stderr]    Compiling walkdir v2.5.0
[INFO] [stderr]    Compiling phf_generator v0.11.2
[INFO] [stderr]    Compiling phf_generator v0.10.0
[INFO] [stderr]    Compiling phf_codegen v0.11.2
[INFO] [stderr]    Compiling tendril v0.4.3
[INFO] [stderr]    Compiling inotify-sys v0.1.5
[INFO] [stderr]    Compiling mime_guess v2.0.5
[INFO] [stderr]    Compiling regex-automata v0.4.7
[INFO] [stderr]    Compiling string_cache_codegen v0.5.2
[INFO] [stderr]    Compiling http v1.1.0
[INFO] [stderr]    Compiling num-traits v0.2.19
[INFO] [stderr]    Compiling bitflags v1.3.2
[INFO] [stderr]    Compiling strsim v0.11.1
[INFO] [stderr]    Compiling heck v0.5.0
[INFO] [stderr]    Compiling try-lock v0.2.5
[INFO] [stderr]    Compiling data-encoding v2.6.0
[INFO] [stderr]    Compiling clap_lex v0.7.1
[INFO] [stderr]    Compiling mime v0.3.17
[INFO] [stderr]    Compiling byteorder v1.5.0
[INFO] [stderr]    Compiling unicode-width v0.1.13
[INFO] [stderr]    Compiling httpdate v1.0.3
[INFO] [stderr]    Compiling want v0.3.1
[INFO] [stderr]    Compiling indexmap v2.2.6
[INFO] [stderr]    Compiling markup5ever v0.12.1
[INFO] [stderr]    Compiling inotify v0.9.6
[INFO] [stderr]    Compiling headers-core v0.2.0
[INFO] [stderr]    Compiling terminal_size v0.3.0
[INFO] [stderr]    Compiling http-body v0.4.6
[INFO] [stderr]    Compiling filetime v0.2.23
[INFO] [stderr]    Compiling clap_builder v4.5.8
[INFO] [stderr]    Compiling crossbeam-channel v0.5.13
[INFO] [stderr]    Compiling crossbeam-epoch v0.9.18
[INFO] [stderr]    Compiling futures-channel v0.3.30
[INFO] [stderr]    Compiling anyhow v1.0.86
[INFO] [stderr]    Compiling pulldown-cmark v0.10.3
[INFO] [stderr]    Compiling base64 v0.21.7
[INFO] [stderr]    Compiling tower-service v0.3.2
[INFO] [stderr]    Compiling crossbeam-deque v0.8.5
[INFO] [stderr]    Compiling pulldown-cmark-escape v0.10.1
[INFO] [stderr]    Compiling headers v0.3.9
[INFO] [stderr]    Compiling semver v1.0.23
[INFO] [stderr]    Compiling minimal-lexical v0.2.1
[INFO] [stderr]    Compiling scoped-tls v1.0.1
[INFO] [stderr]    Compiling utf8-width v0.1.7
[INFO] [stderr]    Compiling notify v6.1.1
[INFO] [stderr]    Compiling fastrand v2.1.0
[INFO] [stderr]    Compiling humantime v2.1.0
[INFO] [stderr]    Compiling maplit v1.0.2
[INFO] [stderr]    Compiling iana-time-zone v0.1.60
[INFO] [stderr]    Compiling tempfile v3.10.1
[INFO] [stderr]    Compiling nom v7.1.3
[INFO] [stderr]    Compiling html-escape v0.2.13
[INFO] [stderr]    Compiling pathdiff v0.2.1
[INFO] [stderr]    Compiling shlex v1.3.0
[INFO] [stderr]    Compiling topological-sort v0.2.2
[INFO] [stderr]    Compiling notify-debouncer-mini v0.4.1
[INFO] [stderr]    Compiling chrono v0.4.38
[INFO] [stderr]    Compiling unicode-segmentation v1.11.0
[INFO] [stderr]    Compiling lazy_static v1.5.0
[INFO] [stderr]    Compiling bstr v1.9.1
[INFO] [stderr]    Compiling regex v1.10.5
[INFO] [stderr]    Compiling env_filter v0.1.0
[INFO] [stderr]    Compiling globset v0.4.14
[INFO] [stderr]    Compiling opener v0.7.1
[INFO] [stderr]    Compiling env_logger v0.11.3
[INFO] [stderr]    Compiling ignore v0.4.22
[INFO] [stderr]    Compiling serde_derive v1.0.203
[INFO] [stderr]    Compiling thiserror-impl v1.0.61
[INFO] [stderr]    Compiling tokio-macros v2.3.0
[INFO] [stderr]    Compiling futures-macro v0.3.30
[INFO] [stderr]    Compiling html5ever v0.27.0
[INFO] [stderr]    Compiling pin-project-internal v1.1.5
[INFO] [stderr]    Compiling clap_derive v4.5.8
[INFO] [stderr]    Compiling tokio v1.38.0
[INFO] [stderr]    Compiling pest v2.7.11
[INFO] [stderr]    Compiling tungstenite v0.21.0
[INFO] [stderr]    Compiling parse-hyperlinks v0.27.2
[INFO] [stderr]    Compiling pin-project v1.1.5
[INFO] [stderr]    Compiling futures-util v0.3.30
[INFO] [stderr]    Compiling clap v4.5.8
[INFO] [stderr]    Compiling clap_complete v4.5.7
[INFO] [stderr]    Compiling pest_meta v2.7.11
[INFO] [stderr]    Compiling pest_generator v2.7.11
[INFO] [stderr]    Compiling pest_derive v2.7.11
[INFO] [stderr]    Compiling tokio-util v0.7.11
[INFO] [stderr]    Compiling tokio-tungstenite v0.21.0
[INFO] [stderr]    Compiling h2 v0.3.26
[INFO] [stderr]    Compiling string_cache v0.8.7
[INFO] [stderr]    Compiling serde_urlencoded v0.7.1
[INFO] [stderr]    Compiling toml v0.5.11
[INFO] [stderr]    Compiling handlebars v5.1.2
[INFO] [stderr]    Compiling elasticlunr-rs v3.0.2
[INFO] [stderr]    Compiling ammonia v4.0.0
[INFO] [stderr]    Compiling hyper v0.14.29
[INFO] [stderr]    Compiling warp v0.3.7
[INFO] [stderr]    Compiling mdbook v0.4.40
[INFO] [stderr]    Compiling cite-me-bro v0.1.0 (/opt/rustwide/workdir)
[INFO] [stderr]     Finished `dev` profile [unoptimized + debuginfo] target(s) in 1m 26s
[INFO] running `Command { std: "docker" "inspect" "f5186757da2a8a158db959a49f424f82405042526b2adf0b28ee63ba06ccefad", kill_on_drop: false }`
[INFO] running `Command { std: "docker" "rm" "-f" "f5186757da2a8a158db959a49f424f82405042526b2adf0b28ee63ba06ccefad", kill_on_drop: false }`
[INFO] [stdout] f5186757da2a8a158db959a49f424f82405042526b2adf0b28ee63ba06ccefad
[INFO] running `Command { std: "docker" "create" "-v" "/var/lib/crater-agent-workspace/builds/worker-3-tc1/target:/opt/rustwide/target:rw,Z" "-v" "/var/lib/crater-agent-workspace/builds/worker-3-tc1/source:/opt/rustwide/workdir:ro,Z" "-v" "/var/lib/crater-agent-workspace/cargo-home:/opt/rustwide/cargo-home:ro,Z" "-v" "/var/lib/crater-agent-workspace/rustup-home:/opt/rustwide/rustup-home:ro,Z" "-e" "SOURCE_DIR=/opt/rustwide/workdir" "-e" "CARGO_TARGET_DIR=/opt/rustwide/target" "-e" "CARGO_INCREMENTAL=0" "-e" "RUST_BACKTRACE=full" "-e" "RUSTFLAGS=--cap-lints=warn" "-e" "RUSTDOCFLAGS=--cap-lints=warn" "-e" "CARGO_HOME=/opt/rustwide/cargo-home" "-e" "RUSTUP_HOME=/opt/rustwide/rustup-home" "-w" "/opt/rustwide/workdir" "-m" "1610612736" "--user" "0:0" "--network" "none" "ghcr.io/rust-lang/crates-build-env/linux@sha256:f3a9d4ad9d972b27faf3965f35b62e55ba32bbce8f20bc8fe909558a86702fde" "/opt/rustwide/cargo-home/bin/cargo" "+1.83.0" "test" "--frozen" "--no-run" "--message-format=json", kill_on_drop: false }`
[INFO] [stdout] eb411801715528f33fde3dc06fbec5cb24cf842827a225a4ab4e62265ef2508e
[INFO] running `Command { std: "docker" "start" "-a" "eb411801715528f33fde3dc06fbec5cb24cf842827a225a4ab4e62265ef2508e", kill_on_drop: false }`
[INFO] [stderr]    Compiling cite-me-bro v0.1.0 (/opt/rustwide/workdir)
[INFO] [stdout] warning: unused import: `ExitStatus`
[INFO] [stdout]  --> tests/cmb_bin_test.rs:5:29
[INFO] [stdout]   |
[INFO] [stdout] 5 | use std::process::{Command, ExitStatus};
[INFO] [stdout]   |                             ^^^^^^^^^^
[INFO] [stdout]   |
[INFO] [stdout]   = note: `#[warn(unused_imports)]` on by default
[INFO] [stdout] 
[INFO] [stdout] 
[INFO] [stderr]     Finished `test` profile [unoptimized + debuginfo] target(s) in 6.30s
[INFO] running `Command { std: "docker" "inspect" "eb411801715528f33fde3dc06fbec5cb24cf842827a225a4ab4e62265ef2508e", kill_on_drop: false }`
[INFO] running `Command { std: "docker" "rm" "-f" "eb411801715528f33fde3dc06fbec5cb24cf842827a225a4ab4e62265ef2508e", kill_on_drop: false }`
[INFO] [stdout] eb411801715528f33fde3dc06fbec5cb24cf842827a225a4ab4e62265ef2508e
[INFO] running `Command { std: "docker" "create" "-v" "/var/lib/crater-agent-workspace/builds/worker-3-tc1/target:/opt/rustwide/target:rw,Z" "-v" "/var/lib/crater-agent-workspace/builds/worker-3-tc1/source:/opt/rustwide/workdir:ro,Z" "-v" "/var/lib/crater-agent-workspace/cargo-home:/opt/rustwide/cargo-home:ro,Z" "-v" "/var/lib/crater-agent-workspace/rustup-home:/opt/rustwide/rustup-home:ro,Z" "-e" "SOURCE_DIR=/opt/rustwide/workdir" "-e" "CARGO_TARGET_DIR=/opt/rustwide/target" "-e" "CARGO_INCREMENTAL=0" "-e" "RUST_BACKTRACE=full" "-e" "RUSTFLAGS=--cap-lints=warn" "-e" "RUSTDOCFLAGS=--cap-lints=warn" "-e" "CARGO_HOME=/opt/rustwide/cargo-home" "-e" "RUSTUP_HOME=/opt/rustwide/rustup-home" "-w" "/opt/rustwide/workdir" "-m" "1610612736" "--user" "0:0" "--network" "none" "ghcr.io/rust-lang/crates-build-env/linux@sha256:f3a9d4ad9d972b27faf3965f35b62e55ba32bbce8f20bc8fe909558a86702fde" "/opt/rustwide/cargo-home/bin/cargo" "+1.83.0" "test" "--frozen", kill_on_drop: false }`
[INFO] [stdout] 80d86f6fe8b11e0ea0c2bd5a9fce9b4d7ef98bd633d2790183e01be7312a554d
[INFO] running `Command { std: "docker" "start" "-a" "80d86f6fe8b11e0ea0c2bd5a9fce9b4d7ef98bd633d2790183e01be7312a554d", kill_on_drop: false }`
[INFO] [stderr] warning: unused import: `ExitStatus`
[INFO] [stderr]  --> tests/cmb_bin_test.rs:5:29
[INFO] [stderr]   |
[INFO] [stderr] 5 | use std::process::{Command, ExitStatus};
[INFO] [stderr]   |                             ^^^^^^^^^^
[INFO] [stderr]   |
[INFO] [stderr]   = note: `#[warn(unused_imports)]` on by default
[INFO] [stderr] 
[INFO] [stderr] warning: `cite-me-bro` (test "cmb_bin_test") generated 1 warning (run `cargo fix --test "cmb_bin_test"` to apply 1 suggestion)
[INFO] [stderr]     Finished `test` profile [unoptimized + debuginfo] target(s) in 0.22s
[INFO] [stderr]      Running unittests src/lib.rs (/opt/rustwide/target/debug/deps/cite_me_bro-176e495f7e3753f3)
[INFO] [stdout] 
[INFO] [stdout] running 95 tests
[INFO] [stdout] test formaters::html::test::italics ... ok
[INFO] [stdout] test formaters::html::test::verbatim ... ok
[INFO] [stdout] test formaters::html::test::hyperlink ... ok
[INFO] [stdout] test formaters::html::test::escaped ... ok
[INFO] [stdout] test formaters::markdown::test::bold ... ok
[INFO] [stdout] test formaters::html::test::bold ... ok
[INFO] [stdout] test formaters::markdown::test::hyperlink ... ok
[INFO] [stdout] test formaters::markdown::test::verbatim ... ok
[INFO] [stdout] test formaters::markdown::test::italics ... ok
[INFO] [stdout] test formaters::plain::test::bold ... ok
[INFO] [stdout] test formaters::plain::test::verbatim ... ok
[INFO] [stdout] test formaters::plain::test::escaped ... ok
[INFO] [stdout] test formaters::plain::test::hyperlink ... ok
[INFO] [stdout] test formaters::markdown::test::escaped ... ok
[INFO] [stdout] test parsing::entry::test::book_example ... ok
[INFO] [stdout] test parsing::entry::test::brace_quoted_field ... ok
[INFO] [stdout] test ops::bibligraphy::test::test_bib_file_parse ... ok
[INFO] [stdout] test parsing::entry::test::error_on_unknown_entry_type ... ok
[INFO] [stdout] test parsing::entry::test::parse_dummy_entry ... ok
[INFO] [stdout] test parsing::entry::test::test_quoted ... ok
[INFO] [stdout] test parsing::entry::test::unquoted_year_comma ... ok
[INFO] [stdout] test parsing::names::test::test_debug_fmt ... ok
[INFO] [stdout] test parsing::names::test::test_first_first_last ... ok
[INFO] [stdout] test parsing::entry::test::entry_debug_fmt ... ok
[INFO] [stdout] test parsing::entry::test::unquoted_field_last ... ok
[INFO] [stdout] test parsing::names::test::stress_test ... ok
[INFO] [stdout] test parsing::names::test::test_and_component_first_last ... ok
[INFO] [stdout] test parsing::names::test::test_and_component_last_first ... ok
[INFO] [stdout] test parsing::names::test::test_and_seperated_quoted ... ok
[INFO] [stdout] test parsing::names::test::test_first_init_last ... ok
[INFO] [stdout] test parsing::names::test::test_first_von_last ... ok
[INFO] [stdout] test parsing::names::test::test_first_last ... ok
[INFO] [stdout] test parsing::names::test::test_last_first_and_first_last ... ok
[INFO] [stdout] test parsing::names::test::test_last_first ... ok
[INFO] [stdout] test parsing::names::test::test_last_last_first ... ok
[INFO] [stdout] test parsing::entry::test::unquoted_year_no_comma ... ok
[INFO] [stdout] test parsing::names::test::test_last_first_first ... ok
[INFO] [stdout] test parsing::entry::test::text_citation_simple ... ok
[INFO] [stdout] test formaters::plain::test::italics ... ok
[INFO] [stdout] test parsing::entry::test::parse_multiple_entry ... ok
[INFO] [stdout] test parsing::entry::test::parse_entry_types ... ok
[INFO] [stdout] test parsing::entry::test::test_field_type_parsing ... ok
[INFO] [stdout] test parsing::entry::test::test_key_parsing ... ok
[INFO] [stdout] test parsing::names::test::test_last_first_init ... ok
[INFO] [stdout] test parsing::names::test::test_last_init_init ... ok
[INFO] [stdout] test parsing::names::test::stress_test_unicode ... ok
[INFO] [stdout] test parsing::names::test::test_many_name_components ... ok
[INFO] [stdout] test parsing::names::test::test_multiple_first_last_and_seperated ... ok
[INFO] [stdout] test parsing::names::test::test_owned_debug_fmt ... ok
[INFO] [stdout] test parsing::names::test::test_quoted_first_last ... ok
[INFO] [stdout] test parsing::names::test::test_quoted_literal ... ok
[INFO] [stdout] test parsing::names::test::test_von_last_initial ... ok
[INFO] [stdout] test parsing::names::test::test_von_last_first ... ok
[INFO] [stdout] test styles::apa::test::dual_authors_fmt ... ok
[INFO] [stdout] test styles::apa::test::book_formatted_citation ... ok
[INFO] [stdout] test styles::apa::test::bacterial_formatted_citation ... ok
[INFO] [stdout] test styles::apa::test::booklet_formatted_citation ... ok
[INFO] [stdout] test styles::apa::test::misc_formatted_citation ... ok
[INFO] [stdout] test styles::apa::test::conference_formatted_citation ... ok
[INFO] [stdout] test styles::apa::test::proceedings_formatted_citation ... ok
[INFO] [stdout] test styles::apa::test::incollection_formatted_citation ... ok
[INFO] [stdout] test styles::apa::test::inprocedings_formatted_citation ... ok
[INFO] [stdout] test styles::apa::test::manual_formatted_citation ... ok
[INFO] [stdout] test styles::apa::test::phdthesis_formatted_citation ... ok
[INFO] [stdout] test styles::apa::test::techreport_formatted_citation ... ok
[INFO] [stdout] test styles::apa::test::inbook_formatted_citation ... ok
[INFO] [stdout] test styles::ieee::test::dual_authors_fmt ... ok
[INFO] [stdout] test styles::apa::test::single_author_fmt ... ok
[INFO] [stdout] test styles::ieee::test::inbook_formatted_citation ... ok
[INFO] [stdout] test styles::apa::test::article_formatted_citation ... ok
[INFO] [stdout] test styles::apa::test::triple_authors_fmt ... ok
[INFO] [stdout] test styles::apa::test::unpublished_formatted_citation ... ok
[INFO] [stdout] test styles::ieee::test::booklet_formatted_citation ... ok
[INFO] [stdout] test styles::ieee::test::conference_formatted_citation ... ok
[INFO] [stdout] test styles::ieee::test::book_formatted_citation ... ok
[INFO] [stdout] test styles::apa::test::mastersthesis_formatted_citation ... ok
[INFO] [stdout] test styles::apa::test::random_forests_formatted_citation ... ok
[INFO] [stdout] test styles::ieee::test::manual_formatted_citation ... ok
[INFO] [stdout] test styles::ieee::test::single_author_fmt ... ok
[INFO] [stdout] test styles::ieee::test::seven_plus_authors_fmt ... ok
[INFO] [stdout] test styles::ieee::test::phdthesis_formatted_citation ... ok
[INFO] [stdout] test styles::ieee::test::article_formatted_citation ... ok
[INFO] [stdout] test styles::apa::test::twenty_four_authors_fmt ... ok
[INFO] [stdout] test styles::ieee::test::bacterial_formatted_citation ... ok
[INFO] [stdout] test styles::ieee::test::inprocedings_formatted_citation ... ok
[INFO] [stdout] test styles::ieee::test::misc_formatted_citation ... ok
[INFO] [stdout] test styles::ieee::test::incollection_formatted_citation ... ok
[INFO] [stdout] test styles::ieee::test::proceedings_formatted_citation ... ok
[INFO] [stdout] test styles::ieee::test::six_authors_fmt ... ok
[INFO] [stdout] test styles::ieee::test::manual_formatted_citation_html ... ok
[INFO] [stdout] test styles::ieee::test::techreport_formatted_citation ... ok
[INFO] [stdout] test styles::ieee::test::mastersthesis_formatted_citation ... ok
[INFO] [stdout] test styles::ieee::test::random_forests_formatted_citation ... ok
[INFO] [stdout] test styles::ieee::test::triple_authors_fmt ... ok
[INFO] [stdout] test styles::ieee::test::unpublished_formatted_citation ... ok
[INFO] [stdout] 
[INFO] [stdout] test result: ok. 95 passed; 0 failed; 0 ignored; 0 measured; 0 filtered out; finished in 0.11s
[INFO] [stdout] 
[INFO] [stderr]      Running unittests src/bin/cmb.rs (/opt/rustwide/target/debug/deps/cmb-d399ee374b3d9a0c)
[INFO] [stdout] 
[INFO] [stdout] running 0 tests
[INFO] [stdout] 
[INFO] [stdout] test result: ok. 0 passed; 0 failed; 0 ignored; 0 measured; 0 filtered out; finished in 0.00s
[INFO] [stdout] 
[INFO] [stderr]      Running unittests src/bin/mdbook-bin.rs (/opt/rustwide/target/debug/deps/mdbook_citations-c39056d1d5e557ea)
[INFO] [stdout] 
[INFO] [stdout] running 0 tests
[INFO] [stdout] 
[INFO] [stdout] test result: ok. 0 passed; 0 failed; 0 ignored; 0 measured; 0 filtered out; finished in 0.00s
[INFO] [stdout] 
[INFO] [stderr]      Running tests/cmb_bin_test.rs (/opt/rustwide/target/debug/deps/cmb_bin_test-a9c7466f27044f55)
[INFO] [stdout] 
[INFO] [stdout] running 10 tests
[INFO] [stdout] test exists_on_fail_fast ... ok
[INFO] [stdout] test run_no_warning_on_quiet ... ok
[INFO] [stdout] test run_tb_ieee_md ... ok
[INFO] [stdout] test no_known_keys_errors ... FAILED
[INFO] [stdout] test inplace_file ... ok
[INFO] [stdout] test run_tb_ieee_html ... ok
[INFO] [stdout] test run_rf_apa_html ... ok
[INFO] [stdout] test run_full_file_ieee ... ok
[INFO] [stdout] test run_book_apa ... ok
[INFO] [stdout] test run_unknown_key_and_book_ieee ... ok
[INFO] [stdout] 
[INFO] [stdout] failures:
[INFO] [stdout] 
[INFO] [stdout] ---- no_known_keys_errors stdout ----
[INFO] [stdout] thread 'no_known_keys_errors' panicked at tests/cmb_bin_test.rs:29:5:
[INFO] [stdout] assertion `left == right` failed
[INFO] [stdout]   left: Ok("Error: none of the keys [\"asdf\"] found in bib file(s) \"cite.bib\"\n\nStack backtrace:\n   0: anyhow::error::<impl anyhow::Error>::msg\n             at /opt/rustwide/cargo-home/registry/src/index.crates.io-6f17d22bba15001f/anyhow-1.0.86/src/backtrace.rs:27:14\n   1: cmb::main\n             at ./src/bin/cmb.rs:78:17\n   2: core::ops::function::FnOnce::call_once\n             at /rustc/90b35a6239c3d8bdabc530a6a0816f7ff89a0aaf/library/core/src/ops/function.rs:250:5\n   3: std::sys::backtrace::__rust_begin_short_backtrace\n             at /rustc/90b35a6239c3d8bdabc530a6a0816f7ff89a0aaf/library/std/src/sys/backtrace.rs:154:18\n   4: std::rt::lang_start::{{closure}}\n             at /rustc/90b35a6239c3d8bdabc530a6a0816f7ff89a0aaf/library/std/src/rt.rs:195:18\n   5: core::ops::function::impls::<impl core::ops::function::FnOnce<A> for &F>::call_once\n             at /rustc/90b35a6239c3d8bdabc530a6a0816f7ff89a0aaf/library/core/src/ops/function.rs:284:13\n   6: std::panicking::try::do_call\n             at /rustc/90b35a6239c3d8bdabc530a6a0816f7ff89a0aaf/library/std/src/panicking.rs:557:40\n   7: std::panicking::try\n             at /rustc/90b35a6239c3d8bdabc530a6a0816f7ff89a0aaf/library/std/src/panicking.rs:520:19\n   8: std::panic::catch_unwind\n             at /rustc/90b35a6239c3d8bdabc530a6a0816f7ff89a0aaf/library/std/src/panic.rs:358:14\n   9: std::rt::lang_start_internal::{{closure}}\n             at /rustc/90b35a6239c3d8bdabc530a6a0816f7ff89a0aaf/library/std/src/rt.rs:174:48\n  10: std::panicking::try::do_call\n             at /rustc/90b35a6239c3d8bdabc530a6a0816f7ff89a0aaf/library/std/src/panicking.rs:557:40\n  11: std::panicking::try\n             at /rustc/90b35a6239c3d8bdabc530a6a0816f7ff89a0aaf/library/std/src/panicking.rs:520:19\n  12: std::panic::catch_unwind\n             at /rustc/90b35a6239c3d8bdabc530a6a0816f7ff89a0aaf/library/std/src/panic.rs:358:14\n  13: std::rt::lang_start_internal\n             at /rustc/90b35a6239c3d8bdabc530a6a0816f7ff89a0aaf/library/std/src/rt.rs:174:20\n  14: std::rt::lang_start\n             at /rustc/90b35a6239c3d8bdabc530a6a0816f7ff89a0aaf/library/std/src/rt.rs:194:17\n  15: main\n  16: <unknown>\n  17: __libc_start_main\n  18: _start\n")
[INFO] [stdout]  right: Ok("Error: none of the keys [\"asdf\"] found in bib file(s) \"cite.bib\"\n")
[INFO] [stdout] stack backtrace:
[INFO] [stdout]    0:     0x651bab98f70a - std::backtrace_rs::backtrace::libunwind::trace::h5a5b8284f2d0c266
[INFO] [stdout]                                at /rustc/90b35a6239c3d8bdabc530a6a0816f7ff89a0aaf/library/std/src/../../backtrace/src/backtrace/libunwind.rs:116:5
[INFO] [stdout]    1:     0x651bab98f70a - std::backtrace_rs::backtrace::trace_unsynchronized::h76d4f1c9b0b875e3
[INFO] [stdout]                                at /rustc/90b35a6239c3d8bdabc530a6a0816f7ff89a0aaf/library/std/src/../../backtrace/src/backtrace/mod.rs:66:5
[INFO] [stdout]    2:     0x651bab98f70a - std::sys::backtrace::_print_fmt::hc4546b8364a537c6
[INFO] [stdout]                                at /rustc/90b35a6239c3d8bdabc530a6a0816f7ff89a0aaf/library/std/src/sys/backtrace.rs:66:9
[INFO] [stdout]    3:     0x651bab98f70a - <std::sys::backtrace::BacktraceLock::print::DisplayBacktrace as core::fmt::Display>::fmt::h5b6bd5631a6d1f6b
[INFO] [stdout]                                at /rustc/90b35a6239c3d8bdabc530a6a0816f7ff89a0aaf/library/std/src/sys/backtrace.rs:39:26
[INFO] [stdout]    4:     0x651bab9b4d23 - core::fmt::rt::Argument::fmt::h270f6602a2b96f62
[INFO] [stdout]                                at /rustc/90b35a6239c3d8bdabc530a6a0816f7ff89a0aaf/library/core/src/fmt/rt.rs:177:76
[INFO] [stdout]    5:     0x651bab9b4d23 - core::fmt::write::h7550c97b06c86515
[INFO] [stdout]                                at /rustc/90b35a6239c3d8bdabc530a6a0816f7ff89a0aaf/library/core/src/fmt/mod.rs:1186:21
[INFO] [stdout]    6:     0x651bab98c453 - std::io::Write::write_fmt::h509ff860e5956e5e
[INFO] [stdout]                                at /rustc/90b35a6239c3d8bdabc530a6a0816f7ff89a0aaf/library/std/src/io/mod.rs:1839:15
[INFO] [stdout]    7:     0x651bab98f552 - std::sys::backtrace::BacktraceLock::print::h2395ccd2c84ba3aa
[INFO] [stdout]                                at /rustc/90b35a6239c3d8bdabc530a6a0816f7ff89a0aaf/library/std/src/sys/backtrace.rs:42:9
[INFO] [stdout]    8:     0x651bab990b6a - std::panicking::default_hook::{{closure}}::he19d4c7230e07961
[INFO] [stdout]                                at /rustc/90b35a6239c3d8bdabc530a6a0816f7ff89a0aaf/library/std/src/panicking.rs:268:22
[INFO] [stdout]    9:     0x651bab990974 - std::panicking::default_hook::hf614597d3c67bbdb
[INFO] [stdout]                                at /rustc/90b35a6239c3d8bdabc530a6a0816f7ff89a0aaf/library/std/src/panicking.rs:292:9
[INFO] [stdout]   10:     0x651bab9515a9 - <alloc::boxed::Box<F,A> as core::ops::function::Fn<Args>>::call::h39b51ce4599c23d1
[INFO] [stdout]                                at /rustc/90b35a6239c3d8bdabc530a6a0816f7ff89a0aaf/library/alloc/src/boxed.rs:2468:9
[INFO] [stdout]   11:     0x651bab9515a9 - test::test_main::{{closure}}::he977ae839a582784
[INFO] [stdout]                                at /rustc/90b35a6239c3d8bdabc530a6a0816f7ff89a0aaf/library/test/src/lib.rs:133:21
[INFO] [stdout]   12:     0x651bab991208 - <alloc::boxed::Box<F,A> as core::ops::function::Fn<Args>>::call::h9455091b6b06f9fb
[INFO] [stdout]                                at /rustc/90b35a6239c3d8bdabc530a6a0816f7ff89a0aaf/library/alloc/src/boxed.rs:2468:9
[INFO] [stdout]   13:     0x651bab991208 - std::panicking::rust_panic_with_hook::h8942133a8b252070
[INFO] [stdout]                                at /rustc/90b35a6239c3d8bdabc530a6a0816f7ff89a0aaf/library/std/src/panicking.rs:809:13
[INFO] [stdout]   14:     0x651bab990fca - std::panicking::begin_panic_handler::{{closure}}::hb5f5963570096b29
[INFO] [stdout]                                at /rustc/90b35a6239c3d8bdabc530a6a0816f7ff89a0aaf/library/std/src/panicking.rs:674:13
[INFO] [stdout]   15:     0x651bab98fbe9 - std::sys::backtrace::__rust_end_short_backtrace::h6208cedc1922feda
[INFO] [stdout]                                at /rustc/90b35a6239c3d8bdabc530a6a0816f7ff89a0aaf/library/std/src/sys/backtrace.rs:170:18
[INFO] [stdout]   16:     0x651bab990c5c - rust_begin_unwind
[INFO] [stdout]                                at /rustc/90b35a6239c3d8bdabc530a6a0816f7ff89a0aaf/library/std/src/panicking.rs:665:5
[INFO] [stdout]   17:     0x651bab90da60 - core::panicking::panic_fmt::h0c3082644d1bf418
[INFO] [stdout]                                at /rustc/90b35a6239c3d8bdabc530a6a0816f7ff89a0aaf/library/core/src/panicking.rs:74:14
[INFO] [stdout]   18:     0x651bab90de2b - core::panicking::assert_failed_inner::h2ddf1fcc067fa858
[INFO] [stdout]   19:     0x651bab917839 - core::panicking::assert_failed::h73711ba408acdd69
[INFO] [stdout]                                at /rustc/90b35a6239c3d8bdabc530a6a0816f7ff89a0aaf/library/core/src/panicking.rs:367:5
[INFO] [stdout]   20:     0x651bab912383 - cmb_bin_test::no_known_keys_errors::h56148a4f380a094f
[INFO] [stdout]                                at /opt/rustwide/workdir/tests/cmb_bin_test.rs:29:5
[INFO] [stdout]   21:     0x651bab911f87 - cmb_bin_test::no_known_keys_errors::{{closure}}::h577af87898f584f7
[INFO] [stdout]                                at /opt/rustwide/workdir/tests/cmb_bin_test.rs:19:30
[INFO] [stdout]   22:     0x651bab916486 - core::ops::function::FnOnce::call_once::h8dd14e5985565e76
[INFO] [stdout]                                at /rustc/90b35a6239c3d8bdabc530a6a0816f7ff89a0aaf/library/core/src/ops/function.rs:250:5
[INFO] [stdout]   23:     0x651bab955f6b - core::ops::function::FnOnce::call_once::h109cf8051a59b34e
[INFO] [stdout]                                at /rustc/90b35a6239c3d8bdabc530a6a0816f7ff89a0aaf/library/core/src/ops/function.rs:250:5
[INFO] [stdout]   24:     0x651bab955f6b - test::__rust_begin_short_backtrace::hf4fff89d377446ba
[INFO] [stdout]                                at /rustc/90b35a6239c3d8bdabc530a6a0816f7ff89a0aaf/library/test/src/lib.rs:621:18
[INFO] [stdout]   25:     0x651bab9557a7 - test::run_test_in_process::{{closure}}::h0e39181dd7ee5a43
[INFO] [stdout]                                at /rustc/90b35a6239c3d8bdabc530a6a0816f7ff89a0aaf/library/test/src/lib.rs:644:60
[INFO] [stdout]   26:     0x651bab9557a7 - <core::panic::unwind_safe::AssertUnwindSafe<F> as core::ops::function::FnOnce<()>>::call_once::hc5a66a30f0bdfd1f
[INFO] [stdout]                                at /rustc/90b35a6239c3d8bdabc530a6a0816f7ff89a0aaf/library/core/src/panic/unwind_safe.rs:272:9
[INFO] [stdout]   27:     0x651bab9557a7 - std::panicking::try::do_call::h873b7cf639554a5e
[INFO] [stdout]                                at /rustc/90b35a6239c3d8bdabc530a6a0816f7ff89a0aaf/library/std/src/panicking.rs:557:40
[INFO] [stdout]   28:     0x651bab9557a7 - std::panicking::try::hdb19862fad9c8bd1
[INFO] [stdout]                                at /rustc/90b35a6239c3d8bdabc530a6a0816f7ff89a0aaf/library/std/src/panicking.rs:520:19
[INFO] [stdout]   29:     0x651bab9557a7 - std::panic::catch_unwind::h281fe732d236d260
[INFO] [stdout]                                at /rustc/90b35a6239c3d8bdabc530a6a0816f7ff89a0aaf/library/std/src/panic.rs:358:14
[INFO] [stdout]   30:     0x651bab9557a7 - test::run_test_in_process::h949b6df8457ed338
[INFO] [stdout]                                at /rustc/90b35a6239c3d8bdabc530a6a0816f7ff89a0aaf/library/test/src/lib.rs:644:27
[INFO] [stdout]   31:     0x651bab9557a7 - test::run_test::{{closure}}::h52c556a6d4740e10
[INFO] [stdout]                                at /rustc/90b35a6239c3d8bdabc530a6a0816f7ff89a0aaf/library/test/src/lib.rs:565:43
[INFO] [stdout]   32:     0x651bab91aa84 - test::run_test::{{closure}}::h4237f6381c45ccb9
[INFO] [stdout]                                at /rustc/90b35a6239c3d8bdabc530a6a0816f7ff89a0aaf/library/test/src/lib.rs:595:41
[INFO] [stdout]   33:     0x651bab91aa84 - std::sys::backtrace::__rust_begin_short_backtrace::h505c97a579eca628
[INFO] [stdout]                                at /rustc/90b35a6239c3d8bdabc530a6a0816f7ff89a0aaf/library/std/src/sys/backtrace.rs:154:18
[INFO] [stdout]   34:     0x651bab91e14e - std::thread::Builder::spawn_unchecked_::{{closure}}::{{closure}}::h9e86b2e2bc107ea3
[INFO] [stdout]                                at /rustc/90b35a6239c3d8bdabc530a6a0816f7ff89a0aaf/library/std/src/thread/mod.rs:538:17
[INFO] [stdout]   35:     0x651bab91e14e - <core::panic::unwind_safe::AssertUnwindSafe<F> as core::ops::function::FnOnce<()>>::call_once::h8b06ddb275ff4a25
[INFO] [stdout]                                at /rustc/90b35a6239c3d8bdabc530a6a0816f7ff89a0aaf/library/core/src/panic/unwind_safe.rs:272:9
[INFO] [stdout]   36:     0x651bab91e14e - std::panicking::try::do_call::hb26ecd7cd9a9355d
[INFO] [stdout]                                at /rustc/90b35a6239c3d8bdabc530a6a0816f7ff89a0aaf/library/std/src/panicking.rs:557:40
[INFO] [stdout]   37:     0x651bab91e14e - std::panicking::try::h8ddeca9d705f9069
[INFO] [stdout]                                at /rustc/90b35a6239c3d8bdabc530a6a0816f7ff89a0aaf/library/std/src/panicking.rs:520:19
[INFO] [stdout]   38:     0x651bab91e14e - std::panic::catch_unwind::h49e1c33078844c46
[INFO] [stdout]                                at /rustc/90b35a6239c3d8bdabc530a6a0816f7ff89a0aaf/library/std/src/panic.rs:358:14
[INFO] [stdout]   39:     0x651bab91e14e - std::thread::Builder::spawn_unchecked_::{{closure}}::h6073db6ff56ad35d
[INFO] [stdout]                                at /rustc/90b35a6239c3d8bdabc530a6a0816f7ff89a0aaf/library/std/src/thread/mod.rs:537:30
[INFO] [stdout]   40:     0x651bab91e14e - core::ops::function::FnOnce::call_once{{vtable.shim}}::h2c5a5f3779c774f1
[INFO] [stdout]                                at /rustc/90b35a6239c3d8bdabc530a6a0816f7ff89a0aaf/library/core/src/ops/function.rs:250:5
[INFO] [stdout]   41:     0x651bab99508b - <alloc::boxed::Box<F,A> as core::ops::function::FnOnce<Args>>::call_once::hf75717d9f28faebf
[INFO] [stdout]                                at /rustc/90b35a6239c3d8bdabc530a6a0816f7ff89a0aaf/library/alloc/src/boxed.rs:2454:9
[INFO] [stdout]   42:     0x651bab99508b - <alloc::boxed::Box<F,A> as core::ops::function::FnOnce<Args>>::call_once::h7bd883a5f3c5f3c1
[INFO] [stdout]                                at /rustc/90b35a6239c3d8bdabc530a6a0816f7ff89a0aaf/library/alloc/src/boxed.rs:2454:9
[INFO] [stdout]   43:     0x651bab99508b - std::sys::pal::unix::thread::Thread::new::thread_start::hcc78f3943333fa94
[INFO] [stdout]                                at /rustc/90b35a6239c3d8bdabc530a6a0816f7ff89a0aaf/library/std/src/sys/pal/unix/thread.rs:105:17
[INFO] [stdout]   44:     0x7c33d37beac3 - <unknown>
[INFO] [stdout]   45:     0x7c33d384fa04 - clone
[INFO] [stdout]   46:                0x0 - <unknown>
[INFO] [stdout] 
[INFO] [stdout] 
[INFO] [stdout] failures:
[INFO] [stdout]     no_known_keys_errors
[INFO] [stdout] 
[INFO] [stdout] test result: FAILED. 9 passed; 1 failed; 0 ignored; 0 measured; 0 filtered out; finished in 1.56s
[INFO] [stdout] 
[INFO] [stderr] error: test failed, to rerun pass `--test cmb_bin_test`
[INFO] running `Command { std: "docker" "inspect" "80d86f6fe8b11e0ea0c2bd5a9fce9b4d7ef98bd633d2790183e01be7312a554d", kill_on_drop: false }`
[INFO] running `Command { std: "docker" "rm" "-f" "80d86f6fe8b11e0ea0c2bd5a9fce9b4d7ef98bd633d2790183e01be7312a554d", kill_on_drop: false }`
[INFO] [stdout] 80d86f6fe8b11e0ea0c2bd5a9fce9b4d7ef98bd633d2790183e01be7312a554d
