[INFO] cloning repository https://github.com/sasaujp/tevere_data
[INFO] running `Command { std: "git" "-c" "credential.helper=" "-c" "credential.helper=/workspace/cargo-home/bin/git-credential-null" "clone" "--bare" "https://github.com/sasaujp/tevere_data" "/workspace/cache/git-repos/https%3A%2F%2Fgithub.com%2Fsasaujp%2Ftevere_data", kill_on_drop: false }`
[INFO] [stderr] Cloning into bare repository '/workspace/cache/git-repos/https%3A%2F%2Fgithub.com%2Fsasaujp%2Ftevere_data'...
[INFO] running `Command { std: "git" "rev-parse" "HEAD", kill_on_drop: false }`
[INFO] [stdout] 6770f4356b767e8f1e91b4e1aaef356143a5ef52
[INFO] testing sasaujp/tevere_data against 1.83.0 for beta-1.84.0-4-retry
[INFO] running `Command { std: "git" "clone" "/workspace/cache/git-repos/https%3A%2F%2Fgithub.com%2Fsasaujp%2Ftevere_data" "/workspace/builds/worker-0-tc1/source", kill_on_drop: false }`
[INFO] [stderr] Cloning into '/workspace/builds/worker-0-tc1/source'...
[INFO] [stderr] done.
[INFO] validating manifest of git repo https://github.com/sasaujp/tevere_data on toolchain 1.83.0
[INFO] running `Command { std: CARGO_HOME="/workspace/cargo-home" RUSTUP_HOME="/workspace/rustup-home" "/workspace/cargo-home/bin/cargo" "+1.83.0" "metadata" "--manifest-path" "Cargo.toml" "--no-deps", kill_on_drop: false }`
[INFO] started tweaking git repo https://github.com/sasaujp/tevere_data
[INFO] finished tweaking git repo https://github.com/sasaujp/tevere_data
[INFO] tweaked toml for git repo https://github.com/sasaujp/tevere_data written to /workspace/builds/worker-0-tc1/source/Cargo.toml
[INFO] crate git repo https://github.com/sasaujp/tevere_data already has a lockfile, it will not be regenerated
[INFO] running `Command { std: CARGO_HOME="/workspace/cargo-home" RUSTUP_HOME="/workspace/rustup-home" "/workspace/cargo-home/bin/cargo" "+1.83.0" "fetch" "--manifest-path" "Cargo.toml", kill_on_drop: false }`
[INFO] [stderr]     Updating crates.io index
[INFO] [stderr]  Downloading crates ...
[INFO] [stderr]   Downloaded argopt-impl v0.3.0
[INFO] [stderr]   Downloaded argopt v0.3.0
[INFO] running `Command { std: "docker" "create" "-v" "/var/lib/crater-agent-workspace/builds/worker-0-tc1/target:/opt/rustwide/target:rw,Z" "-v" "/var/lib/crater-agent-workspace/builds/worker-0-tc1/source:/opt/rustwide/workdir:ro,Z" "-v" "/var/lib/crater-agent-workspace/cargo-home:/opt/rustwide/cargo-home:ro,Z" "-v" "/var/lib/crater-agent-workspace/rustup-home:/opt/rustwide/rustup-home:ro,Z" "-e" "SOURCE_DIR=/opt/rustwide/workdir" "-e" "CARGO_TARGET_DIR=/opt/rustwide/target" "-e" "CARGO_HOME=/opt/rustwide/cargo-home" "-e" "RUSTUP_HOME=/opt/rustwide/rustup-home" "-w" "/opt/rustwide/workdir" "-m" "1610612736" "--user" "0:0" "--network" "none" "ghcr.io/rust-lang/crates-build-env/linux@sha256:f3a9d4ad9d972b27faf3965f35b62e55ba32bbce8f20bc8fe909558a86702fde" "/opt/rustwide/cargo-home/bin/cargo" "+1.83.0" "metadata" "--no-deps" "--format-version=1", kill_on_drop: false }`
[INFO] [stdout] 62365bf1e523a6e08f16bae15e8f7b61a96670a2977870af0ddfec19e0ab479c
[INFO] running `Command { std: "docker" "start" "-a" "62365bf1e523a6e08f16bae15e8f7b61a96670a2977870af0ddfec19e0ab479c", kill_on_drop: false }`
[INFO] running `Command { std: "docker" "inspect" "62365bf1e523a6e08f16bae15e8f7b61a96670a2977870af0ddfec19e0ab479c", kill_on_drop: false }`
[INFO] running `Command { std: "docker" "rm" "-f" "62365bf1e523a6e08f16bae15e8f7b61a96670a2977870af0ddfec19e0ab479c", kill_on_drop: false }`
[INFO] [stdout] 62365bf1e523a6e08f16bae15e8f7b61a96670a2977870af0ddfec19e0ab479c
[INFO] running `Command { std: "docker" "create" "-v" "/var/lib/crater-agent-workspace/builds/worker-0-tc1/target:/opt/rustwide/target:rw,Z" "-v" "/var/lib/crater-agent-workspace/builds/worker-0-tc1/source:/opt/rustwide/workdir:ro,Z" "-v" "/var/lib/crater-agent-workspace/cargo-home:/opt/rustwide/cargo-home:ro,Z" "-v" "/var/lib/crater-agent-workspace/rustup-home:/opt/rustwide/rustup-home:ro,Z" "-e" "SOURCE_DIR=/opt/rustwide/workdir" "-e" "CARGO_TARGET_DIR=/opt/rustwide/target" "-e" "CARGO_INCREMENTAL=0" "-e" "RUST_BACKTRACE=full" "-e" "RUSTFLAGS=--cap-lints=warn" "-e" "RUSTDOCFLAGS=--cap-lints=warn" "-e" "CARGO_HOME=/opt/rustwide/cargo-home" "-e" "RUSTUP_HOME=/opt/rustwide/rustup-home" "-w" "/opt/rustwide/workdir" "-m" "1610612736" "--user" "0:0" "--network" "none" "ghcr.io/rust-lang/crates-build-env/linux@sha256:f3a9d4ad9d972b27faf3965f35b62e55ba32bbce8f20bc8fe909558a86702fde" "/opt/rustwide/cargo-home/bin/cargo" "+1.83.0" "build" "--frozen" "--message-format=json", kill_on_drop: false }`
[INFO] [stdout] ee8083558f2297d22a2177107154b78e19850a64cc2754ac2b62bd64944ea4d8
[INFO] running `Command { std: "docker" "start" "-a" "ee8083558f2297d22a2177107154b78e19850a64cc2754ac2b62bd64944ea4d8", kill_on_drop: false }`
[INFO] [stderr]    Compiling proc-macro2 v1.0.69
[INFO] [stderr]    Compiling unicode-ident v1.0.12
[INFO] [stderr]    Compiling libc v0.2.149
[INFO] [stderr]    Compiling autocfg v1.1.0
[INFO] [stderr]    Compiling once_cell v1.18.0
[INFO] [stderr]    Compiling fnv v1.0.7
[INFO] [stderr]    Compiling syn v1.0.109
[INFO] [stderr]    Compiling vcpkg v0.2.15
[INFO] [stderr]    Compiling pin-project-lite v0.2.13
[INFO] [stderr]    Compiling pkg-config v0.3.27
[INFO] [stderr]    Compiling bytes v1.5.0
[INFO] [stderr]    Compiling version_check v0.9.4
[INFO] [stderr]    Compiling futures-core v0.3.28
[INFO] [stderr]    Compiling indexmap v1.9.3
[INFO] [stderr]    Compiling itoa v1.0.9
[INFO] [stderr]    Compiling slab v0.4.9
[INFO] [stderr]    Compiling socket2 v0.5.5
[INFO] [stderr]    Compiling mio v0.8.8
[INFO] [stderr]    Compiling num_cpus v1.16.0
[INFO] [stderr]    Compiling hashbrown v0.12.3
[INFO] [stderr]    Compiling futures-task v0.3.28
[INFO] [stderr]    Compiling quote v1.0.33
[INFO] [stderr]    Compiling proc-macro-error-attr v1.0.4
[INFO] [stderr]    Compiling syn v2.0.38
[INFO] [stderr]    Compiling cc v1.0.83
[INFO] [stderr]    Compiling tokio v1.33.0
[INFO] [stderr]    Compiling tracing-core v0.1.32
[INFO] [stderr]    Compiling openssl v0.10.57
[INFO] [stderr]    Compiling futures-util v0.3.28
[INFO] [stderr]    Compiling foreign-types-shared v0.1.1
[INFO] [stderr]    Compiling strsim v0.10.0
[INFO] [stderr]    Compiling cfg-if v1.0.0
[INFO] [stderr]    Compiling foreign-types v0.3.2
[INFO] [stderr]    Compiling tracing v0.1.40
[INFO] [stderr]    Compiling proc-macro-error v1.0.4
[INFO] [stderr]    Compiling http v0.2.9
[INFO] [stderr]    Compiling futures-sink v0.3.28
[INFO] [stderr]    Compiling tinyvec_macros v0.1.1
[INFO] [stderr]    Compiling bitflags v2.4.1
[INFO] [stderr]    Compiling serde v1.0.193
[INFO] [stderr]    Compiling futures-channel v0.3.28
[INFO] [stderr]    Compiling native-tls v0.2.11
[INFO] [stderr]    Compiling openssl-sys v0.9.93
[INFO] [stderr]    Compiling ident_case v1.0.1
[INFO] [stderr]    Compiling futures-io v0.3.28
[INFO] [stderr]    Compiling httparse v1.8.0
[INFO] [stderr]    Compiling memchr v2.6.4
[INFO] [stderr]    Compiling pin-utils v0.1.0
[INFO] [stderr]    Compiling tinyvec v1.6.0
[INFO] [stderr]    Compiling percent-encoding v2.3.0
[INFO] [stderr]    Compiling openssl-probe v0.1.5
[INFO] [stderr]    Compiling heck v0.4.1
[INFO] [stderr]    Compiling try-lock v0.2.4
[INFO] [stderr]    Compiling log v0.4.20
[INFO] [stderr]    Compiling want v0.3.1
[INFO] [stderr]    Compiling form_urlencoded v1.2.0
[INFO] [stderr]    Compiling unicode-normalization v0.1.22
[INFO] [stderr]    Compiling http-body v0.4.5
[INFO] [stderr]    Compiling socket2 v0.4.10
[INFO] [stderr]    Compiling httpdate v1.0.3
[INFO] [stderr]    Compiling ryu v1.0.15
[INFO] [stderr]    Compiling darling_core v0.13.4
[INFO] [stderr]    Compiling tower-service v0.3.2
[INFO] [stderr]    Compiling os_str_bytes v6.6.1
[INFO] [stderr]    Compiling serde_json v1.0.108
[INFO] [stderr]    Compiling unicode-bidi v0.3.13
[INFO] [stderr]    Compiling rustversion v1.0.14
[INFO] [stderr]    Compiling clap_lex v0.2.4
[INFO] [stderr]    Compiling atty v0.2.14
[INFO] [stderr]    Compiling idna v0.4.0
[INFO] [stderr]    Compiling textwrap v0.16.0
[INFO] [stderr]    Compiling tokio-util v0.7.9
[INFO] [stderr]    Compiling convert_case v0.5.0
[INFO] [stderr]    Compiling termcolor v1.3.0
[INFO] [stderr]    Compiling openssl-macros v0.1.1
[INFO] [stderr]    Compiling serde_derive v1.0.193
[INFO] [stderr]    Compiling h2 v0.3.21
[INFO] [stderr]    Compiling bitflags v1.3.2
[INFO] [stderr]    Compiling url v2.4.1
[INFO] [stderr]    Compiling clap_derive v3.2.25
[INFO] [stderr]    Compiling encoding_rs v0.8.33
[INFO] [stderr]    Compiling darling_macro v0.13.4
[INFO] [stderr]    Compiling base64 v0.21.4
[INFO] [stderr]    Compiling mime v0.3.17
[INFO] [stderr]    Compiling darling v0.13.4
[INFO] [stderr]    Compiling argopt-impl v0.3.0
[INFO] [stderr]    Compiling ipnet v2.8.0
[INFO] [stderr]    Compiling strum_macros v0.25.3
[INFO] [stderr]    Compiling urlencoding v2.1.3
[INFO] [stderr]    Compiling strum v0.25.0
[INFO] [stderr]    Compiling hyper v0.14.27
[INFO] [stderr]    Compiling clap v3.2.25
[INFO] [stderr]    Compiling tokio-native-tls v0.3.1
[INFO] [stderr]    Compiling hyper-tls v0.5.0
[INFO] [stderr]    Compiling argopt v0.3.0
[INFO] [stderr]    Compiling serde_urlencoded v0.7.1
[INFO] [stderr]    Compiling reqwest v0.11.22
[INFO] [stderr]    Compiling tevere_data v0.1.0 (/opt/rustwide/workdir)
[INFO] [stderr]     Finished `dev` profile [unoptimized + debuginfo] target(s) in 1m 44s
[INFO] running `Command { std: "docker" "inspect" "ee8083558f2297d22a2177107154b78e19850a64cc2754ac2b62bd64944ea4d8", kill_on_drop: false }`
[INFO] running `Command { std: "docker" "rm" "-f" "ee8083558f2297d22a2177107154b78e19850a64cc2754ac2b62bd64944ea4d8", kill_on_drop: false }`
[INFO] [stdout] ee8083558f2297d22a2177107154b78e19850a64cc2754ac2b62bd64944ea4d8
[INFO] running `Command { std: "docker" "create" "-v" "/var/lib/crater-agent-workspace/builds/worker-0-tc1/target:/opt/rustwide/target:rw,Z" "-v" "/var/lib/crater-agent-workspace/builds/worker-0-tc1/source:/opt/rustwide/workdir:ro,Z" "-v" "/var/lib/crater-agent-workspace/cargo-home:/opt/rustwide/cargo-home:ro,Z" "-v" "/var/lib/crater-agent-workspace/rustup-home:/opt/rustwide/rustup-home:ro,Z" "-e" "SOURCE_DIR=/opt/rustwide/workdir" "-e" "CARGO_TARGET_DIR=/opt/rustwide/target" "-e" "CARGO_INCREMENTAL=0" "-e" "RUST_BACKTRACE=full" "-e" "RUSTFLAGS=--cap-lints=warn" "-e" "RUSTDOCFLAGS=--cap-lints=warn" "-e" "CARGO_HOME=/opt/rustwide/cargo-home" "-e" "RUSTUP_HOME=/opt/rustwide/rustup-home" "-w" "/opt/rustwide/workdir" "-m" "1610612736" "--user" "0:0" "--network" "none" "ghcr.io/rust-lang/crates-build-env/linux@sha256:f3a9d4ad9d972b27faf3965f35b62e55ba32bbce8f20bc8fe909558a86702fde" "/opt/rustwide/cargo-home/bin/cargo" "+1.83.0" "test" "--frozen" "--no-run" "--message-format=json", kill_on_drop: false }`
[INFO] [stdout] 960516aa4e8aa6852ca4a55c894642d84f3ad6be6753594f85726765ee30a202
[INFO] running `Command { std: "docker" "start" "-a" "960516aa4e8aa6852ca4a55c894642d84f3ad6be6753594f85726765ee30a202", kill_on_drop: false }`
[INFO] [stderr]    Compiling tevere_data v0.1.0 (/opt/rustwide/workdir)
[INFO] [stderr]     Finished `test` profile [unoptimized + debuginfo] target(s) in 1.80s
[INFO] running `Command { std: "docker" "inspect" "960516aa4e8aa6852ca4a55c894642d84f3ad6be6753594f85726765ee30a202", kill_on_drop: false }`
[INFO] running `Command { std: "docker" "rm" "-f" "960516aa4e8aa6852ca4a55c894642d84f3ad6be6753594f85726765ee30a202", kill_on_drop: false }`
[INFO] [stdout] 960516aa4e8aa6852ca4a55c894642d84f3ad6be6753594f85726765ee30a202
[INFO] running `Command { std: "docker" "create" "-v" "/var/lib/crater-agent-workspace/builds/worker-0-tc1/target:/opt/rustwide/target:rw,Z" "-v" "/var/lib/crater-agent-workspace/builds/worker-0-tc1/source:/opt/rustwide/workdir:ro,Z" "-v" "/var/lib/crater-agent-workspace/cargo-home:/opt/rustwide/cargo-home:ro,Z" "-v" "/var/lib/crater-agent-workspace/rustup-home:/opt/rustwide/rustup-home:ro,Z" "-e" "SOURCE_DIR=/opt/rustwide/workdir" "-e" "CARGO_TARGET_DIR=/opt/rustwide/target" "-e" "CARGO_INCREMENTAL=0" "-e" "RUST_BACKTRACE=full" "-e" "RUSTFLAGS=--cap-lints=warn" "-e" "RUSTDOCFLAGS=--cap-lints=warn" "-e" "CARGO_HOME=/opt/rustwide/cargo-home" "-e" "RUSTUP_HOME=/opt/rustwide/rustup-home" "-w" "/opt/rustwide/workdir" "-m" "1610612736" "--user" "0:0" "--network" "none" "ghcr.io/rust-lang/crates-build-env/linux@sha256:f3a9d4ad9d972b27faf3965f35b62e55ba32bbce8f20bc8fe909558a86702fde" "/opt/rustwide/cargo-home/bin/cargo" "+1.83.0" "test" "--frozen", kill_on_drop: false }`
[INFO] [stdout] 547f5e76df9850a6ebe032bf1bf45eeeed51d4713cbed5edc0adc4eb7c78b0ce
[INFO] running `Command { std: "docker" "start" "-a" "547f5e76df9850a6ebe032bf1bf45eeeed51d4713cbed5edc0adc4eb7c78b0ce", kill_on_drop: false }`
[INFO] [stderr]     Finished `test` profile [unoptimized + debuginfo] target(s) in 0.16s
[INFO] [stderr]      Running unittests src/main.rs (/opt/rustwide/target/debug/deps/tevere_data-1fea7d088eb6f3b7)
[INFO] [stdout] 
[INFO] [stdout] running 11 tests
[INFO] [stdout] test dbpedia_queries::country::tests::test_queries_start_with_select_distinct ... ok
[INFO] [stdout] test wikidata_queries::battle::tests::test_queries_start_with_select_distinct ... ok
[INFO] [stdout] test wikidata_queries::capital::tests::test_queries_start_with_select_distinct ... ok
[INFO] [stdout] test dbpedia_queries::get_query::tests::test_get_query ... ok
[INFO] [stdout] test wikidata_queries::country::tests::test_queries_start_with_select_distinct ... ok
[INFO] [stdout] test wikidata_queries::state::tests::test_queries_start_with_select_distinct ... ok
[INFO] [stdout] test wikidata_queries::war::tests::test_queries_start_with_select_distinct ... ok
[INFO] [stdout] test wikidata_queries::league::tests::test_queries_start_with_select_distinct ... ok
[INFO] [stdout] test wikidata_queries::league_member::tests::test_queries_start_with_select_distinct ... ok
[INFO] [stdout] test wikidata_queries::get_query::tests::test_get_query ... ok
[INFO] [stdout] test dbpedia_queries::battle::tests::test_queries_start_with_abstract ... FAILED
[INFO] [stdout] 
[INFO] [stdout] failures:
[INFO] [stdout] 
[INFO] [stdout] ---- dbpedia_queries::battle::tests::test_queries_start_with_abstract stdout ----
[INFO] [stdout] thread 'dbpedia_queries::battle::tests::test_queries_start_with_abstract' panicked at src/dbpedia_queries/battle.rs:50:13:
[INFO] [stdout] Failed for variant: Abstract
[INFO] [stdout] stack backtrace:
[INFO] [stdout]    0:     0x58c23e08508a - std::backtrace_rs::backtrace::libunwind::trace::h5a5b8284f2d0c266
[INFO] [stdout]                                at /rustc/90b35a6239c3d8bdabc530a6a0816f7ff89a0aaf/library/std/src/../../backtrace/src/backtrace/libunwind.rs:116:5
[INFO] [stdout]    1:     0x58c23e08508a - std::backtrace_rs::backtrace::trace_unsynchronized::h76d4f1c9b0b875e3
[INFO] [stdout]                                at /rustc/90b35a6239c3d8bdabc530a6a0816f7ff89a0aaf/library/std/src/../../backtrace/src/backtrace/mod.rs:66:5
[INFO] [stdout]    2:     0x58c23e08508a - std::sys::backtrace::_print_fmt::hc4546b8364a537c6
[INFO] [stdout]                                at /rustc/90b35a6239c3d8bdabc530a6a0816f7ff89a0aaf/library/std/src/sys/backtrace.rs:66:9
[INFO] [stdout]    3:     0x58c23e08508a - <std::sys::backtrace::BacktraceLock::print::DisplayBacktrace as core::fmt::Display>::fmt::h5b6bd5631a6d1f6b
[INFO] [stdout]                                at /rustc/90b35a6239c3d8bdabc530a6a0816f7ff89a0aaf/library/std/src/sys/backtrace.rs:39:26
[INFO] [stdout]    4:     0x58c23e0aa333 - core::fmt::rt::Argument::fmt::h270f6602a2b96f62
[INFO] [stdout]                                at /rustc/90b35a6239c3d8bdabc530a6a0816f7ff89a0aaf/library/core/src/fmt/rt.rs:177:76
[INFO] [stdout]    5:     0x58c23e0aa333 - core::fmt::write::h7550c97b06c86515
[INFO] [stdout]                                at /rustc/90b35a6239c3d8bdabc530a6a0816f7ff89a0aaf/library/core/src/fmt/mod.rs:1186:21
[INFO] [stdout]    6:     0x58c23e082253 - std::io::Write::write_fmt::h509ff860e5956e5e
[INFO] [stdout]                                at /rustc/90b35a6239c3d8bdabc530a6a0816f7ff89a0aaf/library/std/src/io/mod.rs:1839:15
[INFO] [stdout]    7:     0x58c23e084ed2 - std::sys::backtrace::BacktraceLock::print::h2395ccd2c84ba3aa
[INFO] [stdout]                                at /rustc/90b35a6239c3d8bdabc530a6a0816f7ff89a0aaf/library/std/src/sys/backtrace.rs:42:9
[INFO] [stdout]    8:     0x58c23e0864ea - std::panicking::default_hook::{{closure}}::he19d4c7230e07961
[INFO] [stdout]                                at /rustc/90b35a6239c3d8bdabc530a6a0816f7ff89a0aaf/library/std/src/panicking.rs:268:22
[INFO] [stdout]    9:     0x58c23e0862f4 - std::panicking::default_hook::hf614597d3c67bbdb
[INFO] [stdout]                                at /rustc/90b35a6239c3d8bdabc530a6a0816f7ff89a0aaf/library/std/src/panicking.rs:292:9
[INFO] [stdout]   10:     0x58c23e050ba9 - <alloc::boxed::Box<F,A> as core::ops::function::Fn<Args>>::call::h39b51ce4599c23d1
[INFO] [stdout]                                at /rustc/90b35a6239c3d8bdabc530a6a0816f7ff89a0aaf/library/alloc/src/boxed.rs:2468:9
[INFO] [stdout]   11:     0x58c23e050ba9 - test::test_main::{{closure}}::he977ae839a582784
[INFO] [stdout]                                at /rustc/90b35a6239c3d8bdabc530a6a0816f7ff89a0aaf/library/test/src/lib.rs:133:21
[INFO] [stdout]   12:     0x58c23e086b88 - <alloc::boxed::Box<F,A> as core::ops::function::Fn<Args>>::call::h9455091b6b06f9fb
[INFO] [stdout]                                at /rustc/90b35a6239c3d8bdabc530a6a0816f7ff89a0aaf/library/alloc/src/boxed.rs:2468:9
[INFO] [stdout]   13:     0x58c23e086b88 - std::panicking::rust_panic_with_hook::h8942133a8b252070
[INFO] [stdout]                                at /rustc/90b35a6239c3d8bdabc530a6a0816f7ff89a0aaf/library/std/src/panicking.rs:809:13
[INFO] [stdout]   14:     0x58c23e08694a - std::panicking::begin_panic_handler::{{closure}}::hb5f5963570096b29
[INFO] [stdout]                                at /rustc/90b35a6239c3d8bdabc530a6a0816f7ff89a0aaf/library/std/src/panicking.rs:674:13
[INFO] [stdout]   15:     0x58c23e085569 - std::sys::backtrace::__rust_end_short_backtrace::h6208cedc1922feda
[INFO] [stdout]                                at /rustc/90b35a6239c3d8bdabc530a6a0816f7ff89a0aaf/library/std/src/sys/backtrace.rs:170:18
[INFO] [stdout]   16:     0x58c23e0865dc - rust_begin_unwind
[INFO] [stdout]                                at /rustc/90b35a6239c3d8bdabc530a6a0816f7ff89a0aaf/library/std/src/panicking.rs:665:5
[INFO] [stdout]   17:     0x58c23e00fa50 - core::panicking::panic_fmt::h0c3082644d1bf418
[INFO] [stdout]                                at /rustc/90b35a6239c3d8bdabc530a6a0816f7ff89a0aaf/library/core/src/panicking.rs:74:14
[INFO] [stdout]   18:     0x58c23e0149cc - tevere_data::dbpedia_queries::battle::tests::test_queries_start_with_abstract::h99f182d45a63cbd3
[INFO] [stdout]                                at /opt/rustwide/workdir/src/dbpedia_queries/battle.rs:50:13
[INFO] [stdout]   19:     0x58c23e014807 - tevere_data::dbpedia_queries::battle::tests::test_queries_start_with_abstract::{{closure}}::hbd7fc58d85c70a44
[INFO] [stdout]                                at /opt/rustwide/workdir/src/dbpedia_queries/battle.rs:44:42
[INFO] [stdout]   20:     0x58c23e010816 - core::ops::function::FnOnce::call_once::h72c9e5de5ed06721
[INFO] [stdout]                                at /rustc/90b35a6239c3d8bdabc530a6a0816f7ff89a0aaf/library/core/src/ops/function.rs:250:5
[INFO] [stdout]   21:     0x58c23e05556b - core::ops::function::FnOnce::call_once::h109cf8051a59b34e
[INFO] [stdout]                                at /rustc/90b35a6239c3d8bdabc530a6a0816f7ff89a0aaf/library/core/src/ops/function.rs:250:5
[INFO] [stdout]   22:     0x58c23e05556b - test::__rust_begin_short_backtrace::hf4fff89d377446ba
[INFO] [stdout]                                at /rustc/90b35a6239c3d8bdabc530a6a0816f7ff89a0aaf/library/test/src/lib.rs:621:18
[INFO] [stdout]   23:     0x58c23e054da7 - test::run_test_in_process::{{closure}}::h0e39181dd7ee5a43
[INFO] [stdout]                                at /rustc/90b35a6239c3d8bdabc530a6a0816f7ff89a0aaf/library/test/src/lib.rs:644:60
[INFO] [stdout]   24:     0x58c23e054da7 - <core::panic::unwind_safe::AssertUnwindSafe<F> as core::ops::function::FnOnce<()>>::call_once::hc5a66a30f0bdfd1f
[INFO] [stdout]                                at /rustc/90b35a6239c3d8bdabc530a6a0816f7ff89a0aaf/library/core/src/panic/unwind_safe.rs:272:9
[INFO] [stdout]   25:     0x58c23e054da7 - std::panicking::try::do_call::h873b7cf639554a5e
[INFO] [stdout]                                at /rustc/90b35a6239c3d8bdabc530a6a0816f7ff89a0aaf/library/std/src/panicking.rs:557:40
[INFO] [stdout]   26:     0x58c23e054da7 - std::panicking::try::hdb19862fad9c8bd1
[INFO] [stdout]                                at /rustc/90b35a6239c3d8bdabc530a6a0816f7ff89a0aaf/library/std/src/panicking.rs:520:19
[INFO] [stdout]   27:     0x58c23e054da7 - std::panic::catch_unwind::h281fe732d236d260
[INFO] [stdout]                                at /rustc/90b35a6239c3d8bdabc530a6a0816f7ff89a0aaf/library/std/src/panic.rs:358:14
[INFO] [stdout]   28:     0x58c23e054da7 - test::run_test_in_process::h949b6df8457ed338
[INFO] [stdout]                                at /rustc/90b35a6239c3d8bdabc530a6a0816f7ff89a0aaf/library/test/src/lib.rs:644:27
[INFO] [stdout]   29:     0x58c23e054da7 - test::run_test::{{closure}}::h52c556a6d4740e10
[INFO] [stdout]                                at /rustc/90b35a6239c3d8bdabc530a6a0816f7ff89a0aaf/library/test/src/lib.rs:565:43
[INFO] [stdout]   30:     0x58c23e01a084 - test::run_test::{{closure}}::h4237f6381c45ccb9
[INFO] [stdout]                                at /rustc/90b35a6239c3d8bdabc530a6a0816f7ff89a0aaf/library/test/src/lib.rs:595:41
[INFO] [stdout]   31:     0x58c23e01a084 - std::sys::backtrace::__rust_begin_short_backtrace::h505c97a579eca628
[INFO] [stdout]                                at /rustc/90b35a6239c3d8bdabc530a6a0816f7ff89a0aaf/library/std/src/sys/backtrace.rs:154:18
[INFO] [stdout]   32:     0x58c23e01d74e - std::thread::Builder::spawn_unchecked_::{{closure}}::{{closure}}::h9e86b2e2bc107ea3
[INFO] [stdout]                                at /rustc/90b35a6239c3d8bdabc530a6a0816f7ff89a0aaf/library/std/src/thread/mod.rs:538:17
[INFO] [stdout]   33:     0x58c23e01d74e - <core::panic::unwind_safe::AssertUnwindSafe<F> as core::ops::function::FnOnce<()>>::call_once::h8b06ddb275ff4a25
[INFO] [stdout]                                at /rustc/90b35a6239c3d8bdabc530a6a0816f7ff89a0aaf/library/core/src/panic/unwind_safe.rs:272:9
[INFO] [stdout]   34:     0x58c23e01d74e - std::panicking::try::do_call::hb26ecd7cd9a9355d
[INFO] [stdout]                                at /rustc/90b35a6239c3d8bdabc530a6a0816f7ff89a0aaf/library/std/src/panicking.rs:557:40
[INFO] [stdout]   35:     0x58c23e01d74e - std::panicking::try::h8ddeca9d705f9069
[INFO] [stdout]                                at /rustc/90b35a6239c3d8bdabc530a6a0816f7ff89a0aaf/library/std/src/panicking.rs:520:19
[INFO] [stdout]   36:     0x58c23e01d74e - std::panic::catch_unwind::h49e1c33078844c46
[INFO] [stdout]                                at /rustc/90b35a6239c3d8bdabc530a6a0816f7ff89a0aaf/library/std/src/panic.rs:358:14
[INFO] [stdout]   37:     0x58c23e01d74e - std::thread::Builder::spawn_unchecked_::{{closure}}::h6073db6ff56ad35d
[INFO] [stdout]                                at /rustc/90b35a6239c3d8bdabc530a6a0816f7ff89a0aaf/library/std/src/thread/mod.rs:537:30
[INFO] [stdout]   38:     0x58c23e01d74e - core::ops::function::FnOnce::call_once{{vtable.shim}}::h2c5a5f3779c774f1
[INFO] [stdout]                                at /rustc/90b35a6239c3d8bdabc530a6a0816f7ff89a0aaf/library/core/src/ops/function.rs:250:5
[INFO] [stdout]   39:     0x58c23e08a8db - <alloc::boxed::Box<F,A> as core::ops::function::FnOnce<Args>>::call_once::hf75717d9f28faebf
[INFO] [stdout]                                at /rustc/90b35a6239c3d8bdabc530a6a0816f7ff89a0aaf/library/alloc/src/boxed.rs:2454:9
[INFO] [stdout]   40:     0x58c23e08a8db - <alloc::boxed::Box<F,A> as core::ops::function::FnOnce<Args>>::call_once::h7bd883a5f3c5f3c1
[INFO] [stdout]                                at /rustc/90b35a6239c3d8bdabc530a6a0816f7ff89a0aaf/library/alloc/src/boxed.rs:2454:9
[INFO] [stdout]   41:     0x58c23e08a8db - std::sys::pal::unix::thread::Thread::new::thread_start::hcc78f3943333fa94
[INFO] [stdout]                                at /rustc/90b35a6239c3d8bdabc530a6a0816f7ff89a0aaf/library/std/src/sys/pal/unix/thread.rs:105:17
[INFO] [stdout]   42:     0x75e5858e6ac3 - <unknown>
[INFO] [stdout]   43:     0x75e585977a04 - clone
[INFO] [stdout]   44:                0x0 - <unknown>
[INFO] [stdout] 
[INFO] [stdout] 
[INFO] [stdout] failures:
[INFO] [stdout]     dbpedia_queries::battle::tests::test_queries_start_with_abstract
[INFO] [stdout] 
[INFO] [stdout] test result: FAILED. 10 passed; 1 failed; 0 ignored; 0 measured; 0 filtered out; finished in 0.09s
[INFO] [stdout] 
[INFO] [stderr] error: test failed, to rerun pass `--bin tevere_data`
[INFO] running `Command { std: "docker" "inspect" "547f5e76df9850a6ebe032bf1bf45eeeed51d4713cbed5edc0adc4eb7c78b0ce", kill_on_drop: false }`
[INFO] running `Command { std: "docker" "rm" "-f" "547f5e76df9850a6ebe032bf1bf45eeeed51d4713cbed5edc0adc4eb7c78b0ce", kill_on_drop: false }`
[INFO] [stdout] 547f5e76df9850a6ebe032bf1bf45eeeed51d4713cbed5edc0adc4eb7c78b0ce
