[INFO] cloning repository https://github.com/sarno/rust-restapi-with-role
[INFO] running `Command { std: "git" "-c" "credential.helper=" "-c" "credential.helper=/workspace/cargo-home/bin/git-credential-null" "clone" "--bare" "https://github.com/sarno/rust-restapi-with-role" "/workspace/cache/git-repos/https%3A%2F%2Fgithub.com%2Fsarno%2Frust-restapi-with-role", kill_on_drop: false }`
[INFO] [stderr] Cloning into bare repository '/workspace/cache/git-repos/https%3A%2F%2Fgithub.com%2Fsarno%2Frust-restapi-with-role'...
[INFO] running `Command { std: "git" "rev-parse" "HEAD", kill_on_drop: false }`
[INFO] [stdout] 5784e39600dd28dc94b8ac36caf7cd360067fd0a
[INFO] testing sarno/rust-restapi-with-role against 1.83.0 for beta-1.84.0-4-retry
[INFO] running `Command { std: "git" "clone" "/workspace/cache/git-repos/https%3A%2F%2Fgithub.com%2Fsarno%2Frust-restapi-with-role" "/workspace/builds/worker-7-tc1/source", kill_on_drop: false }`
[INFO] [stderr] Cloning into '/workspace/builds/worker-7-tc1/source'...
[INFO] [stderr] done.
[INFO] validating manifest of git repo https://github.com/sarno/rust-restapi-with-role on toolchain 1.83.0
[INFO] running `Command { std: CARGO_HOME="/workspace/cargo-home" RUSTUP_HOME="/workspace/rustup-home" "/workspace/cargo-home/bin/cargo" "+1.83.0" "metadata" "--manifest-path" "Cargo.toml" "--no-deps", kill_on_drop: false }`
[INFO] started tweaking git repo https://github.com/sarno/rust-restapi-with-role
[INFO] finished tweaking git repo https://github.com/sarno/rust-restapi-with-role
[INFO] tweaked toml for git repo https://github.com/sarno/rust-restapi-with-role written to /workspace/builds/worker-7-tc1/source/Cargo.toml
[INFO] crate git repo https://github.com/sarno/rust-restapi-with-role already has a lockfile, it will not be regenerated
[INFO] running `Command { std: CARGO_HOME="/workspace/cargo-home" RUSTUP_HOME="/workspace/rustup-home" "/workspace/cargo-home/bin/cargo" "+1.83.0" "fetch" "--manifest-path" "Cargo.toml", kill_on_drop: false }`
[INFO] [stderr]  Downloading crates ...
[INFO] [stderr]   Downloaded rocket_db_pools v0.1.0
[INFO] [stderr]   Downloaded rocket_db_pools_codegen v0.1.0
[INFO] [stderr]   Downloaded deadpool-redis v0.12.0
[INFO] [stderr]   Downloaded rocket_codegen v0.5.0
[INFO] [stderr]   Downloaded diesel_derives v2.1.3
[INFO] [stderr]   Downloaded figment v0.10.18
[INFO] [stderr]   Downloaded rocket_http v0.5.0
[INFO] [stderr]   Downloaded reqwest v0.12.3
[INFO] [stderr]   Downloaded rocket v0.5.0
[INFO] [stderr]   Downloaded diesel v2.1.5
[INFO] running `Command { std: "docker" "create" "-v" "/var/lib/crater-agent-workspace/builds/worker-7-tc1/target:/opt/rustwide/target:rw,Z" "-v" "/var/lib/crater-agent-workspace/builds/worker-7-tc1/source:/opt/rustwide/workdir:ro,Z" "-v" "/var/lib/crater-agent-workspace/cargo-home:/opt/rustwide/cargo-home:ro,Z" "-v" "/var/lib/crater-agent-workspace/rustup-home:/opt/rustwide/rustup-home:ro,Z" "-e" "SOURCE_DIR=/opt/rustwide/workdir" "-e" "CARGO_TARGET_DIR=/opt/rustwide/target" "-e" "CARGO_HOME=/opt/rustwide/cargo-home" "-e" "RUSTUP_HOME=/opt/rustwide/rustup-home" "-w" "/opt/rustwide/workdir" "-m" "1610612736" "--user" "0:0" "--network" "none" "ghcr.io/rust-lang/crates-build-env/linux@sha256:f3a9d4ad9d972b27faf3965f35b62e55ba32bbce8f20bc8fe909558a86702fde" "/opt/rustwide/cargo-home/bin/cargo" "+1.83.0" "metadata" "--no-deps" "--format-version=1", kill_on_drop: false }`
[INFO] [stdout] b094aff0d55122b1c8c4b16ea3f9612b6284eacc6fc9f51d417946faef062a46
[INFO] running `Command { std: "docker" "start" "-a" "b094aff0d55122b1c8c4b16ea3f9612b6284eacc6fc9f51d417946faef062a46", kill_on_drop: false }`
[INFO] running `Command { std: "docker" "inspect" "b094aff0d55122b1c8c4b16ea3f9612b6284eacc6fc9f51d417946faef062a46", kill_on_drop: false }`
[INFO] running `Command { std: "docker" "rm" "-f" "b094aff0d55122b1c8c4b16ea3f9612b6284eacc6fc9f51d417946faef062a46", kill_on_drop: false }`
[INFO] [stdout] b094aff0d55122b1c8c4b16ea3f9612b6284eacc6fc9f51d417946faef062a46
[INFO] running `Command { std: "docker" "create" "-v" "/var/lib/crater-agent-workspace/builds/worker-7-tc1/target:/opt/rustwide/target:rw,Z" "-v" "/var/lib/crater-agent-workspace/builds/worker-7-tc1/source:/opt/rustwide/workdir:ro,Z" "-v" "/var/lib/crater-agent-workspace/cargo-home:/opt/rustwide/cargo-home:ro,Z" "-v" "/var/lib/crater-agent-workspace/rustup-home:/opt/rustwide/rustup-home:ro,Z" "-e" "SOURCE_DIR=/opt/rustwide/workdir" "-e" "CARGO_TARGET_DIR=/opt/rustwide/target" "-e" "CARGO_INCREMENTAL=0" "-e" "RUST_BACKTRACE=full" "-e" "RUSTFLAGS=--cap-lints=warn" "-e" "RUSTDOCFLAGS=--cap-lints=warn" "-e" "CARGO_HOME=/opt/rustwide/cargo-home" "-e" "RUSTUP_HOME=/opt/rustwide/rustup-home" "-w" "/opt/rustwide/workdir" "-m" "1610612736" "--user" "0:0" "--network" "none" "ghcr.io/rust-lang/crates-build-env/linux@sha256:f3a9d4ad9d972b27faf3965f35b62e55ba32bbce8f20bc8fe909558a86702fde" "/opt/rustwide/cargo-home/bin/cargo" "+1.83.0" "build" "--frozen" "--message-format=json", kill_on_drop: false }`
[INFO] [stdout] 1460fe8411f1ea8a2ea201afe7a8a05e45adb377163d0d8ad0b8c57865420f43
[INFO] running `Command { std: "docker" "start" "-a" "1460fe8411f1ea8a2ea201afe7a8a05e45adb377163d0d8ad0b8c57865420f43", kill_on_drop: false }`
[INFO] [stderr]    Compiling proc-macro2 v1.0.81
[INFO] [stderr]    Compiling unicode-ident v1.0.12
[INFO] [stderr]    Compiling version_check v0.9.4
[INFO] [stderr]    Compiling libc v0.2.153
[INFO] [stderr]    Compiling pin-project-lite v0.2.14
[INFO] [stderr]    Compiling autocfg v1.2.0
[INFO] [stderr]    Compiling bytes v1.6.0
[INFO] [stderr]    Compiling cfg-if v1.0.0
[INFO] [stderr]    Compiling serde v1.0.198
[INFO] [stderr]    Compiling memchr v2.7.2
[INFO] [stderr]    Compiling pin-utils v0.1.0
[INFO] [stderr]    Compiling itoa v1.0.11
[INFO] [stderr]    Compiling once_cell v1.19.0
[INFO] [stderr]    Compiling futures-core v0.3.30
[INFO] [stderr]    Compiling typenum v1.17.0
[INFO] [stderr]    Compiling generic-array v0.14.7
[INFO] [stderr]    Compiling proc-macro2-diagnostics v0.10.1
[INFO] [stderr]    Compiling tracing-core v0.1.32
[INFO] [stderr]    Compiling futures-sink v0.3.30
[INFO] [stderr]    Compiling slab v0.4.9
[INFO] [stderr]    Compiling yansi v1.0.1
[INFO] [stderr]    Compiling futures-channel v0.3.30
[INFO] [stderr]    Compiling subtle v2.5.0
[INFO] [stderr]    Compiling quote v1.0.36
[INFO] [stderr]    Compiling tracing v0.1.40
[INFO] [stderr]    Compiling futures-task v0.3.30
[INFO] [stderr]    Compiling futures-io v0.3.30
[INFO] [stderr]    Compiling percent-encoding v2.3.1
[INFO] [stderr]    Compiling syn v2.0.60
[INFO] [stderr]    Compiling socket2 v0.5.6
[INFO] [stderr]    Compiling mio v0.8.11
[INFO] [stderr]    Compiling signal-hook-registry v1.4.1
[INFO] [stderr]    Compiling num_cpus v1.16.0
[INFO] [stderr]    Compiling tinyvec_macros v0.1.1
[INFO] [stderr]    Compiling hashbrown v0.14.3
[INFO] [stderr]    Compiling equivalent v1.0.1
[INFO] [stderr]    Compiling tinyvec v1.6.0
[INFO] [stderr]    Compiling getrandom v0.2.14
[INFO] [stderr]    Compiling fnv v1.0.7
[INFO] [stderr]    Compiling http v0.2.12
[INFO] [stderr]    Compiling rand_core v0.6.4
[INFO] [stderr]    Compiling unicode-bidi v0.3.15
[INFO] [stderr]    Compiling httparse v1.8.0
[INFO] [stderr]    Compiling smallvec v1.13.2
[INFO] [stderr]    Compiling inlinable_string v0.1.15
[INFO] [stderr]    Compiling crypto-common v0.1.6
[INFO] [stderr]    Compiling block-buffer v0.10.4
[INFO] [stderr]    Compiling digest v0.10.7
[INFO] [stderr]    Compiling try-lock v0.2.5
[INFO] [stderr]    Compiling num-conv v0.1.0
[INFO] [stderr]    Compiling unicode-normalization v0.1.23
[INFO] [stderr]    Compiling powerfmt v0.2.0
[INFO] [stderr]    Compiling time-core v0.1.2
[INFO] [stderr]    Compiling ppv-lite86 v0.2.17
[INFO] [stderr]    Compiling time-macros v0.2.18
[INFO] [stderr]    Compiling deranged v0.3.11
[INFO] [stderr]    Compiling want v0.3.1
[INFO] [stderr]    Compiling http-body v0.4.6
[INFO] [stderr]    Compiling lock_api v0.4.11
[INFO] [stderr]    Compiling rand_chacha v0.3.1
[INFO] [stderr]    Compiling cookie v0.18.1
[INFO] [stderr]    Compiling ref-cast v1.0.22
[INFO] [stderr]    Compiling tower-service v0.3.2
[INFO] [stderr]    Compiling cpufeatures v0.2.12
[INFO] [stderr]    Compiling parking_lot_core v0.9.9
[INFO] [stderr]    Compiling httpdate v1.0.3
[INFO] [stderr]    Compiling bitflags v2.5.0
[INFO] [stderr]    Compiling futures-util v0.3.30
[INFO] [stderr]    Compiling rand v0.8.5
[INFO] [stderr]    Compiling is-terminal v0.4.12
[INFO] [stderr]    Compiling num-traits v0.2.18
[INFO] [stderr]    Compiling uncased v0.9.10
[INFO] [stderr]    Compiling scopeguard v1.2.0
[INFO] [stderr]    Compiling byteorder v1.5.0
[INFO] [stderr]    Compiling log v0.4.21
[INFO] [stderr]    Compiling finl_unicode v1.2.0
[INFO] [stderr]    Compiling stringprep v0.1.4
[INFO] [stderr]    Compiling sha2 v0.10.8
[INFO] [stderr]    Compiling md-5 v0.10.6
[INFO] [stderr]    Compiling time v0.3.36
[INFO] [stderr]    Compiling hmac v0.12.1
[INFO] [stderr]    Compiling tokio v1.37.0
[INFO] [stderr]    Compiling stable-pattern v0.1.0
[INFO] [stderr]    Compiling rustix v0.38.32
[INFO] [stderr]    Compiling either v1.11.0
[INFO] [stderr]    Compiling fallible-iterator v0.2.0
[INFO] [stderr]    Compiling ryu v1.0.17
[INFO] [stderr]    Compiling state v0.6.0
[INFO] [stderr]    Compiling winnow v0.6.6
[INFO] [stderr]    Compiling siphasher v0.3.11
[INFO] [stderr]    Compiling base64 v0.21.7
[INFO] [stderr]    Compiling futures v0.3.30
[INFO] [stderr]    Compiling parking_lot v0.12.1
[INFO] [stderr]    Compiling phf_shared v0.11.2
[INFO] [stderr]    Compiling postgres-protocol v0.6.6
[INFO] [stderr]    Compiling devise_core v0.4.1
[INFO] [stderr]    Compiling diesel_table_macro_syntax v0.1.0
[INFO] [stderr]    Compiling idna v0.5.0
[INFO] [stderr]    Compiling indexmap v2.2.6
[INFO] [stderr]    Compiling form_urlencoded v1.2.1
[INFO] [stderr]    Compiling multer v2.1.0
[INFO] [stderr]    Compiling figment v0.10.18
[INFO] [stderr]    Compiling linux-raw-sys v0.4.13
[INFO] [stderr]    Compiling iana-time-zone v0.1.60
[INFO] [stderr]    Compiling utf8parse v0.2.1
[INFO] [stderr]    Compiling serde_json v1.0.116
[INFO] [stderr]    Compiling retain_mut v0.1.9
[INFO] [stderr]    Compiling anstyle-parse v0.2.3
[INFO] [stderr]    Compiling url v2.5.0
[INFO] [stderr]    Compiling postgres-types v0.2.6
[INFO] [stderr]    Compiling phf v0.11.2
[INFO] [stderr]    Compiling rocket v0.5.0
[INFO] [stderr]    Compiling encoding_rs v0.8.34
[INFO] [stderr]    Compiling hyper v0.14.28
[INFO] [stderr]    Compiling colorchoice v1.0.0
[INFO] [stderr]    Compiling unicode-xid v0.2.4
[INFO] [stderr]    Compiling fastrand v2.0.2
[INFO] [stderr]    Compiling whoami v1.5.1
[INFO] [stderr]    Compiling mime v0.3.17
[INFO] [stderr]    Compiling serde_derive v1.0.198
[INFO] [stderr]    Compiling tokio-macros v2.2.0
[INFO] [stderr]    Compiling futures-macro v0.3.30
[INFO] [stderr]    Compiling pear_codegen v0.2.9
[INFO] [stderr]    Compiling async-trait v0.1.80
[INFO] [stderr]    Compiling ref-cast-impl v1.0.22
[INFO] [stderr]    Compiling devise_codegen v0.4.1
[INFO] [stderr]    Compiling pear v0.2.9
[INFO] [stderr]    Compiling async-stream-impl v0.3.5
[INFO] [stderr]    Compiling diesel_derives v2.1.3
[INFO] [stderr]    Compiling anstyle v1.0.6
[INFO] [stderr]    Compiling devise v0.4.1
[INFO] [stderr]    Compiling spin v0.9.8
[INFO] [stderr]    Compiling anstyle-query v1.0.2
[INFO] [stderr]    Compiling rocket_http v0.5.0
[INFO] [stderr]    Compiling glob v0.3.1
[INFO] [stderr]    Compiling anstream v0.6.13
[INFO] [stderr]    Compiling async-stream v0.3.5
[INFO] [stderr]    Compiling tempfile v3.10.1
[INFO] [stderr]    Compiling scoped-futures v0.1.3
[INFO] [stderr]    Compiling binascii v0.1.4
[INFO] [stderr]    Compiling base64ct v1.6.0
[INFO] [stderr]    Compiling atomic v0.5.3
[INFO] [stderr]    Compiling strsim v0.11.1
[INFO] [stderr]    Compiling clap_lex v0.7.0
[INFO] [stderr]    Compiling password-hash v0.5.0
[INFO] [stderr]    Compiling clap_builder v4.5.2
[INFO] [stderr]    Compiling rocket_db_pools_codegen v0.1.0
[INFO] [stderr]    Compiling blake2 v0.10.6
[INFO] [stderr]    Compiling argon2 v0.5.3
[INFO] [stderr]    Compiling dotenv v0.15.0
[INFO] [stderr]    Compiling rocket_codegen v0.5.0
[INFO] [stderr]    Compiling clap v4.5.4
[INFO] [stderr]    Compiling tokio-util v0.7.10
[INFO] [stderr]    Compiling deadpool-runtime v0.1.3
[INFO] [stderr]    Compiling deadpool v0.9.5
[INFO] [stderr]    Compiling tokio-stream v0.1.15
[INFO] [stderr]    Compiling combine v4.6.7
[INFO] [stderr]    Compiling tokio-postgres v0.7.10
[INFO] [stderr]    Compiling toml_datetime v0.6.5
[INFO] [stderr]    Compiling serde_spanned v0.6.5
[INFO] [stderr]    Compiling chrono v0.4.38
[INFO] [stderr]    Compiling ubyte v0.10.4
[INFO] [stderr]    Compiling h2 v0.3.26
[INFO] [stderr]    Compiling toml_edit v0.22.9
[INFO] [stderr]    Compiling diesel v2.1.5
[INFO] [stderr]    Compiling toml v0.8.12
[INFO] [stderr]    Compiling redis v0.23.3
[INFO] [stderr]    Compiling deadpool-redis v0.12.0
[INFO] [stderr]    Compiling diesel-async v0.4.1
[INFO] [stderr]    Compiling rocket_db_pools v0.1.0
[INFO] [stderr]    Compiling cr8s v0.1.0 (/opt/rustwide/workdir)
[INFO] [stdout] warning: field `0` is never read
[INFO] [stdout]   --> src/routes/mod.rs:59:23
[INFO] [stdout]    |
[INFO] [stdout] 59 | pub struct EditorUser(User);
[INFO] [stdout]    |            ---------- ^^^^
[INFO] [stdout]    |            |
[INFO] [stdout]    |            field in this struct
[INFO] [stdout]    |
[INFO] [stdout]    = help: consider removing this field
[INFO] [stdout]    = note: `#[warn(dead_code)]` on by default
[INFO] [stdout] 
[INFO] [stdout] 
[INFO] [stderr]     Finished `dev` profile [unoptimized + debuginfo] target(s) in 3m 25s
[INFO] running `Command { std: "docker" "inspect" "1460fe8411f1ea8a2ea201afe7a8a05e45adb377163d0d8ad0b8c57865420f43", kill_on_drop: false }`
[INFO] running `Command { std: "docker" "rm" "-f" "1460fe8411f1ea8a2ea201afe7a8a05e45adb377163d0d8ad0b8c57865420f43", kill_on_drop: false }`
[INFO] [stdout] 1460fe8411f1ea8a2ea201afe7a8a05e45adb377163d0d8ad0b8c57865420f43
[INFO] running `Command { std: "docker" "create" "-v" "/var/lib/crater-agent-workspace/builds/worker-7-tc1/target:/opt/rustwide/target:rw,Z" "-v" "/var/lib/crater-agent-workspace/builds/worker-7-tc1/source:/opt/rustwide/workdir:ro,Z" "-v" "/var/lib/crater-agent-workspace/cargo-home:/opt/rustwide/cargo-home:ro,Z" "-v" "/var/lib/crater-agent-workspace/rustup-home:/opt/rustwide/rustup-home:ro,Z" "-e" "SOURCE_DIR=/opt/rustwide/workdir" "-e" "CARGO_TARGET_DIR=/opt/rustwide/target" "-e" "CARGO_INCREMENTAL=0" "-e" "RUST_BACKTRACE=full" "-e" "RUSTFLAGS=--cap-lints=warn" "-e" "RUSTDOCFLAGS=--cap-lints=warn" "-e" "CARGO_HOME=/opt/rustwide/cargo-home" "-e" "RUSTUP_HOME=/opt/rustwide/rustup-home" "-w" "/opt/rustwide/workdir" "-m" "1610612736" "--user" "0:0" "--network" "none" "ghcr.io/rust-lang/crates-build-env/linux@sha256:f3a9d4ad9d972b27faf3965f35b62e55ba32bbce8f20bc8fe909558a86702fde" "/opt/rustwide/cargo-home/bin/cargo" "+1.83.0" "test" "--frozen" "--no-run" "--message-format=json", kill_on_drop: false }`
[INFO] [stdout] 610d2d6efec5365d9acabf2ae78d665bcf53dc72448e8f60d863325007d98247
[INFO] running `Command { std: "docker" "start" "-a" "610d2d6efec5365d9acabf2ae78d665bcf53dc72448e8f60d863325007d98247", kill_on_drop: false }`
[INFO] [stderr]    Compiling tracing v0.1.40
[INFO] [stderr]    Compiling smallvec v1.13.2
[INFO] [stderr]    Compiling cc v1.0.94
[INFO] [stderr]    Compiling vcpkg v0.2.15
[INFO] [stderr]    Compiling pkg-config v0.3.30
[INFO] [stderr]    Compiling http v1.1.0
[INFO] [stderr]    Compiling tokio-util v0.7.10
[INFO] [stderr]    Compiling parking_lot_core v0.9.9
[INFO] [stderr]    Compiling hyper v0.14.28
[INFO] [stderr]    Compiling openssl v0.10.64
[INFO] [stderr]    Compiling parking_lot v0.12.1
[INFO] [stderr]    Compiling foreign-types-shared v0.1.1
[INFO] [stderr]    Compiling pin-project-internal v1.1.5
[INFO] [stderr]    Compiling foreign-types v0.3.2
[INFO] [stderr]    Compiling openssl-macros v0.1.1
[INFO] [stderr]    Compiling native-tls v0.2.11
[INFO] [stderr]    Compiling h2 v0.3.26
[INFO] [stderr]    Compiling combine v4.6.7
[INFO] [stderr]    Compiling http-body v1.0.0
[INFO] [stderr]    Compiling tokio-postgres v0.7.10
[INFO] [stderr]    Compiling multer v2.1.0
[INFO] [stderr]    Compiling openssl-sys v0.9.102
[INFO] [stderr]    Compiling h2 v0.4.4
[INFO] [stderr]    Compiling tower-layer v0.3.2
[INFO] [stderr]    Compiling openssl-probe v0.1.5
[INFO] [stderr]    Compiling http-body-util v0.1.1
[INFO] [stderr]    Compiling rocket_http v0.5.0
[INFO] [stderr]    Compiling pin-project v1.1.5
[INFO] [stderr]    Compiling tower v0.4.13
[INFO] [stderr]    Compiling base64 v0.22.0
[INFO] [stderr]    Compiling rustls-pki-types v1.4.1
[INFO] [stderr]    Compiling serde_urlencoded v0.7.1
[INFO] [stderr]    Compiling rustls-pemfile v2.1.2
[INFO] [stderr]    Compiling ipnet v2.9.0
[INFO] [stderr]    Compiling sync_wrapper v0.1.2
[INFO] [stderr]    Compiling diesel-async v0.4.1
[INFO] [stderr]    Compiling rocket_codegen v0.5.0
[INFO] [stderr]    Compiling hyper v1.3.1
[INFO] [stderr]    Compiling redis v0.23.3
[INFO] [stderr]    Compiling hyper-util v0.1.3
[INFO] [stderr]    Compiling tokio-native-tls v0.3.1
[INFO] [stderr]    Compiling hyper-tls v0.6.0
[INFO] [stderr]    Compiling reqwest v0.12.3
[INFO] [stderr]    Compiling deadpool-redis v0.12.0
[INFO] [stderr]    Compiling rocket v0.5.0
[INFO] [stderr]    Compiling rocket_db_pools v0.1.0
[INFO] [stderr]    Compiling cr8s v0.1.0 (/opt/rustwide/workdir)
[INFO] [stdout] warning: field `0` is never read
[INFO] [stdout]   --> src/routes/mod.rs:59:23
[INFO] [stdout]    |
[INFO] [stdout] 59 | pub struct EditorUser(User);
[INFO] [stdout]    |            ---------- ^^^^
[INFO] [stdout]    |            |
[INFO] [stdout]    |            field in this struct
[INFO] [stdout]    |
[INFO] [stdout]    = help: consider removing this field
[INFO] [stdout]    = note: `#[warn(dead_code)]` on by default
[INFO] [stdout] 
[INFO] [stdout] 
[INFO] [stdout] warning: field `0` is never read
[INFO] [stdout]   --> src/routes/mod.rs:59:23
[INFO] [stdout]    |
[INFO] [stdout] 59 | pub struct EditorUser(User);
[INFO] [stdout]    |            ---------- ^^^^
[INFO] [stdout]    |            |
[INFO] [stdout]    |            field in this struct
[INFO] [stdout]    |
[INFO] [stdout]    = help: consider removing this field
[INFO] [stdout]    = note: `#[warn(dead_code)]` on by default
[INFO] [stdout] 
[INFO] [stdout] 
[INFO] [stderr]     Finished `test` profile [unoptimized + debuginfo] target(s) in 2m 14s
[INFO] running `Command { std: "docker" "inspect" "610d2d6efec5365d9acabf2ae78d665bcf53dc72448e8f60d863325007d98247", kill_on_drop: false }`
[INFO] running `Command { std: "docker" "rm" "-f" "610d2d6efec5365d9acabf2ae78d665bcf53dc72448e8f60d863325007d98247", kill_on_drop: false }`
[INFO] [stdout] 610d2d6efec5365d9acabf2ae78d665bcf53dc72448e8f60d863325007d98247
[INFO] running `Command { std: "docker" "create" "-v" "/var/lib/crater-agent-workspace/builds/worker-7-tc1/target:/opt/rustwide/target:rw,Z" "-v" "/var/lib/crater-agent-workspace/builds/worker-7-tc1/source:/opt/rustwide/workdir:ro,Z" "-v" "/var/lib/crater-agent-workspace/cargo-home:/opt/rustwide/cargo-home:ro,Z" "-v" "/var/lib/crater-agent-workspace/rustup-home:/opt/rustwide/rustup-home:ro,Z" "-e" "SOURCE_DIR=/opt/rustwide/workdir" "-e" "CARGO_TARGET_DIR=/opt/rustwide/target" "-e" "CARGO_INCREMENTAL=0" "-e" "RUST_BACKTRACE=full" "-e" "RUSTFLAGS=--cap-lints=warn" "-e" "RUSTDOCFLAGS=--cap-lints=warn" "-e" "CARGO_HOME=/opt/rustwide/cargo-home" "-e" "RUSTUP_HOME=/opt/rustwide/rustup-home" "-w" "/opt/rustwide/workdir" "-m" "1610612736" "--user" "0:0" "--network" "none" "ghcr.io/rust-lang/crates-build-env/linux@sha256:f3a9d4ad9d972b27faf3965f35b62e55ba32bbce8f20bc8fe909558a86702fde" "/opt/rustwide/cargo-home/bin/cargo" "+1.83.0" "test" "--frozen", kill_on_drop: false }`
[INFO] [stdout] e5e3d7323832e3a42e5442c4735243f7d9b18f374a0fe337b6322e57a92c931a
[INFO] running `Command { std: "docker" "start" "-a" "e5e3d7323832e3a42e5442c4735243f7d9b18f374a0fe337b6322e57a92c931a", kill_on_drop: false }`
[INFO] [stderr] warning: field `0` is never read
[INFO] [stderr]   --> src/routes/mod.rs:59:23
[INFO] [stderr]    |
[INFO] [stderr] 59 | pub struct EditorUser(User);
[INFO] [stderr]    |            ---------- ^^^^
[INFO] [stderr]    |            |
[INFO] [stderr]    |            field in this struct
[INFO] [stderr]    |
[INFO] [stderr]    = help: consider removing this field
[INFO] [stderr]    = note: `#[warn(dead_code)]` on by default
[INFO] [stderr] 
[INFO] [stderr] warning: `cr8s` (lib) generated 1 warning
[INFO] [stderr] warning: `cr8s` (lib test) generated 1 warning (1 duplicate)
[INFO] [stderr]     Finished `test` profile [unoptimized + debuginfo] target(s) in 1.24s
[INFO] [stderr]      Running unittests src/lib.rs (/opt/rustwide/target/debug/deps/cr8s-8b8deb6e018c9b41)
[INFO] [stdout] 
[INFO] [stdout] running 0 tests
[INFO] [stdout] 
[INFO] [stdout] test result: ok. 0 passed; 0 failed; 0 ignored; 0 measured; 0 filtered out; finished in 0.00s
[INFO] [stdout] 
[INFO] [stderr]      Running unittests src/bin/cli.rs (/opt/rustwide/target/debug/deps/cli-0beb82b7554e7cf7)
[INFO] [stdout] 
[INFO] [stdout] running 0 tests
[INFO] [stdout] 
[INFO] [stdout] test result: ok. 0 passed; 0 failed; 0 ignored; 0 measured; 0 filtered out; finished in 0.00s
[INFO] [stdout] 
[INFO] [stderr]      Running unittests src/bin/server.rs (/opt/rustwide/target/debug/deps/server-c0018b707d2aadfd)
[INFO] [stderr]      Running tests/authorization.rs (/opt/rustwide/target/debug/deps/authorization-39544d9275e2f4b3)
[INFO] [stdout] 
[INFO] [stdout] running 0 tests
[INFO] [stdout] 
[INFO] [stdout] test result: ok. 0 passed; 0 failed; 0 ignored; 0 measured; 0 filtered out; finished in 0.00s
[INFO] [stdout] 
[INFO] [stdout] 
[INFO] [stdout] running 1 test
[INFO] [stderr] error: test failed, to rerun pass `--test authorization`
[INFO] [stdout] test test_login ... FAILED
[INFO] [stdout] 
[INFO] [stdout] failures:
[INFO] [stdout] 
[INFO] [stdout] ---- test_login stdout ----
[INFO] [stdout] Output { status: ExitStatus(unix_wait_status(25856)), stdout: "", stderr: "warning: field `0` is never read\n  --> src/routes/mod.rs:59:23\n   |\n59 | pub struct EditorUser(User);\n   |            ---------- ^^^^\n   |            |\n   |            field in this struct\n   |\n   = help: consider removing this field\n   = note: `#[warn(dead_code)]` on by default\n\nwarning: `cr8s` (lib) generated 1 warning\n    Finished `dev` profile [unoptimized + debuginfo] target(s) in 0.41s\n     Running `/opt/rustwide/target/debug/cli users create test_admin 1234 admin`\nthread 'main' panicked at /opt/rustwide/workdir/src/commands.rs:17:10:\nError connecting to database: CouldntSetupConfiguration(DatabaseError(UnableToSendCommand, \"error connecting to server: Connection refused (os error 111)\"))\nstack backtrace:\n   0:     0x5cbe2ad274ba - std::backtrace_rs::backtrace::libunwind::trace::h5a5b8284f2d0c266\n                               at /rustc/90b35a6239c3d8bdabc530a6a0816f7ff89a0aaf/library/std/src/../../backtrace/src/backtrace/libunwind.rs:116:5\n   1:     0x5cbe2ad274ba - std::backtrace_rs::backtrace::trace_unsynchronized::h76d4f1c9b0b875e3\n                               at /rustc/90b35a6239c3d8bdabc530a6a0816f7ff89a0aaf/library/std/src/../../backtrace/src/backtrace/mod.rs:66:5\n   2:     0x5cbe2ad274ba - std::sys::backtrace::_print_fmt::hc4546b8364a537c6\n                               at /rustc/90b35a6239c3d8bdabc530a6a0816f7ff89a0aaf/library/std/src/sys/backtrace.rs:66:9\n   3:     0x5cbe2ad274ba - <std::sys::backtrace::BacktraceLock::print::DisplayBacktrace as core::fmt::Display>::fmt::h5b6bd5631a6d1f6b\n                               at /rustc/90b35a6239c3d8bdabc530a6a0816f7ff89a0aaf/library/std/src/sys/backtrace.rs:39:26\n   4:     0x5cbe2ad47193 - core::fmt::rt::Argument::fmt::h270f6602a2b96f62\n                               at /rustc/90b35a6239c3d8bdabc530a6a0816f7ff89a0aaf/library/core/src/fmt/rt.rs:177:76\n   5:     0x5cbe2ad47193 - core::fmt::write::h7550c97b06c86515\n                               at /rustc/90b35a6239c3d8bdabc530a6a0816f7ff89a0aaf/library/core/src/fmt/mod.rs:1186:21\n   6:     0x5cbe2ad24343 - std::io::Write::write_fmt::h7b09c64fe0be9c84\n                               at /rustc/90b35a6239c3d8bdabc530a6a0816f7ff89a0aaf/library/std/src/io/mod.rs:1839:15\n   7:     0x5cbe2ad27302 - std::sys::backtrace::BacktraceLock::print::h2395ccd2c84ba3aa\n                               at /rustc/90b35a6239c3d8bdabc530a6a0816f7ff89a0aaf/library/std/src/sys/backtrace.rs:42:9\n   8:     0x5cbe2ad282ac - std::panicking::default_hook::{{closure}}::he19d4c7230e07961\n                               at /rustc/90b35a6239c3d8bdabc530a6a0816f7ff89a0aaf/library/std/src/panicking.rs:268:22\n   9:     0x5cbe2ad280f2 - std::panicking::default_hook::hf614597d3c67bbdb\n                               at /rustc/90b35a6239c3d8bdabc530a6a0816f7ff89a0aaf/library/std/src/panicking.rs:295:9\n  10:     0x5cbe2ad28887 - std::panicking::rust_panic_with_hook::h8942133a8b252070\n                               at /rustc/90b35a6239c3d8bdabc530a6a0816f7ff89a0aaf/library/std/src/panicking.rs:801:13\n  11:     0x5cbe2ad2871a - std::panicking::begin_panic_handler::{{closure}}::hb5f5963570096b29\n                               at /rustc/90b35a6239c3d8bdabc530a6a0816f7ff89a0aaf/library/std/src/panicking.rs:674:13\n  12:     0x5cbe2ad27999 - std::sys::backtrace::__rust_end_short_backtrace::h6208cedc1922feda\n                               at /rustc/90b35a6239c3d8bdabc530a6a0816f7ff89a0aaf/library/std/src/sys/backtrace.rs:170:18\n  13:     0x5cbe2ad283ac - rust_begin_unwind\n                               at /rustc/90b35a6239c3d8bdabc530a6a0816f7ff89a0aaf/library/std/src/panicking.rs:665:5\n  14:     0x5cbe2a8dce80 - core::panicking::panic_fmt::h0c3082644d1bf418\n                               at /rustc/90b35a6239c3d8bdabc530a6a0816f7ff89a0aaf/library/core/src/panicking.rs:74:14\n  15:     0x5cbe2a8dd326 - core::result::unwrap_failed::hd20b4aa073bda1e2\n                               at /rustc/90b35a6239c3d8bdabc530a6a0816f7ff89a0aaf/library/core/src/result.rs:1700:5\n  16:     0x5cbe2a9170e5 - core::result::Result<T,E>::expect::hdabdaca5fc2540ef\n                               at /rustc/90b35a6239c3d8bdabc530a6a0816f7ff89a0aaf/library/core/src/result.rs:1061:23\n  17:     0x5cbe2a90e229 - cr8s::commands::load_db_connection::{{closure}}::h8099fc6eef97b94c\n                               at /opt/rustwide/workdir/src/commands.rs:15:5\n  18:     0x5cbe2a90cef7 - cr8s::commands::create_user::{{closure}}::hf69f3fd0f7e0c7f1\n                               at /opt/rustwide/workdir/src/commands.rs:21:38\n  19:     0x5cbe2a92d265 - cli::main::{{closure}}::hab21c72656fbdf4a\n                               at /opt/rustwide/workdir/src/bin/cli.rs:64:18\n  20:     0x5cbe2a91ff5f - tokio::runtime::park::CachedParkThread::block_on::{{closure}}::h94e62228054b5923\n                               at /opt/rustwide/cargo-home/registry/src/index.crates.io-6f17d22bba15001f/tokio-1.37.0/src/runtime/park.rs:281:63\n  21:     0x5cbe2a91f9ba - tokio::runtime::coop::with_budget::hdcaa703165417936\n                               at /opt/rustwide/cargo-home/registry/src/index.crates.io-6f17d22bba15001f/tokio-1.37.0/src/runtime/coop.rs:107:5\n  22:     0x5cbe2a91f9ba - tokio::runtime::coop::budget::hd38914cf8feef056\n                               at /opt/rustwide/cargo-home/registry/src/index.crates.io-6f17d22bba15001f/tokio-1.37.0/src/runtime/coop.rs:73:5\n  23:     0x5cbe2a91f9ba - tokio::runtime::park::CachedParkThread::block_on::h6ff9ca18dd00a886\n                               at /opt/rustwide/cargo-home/registry/src/index.crates.io-6f17d22bba15001f/tokio-1.37.0/src/runtime/park.rs:281:31\n  24:     0x5cbe2a9346c3 - tokio::runtime::context::blocking::BlockingRegionGuard::block_on::h2bed515e4343b323\n                               at /opt/rustwide/cargo-home/registry/src/index.crates.io-6f17d22bba15001f/tokio-1.37.0/src/runtime/context/blocking.rs:66:9\n  25:     0x5cbe2a90e888 - tokio::runtime::scheduler::multi_thread::MultiThread::block_on::{{closure}}::hb82c7ced4829da28\n                               at /opt/rustwide/cargo-home/registry/src/index.crates.io-6f17d22bba15001f/tokio-1.37.0/src/runtime/scheduler/multi_thread/mod.rs:87:13\n  26:     0x5cbe2a937cab - tokio::runtime::context::runtime::enter_runtime::h6606f8e04ae50090\n                               at /opt/rustwide/cargo-home/registry/src/index.crates.io-6f17d22bba15001f/tokio-1.37.0/src/runtime/context/runtime.rs:65:16\n  27:     0x5cbe2a90e843 - tokio::runtime::scheduler::multi_thread::MultiThread::block_on::h8c600510b3880ef6\n                               at /opt/rustwide/cargo-home/registry/src/index.crates.io-6f17d22bba15001f/tokio-1.37.0/src/runtime/scheduler/multi_thread/mod.rs:86:9\n  28:     0x5cbe2a9200eb - tokio::runtime::runtime::Runtime::block_on::ha684c468858d3ab2\n                               at /opt/rustwide/cargo-home/registry/src/index.crates.io-6f17d22bba15001f/tokio-1.37.0/src/runtime/runtime.rs:351:45\n  29:     0x5cbe2a92bf4e - cli::main::h7608b39426345eaf\n                               at /opt/rustwide/workdir/src/bin/cli.rs:46:5\n  30:     0x5cbe2a8fb0eb - core::ops::function::FnOnce::call_once::h2b04c43e58e109b3\n                               at /rustc/90b35a6239c3d8bdabc530a6a0816f7ff89a0aaf/library/core/src/ops/function.rs:250:5\n  31:     0x5cbe2a92858e - std::sys::backtrace::__rust_begin_short_backtrace::ha0c4ae50e2346a88\n                               at /rustc/90b35a6239c3d8bdabc530a6a0816f7ff89a0aaf/library/std/src/sys/backtrace.rs:154:18\n  32:     0x5cbe2a936ca1 - std::rt::lang_start::{{closure}}::h6adf3427d72b73e7\n                               at /rustc/90b35a6239c3d8bdabc530a6a0816f7ff89a0aaf/library/std/src/rt.rs:195:18\n  33:     0x5cbe2ad1fd7e - core::ops::function::impls::<impl core::ops::function::FnOnce<A> for &F>::call_once::hfdb85f4ee94732d3\n                               at /rustc/90b35a6239c3d8bdabc530a6a0816f7ff89a0aaf/library/core/src/ops/function.rs:284:13\n  34:     0x5cbe2ad1fd7e - std::panicking::try::do_call::h6e577310f330cbef\n                               at /rustc/90b35a6239c3d8bdabc530a6a0816f7ff89a0aaf/library/std/src/panicking.rs:557:40\n  35:     0x5cbe2ad1fd7e - std::panicking::try::ha588d438267d2645\n                               at /rustc/90b35a6239c3d8bdabc530a6a0816f7ff89a0aaf/library/std/src/panicking.rs:520:19\n  36:     0x5cbe2ad1fd7e - std::panic::catch_unwind::h429fda1e025f26d9\n                               at /rustc/90b35a6239c3d8bdabc530a6a0816f7ff89a0aaf/library/std/src/panic.rs:358:14\n  37:     0x5cbe2ad1fd7e - std::rt::lang_start_internal::{{closure}}::h7b731265e841c4bf\n                               at /rustc/90b35a6239c3d8bdabc530a6a0816f7ff89a0aaf/library/std/src/rt.rs:174:48\n  38:     0x5cbe2ad1fd7e - std::panicking::try::do_call::hc0f6a675b7ae5a36\n                               at /rustc/90b35a6239c3d8bdabc530a6a0816f7ff89a0aaf/library/std/src/panicking.rs:557:40\n  39:     0x5cbe2ad1fd7e - std::panicking::try::h4c93b7ff0671f1ff\n                               at /rustc/90b35a6239c3d8bdabc530a6a0816f7ff89a0aaf/library/std/src/panicking.rs:520:19\n  40:     0x5cbe2ad1fd7e - std::panic::catch_unwind::hcc1e154961d16ce6\n                               at /rustc/90b35a6239c3d8bdabc530a6a0816f7ff89a0aaf/library/std/src/panic.rs:358:14\n  41:     0x5cbe2ad1fd7e - std::rt::lang_start_internal::h1c66660c99c8424c\n                               at /rustc/90b35a6239c3d8bdabc530a6a0816f7ff89a0aaf/library/std/src/rt.rs:174:20\n  42:     0x5cbe2a936c7a - std::rt::lang_start::h78a443d24f261fdb\n                               at /rustc/90b35a6239c3d8bdabc530a6a0816f7ff89a0aaf/library/std/src/rt.rs:194:17\n  43:     0x5cbe2a92d48e - main\n  44:     0x78d815521d90 - <unknown>\n  45:     0x78d815521e40 - __libc_start_main\n  46:     0x5cbe2a8dd8e5 - _start\n  47:                0x0 - <unknown>\n" }
[INFO] [stdout] thread 'test_login' panicked at tests/authorization.rs:34:10:
[INFO] [stdout] called `Result::unwrap()` on an `Err` value: reqwest::Error { kind: Request, url: Url { scheme: "http", cannot_be_a_base: false, username: "", password: None, host: Some(Ipv4(127.0.0.1)), port: Some(8000), path: "/login", query: None, fragment: None }, source: Error { kind: Connect, source: Some(ConnectError("tcp connect error", Os { code: 111, kind: ConnectionRefused, message: "Connection refused" })) } }
[INFO] [stdout] stack backtrace:
[INFO] [stdout]    0:     0x59b45ed99c1a - std::backtrace_rs::backtrace::libunwind::trace::h5a5b8284f2d0c266
[INFO] [stdout]                                at /rustc/90b35a6239c3d8bdabc530a6a0816f7ff89a0aaf/library/std/src/../../backtrace/src/backtrace/libunwind.rs:116:5
[INFO] [stdout]    1:     0x59b45ed99c1a - std::backtrace_rs::backtrace::trace_unsynchronized::h76d4f1c9b0b875e3
[INFO] [stdout]                                at /rustc/90b35a6239c3d8bdabc530a6a0816f7ff89a0aaf/library/std/src/../../backtrace/src/backtrace/mod.rs:66:5
[INFO] [stdout]    2:     0x59b45ed99c1a - std::sys::backtrace::_print_fmt::hc4546b8364a537c6
[INFO] [stdout]                                at /rustc/90b35a6239c3d8bdabc530a6a0816f7ff89a0aaf/library/std/src/sys/backtrace.rs:66:9
[INFO] [stdout]    3:     0x59b45ed99c1a - <std::sys::backtrace::BacktraceLock::print::DisplayBacktrace as core::fmt::Display>::fmt::h5b6bd5631a6d1f6b
[INFO] [stdout]                                at /rustc/90b35a6239c3d8bdabc530a6a0816f7ff89a0aaf/library/std/src/sys/backtrace.rs:39:26
[INFO] [stdout]    4:     0x59b45edc28b3 - core::fmt::rt::Argument::fmt::h270f6602a2b96f62
[INFO] [stdout]                                at /rustc/90b35a6239c3d8bdabc530a6a0816f7ff89a0aaf/library/core/src/fmt/rt.rs:177:76
[INFO] [stdout]    5:     0x59b45edc28b3 - core::fmt::write::h7550c97b06c86515
[INFO] [stdout]                                at /rustc/90b35a6239c3d8bdabc530a6a0816f7ff89a0aaf/library/core/src/fmt/mod.rs:1186:21
[INFO] [stdout]    6:     0x59b45ed96223 - std::io::Write::write_fmt::h509ff860e5956e5e
[INFO] [stdout]                                at /rustc/90b35a6239c3d8bdabc530a6a0816f7ff89a0aaf/library/std/src/io/mod.rs:1839:15
[INFO] [stdout]    7:     0x59b45ed99a62 - std::sys::backtrace::BacktraceLock::print::h2395ccd2c84ba3aa
[INFO] [stdout]                                at /rustc/90b35a6239c3d8bdabc530a6a0816f7ff89a0aaf/library/std/src/sys/backtrace.rs:42:9
[INFO] [stdout]    8:     0x59b45ed9b07a - std::panicking::default_hook::{{closure}}::he19d4c7230e07961
[INFO] [stdout]                                at /rustc/90b35a6239c3d8bdabc530a6a0816f7ff89a0aaf/library/std/src/panicking.rs:268:22
[INFO] [stdout]    9:     0x59b45ed9ae84 - std::panicking::default_hook::hf614597d3c67bbdb
[INFO] [stdout]                                at /rustc/90b35a6239c3d8bdabc530a6a0816f7ff89a0aaf/library/std/src/panicking.rs:292:9
[INFO] [stdout]   10:     0x59b45e959869 - <alloc::boxed::Box<F,A> as core::ops::function::Fn<Args>>::call::h39b51ce4599c23d1
[INFO] [stdout]                                at /rustc/90b35a6239c3d8bdabc530a6a0816f7ff89a0aaf/library/alloc/src/boxed.rs:2468:9
[INFO] [stdout]   11:     0x59b45e959869 - test::test_main::{{closure}}::he977ae839a582784
[INFO] [stdout]                                at /rustc/90b35a6239c3d8bdabc530a6a0816f7ff89a0aaf/library/test/src/lib.rs:133:21
[INFO] [stdout]   12:     0x59b45ed9b718 - <alloc::boxed::Box<F,A> as core::ops::function::Fn<Args>>::call::h9455091b6b06f9fb
[INFO] [stdout]                                at /rustc/90b35a6239c3d8bdabc530a6a0816f7ff89a0aaf/library/alloc/src/boxed.rs:2468:9
[INFO] [stdout]   13:     0x59b45ed9b718 - std::panicking::rust_panic_with_hook::h8942133a8b252070
[INFO] [stdout]                                at /rustc/90b35a6239c3d8bdabc530a6a0816f7ff89a0aaf/library/std/src/panicking.rs:809:13
[INFO] [stdout]   14:     0x59b45ed9b4da - std::panicking::begin_panic_handler::{{closure}}::hb5f5963570096b29
[INFO] [stdout]                                at /rustc/90b35a6239c3d8bdabc530a6a0816f7ff89a0aaf/library/std/src/panicking.rs:674:13
[INFO] [stdout]   15:     0x59b45ed9a0f9 - std::sys::backtrace::__rust_end_short_backtrace::h6208cedc1922feda
[INFO] [stdout]                                at /rustc/90b35a6239c3d8bdabc530a6a0816f7ff89a0aaf/library/std/src/sys/backtrace.rs:170:18
[INFO] [stdout]   16:     0x59b45ed9b16c - rust_begin_unwind
[INFO] [stdout]                                at /rustc/90b35a6239c3d8bdabc530a6a0816f7ff89a0aaf/library/std/src/panicking.rs:665:5
[INFO] [stdout]   17:     0x59b45e9122a0 - core::panicking::panic_fmt::h0c3082644d1bf418
[INFO] [stdout]                                at /rustc/90b35a6239c3d8bdabc530a6a0816f7ff89a0aaf/library/core/src/panicking.rs:74:14
[INFO] [stdout]   18:     0x59b45e912786 - core::result::unwrap_failed::hd20b4aa073bda1e2
[INFO] [stdout]                                at /rustc/90b35a6239c3d8bdabc530a6a0816f7ff89a0aaf/library/core/src/result.rs:1700:5
[INFO] [stdout]   19:     0x59b45e9208df - core::result::Result<T,E>::unwrap::ha79939509b8ee0e5
[INFO] [stdout]                                at /rustc/90b35a6239c3d8bdabc530a6a0816f7ff89a0aaf/library/core/src/result.rs:1104:23
[INFO] [stdout]   20:     0x59b45e9208df - authorization::test_login::h799e1fab5cb55f88
[INFO] [stdout]                                at /opt/rustwide/workdir/tests/authorization.rs:27:20
[INFO] [stdout]   21:     0x59b45e91fed7 - authorization::test_login::{{closure}}::h29b57965cb8d3492
[INFO] [stdout]                                at /opt/rustwide/workdir/tests/authorization.rs:8:16
[INFO] [stdout]   22:     0x59b45e915776 - core::ops::function::FnOnce::call_once::h5db033d714386ebe
[INFO] [stdout]                                at /rustc/90b35a6239c3d8bdabc530a6a0816f7ff89a0aaf/library/core/src/ops/function.rs:250:5
[INFO] [stdout]   23:     0x59b45e95e22b - core::ops::function::FnOnce::call_once::h109cf8051a59b34e
[INFO] [stdout]                                at /rustc/90b35a6239c3d8bdabc530a6a0816f7ff89a0aaf/library/core/src/ops/function.rs:250:5
[INFO] [stdout]   24:     0x59b45e95e22b - test::__rust_begin_short_backtrace::hf4fff89d377446ba
[INFO] [stdout]                                at /rustc/90b35a6239c3d8bdabc530a6a0816f7ff89a0aaf/library/test/src/lib.rs:621:18
[INFO] [stdout]   25:     0x59b45e95da67 - test::run_test_in_process::{{closure}}::h0e39181dd7ee5a43
[INFO] [stdout]                                at /rustc/90b35a6239c3d8bdabc530a6a0816f7ff89a0aaf/library/test/src/lib.rs:644:60
[INFO] [stdout]   26:     0x59b45e95da67 - <core::panic::unwind_safe::AssertUnwindSafe<F> as core::ops::function::FnOnce<()>>::call_once::hc5a66a30f0bdfd1f
[INFO] [stdout]                                at /rustc/90b35a6239c3d8bdabc530a6a0816f7ff89a0aaf/library/core/src/panic/unwind_safe.rs:272:9
[INFO] [stdout]   27:     0x59b45e95da67 - std::panicking::try::do_call::h873b7cf639554a5e
[INFO] [stdout]                                at /rustc/90b35a6239c3d8bdabc530a6a0816f7ff89a0aaf/library/std/src/panicking.rs:557:40
[INFO] [stdout]   28:     0x59b45e95da67 - std::panicking::try::hdb19862fad9c8bd1
[INFO] [stdout]                                at /rustc/90b35a6239c3d8bdabc530a6a0816f7ff89a0aaf/library/std/src/panicking.rs:520:19
[INFO] [stdout]   29:     0x59b45e95da67 - std::panic::catch_unwind::h281fe732d236d260
[INFO] [stdout]                                at /rustc/90b35a6239c3d8bdabc530a6a0816f7ff89a0aaf/library/std/src/panic.rs:358:14
[INFO] [stdout]   30:     0x59b45e95da67 - test::run_test_in_process::h949b6df8457ed338
[INFO] [stdout]                                at /rustc/90b35a6239c3d8bdabc530a6a0816f7ff89a0aaf/library/test/src/lib.rs:644:27
[INFO] [stdout]   31:     0x59b45e95da67 - test::run_test::{{closure}}::h52c556a6d4740e10
[INFO] [stdout]                                at /rustc/90b35a6239c3d8bdabc530a6a0816f7ff89a0aaf/library/test/src/lib.rs:565:43
[INFO] [stdout]   32:     0x59b45e922d44 - test::run_test::{{closure}}::h4237f6381c45ccb9
[INFO] [stdout]                                at /rustc/90b35a6239c3d8bdabc530a6a0816f7ff89a0aaf/library/test/src/lib.rs:595:41
[INFO] [stdout]   33:     0x59b45e922d44 - std::sys::backtrace::__rust_begin_short_backtrace::h505c97a579eca628
[INFO] [stdout]                                at /rustc/90b35a6239c3d8bdabc530a6a0816f7ff89a0aaf/library/std/src/sys/backtrace.rs:154:18
[INFO] [stdout]   34:     0x59b45e92640e - std::thread::Builder::spawn_unchecked_::{{closure}}::{{closure}}::h9e86b2e2bc107ea3
[INFO] [stdout]                                at /rustc/90b35a6239c3d8bdabc530a6a0816f7ff89a0aaf/library/std/src/thread/mod.rs:538:17
[INFO] [stdout]   35:     0x59b45e92640e - <core::panic::unwind_safe::AssertUnwindSafe<F> as core::ops::function::FnOnce<()>>::call_once::h8b06ddb275ff4a25
[INFO] [stdout]                                at /rustc/90b35a6239c3d8bdabc530a6a0816f7ff89a0aaf/library/core/src/panic/unwind_safe.rs:272:9
[INFO] [stdout]   36:     0x59b45e92640e - std::panicking::try::do_call::hb26ecd7cd9a9355d
[INFO] [stdout]                                at /rustc/90b35a6239c3d8bdabc530a6a0816f7ff89a0aaf/library/std/src/panicking.rs:557:40
[INFO] [stdout]   37:     0x59b45e92640e - std::panicking::try::h8ddeca9d705f9069
[INFO] [stdout]                                at /rustc/90b35a6239c3d8bdabc530a6a0816f7ff89a0aaf/library/std/src/panicking.rs:520:19
[INFO] [stdout]   38:     0x59b45e92640e - std::panic::catch_unwind::h49e1c33078844c46
[INFO] [stdout]                                at /rustc/90b35a6239c3d8bdabc530a6a0816f7ff89a0aaf/library/std/src/panic.rs:358:14
[INFO] [stdout]   39:     0x59b45e92640e - std::thread::Builder::spawn_unchecked_::{{closure}}::h6073db6ff56ad35d
[INFO] [stdout]                                at /rustc/90b35a6239c3d8bdabc530a6a0816f7ff89a0aaf/library/std/src/thread/mod.rs:537:30
[INFO] [stdout]   40:     0x59b45e92640e - core::ops::function::FnOnce::call_once{{vtable.shim}}::h2c5a5f3779c774f1
[INFO] [stdout]                                at /rustc/90b35a6239c3d8bdabc530a6a0816f7ff89a0aaf/library/core/src/ops/function.rs:250:5
[INFO] [stdout]   41:     0x59b45ed9f9cb - <alloc::boxed::Box<F,A> as core::ops::function::FnOnce<Args>>::call_once::hf75717d9f28faebf
[INFO] [stdout]                                at /rustc/90b35a6239c3d8bdabc530a6a0816f7ff89a0aaf/library/alloc/src/boxed.rs:2454:9
[INFO] [stdout]   42:     0x59b45ed9f9cb - <alloc::boxed::Box<F,A> as core::ops::function::FnOnce<Args>>::call_once::h7bd883a5f3c5f3c1
[INFO] [stdout]                                at /rustc/90b35a6239c3d8bdabc530a6a0816f7ff89a0aaf/library/alloc/src/boxed.rs:2454:9
[INFO] [stdout]   43:     0x59b45ed9f9cb - std::sys::pal::unix::thread::Thread::new::thread_start::hcc78f3943333fa94
[INFO] [stdout]                                at /rustc/90b35a6239c3d8bdabc530a6a0816f7ff89a0aaf/library/std/src/sys/pal/unix/thread.rs:105:17
[INFO] [stdout]   44:     0x7a6f42ce8ac3 - <unknown>
[INFO] [stdout]   45:     0x7a6f42d79a04 - clone
[INFO] [stdout]   46:                0x0 - <unknown>
[INFO] [stdout] 
[INFO] [stdout] 
[INFO] [stdout] failures:
[INFO] [stdout]     test_login
[INFO] [stdout] 
[INFO] [stdout] test result: FAILED. 0 passed; 1 failed; 0 ignored; 0 measured; 0 filtered out; finished in 2.44s
[INFO] [stdout] 
[INFO] running `Command { std: "docker" "inspect" "e5e3d7323832e3a42e5442c4735243f7d9b18f374a0fe337b6322e57a92c931a", kill_on_drop: false }`
[INFO] running `Command { std: "docker" "rm" "-f" "e5e3d7323832e3a42e5442c4735243f7d9b18f374a0fe337b6322e57a92c931a", kill_on_drop: false }`
[INFO] [stdout] e5e3d7323832e3a42e5442c4735243f7d9b18f374a0fe337b6322e57a92c931a
