[INFO] cloning repository https://github.com/sangwon090/mamba
[INFO] running `Command { std: "git" "-c" "credential.helper=" "-c" "credential.helper=/workspace/cargo-home/bin/git-credential-null" "clone" "--bare" "https://github.com/sangwon090/mamba" "/workspace/cache/git-repos/https%3A%2F%2Fgithub.com%2Fsangwon090%2Fmamba", kill_on_drop: false }`
[INFO] [stderr] Cloning into bare repository '/workspace/cache/git-repos/https%3A%2F%2Fgithub.com%2Fsangwon090%2Fmamba'...
[INFO] running `Command { std: "git" "rev-parse" "HEAD", kill_on_drop: false }`
[INFO] [stdout] c5c3256f264fa7f6d570e39e78e6a8a314b0d2f5
[INFO] testing sangwon090/mamba against 1.83.0 for beta-1.84.0-4-retry
[INFO] running `Command { std: "git" "clone" "/workspace/cache/git-repos/https%3A%2F%2Fgithub.com%2Fsangwon090%2Fmamba" "/workspace/builds/worker-0-tc1/source", kill_on_drop: false }`
[INFO] [stderr] Cloning into '/workspace/builds/worker-0-tc1/source'...
[INFO] [stderr] done.
[INFO] validating manifest of git repo https://github.com/sangwon090/mamba on toolchain 1.83.0
[INFO] running `Command { std: CARGO_HOME="/workspace/cargo-home" RUSTUP_HOME="/workspace/rustup-home" "/workspace/cargo-home/bin/cargo" "+1.83.0" "metadata" "--manifest-path" "Cargo.toml" "--no-deps", kill_on_drop: false }`
[INFO] started tweaking git repo https://github.com/sangwon090/mamba
[INFO] finished tweaking git repo https://github.com/sangwon090/mamba
[INFO] tweaked toml for git repo https://github.com/sangwon090/mamba written to /workspace/builds/worker-0-tc1/source/Cargo.toml
[INFO] crate git repo https://github.com/sangwon090/mamba already has a lockfile, it will not be regenerated
[INFO] running `Command { std: CARGO_HOME="/workspace/cargo-home" RUSTUP_HOME="/workspace/rustup-home" "/workspace/cargo-home/bin/cargo" "+1.83.0" "fetch" "--manifest-path" "Cargo.toml", kill_on_drop: false }`
[INFO] running `Command { std: "docker" "create" "-v" "/var/lib/crater-agent-workspace/builds/worker-0-tc1/target:/opt/rustwide/target:rw,Z" "-v" "/var/lib/crater-agent-workspace/builds/worker-0-tc1/source:/opt/rustwide/workdir:ro,Z" "-v" "/var/lib/crater-agent-workspace/cargo-home:/opt/rustwide/cargo-home:ro,Z" "-v" "/var/lib/crater-agent-workspace/rustup-home:/opt/rustwide/rustup-home:ro,Z" "-e" "SOURCE_DIR=/opt/rustwide/workdir" "-e" "CARGO_TARGET_DIR=/opt/rustwide/target" "-e" "CARGO_HOME=/opt/rustwide/cargo-home" "-e" "RUSTUP_HOME=/opt/rustwide/rustup-home" "-w" "/opt/rustwide/workdir" "-m" "1610612736" "--user" "0:0" "--network" "none" "ghcr.io/rust-lang/crates-build-env/linux@sha256:f3a9d4ad9d972b27faf3965f35b62e55ba32bbce8f20bc8fe909558a86702fde" "/opt/rustwide/cargo-home/bin/cargo" "+1.83.0" "metadata" "--no-deps" "--format-version=1", kill_on_drop: false }`
[INFO] [stdout] e1284a6a986bcb1c62692b59d012eaa9705230ecfa1d9f6519662742b7804da6
[INFO] running `Command { std: "docker" "start" "-a" "e1284a6a986bcb1c62692b59d012eaa9705230ecfa1d9f6519662742b7804da6", kill_on_drop: false }`
[INFO] running `Command { std: "docker" "inspect" "e1284a6a986bcb1c62692b59d012eaa9705230ecfa1d9f6519662742b7804da6", kill_on_drop: false }`
[INFO] running `Command { std: "docker" "rm" "-f" "e1284a6a986bcb1c62692b59d012eaa9705230ecfa1d9f6519662742b7804da6", kill_on_drop: false }`
[INFO] [stdout] e1284a6a986bcb1c62692b59d012eaa9705230ecfa1d9f6519662742b7804da6
[INFO] running `Command { std: "docker" "create" "-v" "/var/lib/crater-agent-workspace/builds/worker-0-tc1/target:/opt/rustwide/target:rw,Z" "-v" "/var/lib/crater-agent-workspace/builds/worker-0-tc1/source:/opt/rustwide/workdir:ro,Z" "-v" "/var/lib/crater-agent-workspace/cargo-home:/opt/rustwide/cargo-home:ro,Z" "-v" "/var/lib/crater-agent-workspace/rustup-home:/opt/rustwide/rustup-home:ro,Z" "-e" "SOURCE_DIR=/opt/rustwide/workdir" "-e" "CARGO_TARGET_DIR=/opt/rustwide/target" "-e" "CARGO_INCREMENTAL=0" "-e" "RUST_BACKTRACE=full" "-e" "RUSTFLAGS=--cap-lints=warn" "-e" "RUSTDOCFLAGS=--cap-lints=warn" "-e" "CARGO_HOME=/opt/rustwide/cargo-home" "-e" "RUSTUP_HOME=/opt/rustwide/rustup-home" "-w" "/opt/rustwide/workdir" "-m" "1610612736" "--user" "0:0" "--network" "none" "ghcr.io/rust-lang/crates-build-env/linux@sha256:f3a9d4ad9d972b27faf3965f35b62e55ba32bbce8f20bc8fe909558a86702fde" "/opt/rustwide/cargo-home/bin/cargo" "+1.83.0" "build" "--frozen" "--message-format=json", kill_on_drop: false }`
[INFO] [stdout] ec35eda7ccbefb30a1c8e53795e0f5f25487ab5ffcdbc093119646e1131f9a6c
[INFO] running `Command { std: "docker" "start" "-a" "ec35eda7ccbefb30a1c8e53795e0f5f25487ab5ffcdbc093119646e1131f9a6c", kill_on_drop: false }`
[INFO] [stderr]    Compiling mamba v0.1.0 (/opt/rustwide/workdir)
[INFO] [stdout] warning: unused import: `Statement`
[INFO] [stdout]  --> src/parser/statement/extern.rs:2:48
[INFO] [stdout]   |
[INFO] [stdout] 2 | use crate::parser::{Parser, Token, Identifier, Statement};
[INFO] [stdout]   |                                                ^^^^^^^^^
[INFO] [stdout]   |
[INFO] [stdout]   = note: `#[warn(unused_imports)]` on by default
[INFO] [stdout] 
[INFO] [stdout] 
[INFO] [stdout] warning: unreachable pattern
[INFO] [stdout]   --> src/codegen/llvm/mod.rs:85:17
[INFO] [stdout]    |
[INFO] [stdout] 85 |                 _ => todo!(),
[INFO] [stdout]    |                 ^ no value can reach this
[INFO] [stdout]    |
[INFO] [stdout] note: multiple earlier patterns match some of the same values
[INFO] [stdout]   --> src/codegen/llvm/mod.rs:85:17
[INFO] [stdout]    |
[INFO] [stdout] 77 |                 Literal::Integer(n) => {
[INFO] [stdout]    |                 ------------------- matches some of the same values
[INFO] [stdout] ...
[INFO] [stdout] 81 |                 Literal::String(s) => {
[INFO] [stdout]    |                 ------------------ matches some of the same values
[INFO] [stdout] ...
[INFO] [stdout] 85 |                 _ => todo!(),
[INFO] [stdout]    |                 ^ collectively making this unreachable
[INFO] [stdout]    = note: `#[warn(unreachable_patterns)]` on by default
[INFO] [stdout] 
[INFO] [stdout] 
[INFO] [stdout] warning: unused variable: `expr_dtype`
[INFO] [stdout]    --> src/codegen/llvm/mod.rs:130:35
[INFO] [stdout]     |
[INFO] [stdout] 130 |         let (expr_code, expr_idx, expr_dtype) = generate_expr(global_ctx, scoped_ctx, &stmt.condition).unwrap();
[INFO] [stdout]     |                                   ^^^^^^^^^^ help: if this is intentional, prefix it with an underscore: `_expr_dtype`
[INFO] [stdout]     |
[INFO] [stdout]     = note: `#[warn(unused_variables)]` on by default
[INFO] [stdout] 
[INFO] [stdout] 
[INFO] [stdout] warning: unused variable: `dtype`
[INFO] [stdout]    --> src/codegen/llvm/mod.rs:155:25
[INFO] [stdout]     |
[INFO] [stdout] 155 |         let (code, idx, dtype) = generate_expr(global_ctx, scoped_ctx, &stmt.expr).unwrap();
[INFO] [stdout]     |                         ^^^^^ help: if this is intentional, prefix it with an underscore: `_dtype`
[INFO] [stdout] 
[INFO] [stdout] 
[INFO] [stdout] warning: unused variable: `dtype`
[INFO] [stdout]    --> src/codegen/llvm/mod.rs:171:19
[INFO] [stdout]     |
[INFO] [stdout] 171 |         let (idx, dtype) = match literal {
[INFO] [stdout]     |                   ^^^^^ help: if this is intentional, prefix it with an underscore: `_dtype`
[INFO] [stdout] 
[INFO] [stdout] 
[INFO] [stdout] warning: unused variable: `ret_idx`
[INFO] [stdout]    --> src/codegen/llvm/mod.rs:184:21
[INFO] [stdout]     |
[INFO] [stdout] 184 |                 let ret_idx = global_ctx.get_label();
[INFO] [stdout]     |                     ^^^^^^^ help: if this is intentional, prefix it with an underscore: `_ret_idx`
[INFO] [stdout] 
[INFO] [stdout] 
[INFO] [stdout] warning: unused variable: `scoped_ctx`
[INFO] [stdout]    --> src/codegen/llvm/mod.rs:195:56
[INFO] [stdout]     |
[INFO] [stdout] 195 | ...ctx: &mut GlobalContext, scoped_ctx: &mut ScopedContext, stmt: &ExternStatement) -> Result<String, IRGenError> {
[INFO] [stdout]     |                             ^^^^^^^^^^ help: if this is intentional, prefix it with an underscore: `_scoped_ctx`
[INFO] [stdout] 
[INFO] [stdout] 
[INFO] [stdout] warning: unused variable: `n`
[INFO] [stdout]   --> src/parser/pratt.rs:88:38
[INFO] [stdout]    |
[INFO] [stdout] 88 |                     Literal::Integer(n) => Some(Expression::Literal((literal, DataType::SignedInteger(SignedInteger::i32)))),
[INFO] [stdout]    |                                      ^ help: if this is intentional, prefix it with an underscore: `_n`
[INFO] [stdout] 
[INFO] [stdout] 
[INFO] [stderr]     Finished `dev` profile [unoptimized + debuginfo] target(s) in 1.14s
[INFO] running `Command { std: "docker" "inspect" "ec35eda7ccbefb30a1c8e53795e0f5f25487ab5ffcdbc093119646e1131f9a6c", kill_on_drop: false }`
[INFO] running `Command { std: "docker" "rm" "-f" "ec35eda7ccbefb30a1c8e53795e0f5f25487ab5ffcdbc093119646e1131f9a6c", kill_on_drop: false }`
[INFO] [stdout] ec35eda7ccbefb30a1c8e53795e0f5f25487ab5ffcdbc093119646e1131f9a6c
[INFO] running `Command { std: "docker" "create" "-v" "/var/lib/crater-agent-workspace/builds/worker-0-tc1/target:/opt/rustwide/target:rw,Z" "-v" "/var/lib/crater-agent-workspace/builds/worker-0-tc1/source:/opt/rustwide/workdir:ro,Z" "-v" "/var/lib/crater-agent-workspace/cargo-home:/opt/rustwide/cargo-home:ro,Z" "-v" "/var/lib/crater-agent-workspace/rustup-home:/opt/rustwide/rustup-home:ro,Z" "-e" "SOURCE_DIR=/opt/rustwide/workdir" "-e" "CARGO_TARGET_DIR=/opt/rustwide/target" "-e" "CARGO_INCREMENTAL=0" "-e" "RUST_BACKTRACE=full" "-e" "RUSTFLAGS=--cap-lints=warn" "-e" "RUSTDOCFLAGS=--cap-lints=warn" "-e" "CARGO_HOME=/opt/rustwide/cargo-home" "-e" "RUSTUP_HOME=/opt/rustwide/rustup-home" "-w" "/opt/rustwide/workdir" "-m" "1610612736" "--user" "0:0" "--network" "none" "ghcr.io/rust-lang/crates-build-env/linux@sha256:f3a9d4ad9d972b27faf3965f35b62e55ba32bbce8f20bc8fe909558a86702fde" "/opt/rustwide/cargo-home/bin/cargo" "+1.83.0" "test" "--frozen" "--no-run" "--message-format=json", kill_on_drop: false }`
[INFO] [stdout] 016404cfcf789e67daa1f7baf180a0dc5644bdd46f0bd869972b9397df0bb9cf
[INFO] running `Command { std: "docker" "start" "-a" "016404cfcf789e67daa1f7baf180a0dc5644bdd46f0bd869972b9397df0bb9cf", kill_on_drop: false }`
[INFO] [stdout] warning: unused import: `Statement`
[INFO] [stdout]  --> src/parser/statement/extern.rs:2:48
[INFO] [stdout]   |
[INFO] [stdout] 2 | use crate::parser::{Parser, Token, Identifier, Statement};
[INFO] [stdout]   |                                                ^^^^^^^^^
[INFO] [stdout]   |
[INFO] [stdout]   = note: `#[warn(unused_imports)]` on by default
[INFO] [stdout] 
[INFO] [stdout] 
[INFO] [stdout] warning: unreachable pattern
[INFO] [stdout]   --> src/codegen/llvm/mod.rs:85:17
[INFO] [stdout]    |
[INFO] [stdout] 85 |                 _ => todo!(),
[INFO] [stdout]    |                 ^ no value can reach this
[INFO] [stdout]    |
[INFO] [stdout] note: multiple earlier patterns match some of the same values
[INFO] [stdout]   --> src/codegen/llvm/mod.rs:85:17
[INFO] [stdout]    |
[INFO] [stdout] 77 |                 Literal::Integer(n) => {
[INFO] [stdout]    |                 ------------------- matches some of the same values
[INFO] [stdout] ...
[INFO] [stdout] 81 |                 Literal::String(s) => {
[INFO] [stdout]    |                 ------------------ matches some of the same values
[INFO] [stdout] ...
[INFO] [stdout] 85 |                 _ => todo!(),
[INFO] [stdout]    |                 ^ collectively making this unreachable
[INFO] [stdout]    = note: `#[warn(unreachable_patterns)]` on by default
[INFO] [stdout] 
[INFO] [stdout] 
[INFO] [stdout] warning: unused variable: `expr_dtype`
[INFO] [stdout]    --> src/codegen/llvm/mod.rs:130:35
[INFO] [stdout]     |
[INFO] [stdout] 130 |         let (expr_code, expr_idx, expr_dtype) = generate_expr(global_ctx, scoped_ctx, &stmt.condition).unwrap();
[INFO] [stdout]     |                                   ^^^^^^^^^^ help: if this is intentional, prefix it with an underscore: `_expr_dtype`
[INFO] [stdout]     |
[INFO] [stdout]     = note: `#[warn(unused_variables)]` on by default
[INFO] [stdout] 
[INFO] [stdout] 
[INFO] [stdout] warning: unused variable: `dtype`
[INFO] [stdout]    --> src/codegen/llvm/mod.rs:155:25
[INFO] [stdout]     |
[INFO] [stdout] 155 |         let (code, idx, dtype) = generate_expr(global_ctx, scoped_ctx, &stmt.expr).unwrap();
[INFO] [stdout]     |                         ^^^^^ help: if this is intentional, prefix it with an underscore: `_dtype`
[INFO] [stdout] 
[INFO] [stdout] 
[INFO] [stdout] warning: unused variable: `dtype`
[INFO] [stdout]    --> src/codegen/llvm/mod.rs:171:19
[INFO] [stdout]     |
[INFO] [stdout] 171 |         let (idx, dtype) = match literal {
[INFO] [stdout]     |                   ^^^^^ help: if this is intentional, prefix it with an underscore: `_dtype`
[INFO] [stdout] 
[INFO] [stdout] 
[INFO] [stdout] warning: unused variable: `ret_idx`
[INFO] [stdout]    --> src/codegen/llvm/mod.rs:184:21
[INFO] [stdout]     |
[INFO] [stdout] 184 |                 let ret_idx = global_ctx.get_label();
[INFO] [stdout]     |                     ^^^^^^^ help: if this is intentional, prefix it with an underscore: `_ret_idx`
[INFO] [stdout] 
[INFO] [stdout] 
[INFO] [stdout] warning: unused variable: `scoped_ctx`
[INFO] [stdout]    --> src/codegen/llvm/mod.rs:195:56
[INFO] [stdout]     |
[INFO] [stdout] 195 | ...ctx: &mut GlobalContext, scoped_ctx: &mut ScopedContext, stmt: &ExternStatement) -> Result<String, IRGenError> {
[INFO] [stdout]     |                             ^^^^^^^^^^ help: if this is intentional, prefix it with an underscore: `_scoped_ctx`
[INFO] [stdout] 
[INFO] [stdout] 
[INFO] [stdout] warning: unused variable: `n`
[INFO] [stdout]   --> src/parser/pratt.rs:88:38
[INFO] [stdout]    |
[INFO] [stdout] 88 |                     Literal::Integer(n) => Some(Expression::Literal((literal, DataType::SignedInteger(SignedInteger::i32)))),
[INFO] [stdout]    |                                      ^ help: if this is intentional, prefix it with an underscore: `_n`
[INFO] [stdout] 
[INFO] [stdout] 
[INFO] [stderr]    Compiling mamba v0.1.0 (/opt/rustwide/workdir)
[INFO] [stdout] warning: unused import: `Statement`
[INFO] [stdout]  --> src/parser/statement/extern.rs:2:48
[INFO] [stdout]   |
[INFO] [stdout] 2 | use crate::parser::{Parser, Token, Identifier, Statement};
[INFO] [stdout]   |                                                ^^^^^^^^^
[INFO] [stdout]   |
[INFO] [stdout]   = note: `#[warn(unused_imports)]` on by default
[INFO] [stdout] 
[INFO] [stdout] 
[INFO] [stdout] warning: unreachable pattern
[INFO] [stdout]   --> src/codegen/llvm/mod.rs:85:17
[INFO] [stdout]    |
[INFO] [stdout] 85 |                 _ => todo!(),
[INFO] [stdout]    |                 ^ no value can reach this
[INFO] [stdout]    |
[INFO] [stdout] note: multiple earlier patterns match some of the same values
[INFO] [stdout]   --> src/codegen/llvm/mod.rs:85:17
[INFO] [stdout]    |
[INFO] [stdout] 77 |                 Literal::Integer(n) => {
[INFO] [stdout]    |                 ------------------- matches some of the same values
[INFO] [stdout] ...
[INFO] [stdout] 81 |                 Literal::String(s) => {
[INFO] [stdout]    |                 ------------------ matches some of the same values
[INFO] [stdout] ...
[INFO] [stdout] 85 |                 _ => todo!(),
[INFO] [stdout]    |                 ^ collectively making this unreachable
[INFO] [stdout]    = note: `#[warn(unreachable_patterns)]` on by default
[INFO] [stdout] 
[INFO] [stdout] 
[INFO] [stdout] warning: unused variable: `expr_dtype`
[INFO] [stdout]    --> src/codegen/llvm/mod.rs:130:35
[INFO] [stdout]     |
[INFO] [stdout] 130 |         let (expr_code, expr_idx, expr_dtype) = generate_expr(global_ctx, scoped_ctx, &stmt.condition).unwrap();
[INFO] [stdout]     |                                   ^^^^^^^^^^ help: if this is intentional, prefix it with an underscore: `_expr_dtype`
[INFO] [stdout]     |
[INFO] [stdout]     = note: `#[warn(unused_variables)]` on by default
[INFO] [stdout] 
[INFO] [stdout] 
[INFO] [stdout] warning: unused variable: `dtype`
[INFO] [stdout]    --> src/codegen/llvm/mod.rs:155:25
[INFO] [stdout]     |
[INFO] [stdout] 155 |         let (code, idx, dtype) = generate_expr(global_ctx, scoped_ctx, &stmt.expr).unwrap();
[INFO] [stdout]     |                         ^^^^^ help: if this is intentional, prefix it with an underscore: `_dtype`
[INFO] [stdout] 
[INFO] [stdout] 
[INFO] [stdout] warning: unused variable: `dtype`
[INFO] [stdout]    --> src/codegen/llvm/mod.rs:171:19
[INFO] [stdout]     |
[INFO] [stdout] 171 |         let (idx, dtype) = match literal {
[INFO] [stdout]     |                   ^^^^^ help: if this is intentional, prefix it with an underscore: `_dtype`
[INFO] [stdout] 
[INFO] [stdout] 
[INFO] [stdout] warning: unused variable: `ret_idx`
[INFO] [stdout]    --> src/codegen/llvm/mod.rs:184:21
[INFO] [stdout]     |
[INFO] [stdout] 184 |                 let ret_idx = global_ctx.get_label();
[INFO] [stdout]     |                     ^^^^^^^ help: if this is intentional, prefix it with an underscore: `_ret_idx`
[INFO] [stdout] 
[INFO] [stdout] 
[INFO] [stdout] warning: unused variable: `scoped_ctx`
[INFO] [stdout]    --> src/codegen/llvm/mod.rs:195:56
[INFO] [stdout]     |
[INFO] [stdout] 195 | ...ctx: &mut GlobalContext, scoped_ctx: &mut ScopedContext, stmt: &ExternStatement) -> Result<String, IRGenError> {
[INFO] [stdout]     |                             ^^^^^^^^^^ help: if this is intentional, prefix it with an underscore: `_scoped_ctx`
[INFO] [stdout] 
[INFO] [stdout] 
[INFO] [stdout] warning: unused variable: `n`
[INFO] [stdout]   --> src/parser/pratt.rs:88:38
[INFO] [stdout]    |
[INFO] [stdout] 88 |                     Literal::Integer(n) => Some(Expression::Literal((literal, DataType::SignedInteger(SignedInteger::i32)))),
[INFO] [stdout]    |                                      ^ help: if this is intentional, prefix it with an underscore: `_n`
[INFO] [stdout] 
[INFO] [stdout] 
[INFO] [stderr]     Finished `test` profile [unoptimized + debuginfo] target(s) in 0.76s
[INFO] running `Command { std: "docker" "inspect" "016404cfcf789e67daa1f7baf180a0dc5644bdd46f0bd869972b9397df0bb9cf", kill_on_drop: false }`
[INFO] running `Command { std: "docker" "rm" "-f" "016404cfcf789e67daa1f7baf180a0dc5644bdd46f0bd869972b9397df0bb9cf", kill_on_drop: false }`
[INFO] [stdout] 016404cfcf789e67daa1f7baf180a0dc5644bdd46f0bd869972b9397df0bb9cf
[INFO] running `Command { std: "docker" "create" "-v" "/var/lib/crater-agent-workspace/builds/worker-0-tc1/target:/opt/rustwide/target:rw,Z" "-v" "/var/lib/crater-agent-workspace/builds/worker-0-tc1/source:/opt/rustwide/workdir:ro,Z" "-v" "/var/lib/crater-agent-workspace/cargo-home:/opt/rustwide/cargo-home:ro,Z" "-v" "/var/lib/crater-agent-workspace/rustup-home:/opt/rustwide/rustup-home:ro,Z" "-e" "SOURCE_DIR=/opt/rustwide/workdir" "-e" "CARGO_TARGET_DIR=/opt/rustwide/target" "-e" "CARGO_INCREMENTAL=0" "-e" "RUST_BACKTRACE=full" "-e" "RUSTFLAGS=--cap-lints=warn" "-e" "RUSTDOCFLAGS=--cap-lints=warn" "-e" "CARGO_HOME=/opt/rustwide/cargo-home" "-e" "RUSTUP_HOME=/opt/rustwide/rustup-home" "-w" "/opt/rustwide/workdir" "-m" "1610612736" "--user" "0:0" "--network" "none" "ghcr.io/rust-lang/crates-build-env/linux@sha256:f3a9d4ad9d972b27faf3965f35b62e55ba32bbce8f20bc8fe909558a86702fde" "/opt/rustwide/cargo-home/bin/cargo" "+1.83.0" "test" "--frozen", kill_on_drop: false }`
[INFO] [stdout] 4d076a50d895a8d0ba9566386896a6f7d30af0f2793c279ad1a7d43511db6e87
[INFO] running `Command { std: "docker" "start" "-a" "4d076a50d895a8d0ba9566386896a6f7d30af0f2793c279ad1a7d43511db6e87", kill_on_drop: false }`
[INFO] [stderr] warning: unused import: `Statement`
[INFO] [stderr]  --> src/parser/statement/extern.rs:2:48
[INFO] [stderr]   |
[INFO] [stderr] 2 | use crate::parser::{Parser, Token, Identifier, Statement};
[INFO] [stderr]   |                                                ^^^^^^^^^
[INFO] [stderr]   |
[INFO] [stderr]   = note: `#[warn(unused_imports)]` on by default
[INFO] [stderr] 
[INFO] [stderr] warning: unreachable pattern
[INFO] [stderr]   --> src/codegen/llvm/mod.rs:85:17
[INFO] [stderr]    |
[INFO] [stderr] 85 |                 _ => todo!(),
[INFO] [stderr]    |                 ^ no value can reach this
[INFO] [stderr]    |
[INFO] [stderr] note: multiple earlier patterns match some of the same values
[INFO] [stderr]   --> src/codegen/llvm/mod.rs:85:17
[INFO] [stderr]    |
[INFO] [stderr] 77 |                 Literal::Integer(n) => {
[INFO] [stderr]    |                 ------------------- matches some of the same values
[INFO] [stderr] ...
[INFO] [stderr] 81 |                 Literal::String(s) => {
[INFO] [stderr]    |                 ------------------ matches some of the same values
[INFO] [stderr] ...
[INFO] [stderr] 85 |                 _ => todo!(),
[INFO] [stderr]    |                 ^ collectively making this unreachable
[INFO] [stderr]    = note: `#[warn(unreachable_patterns)]` on by default
[INFO] [stderr] 
[INFO] [stderr] warning: unused variable: `expr_dtype`
[INFO] [stderr]    --> src/codegen/llvm/mod.rs:130:35
[INFO] [stderr]     |
[INFO] [stderr] 130 |         let (expr_code, expr_idx, expr_dtype) = generate_expr(global_ctx, scoped_ctx, &stmt.condition).unwrap();
[INFO] [stderr]     |                                   ^^^^^^^^^^ help: if this is intentional, prefix it with an underscore: `_expr_dtype`
[INFO] [stderr]     |
[INFO] [stderr]     = note: `#[warn(unused_variables)]` on by default
[INFO] [stderr] 
[INFO] [stderr] warning: unused variable: `dtype`
[INFO] [stderr]    --> src/codegen/llvm/mod.rs:155:25
[INFO] [stderr]     |
[INFO] [stderr] 155 |         let (code, idx, dtype) = generate_expr(global_ctx, scoped_ctx, &stmt.expr).unwrap();
[INFO] [stderr]     |                         ^^^^^ help: if this is intentional, prefix it with an underscore: `_dtype`
[INFO] [stderr] 
[INFO] [stderr] warning: unused variable: `dtype`
[INFO] [stderr]    --> src/codegen/llvm/mod.rs:171:19
[INFO] [stderr]     |
[INFO] [stderr] 171 |         let (idx, dtype) = match literal {
[INFO] [stderr]     |                   ^^^^^ help: if this is intentional, prefix it with an underscore: `_dtype`
[INFO] [stderr] 
[INFO] [stderr] warning: unused variable: `ret_idx`
[INFO] [stderr]    --> src/codegen/llvm/mod.rs:184:21
[INFO] [stderr]     |
[INFO] [stderr] 184 |                 let ret_idx = global_ctx.get_label();
[INFO] [stderr]     |                     ^^^^^^^ help: if this is intentional, prefix it with an underscore: `_ret_idx`
[INFO] [stderr] 
[INFO] [stderr] warning: unused variable: `scoped_ctx`
[INFO] [stderr]    --> src/codegen/llvm/mod.rs:195:56
[INFO] [stderr]     |
[INFO] [stderr] 195 | ...ctx: &mut GlobalContext, scoped_ctx: &mut ScopedContext, stmt: &ExternStatement) -> Result<String, IRGenError> {
[INFO] [stderr]     |                             ^^^^^^^^^^ help: if this is intentional, prefix it with an underscore: `_scoped_ctx`
[INFO] [stderr] 
[INFO] [stderr] warning: unused variable: `n`
[INFO] [stderr]   --> src/parser/pratt.rs:88:38
[INFO] [stderr]    |
[INFO] [stderr] 88 |                     Literal::Integer(n) => Some(Expression::Literal((literal, DataType::SignedInteger(SignedInteger::i32)))),
[INFO] [stderr]    |                                      ^ help: if this is intentional, prefix it with an underscore: `_n`
[INFO] [stderr] 
[INFO] [stderr] warning: `mamba` (lib) generated 8 warnings (run `cargo fix --lib -p mamba` to apply 1 suggestion)
[INFO] [stderr] warning: `mamba` (lib test) generated 8 warnings (8 duplicates)
[INFO] [stderr]     Finished `test` profile [unoptimized + debuginfo] target(s) in 0.01s
[INFO] [stderr]      Running unittests src/lib.rs (/opt/rustwide/target/debug/deps/mamba-81226e878779eee8)
[INFO] [stdout] 
[INFO] [stdout] running 0 tests
[INFO] [stdout] 
[INFO] [stdout] test result: ok. 0 passed; 0 failed; 0 ignored; 0 measured; 0 filtered out; finished in 0.00s
[INFO] [stdout] 
[INFO] [stderr]      Running unittests src/main.rs (/opt/rustwide/target/debug/deps/mamba-a7c0a39dd9a8f7c7)
[INFO] [stdout] 
[INFO] [stdout] running 0 tests
[INFO] [stdout] 
[INFO] [stdout] test result: ok. 0 passed; 0 failed; 0 ignored; 0 measured; 0 filtered out; finished in 0.00s
[INFO] [stdout] 
[INFO] [stderr]      Running tests/lexer.rs (/opt/rustwide/target/debug/deps/lexer-34b8739376afa511)
[INFO] [stdout] 
[INFO] [stdout] running 1 test
[INFO] [stdout] test test_lexer ... ok
[INFO] [stdout] 
[INFO] [stdout] test result: ok. 1 passed; 0 failed; 0 ignored; 0 measured; 0 filtered out; finished in 0.00s
[INFO] [stdout] 
[INFO] [stderr]      Running tests/parser.rs (/opt/rustwide/target/debug/deps/parser-e6f606d6d3914840)
[INFO] [stdout] 
[INFO] [stdout] running 3 tests
[INFO] [stdout] test test_simple_expressions ... ok
[INFO] [stdout] test test_mixed_expressions ... FAILED
[INFO] [stdout] test test_prefix_expressions ... FAILED
[INFO] [stdout] 
[INFO] [stdout] failures:
[INFO] [stdout] 
[INFO] [stdout] ---- test_mixed_expressions stdout ----
[INFO] [stdout] thread 'test_mixed_expressions' panicked at tests/parser.rs:55:5:
[INFO] [stdout] assertion `left == right` failed
[INFO] [stdout]   left: "{ operator: Equal, left: { operator: Greater, left: (Integer(5), SignedInteger(i32)), right: (Integer(4), SignedInteger(i32)) }, right: { operator: Less, left: (Integer(3), SignedInteger(i32)), right: (Integer(4), SignedInteger(i32)) } }"
[INFO] [stdout]  right: "{ operator: Equal, left: { operator: Greater, left: Integer(5), right: Integer(4) }, right: { operator: Less, left: Integer(3), right: Integer(4) } }"
[INFO] [stdout] stack backtrace:
[INFO] [stdout]    0:     0x56c596c5b33a - std::backtrace_rs::backtrace::libunwind::trace::h5a5b8284f2d0c266
[INFO] [stdout]                                at /rustc/90b35a6239c3d8bdabc530a6a0816f7ff89a0aaf/library/std/src/../../backtrace/src/backtrace/libunwind.rs:116:5
[INFO] [stdout]    1:     0x56c596c5b33a - std::backtrace_rs::backtrace::trace_unsynchronized::h76d4f1c9b0b875e3
[INFO] [stdout]                                at /rustc/90b35a6239c3d8bdabc530a6a0816f7ff89a0aaf/library/std/src/../../backtrace/src/backtrace/mod.rs:66:5
[INFO] [stdout]    2:     0x56c596c5b33a - std::sys::backtrace::_print_fmt::hc4546b8364a537c6
[INFO] [stdout]                                at /rustc/90b35a6239c3d8bdabc530a6a0816f7ff89a0aaf/library/std/src/sys/backtrace.rs:66:9
[INFO] [stdout]    3:     0x56c596c5b33a - <std::sys::backtrace::BacktraceLock::print::DisplayBacktrace as core::fmt::Display>::fmt::h5b6bd5631a6d1f6b
[INFO] [stdout]                                at /rustc/90b35a6239c3d8bdabc530a6a0816f7ff89a0aaf/library/std/src/sys/backtrace.rs:39:26
[INFO] [stdout]    4:     0x56c596c80753 - core::fmt::rt::Argument::fmt::h270f6602a2b96f62
[INFO] [stdout]                                at /rustc/90b35a6239c3d8bdabc530a6a0816f7ff89a0aaf/library/core/src/fmt/rt.rs:177:76
[INFO] [stdout]    5:     0x56c596c80753 - core::fmt::write::h7550c97b06c86515
[INFO] [stdout]                                at /rustc/90b35a6239c3d8bdabc530a6a0816f7ff89a0aaf/library/core/src/fmt/mod.rs:1186:21
[INFO] [stdout]    6:     0x56c596c58503 - std::io::Write::write_fmt::h509ff860e5956e5e
[INFO] [stdout]                                at /rustc/90b35a6239c3d8bdabc530a6a0816f7ff89a0aaf/library/std/src/io/mod.rs:1839:15
[INFO] [stdout]    7:     0x56c596c5b182 - std::sys::backtrace::BacktraceLock::print::h2395ccd2c84ba3aa
[INFO] [stdout]                                at /rustc/90b35a6239c3d8bdabc530a6a0816f7ff89a0aaf/library/std/src/sys/backtrace.rs:42:9
[INFO] [stdout]    8:     0x56c596c5c79a - std::panicking::default_hook::{{closure}}::he19d4c7230e07961
[INFO] [stdout]                                at /rustc/90b35a6239c3d8bdabc530a6a0816f7ff89a0aaf/library/std/src/panicking.rs:268:22
[INFO] [stdout]    9:     0x56c596c5c5a4 - std::panicking::default_hook::hf614597d3c67bbdb
[INFO] [stdout]                                at /rustc/90b35a6239c3d8bdabc530a6a0816f7ff89a0aaf/library/std/src/panicking.rs:292:9
[INFO] [stdout]   10:     0x56c596c16349 - <alloc::boxed::Box<F,A> as core::ops::function::Fn<Args>>::call::h39b51ce4599c23d1
[INFO] [stdout]                                at /rustc/90b35a6239c3d8bdabc530a6a0816f7ff89a0aaf/library/alloc/src/boxed.rs:2468:9
[INFO] [stdout]   11:     0x56c596c16349 - test::test_main::{{closure}}::he977ae839a582784
[INFO] [stdout]                                at /rustc/90b35a6239c3d8bdabc530a6a0816f7ff89a0aaf/library/test/src/lib.rs:133:21
[INFO] [stdout]   12:     0x56c596c5ce38 - <alloc::boxed::Box<F,A> as core::ops::function::Fn<Args>>::call::h9455091b6b06f9fb
[INFO] [stdout]                                at /rustc/90b35a6239c3d8bdabc530a6a0816f7ff89a0aaf/library/alloc/src/boxed.rs:2468:9
[INFO] [stdout]   13:     0x56c596c5ce38 - std::panicking::rust_panic_with_hook::h8942133a8b252070
[INFO] [stdout]                                at /rustc/90b35a6239c3d8bdabc530a6a0816f7ff89a0aaf/library/std/src/panicking.rs:809:13
[INFO] [stdout]   14:     0x56c596c5cbfa - std::panicking::begin_panic_handler::{{closure}}::hb5f5963570096b29
[INFO] [stdout]                                at /rustc/90b35a6239c3d8bdabc530a6a0816f7ff89a0aaf/library/std/src/panicking.rs:674:13
[INFO] [stdout]   15:     0x56c596c5b819 - std::sys::backtrace::__rust_end_short_backtrace::h6208cedc1922feda
[INFO] [stdout]                                at /rustc/90b35a6239c3d8bdabc530a6a0816f7ff89a0aaf/library/std/src/sys/backtrace.rs:170:18
[INFO] [stdout]   16:     0x56c596c5c88c - rust_begin_unwind
[INFO] [stdout]                                at /rustc/90b35a6239c3d8bdabc530a6a0816f7ff89a0aaf/library/std/src/panicking.rs:665:5
[INFO] [stdout]   17:     0x56c596bdaa60 - core::panicking::panic_fmt::h0c3082644d1bf418
[INFO] [stdout]                                at /rustc/90b35a6239c3d8bdabc530a6a0816f7ff89a0aaf/library/core/src/panicking.rs:74:14
[INFO] [stdout]   18:     0x56c596bdad8b - core::panicking::assert_failed_inner::h2ddf1fcc067fa858
[INFO] [stdout]   19:     0x56c596bdb60f - core::panicking::assert_failed::hbe3697aa33dbdfa3
[INFO] [stdout]                                at /rustc/90b35a6239c3d8bdabc530a6a0816f7ff89a0aaf/library/core/src/panicking.rs:367:5
[INFO] [stdout]   20:     0x56c596bdd9bd - parser::test_mixed_expressions::hfb64fd6e1ef1dfdd
[INFO] [stdout]                                at /opt/rustwide/workdir/tests/parser.rs:55:5
[INFO] [stdout]   21:     0x56c596bdcf47 - parser::test_mixed_expressions::{{closure}}::hd244815f3f764b0b
[INFO] [stdout]                                at /opt/rustwide/workdir/tests/parser.rs:47:28
[INFO] [stdout]   22:     0x56c596bdb586 - core::ops::function::FnOnce::call_once::ha822c6723dc510b6
[INFO] [stdout]                                at /rustc/90b35a6239c3d8bdabc530a6a0816f7ff89a0aaf/library/core/src/ops/function.rs:250:5
[INFO] [stdout]   23:     0x56c596c1ad0b - core::ops::function::FnOnce::call_once::h109cf8051a59b34e
[INFO] [stdout]                                at /rustc/90b35a6239c3d8bdabc530a6a0816f7ff89a0aaf/library/core/src/ops/function.rs:250:5
[INFO] [stdout]   24:     0x56c596c1ad0b - test::__rust_begin_short_backtrace::hf4fff89d377446ba
[INFO] [stdout]                                at /rustc/90b35a6239c3d8bdabc530a6a0816f7ff89a0aaf/library/test/src/lib.rs:621:18
[INFO] [stdout]   25:     0x56c596c1a547 - test::run_test_in_process::{{closure}}::h0e39181dd7ee5a43
[INFO] [stdout]                                at /rustc/90b35a6239c3d8bdabc530a6a0816f7ff89a0aaf/library/test/src/lib.rs:644:60
[INFO] [stdout]   26:     0x56c596c1a547 - <core::panic::unwind_safe::AssertUnwindSafe<F> as core::ops::function::FnOnce<()>>::call_once::hc5a66a30f0bdfd1f
[INFO] [stdout]                                at /rustc/90b35a6239c3d8bdabc530a6a0816f7ff89a0aaf/library/core/src/panic/unwind_safe.rs:272:9
[INFO] [stdout]   27:     0x56c596c1a547 - std::panicking::try::do_call::h873b7cf639554a5e
[INFO] [stdout]                                at /rustc/90b35a6239c3d8bdabc530a6a0816f7ff89a0aaf/library/std/src/panicking.rs:557:40
[INFO] [stdout]   28:     0x56c596c1a547 - std::panicking::try::hdb19862fad9c8bd1
[INFO] [stdout]                                at /rustc/90b35a6239c3d8bdabc530a6a0816f7ff89a0aaf/library/std/src/panicking.rs:520:19
[INFO] [stdout]   29:     0x56c596c1a547 - std::panic::catch_unwind::h281fe732d236d260
[INFO] [stdout]                                at /rustc/90b35a6239c3d8bdabc530a6a0816f7ff89a0aaf/library/std/src/panic.rs:358:14
[INFO] [stdout]   30:     0x56c596c1a547 - test::run_test_in_process::h949b6df8457ed338
[INFO] [stdout]                                at /rustc/90b35a6239c3d8bdabc530a6a0816f7ff89a0aaf/library/test/src/lib.rs:644:27
[INFO] [stdout]   31:     0x56c596c1a547 - test::run_test::{{closure}}::h52c556a6d4740e10
[INFO] [stdout]                                at /rustc/90b35a6239c3d8bdabc530a6a0816f7ff89a0aaf/library/test/src/lib.rs:565:43
[INFO] [stdout]   32:     0x56c596bdf824 - test::run_test::{{closure}}::h4237f6381c45ccb9
[INFO] [stdout]                                at /rustc/90b35a6239c3d8bdabc530a6a0816f7ff89a0aaf/library/test/src/lib.rs:595:41
[INFO] [stdout]   33:     0x56c596bdf824 - std::sys::backtrace::__rust_begin_short_backtrace::h505c97a579eca628
[INFO] [stdout]                                at /rustc/90b35a6239c3d8bdabc530a6a0816f7ff89a0aaf/library/std/src/sys/backtrace.rs:154:18
[INFO] [stdout]   34:     0x56c596be2eee - std::thread::Builder::spawn_unchecked_::{{closure}}::{{closure}}::h9e86b2e2bc107ea3
[INFO] [stdout]                                at /rustc/90b35a6239c3d8bdabc530a6a0816f7ff89a0aaf/library/std/src/thread/mod.rs:538:17
[INFO] [stdout]   35:     0x56c596be2eee - <core::panic::unwind_safe::AssertUnwindSafe<F> as core::ops::function::FnOnce<()>>::call_once::h8b06ddb275ff4a25
[INFO] [stdout]                                at /rustc/90b35a6239c3d8bdabc530a6a0816f7ff89a0aaf/library/core/src/panic/unwind_safe.rs:272:9
[INFO] [stdout]   36:     0x56c596be2eee - std::panicking::try::do_call::hb26ecd7cd9a9355d
[INFO] [stdout]                                at /rustc/90b35a6239c3d8bdabc530a6a0816f7ff89a0aaf/library/std/src/panicking.rs:557:40
[INFO] [stdout]   37:     0x56c596be2eee - std::panicking::try::h8ddeca9d705f9069
[INFO] [stdout]                                at /rustc/90b35a6239c3d8bdabc530a6a0816f7ff89a0aaf/library/std/src/panicking.rs:520:19
[INFO] [stdout]   38:     0x56c596be2eee - std::panic::catch_unwind::h49e1c33078844c46
[INFO] [stdout]                                at /rustc/90b35a6239c3d8bdabc530a6a0816f7ff89a0aaf/library/std/src/panic.rs:358:14
[INFO] [stdout]   39:     0x56c596be2eee - std::thread::Builder::spawn_unchecked_::{{closure}}::h6073db6ff56ad35d
[INFO] [stdout]                                at /rustc/90b35a6239c3d8bdabc530a6a0816f7ff89a0aaf/library/std/src/thread/mod.rs:537:30
[INFO] [stdout]   40:     0x56c596be2eee - core::ops::function::FnOnce::call_once{{vtable.shim}}::h2c5a5f3779c774f1
[INFO] [stdout]                                at /rustc/90b35a6239c3d8bdabc530a6a0816f7ff89a0aaf/library/core/src/ops/function.rs:250:5
[INFO] [stdout]   41:     0x56c596c60b8b - <alloc::boxed::Box<F,A> as core::ops::function::FnOnce<Args>>::call_once::hf75717d9f28faebf
[INFO] [stdout]                                at /rustc/90b35a6239c3d8bdabc530a6a0816f7ff89a0aaf/library/alloc/src/boxed.rs:2454:9
[INFO] [stdout]   42:     0x56c596c60b8b - <alloc::boxed::Box<F,A> as core::ops::function::FnOnce<Args>>::call_once::h7bd883a5f3c5f3c1
[INFO] [stdout]                                at /rustc/90b35a6239c3d8bdabc530a6a0816f7ff89a0aaf/library/alloc/src/boxed.rs:2454:9
[INFO] [stdout]   43:     0x56c596c60b8b - std::sys::pal::unix::thread::Thread::new::thread_start::hcc78f3943333fa94
[INFO] [stdout]                                at /rustc/90b35a6239c3d8bdabc530a6a0816f7ff89a0aaf/library/std/src/sys/pal/unix/thread.rs:105:17
[INFO] [stdout]   44:     0x763838d48ac3 - <unknown>
[INFO] [stdout]   45:     0x763838dd9a04 - clone
[INFO] [stdout]   46:                0x0 - <unknown>
[INFO] [stdout] 
[INFO] [stdout] ---- test_prefix_expressions stdout ----
[INFO] [stdout] thread 'test_prefix_expressions' panicked at tests/parser.rs:19:5:
[INFO] [stdout] assertion `left == right` failed
[INFO] [stdout]   left: "{ operator: UnaryPlus, right: (Integer(123), SignedInteger(i32)) }"
[INFO] [stdout]  right: "{ operator: UnaryPlus, right: Integer(123) }"
[INFO] [stdout] stack backtrace:
[INFO] [stdout]    0:     0x56c596c5b33a - std::backtrace_rs::backtrace::libunwind::trace::h5a5b8284f2d0c266
[INFO] [stdout]                                at /rustc/90b35a6239c3d8bdabc530a6a0816f7ff89a0aaf/library/std/src/../../backtrace/src/backtrace/libunwind.rs:116:5
[INFO] [stdout]    1:     0x56c596c5b33a - std::backtrace_rs::backtrace::trace_unsynchronized::h76d4f1c9b0b875e3
[INFO] [stdout]                                at /rustc/90b35a6239c3d8bdabc530a6a0816f7ff89a0aaf/library/std/src/../../backtrace/src/backtrace/mod.rs:66:5
[INFO] [stdout]    2:     0x56c596c5b33a - std::sys::backtrace::_print_fmt::hc4546b8364a537c6
[INFO] [stdout]                                at /rustc/90b35a6239c3d8bdabc530a6a0816f7ff89a0aaf/library/std/src/sys/backtrace.rs:66:9
[INFO] [stdout]    3:     0x56c596c5b33a - <std::sys::backtrace::BacktraceLock::print::DisplayBacktrace as core::fmt::Display>::fmt::h5b6bd5631a6d1f6b
[INFO] [stdout]                                at /rustc/90b35a6239c3d8bdabc530a6a0816f7ff89a0aaf/library/std/src/sys/backtrace.rs:39:26
[INFO] [stdout]    4:     0x56c596c80753 - core::fmt::rt::Argument::fmt::h270f6602a2b96f62
[INFO] [stdout]                                at /rustc/90b35a6239c3d8bdabc530a6a0816f7ff89a0aaf/library/core/src/fmt/rt.rs:177:76
[INFO] [stdout]    5:     0x56c596c80753 - core::fmt::write::h7550c97b06c86515
[INFO] [stdout]                                at /rustc/90b35a6239c3d8bdabc530a6a0816f7ff89a0aaf/library/core/src/fmt/mod.rs:1186:21
[INFO] [stdout]    6:     0x56c596c58503 - std::io::Write::write_fmt::h509ff860e5956e5e
[INFO] [stdout]                                at /rustc/90b35a6239c3d8bdabc530a6a0816f7ff89a0aaf/library/std/src/io/mod.rs:1839:15
[INFO] [stdout]    7:     0x56c596c5b182 - std::sys::backtrace::BacktraceLock::print::h2395ccd2c84ba3aa
[INFO] [stdout]                                at /rustc/90b35a6239c3d8bdabc530a6a0816f7ff89a0aaf/library/std/src/sys/backtrace.rs:42:9
[INFO] [stdout]    8:     0x56c596c5c79a - std::panicking::default_hook::{{closure}}::he19d4c7230e07961
[INFO] [stdout]                                at /rustc/90b35a6239c3d8bdabc530a6a0816f7ff89a0aaf/library/std/src/panicking.rs:268:22
[INFO] [stdout]    9:     0x56c596c5c5a4 - std::panicking::default_hook::hf614597d3c67bbdb
[INFO] [stdout]                                at /rustc/90b35a6239c3d8bdabc530a6a0816f7ff89a0aaf/library/std/src/panicking.rs:292:9
[INFO] [stdout]   10:     0x56c596c16349 - <alloc::boxed::Box<F,A> as core::ops::function::Fn<Args>>::call::h39b51ce4599c23d1
[INFO] [stdout]                                at /rustc/90b35a6239c3d8bdabc530a6a0816f7ff89a0aaf/library/alloc/src/boxed.rs:2468:9
[INFO] [stdout]   11:     0x56c596c16349 - test::test_main::{{closure}}::he977ae839a582784
[INFO] [stdout]                                at /rustc/90b35a6239c3d8bdabc530a6a0816f7ff89a0aaf/library/test/src/lib.rs:133:21
[INFO] [stdout]   12:     0x56c596c5ce38 - <alloc::boxed::Box<F,A> as core::ops::function::Fn<Args>>::call::h9455091b6b06f9fb
[INFO] [stdout]                                at /rustc/90b35a6239c3d8bdabc530a6a0816f7ff89a0aaf/library/alloc/src/boxed.rs:2468:9
[INFO] [stdout]   13:     0x56c596c5ce38 - std::panicking::rust_panic_with_hook::h8942133a8b252070
[INFO] [stdout]                                at /rustc/90b35a6239c3d8bdabc530a6a0816f7ff89a0aaf/library/std/src/panicking.rs:809:13
[INFO] [stdout]   14:     0x56c596c5cbfa - std::panicking::begin_panic_handler::{{closure}}::hb5f5963570096b29
[INFO] [stdout]                                at /rustc/90b35a6239c3d8bdabc530a6a0816f7ff89a0aaf/library/std/src/panicking.rs:674:13
[INFO] [stdout]   15:     0x56c596c5b819 - std::sys::backtrace::__rust_end_short_backtrace::h6208cedc1922feda
[INFO] [stdout]                                at /rustc/90b35a6239c3d8bdabc530a6a0816f7ff89a0aaf/library/std/src/sys/backtrace.rs:170:18
[INFO] [stdout]   16:     0x56c596c5c88c - rust_begin_unwind
[INFO] [stdout]                                at /rustc/90b35a6239c3d8bdabc530a6a0816f7ff89a0aaf/library/std/src/panicking.rs:665:5
[INFO] [stdout]   17:     0x56c596bdaa60 - core::panicking::panic_fmt::h0c3082644d1bf418
[INFO] [stdout]                                at /rustc/90b35a6239c3d8bdabc530a6a0816f7ff89a0aaf/library/core/src/panicking.rs:74:14
[INFO] [stdout]   18:     0x56c596bdad8b - core::panicking::assert_failed_inner::h2ddf1fcc067fa858
[INFO] [stdout]   19:     0x56c596bdb60f - core::panicking::assert_failed::hbe3697aa33dbdfa3
[INFO] [stdout]                                at /rustc/90b35a6239c3d8bdabc530a6a0816f7ff89a0aaf/library/core/src/panicking.rs:367:5
[INFO] [stdout]   20:     0x56c596bdbe2e - parser::test_prefix_expressions::h1659c9552f1284d7
[INFO] [stdout]                                at /opt/rustwide/workdir/tests/parser.rs:19:5
[INFO] [stdout]   21:     0x56c596bdbce7 - parser::test_prefix_expressions::{{closure}}::h4c87971a99f2d76f
[INFO] [stdout]                                at /opt/rustwide/workdir/tests/parser.rs:18:29
[INFO] [stdout]   22:     0x56c596bdb506 - core::ops::function::FnOnce::call_once::h7e383e9ec80c68d0
[INFO] [stdout]                                at /rustc/90b35a6239c3d8bdabc530a6a0816f7ff89a0aaf/library/core/src/ops/function.rs:250:5
[INFO] [stdout]   23:     0x56c596c1ad0b - core::ops::function::FnOnce::call_once::h109cf8051a59b34e
[INFO] [stdout]                                at /rustc/90b35a6239c3d8bdabc530a6a0816f7ff89a0aaf/library/core/src/ops/function.rs:250:5
[INFO] [stdout]   24:     0x56c596c1ad0b - test::__rust_begin_short_backtrace::hf4fff89d377446ba
[INFO] [stdout]                                at /rustc/90b35a6239c3d8bdabc530a6a0816f7ff89a0aaf/library/test/src/lib.rs:621:18
[INFO] [stdout]   25:     0x56c596c1a547 - test::run_test_in_process::{{closure}}::h0e39181dd7ee5a43
[INFO] [stdout]                                at /rustc/90b35a6239c3d8bdabc530a6a0816f7ff89a0aaf/library/test/src/lib.rs:644:60
[INFO] [stdout]   26:     0x56c596c1a547 - <core::panic::unwind_safe::AssertUnwindSafe<F> as core::ops::function::FnOnce<()>>::call_once::hc5a66a30f0bdfd1f
[INFO] [stdout]                                at /rustc/90b35a6239c3d8bdabc530a6a0816f7ff89a0aaf/library/core/src/panic/unwind_safe.rs:272:9
[INFO] [stdout]   27:     0x56c596c1a547 - std::panicking::try::do_call::h873b7cf639554a5e
[INFO] [stdout]                                at /rustc/90b35a6239c3d8bdabc530a6a0816f7ff89a0aaf/library/std/src/panicking.rs:557:40
[INFO] [stdout]   28:     0x56c596c1a547 - std::panicking::try::hdb19862fad9c8bd1
[INFO] [stdout]                                at /rustc/90b35a6239c3d8bdabc530a6a0816f7ff89a0aaf/library/std/src/panicking.rs:520:19
[INFO] [stdout]   29:     0x56c596c1a547 - std::panic::catch_unwind::h281fe732d236d260
[INFO] [stdout]                                at /rustc/90b35a6239c3d8bdabc530a6a0816f7ff89a0aaf/library/std/src/panic.rs:358:14
[INFO] [stdout]   30:     0x56c596c1a547 - test::run_test_in_process::h949b6df8457ed338
[INFO] [stdout]                                at /rustc/90b35a6239c3d8bdabc530a6a0816f7ff89a0aaf/library/test/src/lib.rs:644:27
[INFO] [stdout]   31:     0x56c596c1a547 - test::run_test::{{closure}}::h52c556a6d4740e10
[INFO] [stdout]                                at /rustc/90b35a6239c3d8bdabc530a6a0816f7ff89a0aaf/library/test/src/lib.rs:565:43
[INFO] [stdout]   32:     0x56c596bdf824 - test::run_test::{{closure}}::h4237f6381c45ccb9
[INFO] [stdout]                                at /rustc/90b35a6239c3d8bdabc530a6a0816f7ff89a0aaf/library/test/src/lib.rs:595:41
[INFO] [stdout]   33:     0x56c596bdf824 - std::sys::backtrace::__rust_begin_short_backtrace::h505c97a579eca628
[INFO] [stdout]                                at /rustc/90b35a6239c3d8bdabc530a6a0816f7ff89a0aaf/library/std/src/sys/backtrace.rs:154:18
[INFO] [stdout]   34:     0x56c596be2eee - std::thread::Builder::spawn_unchecked_::{{closure}}::{{closure}}::h9e86b2e2bc107ea3
[INFO] [stdout]                                at /rustc/90b35a6239c3d8bdabc530a6a0816f7ff89a0aaf/library/std/src/thread/mod.rs:538:17
[INFO] [stdout]   35:     0x56c596be2eee - <core::panic::unwind_safe::AssertUnwindSafe<F> as core::ops::function::FnOnce<()>>::call_once::h8b06ddb275ff4a25
[INFO] [stdout]                                at /rustc/90b35a6239c3d8bdabc530a6a0816f7ff89a0aaf/library/core/src/panic/unwind_safe.rs:272:9
[INFO] [stdout]   36:     0x56c596be2eee - std::panicking::try::do_call::hb26ecd7cd9a9355d
[INFO] [stdout]                                at /rustc/90b35a6239c3d8bdabc530a6a0816f7ff89a0aaf/library/std/src/panicking.rs:557:40
[INFO] [stdout]   37:     0x56c596be2eee - std::panicking::try::h8ddeca9d705f9069
[INFO] [stdout]                                at /rustc/90b35a6239c3d8bdabc530a6a0816f7ff89a0aaf/library/std/src/panicking.rs:520:19
[INFO] [stdout]   38:     0x56c596be2eee - std::panic::catch_unwind::h49e1c33078844c46
[INFO] [stdout]                                at /rustc/90b35a6239c3d8bdabc530a6a0816f7ff89a0aaf/library/std/src/panic.rs:358:14
[INFO] [stdout]   39:     0x56c596be2eee - std::thread::Builder::spawn_unchecked_::{{closure}}::h6073db6ff56ad35d
[INFO] [stdout]                                at /rustc/90b35a6239c3d8bdabc530a6a0816f7ff89a0aaf/library/std/src/thread/mod.rs:537:30
[INFO] [stdout]   40:     0x56c596be2eee - core::ops::function::FnOnce::call_once{{vtable.shim}}::h2c5a5f3779c774f1
[INFO] [stdout]                                at /rustc/90b35a6239c3d8bdabc530a6a0816f7ff89a0aaf/library/core/src/ops/function.rs:250:5
[INFO] [stdout]   41:     0x56c596c60b8b - <alloc::boxed::Box<F,A> as core::ops::function::FnOnce<Args>>::call_once::hf75717d9f28faebf
[INFO] [stdout]                                at /rustc/90b35a6239c3d8bdabc530a6a0816f7ff89a0aaf/library/alloc/src/boxed.rs:2454:9
[INFO] [stdout]   42:     0x56c596c60b8b - <alloc::boxed::Box<F,A> as core::ops::function::FnOnce<Args>>::call_once::h7bd883a5f3c5f3c1
[INFO] [stdout]                                at /rustc/90b35a6239c3d8bdabc530a6a0816f7ff89a0aaf/library/alloc/src/boxed.rs:2454:9
[INFO] [stdout]   43:     0x56c596c60b8b - std::sys::pal::unix::thread::Thread::new::thread_start::hcc78f3943333fa94
[INFO] [stdout]                                at /rustc/90b35a6239c3d8bdabc530a6a0816f7ff89a0aaf/library/std/src/sys/pal/unix/thread.rs:105:17
[INFO] [stdout]   44:     0x763838d48ac3 - <unknown>
[INFO] [stdout]   45:     0x763838dd9a04 - clone
[INFO] [stdout]   46:                0x0 - <unknown>
[INFO] [stdout] 
[INFO] [stdout] 
[INFO] [stdout] failures:
[INFO] [stdout]     test_mixed_expressions
[INFO] [stdout]     test_prefix_expressions
[INFO] [stdout] 
[INFO] [stdout] test result: FAILED. 1 passed; 2 failed; 0 ignored; 0 measured; 0 filtered out; finished in 0.04s
[INFO] [stdout] 
[INFO] [stderr] error: test failed, to rerun pass `--test parser`
[INFO] running `Command { std: "docker" "inspect" "4d076a50d895a8d0ba9566386896a6f7d30af0f2793c279ad1a7d43511db6e87", kill_on_drop: false }`
[INFO] running `Command { std: "docker" "rm" "-f" "4d076a50d895a8d0ba9566386896a6f7d30af0f2793c279ad1a7d43511db6e87", kill_on_drop: false }`
[INFO] [stdout] 4d076a50d895a8d0ba9566386896a6f7d30af0f2793c279ad1a7d43511db6e87
