[INFO] cloning repository https://github.com/samck8s/p2api
[INFO] running `Command { std: "git" "-c" "credential.helper=" "-c" "credential.helper=/workspace/cargo-home/bin/git-credential-null" "clone" "--bare" "https://github.com/samck8s/p2api" "/workspace/cache/git-repos/https%3A%2F%2Fgithub.com%2Fsamck8s%2Fp2api", kill_on_drop: false }`
[INFO] [stderr] Cloning into bare repository '/workspace/cache/git-repos/https%3A%2F%2Fgithub.com%2Fsamck8s%2Fp2api'...
[INFO] running `Command { std: "git" "rev-parse" "HEAD", kill_on_drop: false }`
[INFO] [stdout] b40d8c678427f965ba87fb410ff9e714d98cb8b8
[INFO] testing samck8s/p2api against beta-2024-12-08 for beta-1.84.0-4-retry
[INFO] running `Command { std: "git" "clone" "/workspace/cache/git-repos/https%3A%2F%2Fgithub.com%2Fsamck8s%2Fp2api" "/workspace/builds/worker-4-tc2/source", kill_on_drop: false }`
[INFO] [stderr] Cloning into '/workspace/builds/worker-4-tc2/source'...
[INFO] [stderr] done.
[INFO] validating manifest of git repo https://github.com/samck8s/p2api on toolchain beta-2024-12-08
[INFO] running `Command { std: CARGO_HOME="/workspace/cargo-home" RUSTUP_HOME="/workspace/rustup-home" "/workspace/cargo-home/bin/cargo" "+beta-2024-12-08" "metadata" "--manifest-path" "Cargo.toml" "--no-deps", kill_on_drop: false }`
[INFO] removed /workspace/builds/worker-4-tc2/source/.cargo/config.toml
[INFO] started tweaking git repo https://github.com/samck8s/p2api
[INFO] finished tweaking git repo https://github.com/samck8s/p2api
[INFO] tweaked toml for git repo https://github.com/samck8s/p2api written to /workspace/builds/worker-4-tc2/source/Cargo.toml
[INFO] crate git repo https://github.com/samck8s/p2api already has a lockfile, it will not be regenerated
[INFO] running `Command { std: CARGO_HOME="/workspace/cargo-home" RUSTUP_HOME="/workspace/rustup-home" "/workspace/cargo-home/bin/cargo" "+beta-2024-12-08" "fetch" "--manifest-path" "Cargo.toml", kill_on_drop: false }`
[INFO] running `Command { std: "docker" "create" "-v" "/var/lib/crater-agent-workspace/builds/worker-4-tc2/target:/opt/rustwide/target:rw,Z" "-v" "/var/lib/crater-agent-workspace/builds/worker-4-tc2/source:/opt/rustwide/workdir:ro,Z" "-v" "/var/lib/crater-agent-workspace/cargo-home:/opt/rustwide/cargo-home:ro,Z" "-v" "/var/lib/crater-agent-workspace/rustup-home:/opt/rustwide/rustup-home:ro,Z" "-e" "SOURCE_DIR=/opt/rustwide/workdir" "-e" "CARGO_TARGET_DIR=/opt/rustwide/target" "-e" "CARGO_HOME=/opt/rustwide/cargo-home" "-e" "RUSTUP_HOME=/opt/rustwide/rustup-home" "-w" "/opt/rustwide/workdir" "-m" "1610612736" "--user" "0:0" "--network" "none" "ghcr.io/rust-lang/crates-build-env/linux@sha256:f3a9d4ad9d972b27faf3965f35b62e55ba32bbce8f20bc8fe909558a86702fde" "/opt/rustwide/cargo-home/bin/cargo" "+beta-2024-12-08" "metadata" "--no-deps" "--format-version=1", kill_on_drop: false }`
[INFO] [stdout] 1b9baa67e21a52ff1e3ea95bcd4e7196c397a1813679d17c5377bad6e048da12
[INFO] running `Command { std: "docker" "start" "-a" "1b9baa67e21a52ff1e3ea95bcd4e7196c397a1813679d17c5377bad6e048da12", kill_on_drop: false }`
[INFO] running `Command { std: "docker" "inspect" "1b9baa67e21a52ff1e3ea95bcd4e7196c397a1813679d17c5377bad6e048da12", kill_on_drop: false }`
[INFO] running `Command { std: "docker" "rm" "-f" "1b9baa67e21a52ff1e3ea95bcd4e7196c397a1813679d17c5377bad6e048da12", kill_on_drop: false }`
[INFO] [stdout] 1b9baa67e21a52ff1e3ea95bcd4e7196c397a1813679d17c5377bad6e048da12
[INFO] running `Command { std: "docker" "create" "-v" "/var/lib/crater-agent-workspace/builds/worker-4-tc2/target:/opt/rustwide/target:rw,Z" "-v" "/var/lib/crater-agent-workspace/builds/worker-4-tc2/source:/opt/rustwide/workdir:ro,Z" "-v" "/var/lib/crater-agent-workspace/cargo-home:/opt/rustwide/cargo-home:ro,Z" "-v" "/var/lib/crater-agent-workspace/rustup-home:/opt/rustwide/rustup-home:ro,Z" "-e" "SOURCE_DIR=/opt/rustwide/workdir" "-e" "CARGO_TARGET_DIR=/opt/rustwide/target" "-e" "CARGO_INCREMENTAL=0" "-e" "RUST_BACKTRACE=full" "-e" "RUSTFLAGS=--cap-lints=warn" "-e" "RUSTDOCFLAGS=--cap-lints=warn" "-e" "CARGO_HOME=/opt/rustwide/cargo-home" "-e" "RUSTUP_HOME=/opt/rustwide/rustup-home" "-w" "/opt/rustwide/workdir" "-m" "1610612736" "--user" "0:0" "--network" "none" "ghcr.io/rust-lang/crates-build-env/linux@sha256:f3a9d4ad9d972b27faf3965f35b62e55ba32bbce8f20bc8fe909558a86702fde" "/opt/rustwide/cargo-home/bin/cargo" "+beta-2024-12-08" "build" "--frozen" "--message-format=json", kill_on_drop: false }`
[INFO] [stdout] 89dd34404f4163594b61cd21d27c33b62596eab6a59bf7c3ad071b6ac41c1b92
[INFO] running `Command { std: "docker" "start" "-a" "89dd34404f4163594b61cd21d27c33b62596eab6a59bf7c3ad071b6ac41c1b92", kill_on_drop: false }`
[INFO] [stderr]    Compiling proc-macro2 v1.0.66
[INFO] [stderr]    Compiling unicode-ident v1.0.11
[INFO] [stderr]    Compiling serde v1.0.188
[INFO] [stderr]    Compiling semver v1.0.18
[INFO] [stderr]    Compiling serde_json v1.0.106
[INFO] [stderr]    Compiling hashbrown v0.14.0
[INFO] [stderr]    Compiling regex-syntax v0.7.5
[INFO] [stderr]    Compiling thiserror v1.0.48
[INFO] [stderr]    Compiling unsafe-libyaml v0.2.9
[INFO] [stderr]    Compiling lazy_static v1.4.0
[INFO] [stderr]    Compiling indexmap v1.9.3
[INFO] [stderr]    Compiling convert_case v0.5.0
[INFO] [stderr]    Compiling indexmap v2.0.0
[INFO] [stderr]    Compiling quote v1.0.33
[INFO] [stderr]    Compiling syn v2.0.32
[INFO] [stderr]    Compiling regex-automata v0.3.8
[INFO] [stderr]    Compiling thiserror-impl v1.0.48
[INFO] [stderr]    Compiling serde_derive v1.0.188
[INFO] [stderr]    Compiling regex v1.9.5
[INFO] [stderr]    Compiling serde_yaml v0.9.25
[INFO] [stderr]    Compiling postman2openapi v1.2.1 (/opt/rustwide/workdir)
[INFO] [stderr]     Finished `dev` profile [unoptimized + debuginfo] target(s) in 18.01s
[INFO] running `Command { std: "docker" "inspect" "89dd34404f4163594b61cd21d27c33b62596eab6a59bf7c3ad071b6ac41c1b92", kill_on_drop: false }`
[INFO] running `Command { std: "docker" "rm" "-f" "89dd34404f4163594b61cd21d27c33b62596eab6a59bf7c3ad071b6ac41c1b92", kill_on_drop: false }`
[INFO] [stdout] 89dd34404f4163594b61cd21d27c33b62596eab6a59bf7c3ad071b6ac41c1b92
[INFO] running `Command { std: "docker" "create" "-v" "/var/lib/crater-agent-workspace/builds/worker-4-tc2/target:/opt/rustwide/target:rw,Z" "-v" "/var/lib/crater-agent-workspace/builds/worker-4-tc2/source:/opt/rustwide/workdir:ro,Z" "-v" "/var/lib/crater-agent-workspace/cargo-home:/opt/rustwide/cargo-home:ro,Z" "-v" "/var/lib/crater-agent-workspace/rustup-home:/opt/rustwide/rustup-home:ro,Z" "-e" "SOURCE_DIR=/opt/rustwide/workdir" "-e" "CARGO_TARGET_DIR=/opt/rustwide/target" "-e" "CARGO_INCREMENTAL=0" "-e" "RUST_BACKTRACE=full" "-e" "RUSTFLAGS=--cap-lints=warn" "-e" "RUSTDOCFLAGS=--cap-lints=warn" "-e" "CARGO_HOME=/opt/rustwide/cargo-home" "-e" "RUSTUP_HOME=/opt/rustwide/rustup-home" "-w" "/opt/rustwide/workdir" "-m" "1610612736" "--user" "0:0" "--network" "none" "ghcr.io/rust-lang/crates-build-env/linux@sha256:f3a9d4ad9d972b27faf3965f35b62e55ba32bbce8f20bc8fe909558a86702fde" "/opt/rustwide/cargo-home/bin/cargo" "+beta-2024-12-08" "test" "--frozen" "--no-run" "--message-format=json", kill_on_drop: false }`
[INFO] [stdout] d5ecd65df6125591c0e7178c3c7edadd8026928e1229d2d1f003e0c20ab65214
[INFO] running `Command { std: "docker" "start" "-a" "d5ecd65df6125591c0e7178c3c7edadd8026928e1229d2d1f003e0c20ab65214", kill_on_drop: false }`
[INFO] [stderr]    Compiling postman2openapi v1.2.1 (/opt/rustwide/workdir)
[INFO] [stderr]     Finished `test` profile [unoptimized + debuginfo] target(s) in 9.82s
[INFO] running `Command { std: "docker" "inspect" "d5ecd65df6125591c0e7178c3c7edadd8026928e1229d2d1f003e0c20ab65214", kill_on_drop: false }`
[INFO] running `Command { std: "docker" "rm" "-f" "d5ecd65df6125591c0e7178c3c7edadd8026928e1229d2d1f003e0c20ab65214", kill_on_drop: false }`
[INFO] [stdout] d5ecd65df6125591c0e7178c3c7edadd8026928e1229d2d1f003e0c20ab65214
[INFO] running `Command { std: "docker" "create" "-v" "/var/lib/crater-agent-workspace/builds/worker-4-tc2/target:/opt/rustwide/target:rw,Z" "-v" "/var/lib/crater-agent-workspace/builds/worker-4-tc2/source:/opt/rustwide/workdir:ro,Z" "-v" "/var/lib/crater-agent-workspace/cargo-home:/opt/rustwide/cargo-home:ro,Z" "-v" "/var/lib/crater-agent-workspace/rustup-home:/opt/rustwide/rustup-home:ro,Z" "-e" "SOURCE_DIR=/opt/rustwide/workdir" "-e" "CARGO_TARGET_DIR=/opt/rustwide/target" "-e" "CARGO_INCREMENTAL=0" "-e" "RUST_BACKTRACE=full" "-e" "RUSTFLAGS=--cap-lints=warn" "-e" "RUSTDOCFLAGS=--cap-lints=warn" "-e" "CARGO_HOME=/opt/rustwide/cargo-home" "-e" "RUSTUP_HOME=/opt/rustwide/rustup-home" "-w" "/opt/rustwide/workdir" "-m" "1610612736" "--user" "0:0" "--network" "none" "ghcr.io/rust-lang/crates-build-env/linux@sha256:f3a9d4ad9d972b27faf3965f35b62e55ba32bbce8f20bc8fe909558a86702fde" "/opt/rustwide/cargo-home/bin/cargo" "+beta-2024-12-08" "test" "--frozen", kill_on_drop: false }`
[INFO] [stdout] 13f9f179a2f6d8e78f4924719d4e907a575802d36d69df416401d96ed364ecc8
[INFO] running `Command { std: "docker" "start" "-a" "13f9f179a2f6d8e78f4924719d4e907a575802d36d69df416401d96ed364ecc8", kill_on_drop: false }`
[INFO] [stderr]     Finished `test` profile [unoptimized + debuginfo] target(s) in 0.07s
[INFO] [stderr]      Running unittests src/lib.rs (/opt/rustwide/target/debug/deps/postman2openapi-58efdd9c716f4ef1)
[INFO] [stdout] 
[INFO] [stdout] running 16 tests
[INFO] [stdout] test openapi::v3_0::schema::tests::test_security_scheme_oauth_deser ... ok
[INFO] [stdout] test postman::tests::deserializes_apikey ... ok
[INFO] [stdout] test openapi::tests::can_deserialize_one_of_v3 ... ok
[INFO] [stdout] test tests::test_extract_description ... ok
[INFO] [stdout] test postman::tests::deserializes_oauth2 ... ok
[INFO] [stdout] test tests::it_parses_graphql_request_bodies ... ok
[INFO] [stdout] test openapi::tests::can_deserialize ... ok
[INFO] [stdout] test tests::test_generate_query_parameters ... ok
[INFO] [stdout] test tests::it_generates_root_path_when_no_path_exists_in_collection ... ok
[INFO] [stdout] test tests::it_collapses_duplicate_query_params ... ok
[INFO] [stdout] test tests::test_generate_path_parameters ... ok
[INFO] [stdout] test tests::it_generates_headers_from_the_request ... ok
[INFO] [stdout] test tests::it_uses_the_correct_content_type_for_form_urlencoded_data ... ok
[INFO] [stdout] test tests::it_uses_the_security_requirement_on_operations ... ok
[INFO] [stdout] test tests::it_preserves_order_on_paths ... ok
[INFO] [stdout] test openapi::tests::can_deserialize_and_reserialize_v3 ... FAILED
[INFO] [stdout] 
[INFO] [stdout] failures:
[INFO] [stdout] 
[INFO] [stdout] ---- openapi::tests::can_deserialize_and_reserialize_v3 stdout ----
[INFO] [stdout] Testing if "src/openapi/data/v3.0/petstore-expanded.yaml" is deserializable
[INFO] [stdout]     Saving string to "target/tests/can_deserialize_and_reserialize_v3/yaml_to_json"...
[INFO] [stdout] thread 'openapi::tests::can_deserialize_and_reserialize_v3' panicked at src/openapi/mod.rs:85:40:
[INFO] [stdout] called `Result::unwrap()` on an `Err` value: Os { code: 30, kind: ReadOnlyFilesystem, message: "Read-only file system" }
[INFO] [stdout] stack backtrace:
[INFO] [stdout]    0:     0x588909f3ba0a - std::backtrace_rs::backtrace::libunwind::trace::h8810477743020387
[INFO] [stdout]                                at /rustc/202008a1b8de96d2e5b6bc02d379db03a877d34d/library/std/src/../../backtrace/src/backtrace/libunwind.rs:116:5
[INFO] [stdout]    1:     0x588909f3ba0a - std::backtrace_rs::backtrace::trace_unsynchronized::h3aa55355dd6c54a6
[INFO] [stdout]                                at /rustc/202008a1b8de96d2e5b6bc02d379db03a877d34d/library/std/src/../../backtrace/src/backtrace/mod.rs:66:5
[INFO] [stdout]    2:     0x588909f3ba0a - std::sys::backtrace::_print_fmt::h8588b0f62410823f
[INFO] [stdout]                                at /rustc/202008a1b8de96d2e5b6bc02d379db03a877d34d/library/std/src/sys/backtrace.rs:66:9
[INFO] [stdout]    3:     0x588909f3ba0a - <std::sys::backtrace::BacktraceLock::print::DisplayBacktrace as core::fmt::Display>::fmt::h98c26ac25ffe89bb
[INFO] [stdout]                                at /rustc/202008a1b8de96d2e5b6bc02d379db03a877d34d/library/std/src/sys/backtrace.rs:39:26
[INFO] [stdout]    4:     0x588909f64ac3 - core::fmt::rt::Argument::fmt::hf95377f4aebd453b
[INFO] [stdout]                                at /rustc/202008a1b8de96d2e5b6bc02d379db03a877d34d/library/core/src/fmt/rt.rs:177:76
[INFO] [stdout]    5:     0x588909f64ac3 - core::fmt::write::h0dd5f6e2238c7982
[INFO] [stdout]                                at /rustc/202008a1b8de96d2e5b6bc02d379db03a877d34d/library/core/src/fmt/mod.rs:1189:21
[INFO] [stdout]    6:     0x588909f389a3 - std::io::Write::write_fmt::h03bb0ca26e6faf8c
[INFO] [stdout]                                at /rustc/202008a1b8de96d2e5b6bc02d379db03a877d34d/library/std/src/io/mod.rs:1884:15
[INFO] [stdout]    7:     0x588909f3b852 - std::sys::backtrace::BacktraceLock::print::h5c19c1c038ee186d
[INFO] [stdout]                                at /rustc/202008a1b8de96d2e5b6bc02d379db03a877d34d/library/std/src/sys/backtrace.rs:42:9
[INFO] [stdout]    8:     0x588909f3ce8d - std::panicking::default_hook::{{closure}}::h77172f079a1fcb13
[INFO] [stdout]                                at /rustc/202008a1b8de96d2e5b6bc02d379db03a877d34d/library/std/src/panicking.rs:268:22
[INFO] [stdout]    9:     0x588909f3cc97 - std::panicking::default_hook::he5f8e3b203ccddba
[INFO] [stdout]                                at /rustc/202008a1b8de96d2e5b6bc02d379db03a877d34d/library/std/src/panicking.rs:292:9
[INFO] [stdout]   10:     0x588909e71077 - <alloc::boxed::Box<F,A> as core::ops::function::Fn<Args>>::call::h7a3c7b4a1ae77f2f
[INFO] [stdout]                                at /rustc/202008a1b8de96d2e5b6bc02d379db03a877d34d/library/alloc/src/boxed.rs:1986:9
[INFO] [stdout]   11:     0x588909e71077 - test::test_main::{{closure}}::hf0d3b69ae9b353d1
[INFO] [stdout]                                at /rustc/202008a1b8de96d2e5b6bc02d379db03a877d34d/library/test/src/lib.rs:134:21
[INFO] [stdout]   12:     0x588909f3d538 - <alloc::boxed::Box<F,A> as core::ops::function::Fn<Args>>::call::h6332e82e7b189abd
[INFO] [stdout]                                at /rustc/202008a1b8de96d2e5b6bc02d379db03a877d34d/library/alloc/src/boxed.rs:1986:9
[INFO] [stdout]   13:     0x588909f3d538 - std::panicking::rust_panic_with_hook::h53863d4e9018df39
[INFO] [stdout]                                at /rustc/202008a1b8de96d2e5b6bc02d379db03a877d34d/library/std/src/panicking.rs:809:13
[INFO] [stdout]   14:     0x588909f3d2fa - std::panicking::begin_panic_handler::{{closure}}::h67280e6fa0757873
[INFO] [stdout]                                at /rustc/202008a1b8de96d2e5b6bc02d379db03a877d34d/library/std/src/panicking.rs:674:13
[INFO] [stdout]   15:     0x588909f3bee9 - std::sys::backtrace::__rust_end_short_backtrace::h1dac3f54d6fbbeb2
[INFO] [stdout]                                at /rustc/202008a1b8de96d2e5b6bc02d379db03a877d34d/library/std/src/sys/backtrace.rs:170:18
[INFO] [stdout]   16:     0x588909f3cf8c - rust_begin_unwind
[INFO] [stdout]                                at /rustc/202008a1b8de96d2e5b6bc02d379db03a877d34d/library/std/src/panicking.rs:665:5
[INFO] [stdout]   17:     0x5889099bed50 - core::panicking::panic_fmt::h6792bd1b2bf01041
[INFO] [stdout]                                at /rustc/202008a1b8de96d2e5b6bc02d379db03a877d34d/library/core/src/panicking.rs:76:14
[INFO] [stdout]   18:     0x5889099bf236 - core::result::unwrap_failed::h05e0602ed34287c5
[INFO] [stdout]                                at /rustc/202008a1b8de96d2e5b6bc02d379db03a877d34d/library/core/src/result.rs:1699:5
[INFO] [stdout]   19:     0x588909d1199b - core::result::Result<T,E>::unwrap::h3d1581d6c7d49909
[INFO] [stdout]                                at /rustc/202008a1b8de96d2e5b6bc02d379db03a877d34d/library/core/src/result.rs:1104:23
[INFO] [stdout]   20:     0x588909d1199b - postman2openapi::openapi::tests::write_to_file::hd22a3e063c46019f
[INFO] [stdout]                                at /opt/rustwide/workdir/src/openapi/mod.rs:85:9
[INFO] [stdout]   21:     0x588909d127b7 - postman2openapi::openapi::tests::compare_spec_through_json::h64530a6f0abc59c1
[INFO] [stdout]                                at /opt/rustwide/workdir/src/openapi/mod.rs:142:9
[INFO] [stdout]   22:     0x588909d2d487 - postman2openapi::openapi::tests::can_deserialize_and_reserialize_v3::hda0125d87ef6534f
[INFO] [stdout]                                at /opt/rustwide/workdir/src/openapi/mod.rs:177:17
[INFO] [stdout]   23:     0x588909d2cfd7 - postman2openapi::openapi::tests::can_deserialize_and_reserialize_v3::{{closure}}::h0eb52bbb21d510fe
[INFO] [stdout]                                at /opt/rustwide/workdir/src/openapi/mod.rs:164:44
[INFO] [stdout]   24:     0x588909bf2266 - core::ops::function::FnOnce::call_once::hf27ab05025933e31
[INFO] [stdout]                                at /rustc/202008a1b8de96d2e5b6bc02d379db03a877d34d/library/core/src/ops/function.rs:250:5
[INFO] [stdout]   25:     0x588909e75b9b - core::ops::function::FnOnce::call_once::h871bf86719ec9aa4
[INFO] [stdout]                                at /rustc/202008a1b8de96d2e5b6bc02d379db03a877d34d/library/core/src/ops/function.rs:250:5
[INFO] [stdout]   26:     0x588909e75b9b - test::__rust_begin_short_backtrace::h2167df1e2b7d76fd
[INFO] [stdout]                                at /rustc/202008a1b8de96d2e5b6bc02d379db03a877d34d/library/test/src/lib.rs:632:18
[INFO] [stdout]   27:     0x588909e75588 - test::run_test_in_process::{{closure}}::h15d92f75a3adfb79
[INFO] [stdout]                                at /rustc/202008a1b8de96d2e5b6bc02d379db03a877d34d/library/test/src/lib.rs:655:60
[INFO] [stdout]   28:     0x588909e75588 - <core::panic::unwind_safe::AssertUnwindSafe<F> as core::ops::function::FnOnce<()>>::call_once::hb6c8955835a8dbbb
[INFO] [stdout]                                at /rustc/202008a1b8de96d2e5b6bc02d379db03a877d34d/library/core/src/panic/unwind_safe.rs:272:9
[INFO] [stdout]   29:     0x588909e75588 - std::panicking::try::do_call::hc79d0fc888a0bd30
[INFO] [stdout]                                at /rustc/202008a1b8de96d2e5b6bc02d379db03a877d34d/library/std/src/panicking.rs:557:40
[INFO] [stdout]   30:     0x588909e75588 - std::panicking::try::hb8a7878e3a8589d6
[INFO] [stdout]                                at /rustc/202008a1b8de96d2e5b6bc02d379db03a877d34d/library/std/src/panicking.rs:520:19
[INFO] [stdout]   31:     0x588909e75588 - std::panic::catch_unwind::hb8e4600ff0ff5cfa
[INFO] [stdout]                                at /rustc/202008a1b8de96d2e5b6bc02d379db03a877d34d/library/std/src/panic.rs:358:14
[INFO] [stdout]   32:     0x588909e75588 - test::run_test_in_process::hc2900b0b18688dd6
[INFO] [stdout]                                at /rustc/202008a1b8de96d2e5b6bc02d379db03a877d34d/library/test/src/lib.rs:655:27
[INFO] [stdout]   33:     0x588909e75588 - test::run_test::{{closure}}::hac2a9cb07be3d48d
[INFO] [stdout]                                at /rustc/202008a1b8de96d2e5b6bc02d379db03a877d34d/library/test/src/lib.rs:576:43
[INFO] [stdout]   34:     0x588909e3902a - test::run_test::{{closure}}::h4a5b729e66a38cd8
[INFO] [stdout]                                at /rustc/202008a1b8de96d2e5b6bc02d379db03a877d34d/library/test/src/lib.rs:606:41
[INFO] [stdout]   35:     0x588909e3902a - std::sys::backtrace::__rust_begin_short_backtrace::h0496fb742492f573
[INFO] [stdout]                                at /rustc/202008a1b8de96d2e5b6bc02d379db03a877d34d/library/std/src/sys/backtrace.rs:154:18
[INFO] [stdout]   36:     0x588909e3c9a4 - std::thread::Builder::spawn_unchecked_::{{closure}}::{{closure}}::hbb6d257c550a54bd
[INFO] [stdout]                                at /rustc/202008a1b8de96d2e5b6bc02d379db03a877d34d/library/std/src/thread/mod.rs:561:17
[INFO] [stdout]   37:     0x588909e3c9a4 - <core::panic::unwind_safe::AssertUnwindSafe<F> as core::ops::function::FnOnce<()>>::call_once::h46696fe4a6832328
[INFO] [stdout]                                at /rustc/202008a1b8de96d2e5b6bc02d379db03a877d34d/library/core/src/panic/unwind_safe.rs:272:9
[INFO] [stdout]   38:     0x588909e3c9a4 - std::panicking::try::do_call::h2625a51b667bfb64
[INFO] [stdout]                                at /rustc/202008a1b8de96d2e5b6bc02d379db03a877d34d/library/std/src/panicking.rs:557:40
[INFO] [stdout]   39:     0x588909e3c9a4 - std::panicking::try::hb956a59a1973aa4c
[INFO] [stdout]                                at /rustc/202008a1b8de96d2e5b6bc02d379db03a877d34d/library/std/src/panicking.rs:520:19
[INFO] [stdout]   40:     0x588909e3c9a4 - std::panic::catch_unwind::h64f3b9d1067ef6a0
[INFO] [stdout]                                at /rustc/202008a1b8de96d2e5b6bc02d379db03a877d34d/library/std/src/panic.rs:358:14
[INFO] [stdout]   41:     0x588909e3c9a4 - std::thread::Builder::spawn_unchecked_::{{closure}}::h42b2841295b6c0b2
[INFO] [stdout]                                at /rustc/202008a1b8de96d2e5b6bc02d379db03a877d34d/library/std/src/thread/mod.rs:559:30
[INFO] [stdout]   42:     0x588909e3c9a4 - core::ops::function::FnOnce::call_once{{vtable.shim}}::h6127de71b8124639
[INFO] [stdout]                                at /rustc/202008a1b8de96d2e5b6bc02d379db03a877d34d/library/core/src/ops/function.rs:250:5
[INFO] [stdout]   43:     0x588909f4199b - <alloc::boxed::Box<F,A> as core::ops::function::FnOnce<Args>>::call_once::h42f0ba71002a1b2c
[INFO] [stdout]                                at /rustc/202008a1b8de96d2e5b6bc02d379db03a877d34d/library/alloc/src/boxed.rs:1972:9
[INFO] [stdout]   44:     0x588909f4199b - <alloc::boxed::Box<F,A> as core::ops::function::FnOnce<Args>>::call_once::had9e47d7a3dcecb8
[INFO] [stdout]                                at /rustc/202008a1b8de96d2e5b6bc02d379db03a877d34d/library/alloc/src/boxed.rs:1972:9
[INFO] [stdout]   45:     0x588909f4199b - std::sys::pal::unix::thread::Thread::new::thread_start::h48cf765408f6f5f2
[INFO] [stdout]                                at /rustc/202008a1b8de96d2e5b6bc02d379db03a877d34d/library/std/src/sys/pal/unix/thread.rs:105:17
[INFO] [stdout]   46:     0x7742867e7ac3 - <unknown>
[INFO] [stdout]   47:     0x774286878a04 - clone
[INFO] [stdout]   48:                0x0 - <unknown>
[INFO] [stdout] 
[INFO] [stdout] 
[INFO] [stdout] failures:
[INFO] [stdout]     openapi::tests::can_deserialize_and_reserialize_v3
[INFO] [stdout] 
[INFO] [stdout] test result: FAILED. 15 passed; 1 failed; 0 ignored; 0 measured; 0 filtered out; finished in 0.11s
[INFO] [stdout] 
[INFO] [stderr] error: test failed, to rerun pass `--lib`
[INFO] running `Command { std: "docker" "inspect" "13f9f179a2f6d8e78f4924719d4e907a575802d36d69df416401d96ed364ecc8", kill_on_drop: false }`
[INFO] running `Command { std: "docker" "rm" "-f" "13f9f179a2f6d8e78f4924719d4e907a575802d36d69df416401d96ed364ecc8", kill_on_drop: false }`
[INFO] [stdout] 13f9f179a2f6d8e78f4924719d4e907a575802d36d69df416401d96ed364ecc8
