[INFO] cloning repository https://github.com/sailfishos-mirror/rust-cbindgen
[INFO] running `Command { std: "git" "-c" "credential.helper=" "-c" "credential.helper=/workspace/cargo-home/bin/git-credential-null" "clone" "--bare" "https://github.com/sailfishos-mirror/rust-cbindgen" "/workspace/cache/git-repos/https%3A%2F%2Fgithub.com%2Fsailfishos-mirror%2Frust-cbindgen", kill_on_drop: false }`
[INFO] [stderr] Cloning into bare repository '/workspace/cache/git-repos/https%3A%2F%2Fgithub.com%2Fsailfishos-mirror%2Frust-cbindgen'...
[INFO] running `Command { std: "git" "rev-parse" "HEAD", kill_on_drop: false }`
[INFO] [stdout] b9b8f8878ac272935193c449066b88c0cb94ced2
[INFO] testing sailfishos-mirror/rust-cbindgen against beta-2024-12-08 for beta-1.84.0-4-retry
[INFO] running `Command { std: "git" "clone" "/workspace/cache/git-repos/https%3A%2F%2Fgithub.com%2Fsailfishos-mirror%2Frust-cbindgen" "/workspace/builds/worker-3-tc2/source", kill_on_drop: false }`
[INFO] [stderr] Cloning into '/workspace/builds/worker-3-tc2/source'...
[INFO] [stderr] done.
[INFO] validating manifest of git repo https://github.com/sailfishos-mirror/rust-cbindgen on toolchain beta-2024-12-08
[INFO] running `Command { std: CARGO_HOME="/workspace/cargo-home" RUSTUP_HOME="/workspace/rustup-home" "/workspace/cargo-home/bin/cargo" "+beta-2024-12-08" "metadata" "--manifest-path" "Cargo.toml" "--no-deps", kill_on_drop: false }`
[INFO] removed /workspace/builds/worker-3-tc2/source/rust-toolchain.toml
[INFO] started tweaking git repo https://github.com/sailfishos-mirror/rust-cbindgen
[INFO] finished tweaking git repo https://github.com/sailfishos-mirror/rust-cbindgen
[INFO] tweaked toml for git repo https://github.com/sailfishos-mirror/rust-cbindgen written to /workspace/builds/worker-3-tc2/source/Cargo.toml
[INFO] crate git repo https://github.com/sailfishos-mirror/rust-cbindgen already has a lockfile, it will not be regenerated
[INFO] running `Command { std: CARGO_HOME="/workspace/cargo-home" RUSTUP_HOME="/workspace/rustup-home" "/workspace/cargo-home/bin/cargo" "+beta-2024-12-08" "fetch" "--manifest-path" "Cargo.toml", kill_on_drop: false }`
[INFO] running `Command { std: "docker" "create" "-v" "/var/lib/crater-agent-workspace/builds/worker-3-tc2/target:/opt/rustwide/target:rw,Z" "-v" "/var/lib/crater-agent-workspace/builds/worker-3-tc2/source:/opt/rustwide/workdir:ro,Z" "-v" "/var/lib/crater-agent-workspace/cargo-home:/opt/rustwide/cargo-home:ro,Z" "-v" "/var/lib/crater-agent-workspace/rustup-home:/opt/rustwide/rustup-home:ro,Z" "-e" "SOURCE_DIR=/opt/rustwide/workdir" "-e" "CARGO_TARGET_DIR=/opt/rustwide/target" "-e" "CARGO_HOME=/opt/rustwide/cargo-home" "-e" "RUSTUP_HOME=/opt/rustwide/rustup-home" "-w" "/opt/rustwide/workdir" "-m" "1610612736" "--user" "0:0" "--network" "none" "ghcr.io/rust-lang/crates-build-env/linux@sha256:f3a9d4ad9d972b27faf3965f35b62e55ba32bbce8f20bc8fe909558a86702fde" "/opt/rustwide/cargo-home/bin/cargo" "+beta-2024-12-08" "metadata" "--no-deps" "--format-version=1", kill_on_drop: false }`
[INFO] [stdout] 9660ffdff6ac5d636a5696efe125053310d2bd512f5eb5bda54ac6421ce3365c
[INFO] running `Command { std: "docker" "start" "-a" "9660ffdff6ac5d636a5696efe125053310d2bd512f5eb5bda54ac6421ce3365c", kill_on_drop: false }`
[INFO] running `Command { std: "docker" "inspect" "9660ffdff6ac5d636a5696efe125053310d2bd512f5eb5bda54ac6421ce3365c", kill_on_drop: false }`
[INFO] running `Command { std: "docker" "rm" "-f" "9660ffdff6ac5d636a5696efe125053310d2bd512f5eb5bda54ac6421ce3365c", kill_on_drop: false }`
[INFO] [stdout] 9660ffdff6ac5d636a5696efe125053310d2bd512f5eb5bda54ac6421ce3365c
[INFO] running `Command { std: "docker" "create" "-v" "/var/lib/crater-agent-workspace/builds/worker-3-tc2/target:/opt/rustwide/target:rw,Z" "-v" "/var/lib/crater-agent-workspace/builds/worker-3-tc2/source:/opt/rustwide/workdir:ro,Z" "-v" "/var/lib/crater-agent-workspace/cargo-home:/opt/rustwide/cargo-home:ro,Z" "-v" "/var/lib/crater-agent-workspace/rustup-home:/opt/rustwide/rustup-home:ro,Z" "-e" "SOURCE_DIR=/opt/rustwide/workdir" "-e" "CARGO_TARGET_DIR=/opt/rustwide/target" "-e" "CARGO_INCREMENTAL=0" "-e" "RUST_BACKTRACE=full" "-e" "RUSTFLAGS=--cap-lints=warn" "-e" "RUSTDOCFLAGS=--cap-lints=warn" "-e" "CARGO_HOME=/opt/rustwide/cargo-home" "-e" "RUSTUP_HOME=/opt/rustwide/rustup-home" "-w" "/opt/rustwide/workdir" "-m" "1610612736" "--user" "0:0" "--network" "none" "ghcr.io/rust-lang/crates-build-env/linux@sha256:f3a9d4ad9d972b27faf3965f35b62e55ba32bbce8f20bc8fe909558a86702fde" "/opt/rustwide/cargo-home/bin/cargo" "+beta-2024-12-08" "build" "--frozen" "--message-format=json", kill_on_drop: false }`
[INFO] [stdout] e02ebfe667208f5d2e4e1d6cd0bfbde9bfbc3441b4da45bdc4ec89b4777081af
[INFO] running `Command { std: "docker" "start" "-a" "e02ebfe667208f5d2e4e1d6cd0bfbde9bfbc3441b4da45bdc4ec89b4777081af", kill_on_drop: false }`
[INFO] [stderr]    Compiling proc-macro2 v1.0.86
[INFO] [stderr]    Compiling unicode-ident v1.0.12
[INFO] [stderr]    Compiling serde v1.0.205
[INFO] [stderr]    Compiling utf8parse v0.2.2
[INFO] [stderr]    Compiling anstyle-query v1.1.1
[INFO] [stderr]    Compiling is_terminal_polyfill v1.70.1
[INFO] [stderr]    Compiling equivalent v1.0.1
[INFO] [stderr]    Compiling hashbrown v0.14.5
[INFO] [stderr]    Compiling rustix v0.38.34
[INFO] [stderr]    Compiling colorchoice v1.0.2
[INFO] [stderr]    Compiling anstyle v1.0.8
[INFO] [stderr]    Compiling bitflags v2.6.0
[INFO] [stderr]    Compiling winnow v0.6.18
[INFO] [stderr]    Compiling linux-raw-sys v0.4.14
[INFO] [stderr]    Compiling serde_json v1.0.122
[INFO] [stderr]    Compiling clap_lex v0.7.2
[INFO] [stderr]    Compiling strsim v0.11.1
[INFO] [stderr]    Compiling once_cell v1.19.0
[INFO] [stderr]    Compiling fastrand v2.1.0
[INFO] [stderr]    Compiling memchr v2.7.4
[INFO] [stderr]    Compiling ryu v1.0.18
[INFO] [stderr]    Compiling anstyle-parse v0.2.5
[INFO] [stderr]    Compiling itoa v1.0.11
[INFO] [stderr]    Compiling cfg-if v1.0.0
[INFO] [stderr]    Compiling anstream v0.6.15
[INFO] [stderr]    Compiling cbindgen v0.27.0 (/opt/rustwide/workdir)
[INFO] [stderr]    Compiling heck v0.4.1
[INFO] [stderr]    Compiling log v0.4.22
[INFO] [stderr]    Compiling clap_builder v4.5.15
[INFO] [stderr]    Compiling indexmap v2.3.0
[INFO] [stderr]    Compiling quote v1.0.36
[INFO] [stderr]    Compiling syn v2.0.85
[INFO] [stderr]    Compiling tempfile v3.12.0
[INFO] [stderr]    Compiling clap v4.5.15
[INFO] [stderr]    Compiling serde_derive v1.0.205
[INFO] [stderr]    Compiling toml_datetime v0.6.8
[INFO] [stderr]    Compiling serde_spanned v0.6.7
[INFO] [stderr]    Compiling toml_edit v0.22.20
[INFO] [stderr]    Compiling toml v0.8.19
[INFO] [stderr]     Finished `dev` profile [unoptimized + debuginfo] target(s) in 37.44s
[INFO] running `Command { std: "docker" "inspect" "e02ebfe667208f5d2e4e1d6cd0bfbde9bfbc3441b4da45bdc4ec89b4777081af", kill_on_drop: false }`
[INFO] running `Command { std: "docker" "rm" "-f" "e02ebfe667208f5d2e4e1d6cd0bfbde9bfbc3441b4da45bdc4ec89b4777081af", kill_on_drop: false }`
[INFO] [stdout] e02ebfe667208f5d2e4e1d6cd0bfbde9bfbc3441b4da45bdc4ec89b4777081af
[INFO] running `Command { std: "docker" "create" "-v" "/var/lib/crater-agent-workspace/builds/worker-3-tc2/target:/opt/rustwide/target:rw,Z" "-v" "/var/lib/crater-agent-workspace/builds/worker-3-tc2/source:/opt/rustwide/workdir:ro,Z" "-v" "/var/lib/crater-agent-workspace/cargo-home:/opt/rustwide/cargo-home:ro,Z" "-v" "/var/lib/crater-agent-workspace/rustup-home:/opt/rustwide/rustup-home:ro,Z" "-e" "SOURCE_DIR=/opt/rustwide/workdir" "-e" "CARGO_TARGET_DIR=/opt/rustwide/target" "-e" "CARGO_INCREMENTAL=0" "-e" "RUST_BACKTRACE=full" "-e" "RUSTFLAGS=--cap-lints=warn" "-e" "RUSTDOCFLAGS=--cap-lints=warn" "-e" "CARGO_HOME=/opt/rustwide/cargo-home" "-e" "RUSTUP_HOME=/opt/rustwide/rustup-home" "-w" "/opt/rustwide/workdir" "-m" "1610612736" "--user" "0:0" "--network" "none" "ghcr.io/rust-lang/crates-build-env/linux@sha256:f3a9d4ad9d972b27faf3965f35b62e55ba32bbce8f20bc8fe909558a86702fde" "/opt/rustwide/cargo-home/bin/cargo" "+beta-2024-12-08" "test" "--frozen" "--no-run" "--message-format=json", kill_on_drop: false }`
[INFO] [stdout] 5af58a1f21535c0b749dfa0fe6cc7d9a2e3c23e9e2408cac019491c7b4369bc3
[INFO] running `Command { std: "docker" "start" "-a" "5af58a1f21535c0b749dfa0fe6cc7d9a2e3c23e9e2408cac019491c7b4369bc3", kill_on_drop: false }`
[INFO] [stderr]    Compiling autocfg v1.3.0
[INFO] [stderr]    Compiling libc v0.2.155
[INFO] [stderr]    Compiling parking_lot_core v0.9.10
[INFO] [stderr]    Compiling scopeguard v1.2.0
[INFO] [stderr]    Compiling smallvec v1.13.2
[INFO] [stderr]    Compiling serial_test_derive v2.0.0
[INFO] [stderr]    Compiling diff v0.1.13
[INFO] [stderr]    Compiling yansi v0.5.1
[INFO] [stderr]    Compiling lazy_static v1.5.0
[INFO] [stderr]    Compiling pretty_assertions v1.4.0
[INFO] [stderr]    Compiling lock_api v0.4.12
[INFO] [stderr]    Compiling parking_lot v0.12.3
[INFO] [stderr]    Compiling dashmap v5.5.3
[INFO] [stderr]    Compiling serial_test v2.0.0
[INFO] [stderr]    Compiling cbindgen v0.27.0 (/opt/rustwide/workdir)
[INFO] [stderr]     Finished `test` profile [unoptimized + debuginfo] target(s) in 10.33s
[INFO] running `Command { std: "docker" "inspect" "5af58a1f21535c0b749dfa0fe6cc7d9a2e3c23e9e2408cac019491c7b4369bc3", kill_on_drop: false }`
[INFO] running `Command { std: "docker" "rm" "-f" "5af58a1f21535c0b749dfa0fe6cc7d9a2e3c23e9e2408cac019491c7b4369bc3", kill_on_drop: false }`
[INFO] [stdout] 5af58a1f21535c0b749dfa0fe6cc7d9a2e3c23e9e2408cac019491c7b4369bc3
[INFO] running `Command { std: "docker" "create" "-v" "/var/lib/crater-agent-workspace/builds/worker-3-tc2/target:/opt/rustwide/target:rw,Z" "-v" "/var/lib/crater-agent-workspace/builds/worker-3-tc2/source:/opt/rustwide/workdir:ro,Z" "-v" "/var/lib/crater-agent-workspace/cargo-home:/opt/rustwide/cargo-home:ro,Z" "-v" "/var/lib/crater-agent-workspace/rustup-home:/opt/rustwide/rustup-home:ro,Z" "-e" "SOURCE_DIR=/opt/rustwide/workdir" "-e" "CARGO_TARGET_DIR=/opt/rustwide/target" "-e" "CARGO_INCREMENTAL=0" "-e" "RUST_BACKTRACE=full" "-e" "RUSTFLAGS=--cap-lints=warn" "-e" "RUSTDOCFLAGS=--cap-lints=warn" "-e" "CARGO_HOME=/opt/rustwide/cargo-home" "-e" "RUSTUP_HOME=/opt/rustwide/rustup-home" "-w" "/opt/rustwide/workdir" "-m" "1610612736" "--user" "0:0" "--network" "none" "ghcr.io/rust-lang/crates-build-env/linux@sha256:f3a9d4ad9d972b27faf3965f35b62e55ba32bbce8f20bc8fe909558a86702fde" "/opt/rustwide/cargo-home/bin/cargo" "+beta-2024-12-08" "test" "--frozen", kill_on_drop: false }`
[INFO] [stdout] 6ca7ea61848c794420255e885613d86801a088e5d73c2d9a06cd8837b3f5170e
[INFO] running `Command { std: "docker" "start" "-a" "6ca7ea61848c794420255e885613d86801a088e5d73c2d9a06cd8837b3f5170e", kill_on_drop: false }`
[INFO] [stderr]     Finished `test` profile [unoptimized + debuginfo] target(s) in 0.08s
[INFO] [stderr]      Running unittests src/lib.rs (/opt/rustwide/target/debug/deps/cbindgen-141e31faf979fc93)
[INFO] [stdout] 
[INFO] [stdout] running 2 tests
[INFO] [stdout] test bindgen::mangle::generics ... ok
[INFO] [stdout] test bindgen::builder::tests::with_style ... ok
[INFO] [stdout] 
[INFO] [stdout] test result: ok. 2 passed; 0 failed; 0 ignored; 0 measured; 0 filtered out; finished in 0.01s
[INFO] [stdout] 
[INFO] [stderr]      Running unittests src/main.rs (/opt/rustwide/target/debug/deps/cbindgen-d3a6842ad4b6e7a9)
[INFO] [stdout] 
[INFO] [stdout] running 2 tests
[INFO] [stdout] test bindgen::builder::tests::with_style ... ok
[INFO] [stdout] test bindgen::mangle::generics ... ok
[INFO] [stdout] 
[INFO] [stdout] test result: ok. 2 passed; 0 failed; 0 ignored; 0 measured; 0 filtered out; finished in 0.00s
[INFO] [stdout] 
[INFO] [stderr]      Running tests/depfile.rs (/opt/rustwide/target/debug/deps/depfile-9087cdfb1503e2bf)
[INFO] [stdout] 
[INFO] [stdout] running 3 tests
[INFO] [stdout] test test_depfile_single_crate_default_config ... FAILED
[INFO] [stdout] test test_depfile_single_crate ... FAILED
[INFO] [stdout] test test_depfile_single_crate_config ... FAILED
[INFO] [stdout] 
[INFO] [stdout] failures:
[INFO] [stdout] 
[INFO] [stdout] ---- test_depfile_single_crate_default_config stdout ----
[INFO] [stdout] thread 'test_depfile_single_crate_default_config' panicked at tests/depfile.rs:31:5:
[INFO] [stdout] Configuring test project failed: stdout: `-- The C compiler identification is unknown
[INFO] [stdout] -- Detecting C compiler ABI info
[INFO] [stdout] -- Detecting C compiler ABI info - failed
[INFO] [stdout] -- Check for working C compiler: /usr/bin/cc
[INFO] [stdout] -- Check for working C compiler: /usr/bin/cc - broken
[INFO] [stdout] -- Configuring incomplete, errors occurred!
[INFO] [stdout] `, stderr: `CMake Error at /usr/share/cmake-3.22/Modules/CMakeDetermineSystem.cmake:181 (file):
[INFO] [stdout]   file failed to open for writing (No such file or directory):
[INFO] [stdout] 
[INFO] [stdout]     /opt/rustwide/workdir/tests/depfile/single_crate_default_config/build/CMakeFiles/CMakeOutput.log
[INFO] [stdout] Call Stack (most recent call first):
[INFO] [stdout]   CMakeLists.txt:3 (project)
[INFO] [stdout] 
[INFO] [stdout] 
[INFO] [stdout] CMake Error: Could not open file for write in copy operation /opt/rustwide/workdir/tests/depfile/single_crate_default_config/build/CMakeFiles/3.22.1/CMakeSystem.cmake.tmp
[INFO] [stdout] CMake Error: : System Error: No such file or directory
[INFO] [stdout] CMake Error at /usr/share/cmake-3.22/Modules/CMakeDetermineSystem.cmake:193 (configure_file):
[INFO] [stdout]   configure_file Problem configuring file
[INFO] [stdout] Call Stack (most recent call first):
[INFO] [stdout]   CMakeLists.txt:3 (project)
[INFO] [stdout] 
[INFO] [stdout] 
[INFO] [stdout] CMake Error at /usr/share/cmake-3.22/Modules/CMakeDetermineCompilerId.cmake:300 (file):
[INFO] [stdout]   file problem creating directory:
[INFO] [stdout]   /opt/rustwide/workdir/tests/depfile/single_crate_default_config/build/CMakeFiles/3.22.1/CompilerIdC
[INFO] [stdout] Call Stack (most recent call first):
[INFO] [stdout]   /usr/share/cmake-3.22/Modules/CMakeDetermineCompilerId.cmake:6 (CMAKE_DETERMINE_COMPILER_ID_BUILD)
[INFO] [stdout]   /usr/share/cmake-3.22/Modules/CMakeDetermineCompilerId.cmake:59 (__determine_compiler_id_test)
[INFO] [stdout]   /usr/share/cmake-3.22/Modules/CMakeDetermineCCompiler.cmake:123 (CMAKE_DETERMINE_COMPILER_ID)
[INFO] [stdout]   CMakeLists.txt:3 (project)
[INFO] [stdout] 
[INFO] [stdout] 
[INFO] [stdout] CMake Error at /usr/share/cmake-3.22/Modules/CMakeDetermineCompilerId.cmake:300 (file):
[INFO] [stdout]   file problem creating directory:
[INFO] [stdout]   /opt/rustwide/workdir/tests/depfile/single_crate_default_config/build/CMakeFiles/3.22.1/CompilerIdC
[INFO] [stdout] Call Stack (most recent call first):
[INFO] [stdout]   /usr/share/cmake-3.22/Modules/CMakeDetermineCompilerId.cmake:6 (CMAKE_DETERMINE_COMPILER_ID_BUILD)
[INFO] [stdout]   /usr/share/cmake-3.22/Modules/CMakeDetermineCompilerId.cmake:59 (__determine_compiler_id_test)
[INFO] [stdout]   /usr/share/cmake-3.22/Modules/CMakeDetermineCCompiler.cmake:123 (CMAKE_DETERMINE_COMPILER_ID)
[INFO] [stdout]   CMakeLists.txt:3 (project)
[INFO] [stdout] 
[INFO] [stdout] 
[INFO] [stdout] CMake Error at /usr/share/cmake-3.22/Modules/CMakeDetermineCompilerId.cmake:300 (file):
[INFO] [stdout]   file problem creating directory:
[INFO] [stdout]   /opt/rustwide/workdir/tests/depfile/single_crate_default_config/build/CMakeFiles/3.22.1/CompilerIdC
[INFO] [stdout] Call Stack (most recent call first):
[INFO] [stdout]   /usr/share/cmake-3.22/Modules/CMakeDetermineCompilerId.cmake:6 (CMAKE_DETERMINE_COMPILER_ID_BUILD)
[INFO] [stdout]   /usr/share/cmake-3.22/Modules/CMakeDetermineCompilerId.cmake:59 (__determine_compiler_id_test)
[INFO] [stdout]   /usr/share/cmake-3.22/Modules/CMakeDetermineCCompiler.cmake:123 (CMAKE_DETERMINE_COMPILER_ID)
[INFO] [stdout]   CMakeLists.txt:3 (project)
[INFO] [stdout] 
[INFO] [stdout] 
[INFO] [stdout] CMake Error at /usr/share/cmake-3.22/Modules/CMakeDetermineCompilerId.cmake:300 (file):
[INFO] [stdout]   file problem creating directory:
[INFO] [stdout]   /opt/rustwide/workdir/tests/depfile/single_crate_default_config/build/CMakeFiles/3.22.1/CompilerIdC
[INFO] [stdout] Call Stack (most recent call first):
[INFO] [stdout]   /usr/share/cmake-3.22/Modules/CMakeDetermineCompilerId.cmake:6 (CMAKE_DETERMINE_COMPILER_ID_BUILD)
[INFO] [stdout]   /usr/share/cmake-3.22/Modules/CMakeDetermineCompilerId.cmake:59 (__determine_compiler_id_test)
[INFO] [stdout]   /usr/share/cmake-3.22/Modules/CMakeDetermineCCompiler.cmake:123 (CMAKE_DETERMINE_COMPILER_ID)
[INFO] [stdout]   CMakeLists.txt:3 (project)
[INFO] [stdout] 
[INFO] [stdout] 
[INFO] [stdout] CMake Error at /usr/share/cmake-3.22/Modules/CMakeDetermineCompilerId.cmake:300 (file):
[INFO] [stdout]   file problem creating directory:
[INFO] [stdout]   /opt/rustwide/workdir/tests/depfile/single_crate_default_config/build/CMakeFiles/3.22.1/CompilerIdC
[INFO] [stdout] Call Stack (most recent call first):
[INFO] [stdout]   /usr/share/cmake-3.22/Modules/CMakeDetermineCompilerId.cmake:6 (CMAKE_DETERMINE_COMPILER_ID_BUILD)
[INFO] [stdout]   /usr/share/cmake-3.22/Modules/CMakeDetermineCompilerId.cmake:59 (__determine_compiler_id_test)
[INFO] [stdout]   /usr/share/cmake-3.22/Modules/CMakeDetermineCCompiler.cmake:123 (CMAKE_DETERMINE_COMPILER_ID)
[INFO] [stdout]   CMakeLists.txt:3 (project)
[INFO] [stdout] 
[INFO] [stdout] 
[INFO] [stdout] CMake Error at /usr/share/cmake-3.22/Modules/CMakeDetermineCompilerId.cmake:300 (file):
[INFO] [stdout]   file problem creating directory:
[INFO] [stdout]   /opt/rustwide/workdir/tests/depfile/single_crate_default_config/build/CMakeFiles/3.22.1/CompilerIdC
[INFO] [stdout] Call Stack (most recent call first):
[INFO] [stdout]   /usr/share/cmake-3.22/Modules/CMakeDetermineCompilerId.cmake:6 (CMAKE_DETERMINE_COMPILER_ID_BUILD)
[INFO] [stdout]   /usr/share/cmake-3.22/Modules/CMakeDetermineCompilerId.cmake:59 (__determine_compiler_id_test)
[INFO] [stdout]   /usr/share/cmake-3.22/Modules/CMakeDetermineCCompiler.cmake:123 (CMAKE_DETERMINE_COMPILER_ID)
[INFO] [stdout]   CMakeLists.txt:3 (project)
[INFO] [stdout] 
[INFO] [stdout] 
[INFO] [stdout] CMake Error at /usr/share/cmake-3.22/Modules/CMakeDetermineCompilerId.cmake:300 (file):
[INFO] [stdout]   file problem creating directory:
[INFO] [stdout]   /opt/rustwide/workdir/tests/depfile/single_crate_default_config/build/CMakeFiles/3.22.1/CompilerIdC
[INFO] [stdout] Call Stack (most recent call first):
[INFO] [stdout]   /usr/share/cmake-3.22/Modules/CMakeDetermineCompilerId.cmake:6 (CMAKE_DETERMINE_COMPILER_ID_BUILD)
[INFO] [stdout]   /usr/share/cmake-3.22/Modules/CMakeDetermineCompilerId.cmake:59 (__determine_compiler_id_test)
[INFO] [stdout]   /usr/share/cmake-3.22/Modules/CMakeDetermineCCompiler.cmake:123 (CMAKE_DETERMINE_COMPILER_ID)
[INFO] [stdout]   CMakeLists.txt:3 (project)
[INFO] [stdout] 
[INFO] [stdout] 
[INFO] [stdout] CMake Error at /usr/share/cmake-3.22/Modules/CMakeDetermineCompilerId.cmake:300 (file):
[INFO] [stdout]   file problem creating directory:
[INFO] [stdout]   /opt/rustwide/workdir/tests/depfile/single_crate_default_config/build/CMakeFiles/3.22.1/CompilerIdC
[INFO] [stdout] Call Stack (most recent call first):
[INFO] [stdout]   /usr/share/cmake-3.22/Modules/CMakeDetermineCompilerId.cmake:6 (CMAKE_DETERMINE_COMPILER_ID_BUILD)
[INFO] [stdout]   /usr/share/cmake-3.22/Modules/CMakeDetermineCompilerId.cmake:59 (__determine_compiler_id_test)
[INFO] [stdout]   /usr/share/cmake-3.22/Modules/CMakeDetermineCCompiler.cmake:123 (CMAKE_DETERMINE_COMPILER_ID)
[INFO] [stdout]   CMakeLists.txt:3 (project)
[INFO] [stdout] 
[INFO] [stdout] 
[INFO] [stdout] CMake Error at /usr/share/cmake-3.22/Modules/CMakeDetermineCompilerId.cmake:300 (file):
[INFO] [stdout]   file problem creating directory:
[INFO] [stdout]   /opt/rustwide/workdir/tests/depfile/single_crate_default_config/build/CMakeFiles/3.22.1/CompilerIdC
[INFO] [stdout] Call Stack (most recent call first):
[INFO] [stdout]   /usr/share/cmake-3.22/Modules/CMakeDetermineCompilerId.cmake:6 (CMAKE_DETERMINE_COMPILER_ID_BUILD)
[INFO] [stdout]   /usr/share/cmake-3.22/Modules/CMakeDetermineCompilerId.cmake:59 (__determine_compiler_id_test)
[INFO] [stdout]   /usr/share/cmake-3.22/Modules/CMakeDetermineCCompiler.cmake:123 (CMAKE_DETERMINE_COMPILER_ID)
[INFO] [stdout]   CMakeLists.txt:3 (project)
[INFO] [stdout] 
[INFO] [stdout] 
[INFO] [stdout] CMake Error at /usr/share/cmake-3.22/Modules/CMakeDetermineCompilerId.cmake:300 (file):
[INFO] [stdout]   file problem creating directory:
[INFO] [stdout]   /opt/rustwide/workdir/tests/depfile/single_crate_default_config/build/CMakeFiles/3.22.1/CompilerIdC
[INFO] [stdout] Call Stack (most recent call first):
[INFO] [stdout]   /usr/share/cmake-3.22/Modules/CMakeDetermineCompilerId.cmake:6 (CMAKE_DETERMINE_COMPILER_ID_BUILD)
[INFO] [stdout]   /usr/share/cmake-3.22/Modules/CMakeDetermineCompilerId.cmake:59 (__determine_compiler_id_test)
[INFO] [stdout]   /usr/share/cmake-3.22/Modules/CMakeDetermineCCompiler.cmake:123 (CMAKE_DETERMINE_COMPILER_ID)
[INFO] [stdout]   CMakeLists.txt:3 (project)
[INFO] [stdout] 
[INFO] [stdout] 
[INFO] [stdout] CMake Error at /usr/share/cmake-3.22/Modules/CMakeDetermineCompilerId.cmake:300 (file):
[INFO] [stdout]   file problem creating directory:
[INFO] [stdout]   /opt/rustwide/workdir/tests/depfile/single_crate_default_config/build/CMakeFiles/3.22.1/CompilerIdC
[INFO] [stdout] Call Stack (most recent call first):
[INFO] [stdout]   /usr/share/cmake-3.22/Modules/CMakeDetermineCompilerId.cmake:6 (CMAKE_DETERMINE_COMPILER_ID_BUILD)
[INFO] [stdout]   /usr/share/cmake-3.22/Modules/CMakeDetermineCompilerId.cmake:59 (__determine_compiler_id_test)
[INFO] [stdout]   /usr/share/cmake-3.22/Modules/CMakeDetermineCCompiler.cmake:123 (CMAKE_DETERMINE_COMPILER_ID)
[INFO] [stdout]   CMakeLists.txt:3 (project)
[INFO] [stdout] 
[INFO] [stdout] 
[INFO] [stdout] CMake Error at /usr/share/cmake-3.22/Modules/CMakeDetermineCompilerId.cmake:300 (file):
[INFO] [stdout]   file problem creating directory:
[INFO] [stdout]   /opt/rustwide/workdir/tests/depfile/single_crate_default_config/build/CMakeFiles/3.22.1/CompilerIdC
[INFO] [stdout] Call Stack (most recent call first):
[INFO] [stdout]   /usr/share/cmake-3.22/Modules/CMakeDetermineCompilerId.cmake:6 (CMAKE_DETERMINE_COMPILER_ID_BUILD)
[INFO] [stdout]   /usr/share/cmake-3.22/Modules/CMakeDetermineCompilerId.cmake:59 (__determine_compiler_id_test)
[INFO] [stdout]   /usr/share/cmake-3.22/Modules/CMakeDetermineCCompiler.cmake:123 (CMAKE_DETERMINE_COMPILER_ID)
[INFO] [stdout]   CMakeLists.txt:3 (project)
[INFO] [stdout] 
[INFO] [stdout] 
[INFO] [stdout] CMake Error at /usr/share/cmake-3.22/Modules/CMakeDetermineCompilerId.cmake:1075 (file):
[INFO] [stdout]   file failed to open for writing (No such file or directory):
[INFO] [stdout] 
[INFO] [stdout]     /opt/rustwide/workdir/tests/depfile/single_crate_default_config/build/CMakeFiles/CMakeError.log
[INFO] [stdout] Call Stack (most recent call first):
[INFO] [stdout]   /usr/share/cmake-3.22/Modules/CMakeDetermineCompilerId.cmake:81 (CMAKE_DETERMINE_COMPILER_ID_VENDOR)
[INFO] [stdout]   /usr/share/cmake-3.22/Modules/CMakeDetermineCCompiler.cmake:123 (CMAKE_DETERMINE_COMPILER_ID)
[INFO] [stdout]   CMakeLists.txt:3 (project)
[INFO] [stdout] 
[INFO] [stdout] 
[INFO] [stdout] CMake Error at /usr/share/cmake-3.22/Modules/CMakeDetermineCompilerId.cmake:1075 (file):
[INFO] [stdout]   file failed to open for writing (No such file or directory):
[INFO] [stdout] 
[INFO] [stdout]     /opt/rustwide/workdir/tests/depfile/single_crate_default_config/build/CMakeFiles/CMakeError.log
[INFO] [stdout] Call Stack (most recent call first):
[INFO] [stdout]   /usr/share/cmake-3.22/Modules/CMakeDetermineCompilerId.cmake:81 (CMAKE_DETERMINE_COMPILER_ID_VENDOR)
[INFO] [stdout]   /usr/share/cmake-3.22/Modules/CMakeDetermineCCompiler.cmake:123 (CMAKE_DETERMINE_COMPILER_ID)
[INFO] [stdout]   CMakeLists.txt:3 (project)
[INFO] [stdout] 
[INFO] [stdout] 
[INFO] [stdout] CMake Error: Could not open file for write in copy operation /opt/rustwide/workdir/tests/depfile/single_crate_default_config/build/CMakeFiles/3.22.1/CMakeCCompiler.cmake.tmp
[INFO] [stdout] CMake Error: : System Error: No such file or directory
[INFO] [stdout] CMake Error at /usr/share/cmake-3.22/Modules/CMakeDetermineCCompiler.cmake:226 (configure_file):
[INFO] [stdout]   configure_file Problem configuring file
[INFO] [stdout] Call Stack (most recent call first):
[INFO] [stdout]   CMakeLists.txt:3 (project)
[INFO] [stdout] 
[INFO] [stdout] 
[INFO] [stdout] CMake Error: Could not find cmake module file: /opt/rustwide/workdir/tests/depfile/single_crate_default_config/build/CMakeFiles/3.22.1/CMakeCCompiler.cmake
[INFO] [stdout] CMake Error at /usr/share/cmake-3.22/Modules/CMakeDetermineCompilerABI.cmake:49 (try_compile):
[INFO] [stdout]   Unknown extension ".c" for file
[INFO] [stdout] 
[INFO] [stdout]     /usr/share/cmake-3.22/Modules/CMakeCCompilerABI.c
[INFO] [stdout] 
[INFO] [stdout]   try_compile() works only for enabled languages.  Currently these are:
[INFO] [stdout] 
[INFO] [stdout]     C
[INFO] [stdout] 
[INFO] [stdout]   See project() command to enable other languages.
[INFO] [stdout] Call Stack (most recent call first):
[INFO] [stdout]   /usr/share/cmake-3.22/Modules/CMakeTestCCompiler.cmake:26 (CMAKE_DETERMINE_COMPILER_ABI)
[INFO] [stdout]   CMakeLists.txt:3 (project)
[INFO] [stdout] 
[INFO] [stdout] 
[INFO] [stdout] CMake Error at /usr/share/cmake-3.22/Modules/CMakeDetermineCompilerABI.cmake:188 (file):
[INFO] [stdout]   file failed to open for writing (No such file or directory):
[INFO] [stdout] 
[INFO] [stdout]     /opt/rustwide/workdir/tests/depfile/single_crate_default_config/build/CMakeFiles/CMakeError.log
[INFO] [stdout] Call Stack (most recent call first):
[INFO] [stdout]   /usr/share/cmake-3.22/Modules/CMakeTestCCompiler.cmake:26 (CMAKE_DETERMINE_COMPILER_ABI)
[INFO] [stdout]   CMakeLists.txt:3 (project)
[INFO] [stdout] 
[INFO] [stdout] 
[INFO] [stdout] CMake Error at /usr/share/cmake-3.22/Modules/CMakeTestCCompiler.cmake:41 (file):
[INFO] [stdout]   file failed to open for writing (No such file or directory):
[INFO] [stdout] 
[INFO] [stdout]     /opt/rustwide/workdir/tests/depfile/single_crate_default_config/build/CMakeFiles/CMakeTmp/testCCompiler.c
[INFO] [stdout] Call Stack (most recent call first):
[INFO] [stdout]   CMakeLists.txt:3 (project)
[INFO] [stdout] 
[INFO] [stdout] 
[INFO] [stdout] CMake Error at /usr/share/cmake-3.22/Modules/CMakeTestCCompiler.cmake:56 (try_compile):
[INFO] [stdout]   Unknown extension ".c" for file
[INFO] [stdout] 
[INFO] [stdout]     /opt/rustwide/workdir/tests/depfile/single_crate_default_config/build/CMakeFiles/CMakeTmp/testCCompiler.c
[INFO] [stdout] 
[INFO] [stdout]   try_compile() works only for enabled languages.  Currently these are:
[INFO] [stdout] 
[INFO] [stdout]     C
[INFO] [stdout] 
[INFO] [stdout]   See project() command to enable other languages.
[INFO] [stdout] Call Stack (most recent call first):
[INFO] [stdout]   CMakeLists.txt:3 (project)
[INFO] [stdout] 
[INFO] [stdout] 
[INFO] [stdout] CMake Error at /usr/share/cmake-3.22/Modules/CMakeTestCCompiler.cmake:65 (file):
[INFO] [stdout]   file failed to open for writing (No such file or directory):
[INFO] [stdout] 
[INFO] [stdout]     /opt/rustwide/workdir/tests/depfile/single_crate_default_config/build/CMakeFiles/CMakeError.log
[INFO] [stdout] Call Stack (most recent call first):
[INFO] [stdout]   CMakeLists.txt:3 (project)
[INFO] [stdout] 
[INFO] [stdout] 
[INFO] [stdout] CMake Error at /usr/share/cmake-3.22/Modules/CMakeTestCCompiler.cmake:69 (message):
[INFO] [stdout]   The C compiler
[INFO] [stdout] 
[INFO] [stdout]     "/usr/bin/cc"
[INFO] [stdout] 
[INFO] [stdout]   is not able to compile a simple test program.
[INFO] [stdout] 
[INFO] [stdout]   It fails with the following output:
[INFO] [stdout] 
[INFO] [stdout]     
[INFO] [stdout] 
[INFO] [stdout]   
[INFO] [stdout] 
[INFO] [stdout]   CMake will not be able to correctly generate this project.
[INFO] [stdout] Call Stack (most recent call first):
[INFO] [stdout]   CMakeLists.txt:3 (project)
[INFO] [stdout] 
[INFO] [stdout] 
[INFO] [stdout] CMake Error: Cannot open file for write: /opt/rustwide/workdir/tests/depfile/single_crate_default_config/build/CMakeCache.txt.tmp38f87
[INFO] [stdout] CMake Error: : System Error: No such file or directory
[INFO] [stdout] CMake Error: Unable to open cache file for save. /opt/rustwide/workdir/tests/depfile/single_crate_default_config/build/CMakeCache.txt
[INFO] [stdout] CMake Error: : System Error: No such file or directory
[INFO] [stdout] `
[INFO] [stdout] stack backtrace:
[INFO] [stdout]    0:     0x64f30df142ea - std::backtrace_rs::backtrace::libunwind::trace::h8810477743020387
[INFO] [stdout]                                at /rustc/202008a1b8de96d2e5b6bc02d379db03a877d34d/library/std/src/../../backtrace/src/backtrace/libunwind.rs:116:5
[INFO] [stdout]    1:     0x64f30df142ea - std::backtrace_rs::backtrace::trace_unsynchronized::h3aa55355dd6c54a6
[INFO] [stdout]                                at /rustc/202008a1b8de96d2e5b6bc02d379db03a877d34d/library/std/src/../../backtrace/src/backtrace/mod.rs:66:5
[INFO] [stdout]    2:     0x64f30df142ea - std::sys::backtrace::_print_fmt::h8588b0f62410823f
[INFO] [stdout]                                at /rustc/202008a1b8de96d2e5b6bc02d379db03a877d34d/library/std/src/sys/backtrace.rs:66:9
[INFO] [stdout]    3:     0x64f30df142ea - <std::sys::backtrace::BacktraceLock::print::DisplayBacktrace as core::fmt::Display>::fmt::h98c26ac25ffe89bb
[INFO] [stdout]                                at /rustc/202008a1b8de96d2e5b6bc02d379db03a877d34d/library/std/src/sys/backtrace.rs:39:26
[INFO] [stdout]    4:     0x64f30df3a9d3 - core::fmt::rt::Argument::fmt::hf95377f4aebd453b
[INFO] [stdout]                                at /rustc/202008a1b8de96d2e5b6bc02d379db03a877d34d/library/core/src/fmt/rt.rs:177:76
[INFO] [stdout]    5:     0x64f30df3a9d3 - core::fmt::write::h0dd5f6e2238c7982
[INFO] [stdout]                                at /rustc/202008a1b8de96d2e5b6bc02d379db03a877d34d/library/core/src/fmt/mod.rs:1189:21
[INFO] [stdout]    6:     0x64f30df111d3 - std::io::Write::write_fmt::h03bb0ca26e6faf8c
[INFO] [stdout]                                at /rustc/202008a1b8de96d2e5b6bc02d379db03a877d34d/library/std/src/io/mod.rs:1884:15
[INFO] [stdout]    7:     0x64f30df14132 - std::sys::backtrace::BacktraceLock::print::h5c19c1c038ee186d
[INFO] [stdout]                                at /rustc/202008a1b8de96d2e5b6bc02d379db03a877d34d/library/std/src/sys/backtrace.rs:42:9
[INFO] [stdout]    8:     0x64f30df1576d - std::panicking::default_hook::{{closure}}::h77172f079a1fcb13
[INFO] [stdout]                                at /rustc/202008a1b8de96d2e5b6bc02d379db03a877d34d/library/std/src/panicking.rs:268:22
[INFO] [stdout]    9:     0x64f30df15577 - std::panicking::default_hook::he5f8e3b203ccddba
[INFO] [stdout]                                at /rustc/202008a1b8de96d2e5b6bc02d379db03a877d34d/library/std/src/panicking.rs:292:9
[INFO] [stdout]   10:     0x64f30dede277 - <alloc::boxed::Box<F,A> as core::ops::function::Fn<Args>>::call::h7a3c7b4a1ae77f2f
[INFO] [stdout]                                at /rustc/202008a1b8de96d2e5b6bc02d379db03a877d34d/library/alloc/src/boxed.rs:1986:9
[INFO] [stdout]   11:     0x64f30dede277 - test::test_main::{{closure}}::hf0d3b69ae9b353d1
[INFO] [stdout]                                at /rustc/202008a1b8de96d2e5b6bc02d379db03a877d34d/library/test/src/lib.rs:134:21
[INFO] [stdout]   12:     0x64f30df15e18 - <alloc::boxed::Box<F,A> as core::ops::function::Fn<Args>>::call::h6332e82e7b189abd
[INFO] [stdout]                                at /rustc/202008a1b8de96d2e5b6bc02d379db03a877d34d/library/alloc/src/boxed.rs:1986:9
[INFO] [stdout]   13:     0x64f30df15e18 - std::panicking::rust_panic_with_hook::h53863d4e9018df39
[INFO] [stdout]                                at /rustc/202008a1b8de96d2e5b6bc02d379db03a877d34d/library/std/src/panicking.rs:809:13
[INFO] [stdout]   14:     0x64f30df15bda - std::panicking::begin_panic_handler::{{closure}}::h67280e6fa0757873
[INFO] [stdout]                                at /rustc/202008a1b8de96d2e5b6bc02d379db03a877d34d/library/std/src/panicking.rs:674:13
[INFO] [stdout]   15:     0x64f30df147c9 - std::sys::backtrace::__rust_end_short_backtrace::h1dac3f54d6fbbeb2
[INFO] [stdout]                                at /rustc/202008a1b8de96d2e5b6bc02d379db03a877d34d/library/std/src/sys/backtrace.rs:170:18
[INFO] [stdout]   16:     0x64f30df1586c - rust_begin_unwind
[INFO] [stdout]                                at /rustc/202008a1b8de96d2e5b6bc02d379db03a877d34d/library/std/src/panicking.rs:665:5
[INFO] [stdout]   17:     0x64f30de91b50 - core::panicking::panic_fmt::h6792bd1b2bf01041
[INFO] [stdout]                                at /rustc/202008a1b8de96d2e5b6bc02d379db03a877d34d/library/core/src/panicking.rs:76:14
[INFO] [stdout]   18:     0x64f30dea077e - depfile::test_project::h6be48f6a692e1499
[INFO] [stdout]                                at /opt/rustwide/workdir/tests/depfile.rs:31:5
[INFO] [stdout]   19:     0x64f30dea1a22 - depfile::test_depfile_single_crate_default_config::h09f47f1f666b16cb
[INFO] [stdout]                                at /opt/rustwide/workdir/tests/depfile.rs:110:13
[INFO] [stdout]   20:     0x64f30dea19f7 - depfile::test_depfile_single_crate_default_config::{{closure}}::hb7904d220ee0fff3
[INFO] [stdout]                                at /opt/rustwide/workdir/tests/depfile.rs:109:33
[INFO] [stdout]   21:     0x64f30de967a6 - core::ops::function::FnOnce::call_once::h3285864221d3456f
[INFO] [stdout]                                at /rustc/202008a1b8de96d2e5b6bc02d379db03a877d34d/library/core/src/ops/function.rs:250:5
[INFO] [stdout]   22:     0x64f30dee2d9b - core::ops::function::FnOnce::call_once::h871bf86719ec9aa4
[INFO] [stdout]                                at /rustc/202008a1b8de96d2e5b6bc02d379db03a877d34d/library/core/src/ops/function.rs:250:5
[INFO] [stdout]   23:     0x64f30dee2d9b - test::__rust_begin_short_backtrace::h2167df1e2b7d76fd
[INFO] [stdout]                                at /rustc/202008a1b8de96d2e5b6bc02d379db03a877d34d/library/test/src/lib.rs:632:18
[INFO] [stdout]   24:     0x64f30dee2788 - test::run_test_in_process::{{closure}}::h15d92f75a3adfb79
[INFO] [stdout]                                at /rustc/202008a1b8de96d2e5b6bc02d379db03a877d34d/library/test/src/lib.rs:655:60
[INFO] [stdout]   25:     0x64f30dee2788 - <core::panic::unwind_safe::AssertUnwindSafe<F> as core::ops::function::FnOnce<()>>::call_once::hb6c8955835a8dbbb
[INFO] [stdout]                                at /rustc/202008a1b8de96d2e5b6bc02d379db03a877d34d/library/core/src/panic/unwind_safe.rs:272:9
[INFO] [stdout]   26:     0x64f30dee2788 - std::panicking::try::do_call::hc79d0fc888a0bd30
[INFO] [stdout]                                at /rustc/202008a1b8de96d2e5b6bc02d379db03a877d34d/library/std/src/panicking.rs:557:40
[INFO] [stdout]   27:     0x64f30dee2788 - std::panicking::try::hb8a7878e3a8589d6
[INFO] [stdout]                                at /rustc/202008a1b8de96d2e5b6bc02d379db03a877d34d/library/std/src/panicking.rs:520:19
[INFO] [stdout]   28:     0x64f30dee2788 - std::panic::catch_unwind::hb8e4600ff0ff5cfa
[INFO] [stdout]                                at /rustc/202008a1b8de96d2e5b6bc02d379db03a877d34d/library/std/src/panic.rs:358:14
[INFO] [stdout]   29:     0x64f30dee2788 - test::run_test_in_process::hc2900b0b18688dd6
[INFO] [stdout]                                at /rustc/202008a1b8de96d2e5b6bc02d379db03a877d34d/library/test/src/lib.rs:655:27
[INFO] [stdout]   30:     0x64f30dee2788 - test::run_test::{{closure}}::hac2a9cb07be3d48d
[INFO] [stdout]                                at /rustc/202008a1b8de96d2e5b6bc02d379db03a877d34d/library/test/src/lib.rs:576:43
[INFO] [stdout]   31:     0x64f30dea622a - test::run_test::{{closure}}::h4a5b729e66a38cd8
[INFO] [stdout]                                at /rustc/202008a1b8de96d2e5b6bc02d379db03a877d34d/library/test/src/lib.rs:606:41
[INFO] [stdout]   32:     0x64f30dea622a - std::sys::backtrace::__rust_begin_short_backtrace::h0496fb742492f573
[INFO] [stdout]                                at /rustc/202008a1b8de96d2e5b6bc02d379db03a877d34d/library/std/src/sys/backtrace.rs:154:18
[INFO] [stdout]   33:     0x64f30dea9ba4 - std::thread::Builder::spawn_unchecked_::{{closure}}::{{closure}}::hbb6d257c550a54bd
[INFO] [stdout]                                at /rustc/202008a1b8de96d2e5b6bc02d379db03a877d34d/library/std/src/thread/mod.rs:561:17
[INFO] [stdout]   34:     0x64f30dea9ba4 - <core::panic::unwind_safe::AssertUnwindSafe<F> as core::ops::function::FnOnce<()>>::call_once::h46696fe4a6832328
[INFO] [stdout]                                at /rustc/202008a1b8de96d2e5b6bc02d379db03a877d34d/library/core/src/panic/unwind_safe.rs:272:9
[INFO] [stdout]   35:     0x64f30dea9ba4 - std::panicking::try::do_call::h2625a51b667bfb64
[INFO] [stdout]                                at /rustc/202008a1b8de96d2e5b6bc02d379db03a877d34d/library/std/src/panicking.rs:557:40
[INFO] [stdout]   36:     0x64f30dea9ba4 - std::panicking::try::hb956a59a1973aa4c
[INFO] [stdout]                                at /rustc/202008a1b8de96d2e5b6bc02d379db03a877d34d/library/std/src/panicking.rs:520:19
[INFO] [stdout]   37:     0x64f30dea9ba4 - std::panic::catch_unwind::h64f3b9d1067ef6a0
[INFO] [stdout]                                at /rustc/202008a1b8de96d2e5b6bc02d379db03a877d34d/library/std/src/panic.rs:358:14
[INFO] [stdout]   38:     0x64f30dea9ba4 - std::thread::Builder::spawn_unchecked_::{{closure}}::h42b2841295b6c0b2
[INFO] [stdout]                                at /rustc/202008a1b8de96d2e5b6bc02d379db03a877d34d/library/std/src/thread/mod.rs:559:30
[INFO] [stdout]   39:     0x64f30dea9ba4 - core::ops::function::FnOnce::call_once{{vtable.shim}}::h6127de71b8124639
[INFO] [stdout]                                at /rustc/202008a1b8de96d2e5b6bc02d379db03a877d34d/library/core/src/ops/function.rs:250:5
[INFO] [stdout]   40:     0x64f30df1a86b - <alloc::boxed::Box<F,A> as core::ops::function::FnOnce<Args>>::call_once::h42f0ba71002a1b2c
[INFO] [stdout]                                at /rustc/202008a1b8de96d2e5b6bc02d379db03a877d34d/library/alloc/src/boxed.rs:1972:9
[INFO] [stdout]   41:     0x64f30df1a86b - <alloc::boxed::Box<F,A> as core::ops::function::FnOnce<Args>>::call_once::had9e47d7a3dcecb8
[INFO] [stdout]                                at /rustc/202008a1b8de96d2e5b6bc02d379db03a877d34d/library/alloc/src/boxed.rs:1972:9
[INFO] [stdout]   42:     0x64f30df1a86b - std::sys::pal::unix::thread::Thread::new::thread_start::h48cf765408f6f5f2
[INFO] [stdout]                                at /rustc/202008a1b8de96d2e5b6bc02d379db03a877d34d/library/std/src/sys/pal/unix/thread.rs:105:17
[INFO] [stdout]   43:     0x782cd6ca4ac3 - <unknown>
[INFO] [stdout]   44:     0x782cd6d35a04 - clone
[INFO] [stdout]   45:                0x0 - <unknown>
[INFO] [stdout] 
[INFO] [stdout] ---- test_depfile_single_crate stdout ----
[INFO] [stdout] thread 'test_depfile_single_crate' panicked at tests/depfile.rs:31:5:
[INFO] [stdout] Configuring test project failed: stdout: `-- The C compiler identification is unknown
[INFO] [stdout] -- Detecting C compiler ABI info
[INFO] [stdout] -- Detecting C compiler ABI info - failed
[INFO] [stdout] -- Check for working C compiler: /usr/bin/cc
[INFO] [stdout] -- Check for working C compiler: /usr/bin/cc - broken
[INFO] [stdout] -- Configuring incomplete, errors occurred!
[INFO] [stdout] `, stderr: `CMake Error at /usr/share/cmake-3.22/Modules/CMakeDetermineSystem.cmake:181 (file):
[INFO] [stdout]   file failed to open for writing (No such file or directory):
[INFO] [stdout] 
[INFO] [stdout]     /opt/rustwide/workdir/tests/depfile/single_crate/build/CMakeFiles/CMakeOutput.log
[INFO] [stdout] Call Stack (most recent call first):
[INFO] [stdout]   CMakeLists.txt:3 (project)
[INFO] [stdout] 
[INFO] [stdout] 
[INFO] [stdout] CMake Error: Could not open file for write in copy operation /opt/rustwide/workdir/tests/depfile/single_crate/build/CMakeFiles/3.22.1/CMakeSystem.cmake.tmp
[INFO] [stdout] CMake Error: : System Error: No such file or directory
[INFO] [stdout] CMake Error at /usr/share/cmake-3.22/Modules/CMakeDetermineSystem.cmake:193 (configure_file):
[INFO] [stdout]   configure_file Problem configuring file
[INFO] [stdout] Call Stack (most recent call first):
[INFO] [stdout]   CMakeLists.txt:3 (project)
[INFO] [stdout] 
[INFO] [stdout] 
[INFO] [stdout] CMake Error at /usr/share/cmake-3.22/Modules/CMakeDetermineCompilerId.cmake:300 (file):
[INFO] [stdout]   file problem creating directory:
[INFO] [stdout]   /opt/rustwide/workdir/tests/depfile/single_crate/build/CMakeFiles/3.22.1/CompilerIdC
[INFO] [stdout] Call Stack (most recent call first):
[INFO] [stdout]   /usr/share/cmake-3.22/Modules/CMakeDetermineCompilerId.cmake:6 (CMAKE_DETERMINE_COMPILER_ID_BUILD)
[INFO] [stdout]   /usr/share/cmake-3.22/Modules/CMakeDetermineCompilerId.cmake:59 (__determine_compiler_id_test)
[INFO] [stdout]   /usr/share/cmake-3.22/Modules/CMakeDetermineCCompiler.cmake:123 (CMAKE_DETERMINE_COMPILER_ID)
[INFO] [stdout]   CMakeLists.txt:3 (project)
[INFO] [stdout] 
[INFO] [stdout] 
[INFO] [stdout] CMake Error at /usr/share/cmake-3.22/Modules/CMakeDetermineCompilerId.cmake:300 (file):
[INFO] [stdout]   file problem creating directory:
[INFO] [stdout]   /opt/rustwide/workdir/tests/depfile/single_crate/build/CMakeFiles/3.22.1/CompilerIdC
[INFO] [stdout] Call Stack (most recent call first):
[INFO] [stdout]   /usr/share/cmake-3.22/Modules/CMakeDetermineCompilerId.cmake:6 (CMAKE_DETERMINE_COMPILER_ID_BUILD)
[INFO] [stdout]   /usr/share/cmake-3.22/Modules/CMakeDetermineCompilerId.cmake:59 (__determine_compiler_id_test)
[INFO] [stdout]   /usr/share/cmake-3.22/Modules/CMakeDetermineCCompiler.cmake:123 (CMAKE_DETERMINE_COMPILER_ID)
[INFO] [stdout]   CMakeLists.txt:3 (project)
[INFO] [stdout] 
[INFO] [stdout] 
[INFO] [stdout] CMake Error at /usr/share/cmake-3.22/Modules/CMakeDetermineCompilerId.cmake:300 (file):
[INFO] [stdout]   file problem creating directory:
[INFO] [stdout]   /opt/rustwide/workdir/tests/depfile/single_crate/build/CMakeFiles/3.22.1/CompilerIdC
[INFO] [stdout] Call Stack (most recent call first):
[INFO] [stdout]   /usr/share/cmake-3.22/Modules/CMakeDetermineCompilerId.cmake:6 (CMAKE_DETERMINE_COMPILER_ID_BUILD)
[INFO] [stdout]   /usr/share/cmake-3.22/Modules/CMakeDetermineCompilerId.cmake:59 (__determine_compiler_id_test)
[INFO] [stdout]   /usr/share/cmake-3.22/Modules/CMakeDetermineCCompiler.cmake:123 (CMAKE_DETERMINE_COMPILER_ID)
[INFO] [stdout]   CMakeLists.txt:3 (project)
[INFO] [stdout] 
[INFO] [stdout] 
[INFO] [stdout] CMake Error at /usr/share/cmake-3.22/Modules/CMakeDetermineCompilerId.cmake:300 (file):
[INFO] [stdout]   file problem creating directory:
[INFO] [stdout]   /opt/rustwide/workdir/tests/depfile/single_crate/build/CMakeFiles/3.22.1/CompilerIdC
[INFO] [stdout] Call Stack (most recent call first):
[INFO] [stdout]   /usr/share/cmake-3.22/Modules/CMakeDetermineCompilerId.cmake:6 (CMAKE_DETERMINE_COMPILER_ID_BUILD)
[INFO] [stdout]   /usr/share/cmake-3.22/Modules/CMakeDetermineCompilerId.cmake:59 (__determine_compiler_id_test)
[INFO] [stdout]   /usr/share/cmake-3.22/Modules/CMakeDetermineCCompiler.cmake:123 (CMAKE_DETERMINE_COMPILER_ID)
[INFO] [stdout]   CMakeLists.txt:3 (project)
[INFO] [stdout] 
[INFO] [stdout] 
[INFO] [stdout] CMake Error at /usr/share/cmake-3.22/Modules/CMakeDetermineCompilerId.cmake:300 (file):
[INFO] [stdout]   file problem creating directory:
[INFO] [stdout]   /opt/rustwide/workdir/tests/depfile/single_crate/build/CMakeFiles/3.22.1/CompilerIdC
[INFO] [stdout] Call Stack (most recent call first):
[INFO] [stdout]   /usr/share/cmake-3.22/Modules/CMakeDetermineCompilerId.cmake:6 (CMAKE_DETERMINE_COMPILER_ID_BUILD)
[INFO] [stdout]   /usr/share/cmake-3.22/Modules/CMakeDetermineCompilerId.cmake:59 (__determine_compiler_id_test)
[INFO] [stdout]   /usr/share/cmake-3.22/Modules/CMakeDetermineCCompiler.cmake:123 (CMAKE_DETERMINE_COMPILER_ID)
[INFO] [stdout]   CMakeLists.txt:3 (project)
[INFO] [stdout] 
[INFO] [stdout] 
[INFO] [stdout] CMake Error at /usr/share/cmake-3.22/Modules/CMakeDetermineCompilerId.cmake:300 (file):
[INFO] [stdout]   file problem creating directory:
[INFO] [stdout]   /opt/rustwide/workdir/tests/depfile/single_crate/build/CMakeFiles/3.22.1/CompilerIdC
[INFO] [stdout] Call Stack (most recent call first):
[INFO] [stdout]   /usr/share/cmake-3.22/Modules/CMakeDetermineCompilerId.cmake:6 (CMAKE_DETERMINE_COMPILER_ID_BUILD)
[INFO] [stdout]   /usr/share/cmake-3.22/Modules/CMakeDetermineCompilerId.cmake:59 (__determine_compiler_id_test)
[INFO] [stdout]   /usr/share/cmake-3.22/Modules/CMakeDetermineCCompiler.cmake:123 (CMAKE_DETERMINE_COMPILER_ID)
[INFO] [stdout]   CMakeLists.txt:3 (project)
[INFO] [stdout] 
[INFO] [stdout] 
[INFO] [stdout] CMake Error at /usr/share/cmake-3.22/Modules/CMakeDetermineCompilerId.cmake:300 (file):
[INFO] [stdout]   file problem creating directory:
[INFO] [stdout]   /opt/rustwide/workdir/tests/depfile/single_crate/build/CMakeFiles/3.22.1/CompilerIdC
[INFO] [stdout] Call Stack (most recent call first):
[INFO] [stdout]   /usr/share/cmake-3.22/Modules/CMakeDetermineCompilerId.cmake:6 (CMAKE_DETERMINE_COMPILER_ID_BUILD)
[INFO] [stdout]   /usr/share/cmake-3.22/Modules/CMakeDetermineCompilerId.cmake:59 (__determine_compiler_id_test)
[INFO] [stdout]   /usr/share/cmake-3.22/Modules/CMakeDetermineCCompiler.cmake:123 (CMAKE_DETERMINE_COMPILER_ID)
[INFO] [stdout]   CMakeLists.txt:3 (project)
[INFO] [stdout] 
[INFO] [stdout] 
[INFO] [stdout] CMake Error at /usr/share/cmake-3.22/Modules/CMakeDetermineCompilerId.cmake:300 (file):
[INFO] [stdout]   file problem creating directory:
[INFO] [stdout]   /opt/rustwide/workdir/tests/depfile/single_crate/build/CMakeFiles/3.22.1/CompilerIdC
[INFO] [stdout] Call Stack (most recent call first):
[INFO] [stdout]   /usr/share/cmake-3.22/Modules/CMakeDetermineCompilerId.cmake:6 (CMAKE_DETERMINE_COMPILER_ID_BUILD)
[INFO] [stdout]   /usr/share/cmake-3.22/Modules/CMakeDetermineCompilerId.cmake:59 (__determine_compiler_id_test)
[INFO] [stdout]   /usr/share/cmake-3.22/Modules/CMakeDetermineCCompiler.cmake:123 (CMAKE_DETERMINE_COMPILER_ID)
[INFO] [stdout]   CMakeLists.txt:3 (project)
[INFO] [stdout] 
[INFO] [stdout] 
[INFO] [stdout] CMake Error at /usr/share/cmake-3.22/Modules/CMakeDetermineCompilerId.cmake:300 (file):
[INFO] [stdout]   file problem creating directory:
[INFO] [stdout]   /opt/rustwide/workdir/tests/depfile/single_crate/build/CMakeFiles/3.22.1/CompilerIdC
[INFO] [stdout] Call Stack (most recent call first):
[INFO] [stdout]   /usr/share/cmake-3.22/Modules/CMakeDetermineCompilerId.cmake:6 (CMAKE_DETERMINE_COMPILER_ID_BUILD)
[INFO] [stdout]   /usr/share/cmake-3.22/Modules/CMakeDetermineCompilerId.cmake:59 (__determine_compiler_id_test)
[INFO] [stdout]   /usr/share/cmake-3.22/Modules/CMakeDetermineCCompiler.cmake:123 (CMAKE_DETERMINE_COMPILER_ID)
[INFO] [stdout]   CMakeLists.txt:3 (project)
[INFO] [stdout] 
[INFO] [stdout] 
[INFO] [stdout] CMake Error at /usr/share/cmake-3.22/Modules/CMakeDetermineCompilerId.cmake:300 (file):
[INFO] [stdout]   file problem creating directory:
[INFO] [stdout]   /opt/rustwide/workdir/tests/depfile/single_crate/build/CMakeFiles/3.22.1/CompilerIdC
[INFO] [stdout] Call Stack (most recent call first):
[INFO] [stdout]   /usr/share/cmake-3.22/Modules/CMakeDetermineCompilerId.cmake:6 (CMAKE_DETERMINE_COMPILER_ID_BUILD)
[INFO] [stdout]   /usr/share/cmake-3.22/Modules/CMakeDetermineCompilerId.cmake:59 (__determine_compiler_id_test)
[INFO] [stdout]   /usr/share/cmake-3.22/Modules/CMakeDetermineCCompiler.cmake:123 (CMAKE_DETERMINE_COMPILER_ID)
[INFO] [stdout]   CMakeLists.txt:3 (project)
[INFO] [stdout] 
[INFO] [stdout] 
[INFO] [stdout] CMake Error at /usr/share/cmake-3.22/Modules/CMakeDetermineCompilerId.cmake:300 (file):
[INFO] [stdout]   file problem creating directory:
[INFO] [stdout]   /opt/rustwide/workdir/tests/depfile/single_crate/build/CMakeFiles/3.22.1/CompilerIdC
[INFO] [stdout] Call Stack (most recent call first):
[INFO] [stdout]   /usr/share/cmake-3.22/Modules/CMakeDetermineCompilerId.cmake:6 (CMAKE_DETERMINE_COMPILER_ID_BUILD)
[INFO] [stdout]   /usr/share/cmake-3.22/Modules/CMakeDetermineCompilerId.cmake:59 (__determine_compiler_id_test)
[INFO] [stdout]   /usr/share/cmake-3.22/Modules/CMakeDetermineCCompiler.cmake:123 (CMAKE_DETERMINE_COMPILER_ID)
[INFO] [stdout]   CMakeLists.txt:3 (project)
[INFO] [stdout] 
[INFO] [stdout] 
[INFO] [stdout] CMake Error at /usr/share/cmake-3.22/Modules/CMakeDetermineCompilerId.cmake:300 (file):
[INFO] [stdout]   file problem creating directory:
[INFO] [stdout]   /opt/rustwide/workdir/tests/depfile/single_crate/build/CMakeFiles/3.22.1/CompilerIdC
[INFO] [stdout] Call Stack (most recent call first):
[INFO] [stdout]   /usr/share/cmake-3.22/Modules/CMakeDetermineCompilerId.cmake:6 (CMAKE_DETERMINE_COMPILER_ID_BUILD)
[INFO] [stdout]   /usr/share/cmake-3.22/Modules/CMakeDetermineCompilerId.cmake:59 (__determine_compiler_id_test)
[INFO] [stdout]   /usr/share/cmake-3.22/Modules/CMakeDetermineCCompiler.cmake:123 (CMAKE_DETERMINE_COMPILER_ID)
[INFO] [stdout]   CMakeLists.txt:3 (project)
[INFO] [stdout] 
[INFO] [stdout] 
[INFO] [stdout] CMake Error at /usr/share/cmake-3.22/Modules/CMakeDetermineCompilerId.cmake:1075 (file):
[INFO] [stdout]   file failed to open for writing (No such file or directory):
[INFO] [stdout] 
[INFO] [stdout]     /opt/rustwide/workdir/tests/depfile/single_crate/build/CMakeFiles/CMakeError.log
[INFO] [stdout] Call Stack (most recent call first):
[INFO] [stdout]   /usr/share/cmake-3.22/Modules/CMakeDetermineCompilerId.cmake:81 (CMAKE_DETERMINE_COMPILER_ID_VENDOR)
[INFO] [stdout]   /usr/share/cmake-3.22/Modules/CMakeDetermineCCompiler.cmake:123 (CMAKE_DETERMINE_COMPILER_ID)
[INFO] [stdout]   CMakeLists.txt:3 (project)
[INFO] [stdout] 
[INFO] [stdout] 
[INFO] [stdout] CMake Error at /usr/share/cmake-3.22/Modules/CMakeDetermineCompilerId.cmake:1075 (file):
[INFO] [stdout]   file failed to open for writing (No such file or directory):
[INFO] [stdout] 
[INFO] [stdout]     /opt/rustwide/workdir/tests/depfile/single_crate/build/CMakeFiles/CMakeError.log
[INFO] [stdout] Call Stack (most recent call first):
[INFO] [stdout]   /usr/share/cmake-3.22/Modules/CMakeDetermineCompilerId.cmake:81 (CMAKE_DETERMINE_COMPILER_ID_VENDOR)
[INFO] [stdout]   /usr/share/cmake-3.22/Modules/CMakeDetermineCCompiler.cmake:123 (CMAKE_DETERMINE_COMPILER_ID)
[INFO] [stdout]   CMakeLists.txt:3 (project)
[INFO] [stdout] 
[INFO] [stdout] 
[INFO] [stdout] CMake Error: Could not open file for write in copy operation /opt/rustwide/workdir/tests/depfile/single_crate/build/CMakeFiles/3.22.1/CMakeCCompiler.cmake.tmp
[INFO] [stdout] CMake Error: : System Error: No such file or directory
[INFO] [stdout] CMake Error at /usr/share/cmake-3.22/Modules/CMakeDetermineCCompiler.cmake:226 (configure_file):
[INFO] [stdout]   configure_file Problem configuring file
[INFO] [stdout] Call Stack (most recent call first):
[INFO] [stdout]   CMakeLists.txt:3 (project)
[INFO] [stdout] 
[INFO] [stdout] 
[INFO] [stdout] CMake Error: Could not find cmake module file: /opt/rustwide/workdir/tests/depfile/single_crate/build/CMakeFiles/3.22.1/CMakeCCompiler.cmake
[INFO] [stdout] CMake Error at /usr/share/cmake-3.22/Modules/CMakeDetermineCompilerABI.cmake:49 (try_compile):
[INFO] [stdout]   Unknown extension ".c" for file
[INFO] [stdout] 
[INFO] [stdout]     /usr/share/cmake-3.22/Modules/CMakeCCompilerABI.c
[INFO] [stdout] 
[INFO] [stdout]   try_compile() works only for enabled languages.  Currently these are:
[INFO] [stdout] 
[INFO] [stdout]     C
[INFO] [stdout] 
[INFO] [stdout]   See project() command to enable other languages.
[INFO] [stdout] Call Stack (most recent call first):
[INFO] [stdout]   /usr/share/cmake-3.22/Modules/CMakeTestCCompiler.cmake:26 (CMAKE_DETERMINE_COMPILER_ABI)
[INFO] [stdout]   CMakeLists.txt:3 (project)
[INFO] [stdout] 
[INFO] [stdout] 
[INFO] [stdout] CMake Error at /usr/share/cmake-3.22/Modules/CMakeDetermineCompilerABI.cmake:188 (file):
[INFO] [stdout]   file failed to open for writing (No such file or directory):
[INFO] [stdout] 
[INFO] [stdout]     /opt/rustwide/workdir/tests/depfile/single_crate/build/CMakeFiles/CMakeError.log
[INFO] [stdout] Call Stack (most recent call first):
[INFO] [stdout]   /usr/share/cmake-3.22/Modules/CMakeTestCCompiler.cmake:26 (CMAKE_DETERMINE_COMPILER_ABI)
[INFO] [stdout]   CMakeLists.txt:3 (project)
[INFO] [stdout] 
[INFO] [stdout] 
[INFO] [stdout] CMake Error at /usr/share/cmake-3.22/Modules/CMakeTestCCompiler.cmake:41 (file):
[INFO] [stdout]   file failed to open for writing (No such file or directory):
[INFO] [stdout] 
[INFO] [stdout]     /opt/rustwide/workdir/tests/depfile/single_crate/build/CMakeFiles/CMakeTmp/testCCompiler.c
[INFO] [stdout] Call Stack (most recent call first):
[INFO] [stdout]   CMakeLists.txt:3 (project)
[INFO] [stdout] 
[INFO] [stdout] 
[INFO] [stdout] CMake Error at /usr/share/cmake-3.22/Modules/CMakeTestCCompiler.cmake:56 (try_compile):
[INFO] [stdout]   Unknown extension ".c" for file
[INFO] [stdout] 
[INFO] [stdout]     /opt/rustwide/workdir/tests/depfile/single_crate/build/CMakeFiles/CMakeTmp/testCCompiler.c
[INFO] [stdout] 
[INFO] [stdout]   try_compile() works only for enabled languages.  Currently these are:
[INFO] [stdout] 
[INFO] [stdout]     C
[INFO] [stdout] 
[INFO] [stdout]   See project() command to enable other languages.
[INFO] [stdout] Call Stack (most recent call first):
[INFO] [stdout]   CMakeLists.txt:3 (project)
[INFO] [stdout] 
[INFO] [stdout] 
[INFO] [stdout] CMake Error at /usr/share/cmake-3.22/Modules/CMakeTestCCompiler.cmake:65 (file):
[INFO] [stdout]   file failed to open for writing (No such file or directory):
[INFO] [stdout] 
[INFO] [stdout]     /opt/rustwide/workdir/tests/depfile/single_crate/build/CMakeFiles/CMakeError.log
[INFO] [stdout] Call Stack (most recent call first):
[INFO] [stdout]   CMakeLists.txt:3 (project)
[INFO] [stdout] 
[INFO] [stdout] 
[INFO] [stdout] CMake Error at /usr/share/cmake-3.22/Modules/CMakeTestCCompiler.cmake:69 (message):
[INFO] [stdout]   The C compiler
[INFO] [stdout] 
[INFO] [stdout]     "/usr/bin/cc"
[INFO] [stdout] 
[INFO] [stdout]   is not able to compile a simple test program.
[INFO] [stdout] 
[INFO] [stdout]   It fails with the following output:
[INFO] [stdout] 
[INFO] [stdout]     
[INFO] [stdout] 
[INFO] [stdout]   
[INFO] [stdout] 
[INFO] [stdout]   CMake will not be able to correctly generate this project.
[INFO] [stdout] Call Stack (most recent call first):
[INFO] [stdout]   CMakeLists.txt:3 (project)
[INFO] [stdout] 
[INFO] [stdout] 
[INFO] [stdout] CMake Error: Cannot open file for write: /opt/rustwide/workdir/tests/depfile/single_crate/build/CMakeCache.txt.tmpcc62f
[INFO] [stdout] CMake Error: : System Error: No such file or directory
[INFO] [stdout] CMake Error: Unable to open cache file for save. /opt/rustwide/workdir/tests/depfile/single_crate/build/CMakeCache.txt
[INFO] [stdout] CMake Error: : System Error: No such file or directory
[INFO] [stdout] `
[INFO] [stdout] stack backtrace:
[INFO] [stdout]    0:     0x64f30df142ea - std::backtrace_rs::backtrace::libunwind::trace::h8810477743020387
[INFO] [stdout]                                at /rustc/202008a1b8de96d2e5b6bc02d379db03a877d34d/library/std/src/../../backtrace/src/backtrace/libunwind.rs:116:5
[INFO] [stdout]    1:     0x64f30df142ea - std::backtrace_rs::backtrace::trace_unsynchronized::h3aa55355dd6c54a6
[INFO] [stdout]                                at /rustc/202008a1b8de96d2e5b6bc02d379db03a877d34d/library/std/src/../../backtrace/src/backtrace/mod.rs:66:5
[INFO] [stdout]    2:     0x64f30df142ea - std::sys::backtrace::_print_fmt::h8588b0f62410823f
[INFO] [stdout]                                at /rustc/202008a1b8de96d2e5b6bc02d379db03a877d34d/library/std/src/sys/backtrace.rs:66:9
[INFO] [stdout]    3:     0x64f30df142ea - <std::sys::backtrace::BacktraceLock::print::DisplayBacktrace as core::fmt::Display>::fmt::h98c26ac25ffe89bb
[INFO] [stdout]                                at /rustc/202008a1b8de96d2e5b6bc02d379db03a877d34d/library/std/src/sys/backtrace.rs:39:26
[INFO] [stdout]    4:     0x64f30df3a9d3 - core::fmt::rt::Argument::fmt::hf95377f4aebd453b
[INFO] [stdout]                                at /rustc/202008a1b8de96d2e5b6bc02d379db03a877d34d/library/core/src/fmt/rt.rs:177:76
[INFO] [stdout]    5:     0x64f30df3a9d3 - core::fmt::write::h0dd5f6e2238c7982
[INFO] [stdout]                                at /rustc/202008a1b8de96d2e5b6bc02d379db03a877d34d/library/core/src/fmt/mod.rs:1189:21
[INFO] [stdout]    6:     0x64f30df111d3 - std::io::Write::write_fmt::h03bb0ca26e6faf8c
[INFO] [stdout]                                at /rustc/202008a1b8de96d2e5b6bc02d379db03a877d34d/library/std/src/io/mod.rs:1884:15
[INFO] [stdout]    7:     0x64f30df14132 - std::sys::backtrace::BacktraceLock::print::h5c19c1c038ee186d
[INFO] [stdout]                                at /rustc/202008a1b8de96d2e5b6bc02d379db03a877d34d/library/std/src/sys/backtrace.rs:42:9
[INFO] [stdout]    8:     0x64f30df1576d - std::panicking::default_hook::{{closure}}::h77172f079a1fcb13
[INFO] [stdout]                                at /rustc/202008a1b8de96d2e5b6bc02d379db03a877d34d/library/std/src/panicking.rs:268:22
[INFO] [stdout]    9:     0x64f30df15577 - std::panicking::default_hook::he5f8e3b203ccddba
[INFO] [stdout]                                at /rustc/202008a1b8de96d2e5b6bc02d379db03a877d34d/library/std/src/panicking.rs:292:9
[INFO] [stdout]   10:     0x64f30dede277 - <alloc::boxed::Box<F,A> as core::ops::function::Fn<Args>>::call::h7a3c7b4a1ae77f2f
[INFO] [stdout]                                at /rustc/202008a1b8de96d2e5b6bc02d379db03a877d34d/library/alloc/src/boxed.rs:1986:9
[INFO] [stdout]   11:     0x64f30dede277 - test::test_main::{{closure}}::hf0d3b69ae9b353d1
[INFO] [stdout]                                at /rustc/202008a1b8de96d2e5b6bc02d379db03a877d34d/library/test/src/lib.rs:134:21
[INFO] [stdout]   12:     0x64f30df15e18 - <alloc::boxed::Box<F,A> as core::ops::function::Fn<Args>>::call::h6332e82e7b189abd
[INFO] [stdout]                                at /rustc/202008a1b8de96d2e5b6bc02d379db03a877d34d/library/alloc/src/boxed.rs:1986:9
[INFO] [stdout]   13:     0x64f30df15e18 - std::panicking::rust_panic_with_hook::h53863d4e9018df39
[INFO] [stdout]                                at /rustc/202008a1b8de96d2e5b6bc02d379db03a877d34d/library/std/src/panicking.rs:809:13
[INFO] [stdout]   14:     0x64f30df15bda - std::panicking::begin_panic_handler::{{closure}}::h67280e6fa0757873
[INFO] [stdout]                                at /rustc/202008a1b8de96d2e5b6bc02d379db03a877d34d/library/std/src/panicking.rs:674:13
[INFO] [stdout]   15:     0x64f30df147c9 - std::sys::backtrace::__rust_end_short_backtrace::h1dac3f54d6fbbeb2
[INFO] [stdout]                                at /rustc/202008a1b8de96d2e5b6bc02d379db03a877d34d/library/std/src/sys/backtrace.rs:170:18
[INFO] [stdout]   16:     0x64f30df1586c - rust_begin_unwind
[INFO] [stdout]                                at /rustc/202008a1b8de96d2e5b6bc02d379db03a877d34d/library/std/src/panicking.rs:665:5
[INFO] [stdout]   17:     0x64f30de91b50 - core::panicking::panic_fmt::h6792bd1b2bf01041
[INFO] [stdout]                                at /rustc/202008a1b8de96d2e5b6bc02d379db03a877d34d/library/core/src/panicking.rs:76:14
[INFO] [stdout]   18:     0x64f30dea077e - depfile::test_project::h6be48f6a692e1499
[INFO] [stdout]                                at /opt/rustwide/workdir/tests/depfile.rs:31:5
[INFO] [stdout]   19:     0x64f30dea1ac2 - depfile::test_depfile_single_crate::h2a73a6efa465f230
[INFO] [stdout]                                at /opt/rustwide/workdir/tests/depfile.rs:110:13
[INFO] [stdout]   20:     0x64f30dea1a97 - depfile::test_depfile_single_crate::{{closure}}::hc2eea983da69462c
[INFO] [stdout]                                at /opt/rustwide/workdir/tests/depfile.rs:109:33
[INFO] [stdout]   21:     0x64f30de96856 - core::ops::function::FnOnce::call_once::hdae3ff88e1a68d1d
[INFO] [stdout]                                at /rustc/202008a1b8de96d2e5b6bc02d379db03a877d34d/library/core/src/ops/function.rs:250:5
[INFO] [stdout]   22:     0x64f30dee2d9b - core::ops::function::FnOnce::call_once::h871bf86719ec9aa4
[INFO] [stdout]                                at /rustc/202008a1b8de96d2e5b6bc02d379db03a877d34d/library/core/src/ops/function.rs:250:5
[INFO] [stdout]   23:     0x64f30dee2d9b - test::__rust_begin_short_backtrace::h2167df1e2b7d76fd
[INFO] [stdout]                                at /rustc/202008a1b8de96d2e5b6bc02d379db03a877d34d/library/test/src/lib.rs:632:18
[INFO] [stdout]   24:     0x64f30dee2788 - test::run_test_in_process::{{closure}}::h15d92f75a3adfb79
[INFO] [stdout]                                at /rustc/202008a1b8de96d2e5b6bc02d379db03a877d34d/library/test/src/lib.rs:655:60
[INFO] [stdout]   25:     0x64f30dee2788 - <core::panic::unwind_safe::AssertUnwindSafe<F> as core::ops::function::FnOnce<()>>::call_once::hb6c8955835a8dbbb
[INFO] [stdout]                                at /rustc/202008a1b8de96d2e5b6bc02d379db03a877d34d/library/core/src/panic/unwind_safe.rs:272:9
[INFO] [stdout]   26:     0x64f30dee2788 - std::panicking::try::do_call::hc79d0fc888a0bd30
[INFO] [stdout]                                at /rustc/202008a1b8de96d2e5b6bc02d379db03a877d34d/library/std/src/panicking.rs:557:40
[INFO] [stdout]   27:     0x64f30dee2788 - std::panicking::try::hb8a7878e3a8589d6
[INFO] [stdout]                                at /rustc/202008a1b8de96d2e5b6bc02d379db03a877d34d/library/std/src/panicking.rs:520:19
[INFO] [stdout]   28:     0x64f30dee2788 - std::panic::catch_unwind::hb8e4600ff0ff5cfa
[INFO] [stdout]                                at /rustc/202008a1b8de96d2e5b6bc02d379db03a877d34d/library/std/src/panic.rs:358:14
[INFO] [stdout]   29:     0x64f30dee2788 - test::run_test_in_process::hc2900b0b18688dd6
[INFO] [stdout]                                at /rustc/202008a1b8de96d2e5b6bc02d379db03a877d34d/library/test/src/lib.rs:655:27
[INFO] [stdout]   30:     0x64f30dee2788 - test::run_test::{{closure}}::hac2a9cb07be3d48d
[INFO] [stdout]                                at /rustc/202008a1b8de96d2e5b6bc02d379db03a877d34d/library/test/src/lib.rs:576:43
[INFO] [stdout]   31:     0x64f30dea622a - test::run_test::{{closure}}::h4a5b729e66a38cd8
[INFO] [stdout]                                at /rustc/202008a1b8de96d2e5b6bc02d379db03a877d34d/library/test/src/lib.rs:606:41
[INFO] [stdout]   32:     0x64f30dea622a - std::sys::backtrace::__rust_begin_short_backtrace::h0496fb742492f573
[INFO] [stdout]                                at /rustc/202008a1b8de96d2e5b6bc02d379db03a877d34d/library/std/src/sys/backtrace.rs:154:18
[INFO] [stdout]   33:     0x64f30dea9ba4 - std::thread::Builder::spawn_unchecked_::{{closure}}::{{closure}}::hbb6d257c550a54bd
[INFO] [stdout]                                at /rustc/202008a1b8de96d2e5b6bc02d379db03a877d34d/library/std/src/thread/mod.rs:561:17
[INFO] [stdout]   34:     0x64f30dea9ba4 - <core::panic::unwind_safe::AssertUnwindSafe<F> as core::ops::function::FnOnce<()>>::call_once::h46696fe4a6832328
[INFO] [stdout]                                at /rustc/202008a1b8de96d2e5b6bc02d379db03a877d34d/library/core/src/panic/unwind_safe.rs:272:9
[INFO] [stdout]   35:     0x64f30dea9ba4 - std::panicking::try::do_call::h2625a51b667bfb64
[INFO] [stdout]                                at /rustc/202008a1b8de96d2e5b6bc02d379db03a877d34d/library/std/src/panicking.rs:557:40
[INFO] [stdout]   36:     0x64f30dea9ba4 - std::panicking::try::hb956a59a1973aa4c
[INFO] [stdout]                                at /rustc/202008a1b8de96d2e5b6bc02d379db03a877d34d/library/std/src/panicking.rs:520:19
[INFO] [stdout]   37:     0x64f30dea9ba4 - std::panic::catch_unwind::h64f3b9d1067ef6a0
[INFO] [stdout]                                at /rustc/202008a1b8de96d2e5b6bc02d379db03a877d34d/library/std/src/panic.rs:358:14
[INFO] [stdout]   38:     0x64f30dea9ba4 - std::thread::Builder::spawn_unchecked_::{{closure}}::h42b2841295b6c0b2
[INFO] [stdout]                                at /rustc/202008a1b8de96d2e5b6bc02d379db03a877d34d/library/std/src/thread/mod.rs:559:30
[INFO] [stdout]   39:     0x64f30dea9ba4 - core::ops::function::FnOnce::call_once{{vtable.shim}}::h6127de71b8124639
[INFO] [stdout]                                at /rustc/202008a1b8de96d2e5b6bc02d379db03a877d34d/library/core/src/ops/function.rs:250:5
[INFO] [stdout]   40:     0x64f30df1a86b - <alloc::boxed::Box<F,A> as core::ops::function::FnOnce<Args>>::call_once::h42f0ba71002a1b2c
[INFO] [stdout]                                at /rustc/202008a1b8de96d2e5b6bc02d379db03a877d34d/library/alloc/src/boxed.rs:1972:9
[INFO] [stdout]   41:     0x64f30df1a86b - <alloc::boxed::Box<F,A> as core::ops::function::FnOnce<Args>>::call_once::had9e47d7a3dcecb8
[INFO] [stdout]                                at /rustc/202008a1b8de96d2e5b6bc02d379db03a877d34d/library/alloc/src/boxed.rs:1972:9
[INFO] [stdout]   42:     0x64f30df1a86b - std::sys::pal::unix::thread::Thread::new::thread_start::h48cf765408f6f5f2
[INFO] [stdout]                                at /rustc/202008a1b8de96d2e5b6bc02d379db03a877d34d/library/std/src/sys/pal/unix/thread.rs:105:17
[INFO] [stdout]   43:     0x782cd6ca4ac3 - <unknown>
[INFO] [stdout]   44:     0x782cd6d35a04 - clone
[INFO] [stdout]   45:                0x0 - <unknown>
[INFO] [stdout] 
[INFO] [stdout] ---- test_depfile_single_crate_config stdout ----
[INFO] [stdout] thread 'test_depfile_single_crate_config' panicked at tests/depfile.rs:31:5:
[INFO] [stdout] Configuring test project failed: stdout: `-- The C compiler identification is unknown
[INFO] [stdout] -- Detecting C compiler ABI info
[INFO] [stdout] -- Detecting C compiler ABI info - failed
[INFO] [stdout] -- Check for working C compiler: /usr/bin/cc
[INFO] [stdout] -- Check for working C compiler: /usr/bin/cc - broken
[INFO] [stdout] -- Configuring incomplete, errors occurred!
[INFO] [stdout] `, stderr: `CMake Error at /usr/share/cmake-3.22/Modules/CMakeDetermineSystem.cmake:181 (file):
[INFO] [stdout]   file failed to open for writing (No such file or directory):
[INFO] [stdout] 
[INFO] [stdout]     /opt/rustwide/workdir/tests/depfile/single_crate_config/build/CMakeFiles/CMakeOutput.log
[INFO] [stdout] Call Stack (most recent call first):
[INFO] [stdout]   CMakeLists.txt:3 (project)
[INFO] [stdout] 
[INFO] [stdout] 
[INFO] [stdout] CMake Error: Could not open file for write in copy operation /opt/rustwide/workdir/tests/depfile/single_crate_config/build/CMakeFiles/3.22.1/CMakeSystem.cmake.tmp
[INFO] [stdout] CMake Error: : System Error: No such file or directory
[INFO] [stdout] CMake Error at /usr/share/cmake-3.22/Modules/CMakeDetermineSystem.cmake:193 (configure_file):
[INFO] [stdout]   configure_file Problem configuring file
[INFO] [stdout] Call Stack (most recent call first):
[INFO] [stdout]   CMakeLists.txt:3 (project)
[INFO] [stdout] 
[INFO] [stdout] 
[INFO] [stdout] CMake Error at /usr/share/cmake-3.22/Modules/CMakeDetermineCompilerId.cmake:300 (file):
[INFO] [stdout]   file problem creating directory:
[INFO] [stdout]   /opt/rustwide/workdir/tests/depfile/single_crate_config/build/CMakeFiles/3.22.1/CompilerIdC
[INFO] [stdout] Call Stack (most recent call first):
[INFO] [stdout]   /usr/share/cmake-3.22/Modules/CMakeDetermineCompilerId.cmake:6 (CMAKE_DETERMINE_COMPILER_ID_BUILD)
[INFO] [stdout]   /usr/share/cmake-3.22/Modules/CMakeDetermineCompilerId.cmake:59 (__determine_compiler_id_test)
[INFO] [stdout]   /usr/share/cmake-3.22/Modules/CMakeDetermineCCompiler.cmake:123 (CMAKE_DETERMINE_COMPILER_ID)
[INFO] [stdout]   CMakeLists.txt:3 (project)
[INFO] [stdout] 
[INFO] [stdout] 
[INFO] [stdout] CMake Error at /usr/share/cmake-3.22/Modules/CMakeDetermineCompilerId.cmake:300 (file):
[INFO] [stdout]   file problem creating directory:
[INFO] [stdout]   /opt/rustwide/workdir/tests/depfile/single_crate_config/build/CMakeFiles/3.22.1/CompilerIdC
[INFO] [stdout] Call Stack (most recent call first):
[INFO] [stdout]   /usr/share/cmake-3.22/Modules/CMakeDetermineCompilerId.cmake:6 (CMAKE_DETERMINE_COMPILER_ID_BUILD)
[INFO] [stdout]   /usr/share/cmake-3.22/Modules/CMakeDetermineCompilerId.cmake:59 (__determine_compiler_id_test)
[INFO] [stdout]   /usr/share/cmake-3.22/Modules/CMakeDetermineCCompiler.cmake:123 (CMAKE_DETERMINE_COMPILER_ID)
[INFO] [stdout]   CMakeLists.txt:3 (project)
[INFO] [stdout] 
[INFO] [stdout] 
[INFO] [stdout] CMake Error at /usr/share/cmake-3.22/Modules/CMakeDetermineCompilerId.cmake:300 (file):
[INFO] [stdout]   file problem creating directory:
[INFO] [stdout]   /opt/rustwide/workdir/tests/depfile/single_crate_config/build/CMakeFiles/3.22.1/CompilerIdC
[INFO] [stdout] Call Stack (most recent call first):
[INFO] [stdout]   /usr/share/cmake-3.22/Modules/CMakeDetermineCompilerId.cmake:6 (CMAKE_DETERMINE_COMPILER_ID_BUILD)
[INFO] [stdout]   /usr/share/cmake-3.22/Modules/CMakeDetermineCompilerId.cmake:59 (__determine_compiler_id_test)
[INFO] [stdout]   /usr/share/cmake-3.22/Modules/CMakeDetermineCCompiler.cmake:123 (CMAKE_DETERMINE_COMPILER_ID)
[INFO] [stdout]   CMakeLists.txt:3 (project)
[INFO] [stdout] 
[INFO] [stdout] 
[INFO] [stdout] CMake Error at /usr/share/cmake-3.22/Modules/CMakeDetermineCompilerId.cmake:300 (file):
[INFO] [stdout]   file problem creating directory:
[INFO] [stdout]   /opt/rustwide/workdir/tests/depfile/single_crate_config/build/CMakeFiles/3.22.1/CompilerIdC
[INFO] [stdout] Call Stack (most recent call first):
[INFO] [stdout]   /usr/share/cmake-3.22/Modules/CMakeDetermineCompilerId.cmake:6 (CMAKE_DETERMINE_COMPILER_ID_BUILD)
[INFO] [stdout]   /usr/share/cmake-3.22/Modules/CMakeDetermineCompilerId.cmake:59 (__determine_compiler_id_test)
[INFO] [stdout]   /usr/share/cmake-3.22/Modules/CMakeDetermineCCompiler.cmake:123 (CMAKE_DETERMINE_COMPILER_ID)
[INFO] [stdout]   CMakeLists.txt:3 (project)
[INFO] [stdout] 
[INFO] [stdout] 
[INFO] [stdout] CMake Error at /usr/share/cmake-3.22/Modules/CMakeDetermineCompilerId.cmake:300 (file):
[INFO] [stdout]   file problem creating directory:
[INFO] [stdout]   /opt/rustwide/workdir/tests/depfile/single_crate_config/build/CMakeFiles/3.22.1/CompilerIdC
[INFO] [stdout] Call Stack (most recent call first):
[INFO] [stdout]   /usr/share/cmake-3.22/Modules/CMakeDetermineCompilerId.cmake:6 (CMAKE_DETERMINE_COMPILER_ID_BUILD)
[INFO] [stdout]   /usr/share/cmake-3.22/Modules/CMakeDetermineCompilerId.cmake:59 (__determine_compiler_id_test)
[INFO] [stdout]   /usr/share/cmake-3.22/Modules/CMakeDetermineCCompiler.cmake:123 (CMAKE_DETERMINE_COMPILER_ID)
[INFO] [stdout]   CMakeLists.txt:3 (project)
[INFO] [stdout] 
[INFO] [stdout] 
[INFO] [stdout] CMake Error at /usr/share/cmake-3.22/Modules/CMakeDetermineCompilerId.cmake:300 (file):
[INFO] [stdout]   file problem creating directory:
[INFO] [stdout]   /opt/rustwide/workdir/tests/depfile/single_crate_config/build/CMakeFiles/3.22.1/CompilerIdC
[INFO] [stdout] Call Stack (most recent call first):
[INFO] [stdout]   /usr/share/cmake-3.22/Modules/CMakeDetermineCompilerId.cmake:6 (CMAKE_DETERMINE_COMPILER_ID_BUILD)
[INFO] [stdout]   /usr/share/cmake-3.22/Modules/CMakeDetermineCompilerId.cmake:59 (__determine_compiler_id_test)
[INFO] [stdout]   /usr/share/cmake-3.22/Modules/CMakeDetermineCCompiler.cmake:123 (CMAKE_DETERMINE_COMPILER_ID)
[INFO] [stdout]   CMakeLists.txt:3 (project)
[INFO] [stdout] 
[INFO] [stdout] 
[INFO] [stdout] CMake Error at /usr/share/cmake-3.22/Modules/CMakeDetermineCompilerId.cmake:300 (file):
[INFO] [stdout]   file problem creating directory:
[INFO] [stdout]   /opt/rustwide/workdir/tests/depfile/single_crate_config/build/CMakeFiles/3.22.1/CompilerIdC
[INFO] [stdout] Call Stack (most recent call first):
[INFO] [stdout]   /usr/share/cmake-3.22/Modules/CMakeDetermineCompilerId.cmake:6 (CMAKE_DETERMINE_COMPILER_ID_BUILD)
[INFO] [stdout]   /usr/share/cmake-3.22/Modules/CMakeDetermineCompilerId.cmake:59 (__determine_compiler_id_test)
[INFO] [stdout]   /usr/share/cmake-3.22/Modules/CMakeDetermineCCompiler.cmake:123 (CMAKE_DETERMINE_COMPILER_ID)
[INFO] [stdout]   CMakeLists.txt:3 (project)
[INFO] [stdout] 
[INFO] [stdout] 
[INFO] [stdout] CMake Error at /usr/share/cmake-3.22/Modules/CMakeDetermineCompilerId.cmake:300 (file):
[INFO] [stdout]   file problem creating directory:
[INFO] [stdout]   /opt/rustwide/workdir/tests/depfile/single_crate_config/build/CMakeFiles/3.22.1/CompilerIdC
[INFO] [stdout] Call Stack (most recent call first):
[INFO] [stdout]   /usr/share/cmake-3.22/Modules/CMakeDetermineCompilerId.cmake:6 (CMAKE_DETERMINE_COMPILER_ID_BUILD)
[INFO] [stdout]   /usr/share/cmake-3.22/Modules/CMakeDetermineCompilerId.cmake:59 (__determine_compiler_id_test)
[INFO] [stdout]   /usr/share/cmake-3.22/Modules/CMakeDetermineCCompiler.cmake:123 (CMAKE_DETERMINE_COMPILER_ID)
[INFO] [stdout]   CMakeLists.txt:3 (project)
[INFO] [stdout] 
[INFO] [stdout] 
[INFO] [stdout] CMake Error at /usr/share/cmake-3.22/Modules/CMakeDetermineCompilerId.cmake:300 (file):
[INFO] [stdout]   file problem creating directory:
[INFO] [stdout]   /opt/rustwide/workdir/tests/depfile/single_crate_config/build/CMakeFiles/3.22.1/CompilerIdC
[INFO] [stdout] Call Stack (most recent call first):
[INFO] [stdout]   /usr/share/cmake-3.22/Modules/CMakeDetermineCompilerId.cmake:6 (CMAKE_DETERMINE_COMPILER_ID_BUILD)
[INFO] [stdout]   /usr/share/cmake-3.22/Modules/CMakeDetermineCompilerId.cmake:59 (__determine_compiler_id_test)
[INFO] [stdout]   /usr/share/cmake-3.22/Modules/CMakeDetermineCCompiler.cmake:123 (CMAKE_DETERMINE_COMPILER_ID)
[INFO] [stdout]   CMakeLists.txt:3 (project)
[INFO] [stdout] 
[INFO] [stdout] 
[INFO] [stdout] CMake Error at /usr/share/cmake-3.22/Modules/CMakeDetermineCompilerId.cmake:300 (file):
[INFO] [stdout]   file problem creating directory:
[INFO] [stdout]   /opt/rustwide/workdir/tests/depfile/single_crate_config/build/CMakeFiles/3.22.1/CompilerIdC
[INFO] [stdout] Call Stack (most recent call first):
[INFO] [stdout]   /usr/share/cmake-3.22/Modules/CMakeDetermineCompilerId.cmake:6 (CMAKE_DETERMINE_COMPILER_ID_BUILD)
[INFO] [stdout]   /usr/share/cmake-3.22/Modules/CMakeDetermineCompilerId.cmake:59 (__determine_compiler_id_test)
[INFO] [stdout]   /usr/share/cmake-3.22/Modules/CMakeDetermineCCompiler.cmake:123 (CMAKE_DETERMINE_COMPILER_ID)
[INFO] [stdout]   CMakeLists.txt:3 (project)
[INFO] [stdout] 
[INFO] [stdout] 
[INFO] [stdout] CMake Error at /usr/share/cmake-3.22/Modules/CMakeDetermineCompilerId.cmake:300 (file):
[INFO] [stdout]   file problem creating directory:
[INFO] [stdout]   /opt/rustwide/workdir/tests/depfile/single_crate_config/build/CMakeFiles/3.22.1/CompilerIdC
[INFO] [stdout] Call Stack (most recent call first):
[INFO] [stdout]   /usr/share/cmake-3.22/Modules/CMakeDetermineCompilerId.cmake:6 (CMAKE_DETERMINE_COMPILER_ID_BUILD)
[INFO] [stdout]   /usr/share/cmake-3.22/Modules/CMakeDetermineCompilerId.cmake:59 (__determine_compiler_id_test)
[INFO] [stdout]   /usr/share/cmake-3.22/Modules/CMakeDetermineCCompiler.cmake:123 (CMAKE_DETERMINE_COMPILER_ID)
[INFO] [stdout]   CMakeLists.txt:3 (project)
[INFO] [stdout] 
[INFO] [stdout] 
[INFO] [stdout] CMake Error at /usr/share/cmake-3.22/Modules/CMakeDetermineCompilerId.cmake:300 (file):
[INFO] [stdout]   file problem creating directory:
[INFO] [stdout]   /opt/rustwide/workdir/tests/depfile/single_crate_config/build/CMakeFiles/3.22.1/CompilerIdC
[INFO] [stdout] Call Stack (most recent call first):
[INFO] [stdout]   /usr/share/cmake-3.22/Modules/CMakeDetermineCompilerId.cmake:6 (CMAKE_DETERMINE_COMPILER_ID_BUILD)
[INFO] [stdout]   /usr/share/cmake-3.22/Modules/CMakeDetermineCompilerId.cmake:59 (__determine_compiler_id_test)
[INFO] [stdout]   /usr/share/cmake-3.22/Modules/CMakeDetermineCCompiler.cmake:123 (CMAKE_DETERMINE_COMPILER_ID)
[INFO] [stdout]   CMakeLists.txt:3 (project)
[INFO] [stdout] 
[INFO] [stdout] 
[INFO] [stdout] CMake Error at /usr/share/cmake-3.22/Modules/CMakeDetermineCompilerId.cmake:1075 (file):
[INFO] [stdout]   file failed to open for writing (No such file or directory):
[INFO] [stdout] 
[INFO] [stdout]     /opt/rustwide/workdir/tests/depfile/single_crate_config/build/CMakeFiles/CMakeError.log
[INFO] [stdout] Call Stack (most recent call first):
[INFO] [stdout]   /usr/share/cmake-3.22/Modules/CMakeDetermineCompilerId.cmake:81 (CMAKE_DETERMINE_COMPILER_ID_VENDOR)
[INFO] [stdout]   /usr/share/cmake-3.22/Modules/CMakeDetermineCCompiler.cmake:123 (CMAKE_DETERMINE_COMPILER_ID)
[INFO] [stdout]   CMakeLists.txt:3 (project)
[INFO] [stdout] 
[INFO] [stdout] 
[INFO] [stdout] CMake Error at /usr/share/cmake-3.22/Modules/CMakeDetermineCompilerId.cmake:1075 (file):
[INFO] [stdout]   file failed to open for writing (No such file or directory):
[INFO] [stdout] 
[INFO] [stdout]     /opt/rustwide/workdir/tests/depfile/single_crate_config/build/CMakeFiles/CMakeError.log
[INFO] [stdout] Call Stack (most recent call first):
[INFO] [stdout]   /usr/share/cmake-3.22/Modules/CMakeDetermineCompilerId.cmake:81 (CMAKE_DETERMINE_COMPILER_ID_VENDOR)
[INFO] [stdout]   /usr/share/cmake-3.22/Modules/CMakeDetermineCCompiler.cmake:123 (CMAKE_DETERMINE_COMPILER_ID)
[INFO] [stdout]   CMakeLists.txt:3 (project)
[INFO] [stdout] 
[INFO] [stdout] 
[INFO] [stdout] CMake Error: Could not open file for write in copy operation /opt/rustwide/workdir/tests/depfile/single_crate_config/build/CMakeFiles/3.22.1/CMakeCCompiler.cmake.tmp
[INFO] [stdout] CMake Error: : System Error: No such file or directory
[INFO] [stdout] CMake Error at /usr/share/cmake-3.22/Modules/CMakeDetermineCCompiler.cmake:226 (configure_file):
[INFO] [stdout]   configure_file Problem configuring file
[INFO] [stdout] Call Stack (most recent call first):
[INFO] [stdout]   CMakeLists.txt:3 (project)
[INFO] [stdout] 
[INFO] [stdout] 
[INFO] [stdout] CMake Error: Could not find cmake module file: /opt/rustwide/workdir/tests/depfile/single_crate_config/build/CMakeFiles/3.22.1/CMakeCCompiler.cmake
[INFO] [stdout] CMake Error at /usr/share/cmake-3.22/Modules/CMakeDetermineCompilerABI.cmake:49 (try_compile):
[INFO] [stdout]   Unknown extension ".c" for file
[INFO] [stdout] 
[INFO] [stdout]     /usr/share/cmake-3.22/Modules/CMakeCCompilerABI.c
[INFO] [stdout] 
[INFO] [stdout]   try_compile() works only for enabled languages.  Currently these are:
[INFO] [stdout] 
[INFO] [stdout]     C
[INFO] [stdout] 
[INFO] [stdout]   See project() command to enable other languages.
[INFO] [stdout] Call Stack (most recent call first):
[INFO] [stdout]   /usr/share/cmake-3.22/Modules/CMakeTestCCompiler.cmake:26 (CMAKE_DETERMINE_COMPILER_ABI)
[INFO] [stdout]   CMakeLists.txt:3 (project)
[INFO] [stdout] 
[INFO] [stdout] 
[INFO] [stdout] CMake Error at /usr/share/cmake-3.22/Modules/CMakeDetermineCompilerABI.cmake:188 (file):
[INFO] [stdout]   file failed to open for writing (No such file or directory):
[INFO] [stdout] 
[INFO] [stdout]     /opt/rustwide/workdir/tests/depfile/single_crate_config/build/CMakeFiles/CMakeError.log
[INFO] [stdout] Call Stack (most recent call first):
[INFO] [stdout]   /usr/share/cmake-3.22/Modules/CMakeTestCCompiler.cmake:26 (CMAKE_DETERMINE_COMPILER_ABI)
[INFO] [stdout]   CMakeLists.txt:3 (project)
[INFO] [stdout] 
[INFO] [stdout] 
[INFO] [stdout] CMake Error at /usr/share/cmake-3.22/Modules/CMakeTestCCompiler.cmake:41 (file):
[INFO] [stdout]   file failed to open for writing (No such file or directory):
[INFO] [stdout] 
[INFO] [stdout]     /opt/rustwide/workdir/tests/depfile/single_crate_config/build/CMakeFiles/CMakeTmp/testCCompiler.c
[INFO] [stdout] Call Stack (most recent call first):
[INFO] [stdout]   CMakeLists.txt:3 (project)
[INFO] [stdout] 
[INFO] [stdout] 
[INFO] [stdout] CMake Error at /usr/share/cmake-3.22/Modules/CMakeTestCCompiler.cmake:56 (try_compile):
[INFO] [stdout]   Unknown extension ".c" for file
[INFO] [stdout] 
[INFO] [stdout]     /opt/rustwide/workdir/tests/depfile/single_crate_config/build/CMakeFiles/CMakeTmp/testCCompiler.c
[INFO] [stdout] 
[INFO] [stdout]   try_compile() works only for enabled languages.  Currently these are:
[INFO] [stdout] 
[INFO] [stdout]     C
[INFO] [stdout] 
[INFO] [stdout]   See project() command to enable other languages.
[INFO] [stdout] Call Stack (most recent call first):
[INFO] [stdout]   CMakeLists.txt:3 (project)
[INFO] [stdout] 
[INFO] [stdout] 
[INFO] [stdout] CMake Error at /usr/share/cmake-3.22/Modules/CMakeTestCCompiler.cmake:65 (file):
[INFO] [stdout]   file failed to open for writing (No such file or directory):
[INFO] [stdout] 
[INFO] [stdout]     /opt/rustwide/workdir/tests/depfile/single_crate_config/build/CMakeFiles/CMakeError.log
[INFO] [stdout] Call Stack (most recent call first):
[INFO] [stdout]   CMakeLists.txt:3 (project)
[INFO] [stdout] 
[INFO] [stdout] 
[INFO] [stdout] CMake Error at /usr/share/cmake-3.22/Modules/CMakeTestCCompiler.cmake:69 (message):
[INFO] [stdout]   The C compiler
[INFO] [stdout] 
[INFO] [stdout]     "/usr/bin/cc"
[INFO] [stdout] 
[INFO] [stdout]   is not able to compile a simple test program.
[INFO] [stdout] 
[INFO] [stdout]   It fails with the following output:
[INFO] [stdout] 
[INFO] [stdout]     
[INFO] [stdout] 
[INFO] [stdout]   
[INFO] [stdout] 
[INFO] [stdout]   CMake will not be able to correctly generate this project.
[INFO] [stdout] Call Stack (most recent call first):
[INFO] [stdout]   CMakeLists.txt:3 (project)
[INFO] [stdout] 
[INFO] [stdout] 
[INFO] [stdout] CMake Error: Cannot open file for write: /opt/rustwide/workdir/tests/depfile/single_crate_config/build/CMakeCache.txt.tmpe418c
[INFO] [stdout] CMake Error: : System Error: No such file or directory
[INFO] [stdout] CMake Error: Unable to open cache file for save. /opt/rustwide/workdir/tests/depfile/single_crate_config/build/CMakeCache.txt
[INFO] [stdout] CMake Error: : System Error: No such file or directory
[INFO] [stdout] `
[INFO] [stdout] stack backtrace:
[INFO] [stdout]    0:     0x64f30df142ea - std::backtrace_rs::backtrace::libunwind::trace::h8810477743020387
[INFO] [stdout]                                at /rustc/202008a1b8de96d2e5b6bc02d379db03a877d34d/library/std/src/../../backtrace/src/backtrace/libunwind.rs:116:5
[INFO] [stdout]    1:     0x64f30df142ea - std::backtrace_rs::backtrace::trace_unsynchronized::h3aa55355dd6c54a6
[INFO] [stdout]                                at /rustc/202008a1b8de96d2e5b6bc02d379db03a877d34d/library/std/src/../../backtrace/src/backtrace/mod.rs:66:5
[INFO] [stdout]    2:     0x64f30df142ea - std::sys::backtrace::_print_fmt::h8588b0f62410823f
[INFO] [stdout]                                at /rustc/202008a1b8de96d2e5b6bc02d379db03a877d34d/library/std/src/sys/backtrace.rs:66:9
[INFO] [stdout]    3:     0x64f30df142ea - <std::sys::backtrace::BacktraceLock::print::DisplayBacktrace as core::fmt::Display>::fmt::h98c26ac25ffe89bb
[INFO] [stdout]                                at /rustc/202008a1b8de96d2e5b6bc02d379db03a877d34d/library/std/src/sys/backtrace.rs:39:26
[INFO] [stdout]    4:     0x64f30df3a9d3 - core::fmt::rt::Argument::fmt::hf95377f4aebd453b
[INFO] [stdout]                                at /rustc/202008a1b8de96d2e5b6bc02d379db03a877d34d/library/core/src/fmt/rt.rs:177:76
[INFO] [stdout]    5:     0x64f30df3a9d3 - core::fmt::write::h0dd5f6e2238c7982
[INFO] [stdout]                                at /rustc/202008a1b8de96d2e5b6bc02d379db03a877d34d/library/core/src/fmt/mod.rs:1189:21
[INFO] [stdout]    6:     0x64f30df111d3 - std::io::Write::write_fmt::h03bb0ca26e6faf8c
[INFO] [stdout]                                at /rustc/202008a1b8de96d2e5b6bc02d379db03a877d34d/library/std/src/io/mod.rs:1884:15
[INFO] [stdout]    7:     0x64f30df14132 - std::sys::backtrace::BacktraceLock::print::h5c19c1c038ee186d
[INFO] [stdout]                                at /rustc/202008a1b8de96d2e5b6bc02d379db03a877d34d/library/std/src/sys/backtrace.rs:42:9
[INFO] [stdout]    8:     0x64f30df1576d - std::panicking::default_hook::{{closure}}::h77172f079a1fcb13
[INFO] [stdout]                                at /rustc/202008a1b8de96d2e5b6bc02d379db03a877d34d/library/std/src/panicking.rs:268:22
[INFO] [stdout]    9:     0x64f30df15577 - std::panicking::default_hook::he5f8e3b203ccddba
[INFO] [stdout]                                at /rustc/202008a1b8de96d2e5b6bc02d379db03a877d34d/library/std/src/panicking.rs:292:9
[INFO] [stdout]   10:     0x64f30dede277 - <alloc::boxed::Box<F,A> as core::ops::function::Fn<Args>>::call::h7a3c7b4a1ae77f2f
[INFO] [stdout]                                at /rustc/202008a1b8de96d2e5b6bc02d379db03a877d34d/library/alloc/src/boxed.rs:1986:9
[INFO] [stdout]   11:     0x64f30dede277 - test::test_main::{{closure}}::hf0d3b69ae9b353d1
[INFO] [stdout]                                at /rustc/202008a1b8de96d2e5b6bc02d379db03a877d34d/library/test/src/lib.rs:134:21
[INFO] [stdout]   12:     0x64f30df15e18 - <alloc::boxed::Box<F,A> as core::ops::function::Fn<Args>>::call::h6332e82e7b189abd
[INFO] [stdout]                                at /rustc/202008a1b8de96d2e5b6bc02d379db03a877d34d/library/alloc/src/boxed.rs:1986:9
[INFO] [stdout]   13:     0x64f30df15e18 - std::panicking::rust_panic_with_hook::h53863d4e9018df39
[INFO] [stdout]                                at /rustc/202008a1b8de96d2e5b6bc02d379db03a877d34d/library/std/src/panicking.rs:809:13
[INFO] [stdout]   14:     0x64f30df15bda - std::panicking::begin_panic_handler::{{closure}}::h67280e6fa0757873
[INFO] [stdout]                                at /rustc/202008a1b8de96d2e5b6bc02d379db03a877d34d/library/std/src/panicking.rs:674:13
[INFO] [stdout]   15:     0x64f30df147c9 - std::sys::backtrace::__rust_end_short_backtrace::h1dac3f54d6fbbeb2
[INFO] [stdout]                                at /rustc/202008a1b8de96d2e5b6bc02d379db03a877d34d/library/std/src/sys/backtrace.rs:170:18
[INFO] [stdout]   16:     0x64f30df1586c - rust_begin_unwind
[INFO] [stdout]                                at /rustc/202008a1b8de96d2e5b6bc02d379db03a877d34d/library/std/src/panicking.rs:665:5
[INFO] [stdout]   17:     0x64f30de91b50 - core::panicking::panic_fmt::h6792bd1b2bf01041
[INFO] [stdout]                                at /rustc/202008a1b8de96d2e5b6bc02d379db03a877d34d/library/core/src/panicking.rs:76:14
[INFO] [stdout]   18:     0x64f30dea077e - depfile::test_project::h6be48f6a692e1499
[INFO] [stdout]                                at /opt/rustwide/workdir/tests/depfile.rs:31:5
[INFO] [stdout]   19:     0x64f30dea1a72 - depfile::test_depfile_single_crate_config::h7df633871de20321
[INFO] [stdout]                                at /opt/rustwide/workdir/tests/depfile.rs:110:13
[INFO] [stdout]   20:     0x64f30dea1a47 - depfile::test_depfile_single_crate_config::{{closure}}::hed1912356d328c1e
[INFO] [stdout]                                at /opt/rustwide/workdir/tests/depfile.rs:109:33
[INFO] [stdout]   21:     0x64f30de967e6 - core::ops::function::FnOnce::call_once::h46f701cbe7ef9537
[INFO] [stdout]                                at /rustc/202008a1b8de96d2e5b6bc02d379db03a877d34d/library/core/src/ops/function.rs:250:5
[INFO] [stdout]   22:     0x64f30dee2d9b - core::ops::function::FnOnce::call_once::h871bf86719ec9aa4
[INFO] [stdout]                                at /rustc/202008a1b8de96d2e5b6bc02d379db03a877d34d/library/core/src/ops/function.rs:250:5
[INFO] [stdout]   23:     0x64f30dee2d9b - test::__rust_begin_short_backtrace::h2167df1e2b7d76fd
[INFO] [stdout]                                at /rustc/202008a1b8de96d2e5b6bc02d379db03a877d34d/library/test/src/lib.rs:632:18
[INFO] [stdout]   24:     0x64f30dee2788 - test::run_test_in_process::{{closure}}::h15d92f75a3adfb79
[INFO] [stdout]                                at /rustc/202008a1b8de96d2e5b6bc02d379db03a877d34d/library/test/src/lib.rs:655:60
[INFO] [stdout]   25:     0x64f30dee2788 - <core::panic::unwind_safe::AssertUnwindSafe<F> as core::ops::function::FnOnce<()>>::call_once::hb6c8955835a8dbbb
[INFO] [stdout]                                at /rustc/202008a1b8de96d2e5b6bc02d379db03a877d34d/library/core/src/panic/unwind_safe.rs:272:9
[INFO] [stdout]   26:     0x64f30dee2788 - std::panicking::try::do_call::hc79d0fc888a0bd30
[INFO] [stdout]                                at /rustc/202008a1b8de96d2e5b6bc02d379db03a877d34d/library/std/src/panicking.rs:557:40
[INFO] [stdout]   27:     0x64f30dee2788 - std::panicking::try::hb8a7878e3a8589d6
[INFO] [stdout]                                at /rustc/202008a1b8de96d2e5b6bc02d379db03a877d34d/library/std/src/panicking.rs:520:19
[INFO] [stdout]   28:     0x64f30dee2788 - std::panic::catch_unwind::hb8e4600ff0ff5cfa
[INFO] [stdout]                                at /rustc/202008a1b8de96d2e5b6bc02d379db03a877d34d/library/std/src/panic.rs:358:14
[INFO] [stdout]   29:     0x64f30dee2788 - test::run_test_in_process::hc2900b0b18688dd6
[INFO] [stdout]                                at /rustc/202008a1b8de96d2e5b6bc02d379db03a877d34d/library/test/src/lib.rs:655:27
[INFO] [stdout]   30:     0x64f30dee2788 - test::run_test::{{closure}}::hac2a9cb07be3d48d
[INFO] [stdout]                                at /rustc/202008a1b8de96d2e5b6bc02d379db03a877d34d/library/test/src/lib.rs:576:43
[INFO] [stdout]   31:     0x64f30dea622a - test::run_test::{{closure}}::h4a5b729e66a38cd8
[INFO] [stdout]                                at /rustc/202008a1b8de96d2e5b6bc02d379db03a877d34d/library/test/src/lib.rs:606:41
[INFO] [stdout]   32:     0x64f30dea622a - std::sys::backtrace::__rust_begin_short_backtrace::h0496fb742492f573
[INFO] [stdout]                                at /rustc/202008a1b8de96d2e5b6bc02d379db03a877d34d/library/std/src/sys/backtrace.rs:154:18
[INFO] [stdout]   33:     0x64f30dea9ba4 - std::thread::Builder::spawn_unchecked_::{{closure}}::{{closure}}::hbb6d257c550a54bd
[INFO] [stdout]                                at /rustc/202008a1b8de96d2e5b6bc02d379db03a877d34d/library/std/src/thread/mod.rs:561:17
[INFO] [stdout]   34:     0x64f30dea9ba4 - <core::panic::unwind_safe::AssertUnwindSafe<F> as core::ops::function::FnOnce<()>>::call_once::h46696fe4a6832328
[INFO] [stdout]                                at /rustc/202008a1b8de96d2e5b6bc02d379db03a877d34d/library/core/src/panic/unwind_safe.rs:272:9
[INFO] [stdout]   35:     0x64f30dea9ba4 - std::panicking::try::do_call::h2625a51b667bfb64
[INFO] [stdout]                                at /rustc/202008a1b8de96d2e5b6bc02d379db03a877d34d/library/std/src/panicking.rs:557:40
[INFO] [stdout]   36:     0x64f30dea9ba4 - std::panicking::try::hb956a59a1973aa4c
[INFO] [stdout]                                at /rustc/202008a1b8de96d2e5b6bc02d379db03a877d34d/library/std/src/panicking.rs:520:19
[INFO] [stdout]   37:     0x64f30dea9ba4 - std::panic::catch_unwind::h64f3b9d1067ef6a0
[INFO] [stdout]                                at /rustc/202008a1b8de96d2e5b6bc02d379db03a877d34d/library/std/src/panic.rs:358:14
[INFO] [stdout]   38:     0x64f30dea9ba4 - std::thread::Builder::spawn_unchecked_::{{closure}}::h42b2841295b6c0b2
[INFO] [stdout]                                at /rustc/202008a1b8de96d2e5b6bc02d379db03a877d34d/library/std/src/thread/mod.rs:559:30
[INFO] [stdout]   39:     0x64f30dea9ba4 - core::ops::function::FnOnce::call_once{{vtable.shim}}::h6127de71b8124639
[INFO] [stdout]                                at /rustc/202008a1b8de96d2e5b6bc02d379db03a877d34d/library/core/src/ops/function.rs:250:5
[INFO] [stdout]   40:     0x64f30df1a86b - <alloc::boxed::Box<F,A> as core::ops::function::FnOnce<Args>>::call_once::h42f0ba71002a1b2c
[INFO] [stdout]                                at /rustc/202008a1b8de96d2e5b6bc02d379db03a877d34d/library/alloc/src/boxed.rs:1972:9
[INFO] [stdout]   41:     0x64f30df1a86b - <alloc::boxed::Box<F,A> as core::ops::function::FnOnce<Args>>::call_once::had9e47d7a3dcecb8
[INFO] [stdout]                                at /rustc/202008a1b8de96d2e5b6bc02d379db03a877d34d/library/alloc/src/boxed.rs:1972:9
[INFO] [stdout]   42:     0x64f30df1a86b - std::sys::pal::unix::thread::Thread::new::thread_start::h48cf765408f6f5f2
[INFO] [stdout]                                at /rustc/202008a1b8de96d2e5b6bc02d379db03a877d34d/library/std/src/sys/pal/unix/thread.rs:105:17
[INFO] [stdout]   43:     0x782cd6ca4ac3 - <unknown>
[INFO] [stdout]   44:     0x782cd6d35a04 - clone
[INFO] [stdout]   45:                0x0 - <unknown>
[INFO] [stdout] 
[INFO] [stdout] 
[INFO] [stdout] failures:
[INFO] [stdout]     test_depfile_single_crate
[INFO] [stdout]     test_depfile_single_crate_config
[INFO] [stdout]     test_depfile_single_crate_default_config
[INFO] [stdout] 
[INFO] [stdout] test result: FAILED. 0 passed; 3 failed; 0 ignored; 0 measured; 0 filtered out; finished in 0.14s
[INFO] [stdout] 
[INFO] [stderr] error: test failed, to rerun pass `--test depfile`
[INFO] running `Command { std: "docker" "inspect" "6ca7ea61848c794420255e885613d86801a088e5d73c2d9a06cd8837b3f5170e", kill_on_drop: false }`
[INFO] running `Command { std: "docker" "rm" "-f" "6ca7ea61848c794420255e885613d86801a088e5d73c2d9a06cd8837b3f5170e", kill_on_drop: false }`
[INFO] [stdout] 6ca7ea61848c794420255e885613d86801a088e5d73c2d9a06cd8837b3f5170e
