[INFO] cloning repository https://github.com/saethlin/tokei
[INFO] running `Command { std: "git" "-c" "credential.helper=" "-c" "credential.helper=/workspace/cargo-home/bin/git-credential-null" "clone" "--bare" "https://github.com/saethlin/tokei" "/workspace/cache/git-repos/https%3A%2F%2Fgithub.com%2Fsaethlin%2Ftokei", kill_on_drop: false }`
[INFO] [stderr] Cloning into bare repository '/workspace/cache/git-repos/https%3A%2F%2Fgithub.com%2Fsaethlin%2Ftokei'...
[INFO] running `Command { std: "git" "rev-parse" "HEAD", kill_on_drop: false }`
[INFO] [stdout] 7776c65fc552f85a6d07f82720d02130cc0b307c
[INFO] testing saethlin/tokei against beta-2024-12-08 for beta-1.84.0-4-retry
[INFO] running `Command { std: "git" "clone" "/workspace/cache/git-repos/https%3A%2F%2Fgithub.com%2Fsaethlin%2Ftokei" "/workspace/builds/worker-4-tc2/source", kill_on_drop: false }`
[INFO] [stderr] Cloning into '/workspace/builds/worker-4-tc2/source'...
[INFO] [stderr] done.
[INFO] validating manifest of git repo https://github.com/saethlin/tokei on toolchain beta-2024-12-08
[INFO] running `Command { std: CARGO_HOME="/workspace/cargo-home" RUSTUP_HOME="/workspace/rustup-home" "/workspace/cargo-home/bin/cargo" "+beta-2024-12-08" "metadata" "--manifest-path" "Cargo.toml" "--no-deps", kill_on_drop: false }`
[INFO] started tweaking git repo https://github.com/saethlin/tokei
[INFO] finished tweaking git repo https://github.com/saethlin/tokei
[INFO] tweaked toml for git repo https://github.com/saethlin/tokei written to /workspace/builds/worker-4-tc2/source/Cargo.toml
[INFO] crate git repo https://github.com/saethlin/tokei already has a lockfile, it will not be regenerated
[INFO] running `Command { std: CARGO_HOME="/workspace/cargo-home" RUSTUP_HOME="/workspace/rustup-home" "/workspace/cargo-home/bin/cargo" "+beta-2024-12-08" "fetch" "--manifest-path" "Cargo.toml", kill_on_drop: false }`
[INFO] running `Command { std: "docker" "create" "-v" "/var/lib/crater-agent-workspace/builds/worker-4-tc2/target:/opt/rustwide/target:rw,Z" "-v" "/var/lib/crater-agent-workspace/builds/worker-4-tc2/source:/opt/rustwide/workdir:ro,Z" "-v" "/var/lib/crater-agent-workspace/cargo-home:/opt/rustwide/cargo-home:ro,Z" "-v" "/var/lib/crater-agent-workspace/rustup-home:/opt/rustwide/rustup-home:ro,Z" "-e" "SOURCE_DIR=/opt/rustwide/workdir" "-e" "CARGO_TARGET_DIR=/opt/rustwide/target" "-e" "CARGO_HOME=/opt/rustwide/cargo-home" "-e" "RUSTUP_HOME=/opt/rustwide/rustup-home" "-w" "/opt/rustwide/workdir" "-m" "1610612736" "--user" "0:0" "--network" "none" "ghcr.io/rust-lang/crates-build-env/linux@sha256:f3a9d4ad9d972b27faf3965f35b62e55ba32bbce8f20bc8fe909558a86702fde" "/opt/rustwide/cargo-home/bin/cargo" "+beta-2024-12-08" "metadata" "--no-deps" "--format-version=1", kill_on_drop: false }`
[INFO] [stdout] 6d118f92fb83184ce87d17685f7f02d51b98d81556858f308cd6f2a3bac98324
[INFO] running `Command { std: "docker" "start" "-a" "6d118f92fb83184ce87d17685f7f02d51b98d81556858f308cd6f2a3bac98324", kill_on_drop: false }`
[INFO] running `Command { std: "docker" "inspect" "6d118f92fb83184ce87d17685f7f02d51b98d81556858f308cd6f2a3bac98324", kill_on_drop: false }`
[INFO] running `Command { std: "docker" "rm" "-f" "6d118f92fb83184ce87d17685f7f02d51b98d81556858f308cd6f2a3bac98324", kill_on_drop: false }`
[INFO] [stdout] 6d118f92fb83184ce87d17685f7f02d51b98d81556858f308cd6f2a3bac98324
[INFO] running `Command { std: "docker" "create" "-v" "/var/lib/crater-agent-workspace/builds/worker-4-tc2/target:/opt/rustwide/target:rw,Z" "-v" "/var/lib/crater-agent-workspace/builds/worker-4-tc2/source:/opt/rustwide/workdir:ro,Z" "-v" "/var/lib/crater-agent-workspace/cargo-home:/opt/rustwide/cargo-home:ro,Z" "-v" "/var/lib/crater-agent-workspace/rustup-home:/opt/rustwide/rustup-home:ro,Z" "-e" "SOURCE_DIR=/opt/rustwide/workdir" "-e" "CARGO_TARGET_DIR=/opt/rustwide/target" "-e" "CARGO_INCREMENTAL=0" "-e" "RUST_BACKTRACE=full" "-e" "RUSTFLAGS=--cap-lints=warn" "-e" "RUSTDOCFLAGS=--cap-lints=warn" "-e" "CARGO_HOME=/opt/rustwide/cargo-home" "-e" "RUSTUP_HOME=/opt/rustwide/rustup-home" "-w" "/opt/rustwide/workdir" "-m" "1610612736" "--user" "0:0" "--network" "none" "ghcr.io/rust-lang/crates-build-env/linux@sha256:f3a9d4ad9d972b27faf3965f35b62e55ba32bbce8f20bc8fe909558a86702fde" "/opt/rustwide/cargo-home/bin/cargo" "+beta-2024-12-08" "build" "--frozen" "--message-format=json", kill_on_drop: false }`
[INFO] [stdout] b8f9162ba472e9528a5b9a01fe237f42d4c1d3a7479b5a95b564e99e68c4a220
[INFO] running `Command { std: "docker" "start" "-a" "b8f9162ba472e9528a5b9a01fe237f42d4c1d3a7479b5a95b564e99e68c4a220", kill_on_drop: false }`
[INFO] [stderr]    Compiling libc v0.2.82
[INFO] [stderr]    Compiling autocfg v1.0.1
[INFO] [stderr]    Compiling cfg-if v1.0.0
[INFO] [stderr]    Compiling lazy_static v1.4.0
[INFO] [stderr]    Compiling memchr v2.3.4
[INFO] [stderr]    Compiling proc-macro2 v1.0.24
[INFO] [stderr]    Compiling unicode-xid v0.2.1
[INFO] [stderr]    Compiling syn v1.0.58
[INFO] [stderr]    Compiling regex-syntax v0.6.22
[INFO] [stderr]    Compiling log v0.4.13
[INFO] [stderr]    Compiling serde_derive v1.0.119
[INFO] [stderr]    Compiling cfg-if v0.1.10
[INFO] [stderr]    Compiling getrandom v0.2.1
[INFO] [stderr]    Compiling serde v1.0.119
[INFO] [stderr]    Compiling bitflags v1.2.1
[INFO] [stderr]    Compiling ucd-trie v0.1.3
[INFO] [stderr]    Compiling fnv v1.0.7
[INFO] [stderr]    Compiling thread_local v1.1.0
[INFO] [stderr]    Compiling same-file v1.0.6
[INFO] [stderr]    Compiling maplit v1.0.2
[INFO] [stderr]    Compiling unic-char-range v0.9.0
[INFO] [stderr]    Compiling scopeguard v1.1.0
[INFO] [stderr]    Compiling pest v2.1.3
[INFO] [stderr]    Compiling ryu v1.0.5
[INFO] [stderr]    Compiling const_fn v0.4.5
[INFO] [stderr]    Compiling crossbeam-utils v0.8.1
[INFO] [stderr]    Compiling num-traits v0.2.14
[INFO] [stderr]    Compiling num-integer v0.1.44
[INFO] [stderr]    Compiling memoffset v0.6.1
[INFO] [stderr]    Compiling unic-common v0.9.0
[INFO] [stderr]    Compiling walkdir v2.3.1
[INFO] [stderr]    Compiling unic-char-property v0.9.0
[INFO] [stderr]    Compiling unic-ucd-version v0.9.0
[INFO] [stderr]    Compiling aho-corasick v0.7.15
[INFO] [stderr]    Compiling bstr v0.2.14
[INFO] [stderr]    Compiling ppv-lite86 v0.2.10
[INFO] [stderr]    Compiling itoa v0.4.7
[INFO] [stderr]    Compiling serde_json v1.0.61
[INFO] [stderr]    Compiling unic-ucd-segment v0.9.0
[INFO] [stderr]    Compiling time v0.1.43
[INFO] [stderr]    Compiling rayon-core v1.9.0
[INFO] [stderr]    Compiling quote v1.0.8
[INFO] [stderr]    Compiling rand_core v0.6.1
[INFO] [stderr]    Compiling deunicode v0.4.3
[INFO] [stderr]    Compiling encoding_rs v0.8.26
[INFO] [stderr]    Compiling num_cpus v1.13.0
[INFO] [stderr]    Compiling pest_meta v2.1.3
[INFO] [stderr]    Compiling unic-segment v0.9.0
[INFO] [stderr]    Compiling rand_chacha v0.3.0
[INFO] [stderr]    Compiling humansize v1.1.0
[INFO] [stderr]    Compiling slug v0.1.4
[INFO] [stderr]    Compiling percent-encoding v2.1.0
[INFO] [stderr]    Compiling arrayvec v0.4.12
[INFO] [stderr]    Compiling crossbeam-channel v0.5.0
[INFO] [stderr]    Compiling atty v0.2.14
[INFO] [stderr]    Compiling rayon v1.5.0
[INFO] [stderr]    Compiling instant v0.1.9
[INFO] [stderr]    Compiling nodrop v0.1.14
[INFO] [stderr]    Compiling crossbeam-epoch v0.9.1
[INFO] [stderr]    Compiling smallvec v1.6.1
[INFO] [stderr]    Compiling rand v0.8.1
[INFO] [stderr]    Compiling unicode-width v0.1.8
[INFO] [stderr]    Compiling memmap v0.7.0
[INFO] [stderr]    Compiling crossbeam-deque v0.8.0
[INFO] [stderr]    Compiling textwrap v0.11.0
[INFO] [stderr]    Compiling dirs-sys v0.3.5
[INFO] [stderr]    Compiling grep-matcher v0.1.4
[INFO] [stderr]    Compiling lock_api v0.4.2
[INFO] [stderr]    Compiling parking_lot_core v0.8.2
[INFO] [stderr]    Compiling vec_map v0.8.2
[INFO] [stderr]    Compiling either v1.6.1
[INFO] [stderr]    Compiling strsim v0.8.0
[INFO] [stderr]    Compiling chrono v0.4.19
[INFO] [stderr]    Compiling regex v1.4.3
[INFO] [stderr]    Compiling humantime v2.0.1
[INFO] [stderr]    Compiling ansi_term v0.11.0
[INFO] [stderr]    Compiling termcolor v1.1.2
[INFO] [stderr]    Compiling bytecount v0.6.2
[INFO] [stderr]    Compiling parking_lot v0.11.1
[INFO] [stderr]    Compiling num-format v0.4.0
[INFO] [stderr]    Compiling dirs v3.0.1
[INFO] [stderr]    Compiling term_size v0.3.2
[INFO] [stderr]    Compiling once_cell v1.5.2
[INFO] [stderr]    Compiling clap v2.33.3
[INFO] [stderr]    Compiling pest_generator v2.1.3
[INFO] [stderr]    Compiling encoding_rs_io v0.1.7
[INFO] [stderr]    Compiling grep-searcher v0.1.7
[INFO] [stderr]    Compiling pest_derive v2.1.0
[INFO] [stderr]    Compiling parse-zoneinfo v0.3.0
[INFO] [stderr]    Compiling globset v0.4.6
[INFO] [stderr]    Compiling env_logger v0.8.2
[INFO] [stderr]    Compiling ignore v0.4.17
[INFO] [stderr]    Compiling chrono-tz v0.5.3
[INFO] [stderr]    Compiling globwalk v0.8.1
[INFO] [stderr]    Compiling toml v0.5.8
[INFO] [stderr]    Compiling dashmap v4.0.2
[INFO] [stderr]    Compiling tera v1.6.1
[INFO] [stderr]    Compiling tokei v12.1.2 (/opt/rustwide/workdir)
[INFO] [stdout] warning: method `is_not_line_ending_whitespace` is never used
[INFO] [stdout]  --> src/utils/ext.rs:5:8
[INFO] [stdout]   |
[INFO] [stdout] 3 | pub(crate) trait AsciiExt {
[INFO] [stdout]   |                  -------- method in this trait
[INFO] [stdout] 4 |     fn is_whitespace(self) -> bool;
[INFO] [stdout] 5 |     fn is_not_line_ending_whitespace(self) -> bool;
[INFO] [stdout]   |        ^^^^^^^^^^^^^^^^^^^^^^^^^^^^^
[INFO] [stdout]   |
[INFO] [stdout]   = note: `#[warn(dead_code)]` on by default
[INFO] [stdout] 
[INFO] [stdout] 
[INFO] [stdout] warning: field `any_comments` is never read
[INFO] [stdout]   --> src/language/syntax.rs:67:9
[INFO] [stdout]    |
[INFO] [stdout] 62 | pub(crate) struct SharedMatchers {
[INFO] [stdout]    |                   -------------- field in this struct
[INFO] [stdout] ...
[INFO] [stdout] 67 |     pub any_comments: &'static [&'static str],
[INFO] [stdout]    |         ^^^^^^^^^^^^
[INFO] [stdout]    |
[INFO] [stdout]    = note: `SharedMatchers` has derived impls for the traits `Debug` and `Clone`, but these are intentionally ignored during dead code analysis
[INFO] [stdout] 
[INFO] [stdout] 
[INFO] [stdout] warning: unexpected `cfg` condition value: `json`
[INFO] [stdout]    --> src/input.rs:16:23
[INFO] [stdout]     |
[INFO] [stdout] 16  |                   #[cfg(feature = $feature)] extern crate $krate;
[INFO] [stdout]     |                         ^^^^^^^^^^^^^^^^^^
[INFO] [stdout] ...
[INFO] [stdout] 142 | / supported_formats!(
[INFO] [stdout] 143 | |     (cbor, "cbor", Cbor [serde_cbor, hex]) =>
[INFO] [stdout] 144 | |         |input| {
[INFO] [stdout] 145 | |             hex::FromHex::from_hex(input)
[INFO] [stdout] ...   |
[INFO] [stdout] 157 | |         serde_yaml::to_string,
[INFO] [stdout] 158 | | );
[INFO] [stdout]     | |_- in this macro invocation
[INFO] [stdout]     |
[INFO] [stdout]     = note: expected values for `feature` are: `all`, `cbor`, `default`, `hex`, `serde_cbor`, `serde_yaml`, and `yaml`
[INFO] [stdout]     = help: consider adding `json` as a feature in `Cargo.toml`
[INFO] [stdout]     = note: see <https://doc.rust-lang.org/nightly/rustc/check-cfg/cargo-specifics.html> for more information about checking conditional configuration
[INFO] [stdout]     = note: `#[warn(unexpected_cfgs)]` on by default
[INFO] [stdout]     = note: this warning originates in the macro `supported_formats` (in Nightly builds, run with -Z macro-backtrace for more info)
[INFO] [stdout] 
[INFO] [stdout] 
[INFO] [stdout] warning: unexpected `cfg` condition value: `json`
[INFO] [stdout]    --> src/input.rs:27:23
[INFO] [stdout]     |
[INFO] [stdout] 27  |                   #[cfg(feature = $feature)] $variant
[INFO] [stdout]     |                         ^^^^^^^
[INFO] [stdout] ...
[INFO] [stdout] 142 | / supported_formats!(
[INFO] [stdout] 143 | |     (cbor, "cbor", Cbor [serde_cbor, hex]) =>
[INFO] [stdout] 144 | |         |input| {
[INFO] [stdout] 145 | |             hex::FromHex::from_hex(input)
[INFO] [stdout] ...   |
[INFO] [stdout] 157 | |         serde_yaml::to_string,
[INFO] [stdout] 158 | | );
[INFO] [stdout]     | |_- in this macro invocation
[INFO] [stdout]     |
[INFO] [stdout]     = note: expected values for `feature` are: `all`, `cbor`, `default`, `hex`, `serde_cbor`, `serde_yaml`, and `yaml`
[INFO] [stdout]     = help: consider adding `json` as a feature in `Cargo.toml`
[INFO] [stdout]     = note: see <https://doc.rust-lang.org/nightly/rustc/check-cfg/cargo-specifics.html> for more information about checking conditional configuration
[INFO] [stdout]     = note: this warning originates in the macro `supported_formats` (in Nightly builds, run with -Z macro-backtrace for more info)
[INFO] [stdout] 
[INFO] [stdout] 
[INFO] [stdout] warning: unexpected `cfg` condition value: `json`
[INFO] [stdout]    --> src/input.rs:27:23
[INFO] [stdout]     |
[INFO] [stdout] 27  |                   #[cfg(feature = $feature)] $variant
[INFO] [stdout]     |                         ^^^^^^^^^^^^^^^^^^
[INFO] [stdout] ...
[INFO] [stdout] 142 | / supported_formats!(
[INFO] [stdout] 143 | |     (cbor, "cbor", Cbor [serde_cbor, hex]) =>
[INFO] [stdout] 144 | |         |input| {
[INFO] [stdout] 145 | |             hex::FromHex::from_hex(input)
[INFO] [stdout] ...   |
[INFO] [stdout] 157 | |         serde_yaml::to_string,
[INFO] [stdout] 158 | | );
[INFO] [stdout]     | |_- in this macro invocation
[INFO] [stdout]     |
[INFO] [stdout]     = note: expected values for `feature` are: `all`, `cbor`, `default`, `hex`, `serde_cbor`, `serde_yaml`, and `yaml`
[INFO] [stdout]     = help: consider adding `json` as a feature in `Cargo.toml`
[INFO] [stdout]     = note: see <https://doc.rust-lang.org/nightly/rustc/check-cfg/cargo-specifics.html> for more information about checking conditional configuration
[INFO] [stdout]     = note: this warning originates in the macro `supported_formats` (in Nightly builds, run with -Z macro-backtrace for more info)
[INFO] [stdout] 
[INFO] [stdout] 
[INFO] [stdout] warning: unexpected `cfg` condition value: `json`
[INFO] [stdout]    --> src/input.rs:37:31
[INFO] [stdout]     |
[INFO] [stdout] 37  |                           #[cfg(feature = $feature)] stringify!($name)
[INFO] [stdout]     |                                 ^^^^^^^^^^^^^^^^^^
[INFO] [stdout] ...
[INFO] [stdout] 142 | / supported_formats!(
[INFO] [stdout] 143 | |     (cbor, "cbor", Cbor [serde_cbor, hex]) =>
[INFO] [stdout] 144 | |         |input| {
[INFO] [stdout] 145 | |             hex::FromHex::from_hex(input)
[INFO] [stdout] ...   |
[INFO] [stdout] 157 | |         serde_yaml::to_string,
[INFO] [stdout] 158 | | );
[INFO] [stdout]     | |_- in this macro invocation
[INFO] [stdout]     |
[INFO] [stdout]     = note: expected values for `feature` are: `all`, `cbor`, `default`, `hex`, `serde_cbor`, `serde_yaml`, and `yaml`
[INFO] [stdout]     = help: consider adding `json` as a feature in `Cargo.toml`
[INFO] [stdout]     = note: see <https://doc.rust-lang.org/nightly/rustc/check-cfg/cargo-specifics.html> for more information about checking conditional configuration
[INFO] [stdout]     = note: this warning originates in the macro `supported_formats` (in Nightly builds, run with -Z macro-backtrace for more info)
[INFO] [stdout] 
[INFO] [stdout] 
[INFO] [stdout] warning: unexpected `cfg` condition value: `json`
[INFO] [stdout]    --> src/input.rs:57:35
[INFO] [stdout]     |
[INFO] [stdout] 57  |                           #[cfg(not(feature = $feature))] stringify!($name)
[INFO] [stdout]     |                                     ^^^^^^^^^^^^^^^^^^
[INFO] [stdout] ...
[INFO] [stdout] 142 | / supported_formats!(
[INFO] [stdout] 143 | |     (cbor, "cbor", Cbor [serde_cbor, hex]) =>
[INFO] [stdout] 144 | |         |input| {
[INFO] [stdout] 145 | |             hex::FromHex::from_hex(input)
[INFO] [stdout] ...   |
[INFO] [stdout] 157 | |         serde_yaml::to_string,
[INFO] [stdout] 158 | | );
[INFO] [stdout]     | |_- in this macro invocation
[INFO] [stdout]     |
[INFO] [stdout]     = note: expected values for `feature` are: `all`, `cbor`, `default`, `hex`, `serde_cbor`, `serde_yaml`, and `yaml`
[INFO] [stdout]     = help: consider adding `json` as a feature in `Cargo.toml`
[INFO] [stdout]     = note: see <https://doc.rust-lang.org/nightly/rustc/check-cfg/cargo-specifics.html> for more information about checking conditional configuration
[INFO] [stdout]     = note: this warning originates in the macro `supported_formats` (in Nightly builds, run with -Z macro-backtrace for more info)
[INFO] [stdout] 
[INFO] [stdout] 
[INFO] [stdout] warning: unexpected `cfg` condition value: `json`
[INFO] [stdout]    --> src/input.rs:72:27
[INFO] [stdout]     |
[INFO] [stdout] 72  |                       #[cfg(feature = $feature)]
[INFO] [stdout]     |                             ^^^^^^^^^^^^^^^^^^
[INFO] [stdout] ...
[INFO] [stdout] 142 | / supported_formats!(
[INFO] [stdout] 143 | |     (cbor, "cbor", Cbor [serde_cbor, hex]) =>
[INFO] [stdout] 144 | |         |input| {
[INFO] [stdout] 145 | |             hex::FromHex::from_hex(input)
[INFO] [stdout] ...   |
[INFO] [stdout] 157 | |         serde_yaml::to_string,
[INFO] [stdout] 158 | | );
[INFO] [stdout]     | |_- in this macro invocation
[INFO] [stdout]     |
[INFO] [stdout]     = note: expected values for `feature` are: `all`, `cbor`, `default`, `hex`, `serde_cbor`, `serde_yaml`, and `yaml`
[INFO] [stdout]     = help: consider adding `json` as a feature in `Cargo.toml`
[INFO] [stdout]     = note: see <https://doc.rust-lang.org/nightly/rustc/check-cfg/cargo-specifics.html> for more information about checking conditional configuration
[INFO] [stdout]     = note: this warning originates in the macro `supported_formats` (in Nightly builds, run with -Z macro-backtrace for more info)
[INFO] [stdout] 
[INFO] [stdout] 
[INFO] [stdout] warning: unexpected `cfg` condition value: `json`
[INFO] [stdout]    --> src/input.rs:98:31
[INFO] [stdout]     |
[INFO] [stdout] 98  |                           #[cfg(feature = $feature)] Format::$variant => {
[INFO] [stdout]     |                                 ^^^^^^^^^^^^^^^^^^
[INFO] [stdout] ...
[INFO] [stdout] 142 | / supported_formats!(
[INFO] [stdout] 143 | |     (cbor, "cbor", Cbor [serde_cbor, hex]) =>
[INFO] [stdout] 144 | |         |input| {
[INFO] [stdout] 145 | |             hex::FromHex::from_hex(input)
[INFO] [stdout] ...   |
[INFO] [stdout] 157 | |         serde_yaml::to_string,
[INFO] [stdout] 158 | | );
[INFO] [stdout]     | |_- in this macro invocation
[INFO] [stdout]     |
[INFO] [stdout]     = note: expected values for `feature` are: `all`, `cbor`, `default`, `hex`, `serde_cbor`, `serde_yaml`, and `yaml`
[INFO] [stdout]     = help: consider adding `json` as a feature in `Cargo.toml`
[INFO] [stdout]     = note: see <https://doc.rust-lang.org/nightly/rustc/check-cfg/cargo-specifics.html> for more information about checking conditional configuration
[INFO] [stdout]     = note: this warning originates in the macro `supported_formats` (in Nightly builds, run with -Z macro-backtrace for more info)
[INFO] [stdout] 
[INFO] [stdout] 
[INFO] [stdout] warning: unexpected `cfg` condition value: `json`
[INFO] [stdout]    --> src/input.rs:115:35
[INFO] [stdout]     |
[INFO] [stdout] 115 |                               #[cfg(feature = $feature)]
[INFO] [stdout]     |                                     ^^^^^^^^^^^^^^^^^^
[INFO] [stdout] ...
[INFO] [stdout] 142 | / supported_formats!(
[INFO] [stdout] 143 | |     (cbor, "cbor", Cbor [serde_cbor, hex]) =>
[INFO] [stdout] 144 | |         |input| {
[INFO] [stdout] 145 | |             hex::FromHex::from_hex(input)
[INFO] [stdout] ...   |
[INFO] [stdout] 157 | |         serde_yaml::to_string,
[INFO] [stdout] 158 | | );
[INFO] [stdout]     | |_- in this macro invocation
[INFO] [stdout]     |
[INFO] [stdout]     = note: expected values for `feature` are: `all`, `cbor`, `default`, `hex`, `serde_cbor`, `serde_yaml`, and `yaml`
[INFO] [stdout]     = help: consider adding `json` as a feature in `Cargo.toml`
[INFO] [stdout]     = note: see <https://doc.rust-lang.org/nightly/rustc/check-cfg/cargo-specifics.html> for more information about checking conditional configuration
[INFO] [stdout]     = note: this warning originates in the macro `supported_formats` (in Nightly builds, run with -Z macro-backtrace for more info)
[INFO] [stdout] 
[INFO] [stdout] 
[INFO] [stdout] warning: unexpected `cfg` condition value: `json`
[INFO] [stdout]    --> src/input.rs:118:39
[INFO] [stdout]     |
[INFO] [stdout] 118 |                               #[cfg(not(feature = $feature))]
[INFO] [stdout]     |                                         ^^^^^^^^^^^^^^^^^^
[INFO] [stdout] ...
[INFO] [stdout] 142 | / supported_formats!(
[INFO] [stdout] 143 | |     (cbor, "cbor", Cbor [serde_cbor, hex]) =>
[INFO] [stdout] 144 | |         |input| {
[INFO] [stdout] 145 | |             hex::FromHex::from_hex(input)
[INFO] [stdout] ...   |
[INFO] [stdout] 157 | |         serde_yaml::to_string,
[INFO] [stdout] 158 | | );
[INFO] [stdout]     | |_- in this macro invocation
[INFO] [stdout]     |
[INFO] [stdout]     = note: expected values for `feature` are: `all`, `cbor`, `default`, `hex`, `serde_cbor`, `serde_yaml`, and `yaml`
[INFO] [stdout]     = help: consider adding `json` as a feature in `Cargo.toml`
[INFO] [stdout]     = note: see <https://doc.rust-lang.org/nightly/rustc/check-cfg/cargo-specifics.html> for more information about checking conditional configuration
[INFO] [stdout]     = note: this warning originates in the macro `supported_formats` (in Nightly builds, run with -Z macro-backtrace for more info)
[INFO] [stdout] 
[INFO] [stdout] 
[INFO] [stdout] warning: unused imports: `io` and `process`
[INFO] [stdout]  --> src/main.rs:8:25
[INFO] [stdout]   |
[INFO] [stdout] 8 | use std::{error::Error, io, process};
[INFO] [stdout]   |                         ^^  ^^^^^^^
[INFO] [stdout]   |
[INFO] [stdout]   = note: `#[warn(unused_imports)]` on by default
[INFO] [stdout] 
[INFO] [stdout] 
[INFO] [stdout] warning: unused imports: `Config`, `Languages`, and `Sort`
[INFO] [stdout]   --> src/main.rs:10:13
[INFO] [stdout]    |
[INFO] [stdout] 10 | use tokei::{Config, Languages, Sort};
[INFO] [stdout]    |             ^^^^^^  ^^^^^^^^^  ^^^^
[INFO] [stdout] 
[INFO] [stdout] 
[INFO] [stdout] warning: unused imports: `cli_utils::*` and `input::*`
[INFO] [stdout]   --> src/main.rs:12:23
[INFO] [stdout]    |
[INFO] [stdout] 12 | use crate::{cli::Cli, cli_utils::*, input::*};
[INFO] [stdout]    |                       ^^^^^^^^^^^^  ^^^^^^^^
[INFO] [stdout] 
[INFO] [stdout] 
[INFO] [stdout] warning: unused variable: `cli`
[INFO] [stdout]   --> src/main.rs:15:13
[INFO] [stdout]    |
[INFO] [stdout] 15 |     let mut cli = Cli::from_args();
[INFO] [stdout]    |             ^^^ help: if this is intentional, prefix it with an underscore: `_cli`
[INFO] [stdout]    |
[INFO] [stdout]    = note: `#[warn(unused_variables)]` on by default
[INFO] [stdout] 
[INFO] [stdout] 
[INFO] [stdout] warning: variable does not need to be mutable
[INFO] [stdout]   --> src/main.rs:15:9
[INFO] [stdout]    |
[INFO] [stdout] 15 |     let mut cli = Cli::from_args();
[INFO] [stdout]    |         ----^^^
[INFO] [stdout]    |         |
[INFO] [stdout]    |         help: remove this `mut`
[INFO] [stdout]    |
[INFO] [stdout]    = note: `#[warn(unused_mut)]` on by default
[INFO] [stdout] 
[INFO] [stdout] 
[INFO] [stdout] warning: multiple fields are never read
[INFO] [stdout]   --> src/cli.rs:11:5
[INFO] [stdout]    |
[INFO] [stdout] 10 | pub struct Cli<'a> {
[INFO] [stdout]    |            --- fields in this struct
[INFO] [stdout] 11 |     matches: ArgMatches<'a>,
[INFO] [stdout]    |     ^^^^^^^
[INFO] [stdout] 12 |     pub columns: Option<usize>,
[INFO] [stdout]    |         ^^^^^^^
[INFO] [stdout] 13 |     pub files: bool,
[INFO] [stdout]    |         ^^^^^
[INFO] [stdout] 14 |     pub hidden: bool,
[INFO] [stdout]    |         ^^^^^^
[INFO] [stdout] 15 |     pub no_ignore: bool,
[INFO] [stdout]    |         ^^^^^^^^^
[INFO] [stdout] 16 |     pub no_ignore_parent: bool,
[INFO] [stdout]    |         ^^^^^^^^^^^^^^^^
[INFO] [stdout] 17 |     pub no_ignore_dot: bool,
[INFO] [stdout]    |         ^^^^^^^^^^^^^
[INFO] [stdout] 18 |     pub no_ignore_vcs: bool,
[INFO] [stdout]    |         ^^^^^^^^^^^^^
[INFO] [stdout] 19 |     pub output: Option<Format>,
[INFO] [stdout]    |         ^^^^^^
[INFO] [stdout] 20 |     pub print_languages: bool,
[INFO] [stdout]    |         ^^^^^^^^^^^^^^^
[INFO] [stdout] 21 |     pub sort: Option<Sort>,
[INFO] [stdout]    |         ^^^^
[INFO] [stdout] 22 |     pub types: Option<Vec<LanguageType>>,
[INFO] [stdout]    |         ^^^^^
[INFO] [stdout] 23 |     pub compact: bool,
[INFO] [stdout]    |         ^^^^^^^
[INFO] [stdout] 24 |     pub number_format: num_format::CustomFormat,
[INFO] [stdout]    |         ^^^^^^^^^^^^^
[INFO] [stdout] 25 |     pub verbose: u64,
[INFO] [stdout]    |         ^^^^^^^
[INFO] [stdout]    |
[INFO] [stdout]    = note: `Cli` has a derived impl for the trait `Debug`, but this is intentionally ignored during dead code analysis
[INFO] [stdout]    = note: `#[warn(dead_code)]` on by default
[INFO] [stdout] 
[INFO] [stdout] 
[INFO] [stdout] warning: associated items `file_input`, `ignored_directories`, `input`, `print_supported_languages`, `override_config`, and `print_input_parse_failure` are never used
[INFO] [stdout]    --> src/cli.rs:166:12
[INFO] [stdout]     |
[INFO] [stdout] 28  | impl<'a> Cli<'a> {
[INFO] [stdout]     | ---------------- associated items in this implementation
[INFO] [stdout] ...
[INFO] [stdout] 166 |     pub fn file_input(&self) -> Option<&str> {
[INFO] [stdout]     |            ^^^^^^^^^^
[INFO] [stdout] ...
[INFO] [stdout] 170 |     pub fn ignored_directories(&self) -> Vec<&str> {
[INFO] [stdout]     |            ^^^^^^^^^^^^^^^^^^^
[INFO] [stdout] ...
[INFO] [stdout] 178 |     pub fn input(&self) -> Vec<&str> {
[INFO] [stdout]     |            ^^^^^
[INFO] [stdout] ...
[INFO] [stdout] 185 |     pub fn print_supported_languages() {
[INFO] [stdout]     |            ^^^^^^^^^^^^^^^^^^^^^^^^^
[INFO] [stdout] ...
[INFO] [stdout] 201 |     pub fn override_config(&mut self, mut config: Config) -> Config {
[INFO] [stdout]     |            ^^^^^^^^^^^^^^^
[INFO] [stdout] ...
[INFO] [stdout] 237 |     pub fn print_input_parse_failure(input_filename: &str) {
[INFO] [stdout]     |            ^^^^^^^^^^^^^^^^^^^^^^^^^
[INFO] [stdout] 
[INFO] [stdout] 
[INFO] [stdout] warning: constant `FALLBACK_ROW_LEN` is never used
[INFO] [stdout]   --> src/cli_utils.rs:14:11
[INFO] [stdout]    |
[INFO] [stdout] 14 | pub const FALLBACK_ROW_LEN: usize = 79;
[INFO] [stdout]    |           ^^^^^^^^^^^^^^^^
[INFO] [stdout] 
[INFO] [stdout] 
[INFO] [stdout] warning: constant `NO_LANG_HEADER_ROW_LEN` is never used
[INFO] [stdout]   --> src/cli_utils.rs:15:7
[INFO] [stdout]    |
[INFO] [stdout] 15 | const NO_LANG_HEADER_ROW_LEN: usize = 67;
[INFO] [stdout]    |       ^^^^^^^^^^^^^^^^^^^^^^
[INFO] [stdout] 
[INFO] [stdout] 
[INFO] [stdout] warning: constant `NO_LANG_ROW_LEN` is never used
[INFO] [stdout]   --> src/cli_utils.rs:16:7
[INFO] [stdout]    |
[INFO] [stdout] 16 | const NO_LANG_ROW_LEN: usize = 61;
[INFO] [stdout]    |       ^^^^^^^^^^^^^^^
[INFO] [stdout] 
[INFO] [stdout] 
[INFO] [stdout] warning: constant `NO_LANG_ROW_LEN_NO_SPACES` is never used
[INFO] [stdout]   --> src/cli_utils.rs:17:7
[INFO] [stdout]    |
[INFO] [stdout] 17 | const NO_LANG_ROW_LEN_NO_SPACES: usize = 54;
[INFO] [stdout]    |       ^^^^^^^^^^^^^^^^^^^^^^^^^
[INFO] [stdout] 
[INFO] [stdout] 
[INFO] [stdout] warning: constant `IDENT_INACCURATE` is never used
[INFO] [stdout]   --> src/cli_utils.rs:18:7
[INFO] [stdout]    |
[INFO] [stdout] 18 | const IDENT_INACCURATE: &str = "(!)";
[INFO] [stdout]    |       ^^^^^^^^^^^^^^^^
[INFO] [stdout] 
[INFO] [stdout] 
[INFO] [stdout] warning: struct `Printer` is never constructed
[INFO] [stdout]    --> src/cli_utils.rs:120:12
[INFO] [stdout]     |
[INFO] [stdout] 120 | pub struct Printer<W> {
[INFO] [stdout]     |            ^^^^^^^
[INFO] [stdout] 
[INFO] [stdout] 
[INFO] [stdout] warning: associated function `new` is never used
[INFO] [stdout]    --> src/cli_utils.rs:131:12
[INFO] [stdout]     |
[INFO] [stdout] 130 | impl<W> Printer<W> {
[INFO] [stdout]     | ------------------ associated function in this implementation
[INFO] [stdout] 131 |     pub fn new(
[INFO] [stdout]     |            ^^^
[INFO] [stdout] 
[INFO] [stdout] 
[INFO] [stdout] warning: multiple methods are never used
[INFO] [stdout]    --> src/cli_utils.rs:150:12
[INFO] [stdout]     |
[INFO] [stdout] 149 | impl<W: Write> Printer<W> {
[INFO] [stdout]     | ------------------------- methods in this implementation
[INFO] [stdout] 150 |     pub fn print_header(&mut self) -> io::Result<()> {
[INFO] [stdout]     |            ^^^^^^^^^^^^
[INFO] [stdout] ...
[INFO] [stdout] 166 |     pub fn print_inaccuracy_warning(&mut self) -> io::Result<()> {
[INFO] [stdout]     |            ^^^^^^^^^^^^^^^^^^^^^^^^
[INFO] [stdout] ...
[INFO] [stdout] 174 |     pub fn print_language(&mut self, language: &Language, name: &str) -> io::Result<()>
[INFO] [stdout]     |            ^^^^^^^^^^^^^^
[INFO] [stdout] ...
[INFO] [stdout] 194 |     fn print_language_in_print_total(&mut self, language: &Language) -> io::Result<()>
[INFO] [stdout]     |        ^^^^^^^^^^^^^^^^^^^^^^^^^^^^^
[INFO] [stdout] ...
[INFO] [stdout] 216 |     pub fn print_language_name(
[INFO] [stdout]     |            ^^^^^^^^^^^^^^^^^^^
[INFO] [stdout] ...
[INFO] [stdout] 245 |     fn print_code_stats(
[INFO] [stdout]     |        ^^^^^^^^^^^^^^^^
[INFO] [stdout] ...
[INFO] [stdout] 276 |     fn print_language_total(&mut self, parent: &Language) -> io::Result<()> {
[INFO] [stdout]     |        ^^^^^^^^^^^^^^^^^^^^
[INFO] [stdout] ...
[INFO] [stdout] 296 |     pub fn print_results<'a, I>(&mut self, languages: I, compact: bool) -> io::Result<()>
[INFO] [stdout]     |            ^^^^^^^^^^^^^
[INFO] [stdout] ...
[INFO] [stdout] 365 |     fn print_row(&mut self) -> io::Result<()> {
[INFO] [stdout]     |        ^^^^^^^^^
[INFO] [stdout] ...
[INFO] [stdout] 369 |     fn print_subrow(&mut self) -> io::Result<()> {
[INFO] [stdout]     |        ^^^^^^^^^^^^
[INFO] [stdout] ...
[INFO] [stdout] 373 |     fn print_report(
[INFO] [stdout]     |        ^^^^^^^^^^^^
[INFO] [stdout] ...
[INFO] [stdout] 392 |     fn print_report_total(&mut self, report: &Report, inaccurate: bool) -> io::Result<()> {
[INFO] [stdout]     |        ^^^^^^^^^^^^^^^^^^
[INFO] [stdout] ...
[INFO] [stdout] 412 |     fn print_report_with_name(&mut self, report: &Report) -> io::Result<()> {
[INFO] [stdout]     |        ^^^^^^^^^^^^^^^^^^^^^^
[INFO] [stdout] ...
[INFO] [stdout] 429 |     fn print_report_total_formatted(
[INFO] [stdout]     |        ^^^^^^^^^^^^^^^^^^^^^^^^^^^^
[INFO] [stdout] ...
[INFO] [stdout] 453 |     pub fn print_total(&mut self, languages: tokei::Languages) -> io::Result<()> {
[INFO] [stdout]     |            ^^^^^^^^^^^
[INFO] [stdout] 
[INFO] [stdout] 
[INFO] [stdout] warning: type alias `LanguageMap` is never used
[INFO] [stdout]  --> src/input.rs:6:6
[INFO] [stdout]   |
[INFO] [stdout] 6 | type LanguageMap = BTreeMap<LanguageType, Language>;
[INFO] [stdout]   |      ^^^^^^^^^^^
[INFO] [stdout] 
[INFO] [stdout] 
[INFO] [stdout] warning: associated items `all_feature_names`, `not_supported`, `parse`, and `print` are never used
[INFO] [stdout]    --> src/input.rs:48:20
[INFO] [stdout]     |
[INFO] [stdout] 32  |           impl Format {
[INFO] [stdout]     |           ----------- associated items in this implementation
[INFO] [stdout] ...
[INFO] [stdout] 48  |               pub fn all_feature_names() -> &'static [&'static str] {
[INFO] [stdout]     |                      ^^^^^^^^^^^^^^^^^
[INFO] [stdout] ...
[INFO] [stdout] 54  |               pub fn not_supported() -> &'static [&'static str] {
[INFO] [stdout]     |                      ^^^^^^^^^^^^^
[INFO] [stdout] ...
[INFO] [stdout] 62  |               pub fn parse(input: &str) -> Option<LanguageMap> {
[INFO] [stdout]     |                      ^^^^^
[INFO] [stdout] ...
[INFO] [stdout] 86  |               pub fn print(&self, languages: &Languages) -> Result<String, Box<dyn Error>> {
[INFO] [stdout]     |                      ^^^^^
[INFO] [stdout] ...
[INFO] [stdout] 142 | / supported_formats!(
[INFO] [stdout] 143 | |     (cbor, "cbor", Cbor [serde_cbor, hex]) =>
[INFO] [stdout] 144 | |         |input| {
[INFO] [stdout] 145 | |             hex::FromHex::from_hex(input)
[INFO] [stdout] ...   |
[INFO] [stdout] 157 | |         serde_yaml::to_string,
[INFO] [stdout] 158 | | );
[INFO] [stdout]     | |_- in this macro invocation
[INFO] [stdout]     |
[INFO] [stdout]     = note: this warning originates in the macro `supported_formats` (in Nightly builds, run with -Z macro-backtrace for more info)
[INFO] [stdout] 
[INFO] [stdout] 
[INFO] [stdout] warning: function `add_input` is never used
[INFO] [stdout]    --> src/input.rs:160:8
[INFO] [stdout]     |
[INFO] [stdout] 160 | pub fn add_input(input: &str, languages: &mut Languages) -> bool {
[INFO] [stdout]     |        ^^^^^^^^^
[INFO] [stdout] 
[INFO] [stdout] 
[INFO] [stdout] warning: function `convert_input` is never used
[INFO] [stdout]    --> src/input.rs:196:4
[INFO] [stdout]     |
[INFO] [stdout] 196 | fn convert_input(contents: &str) -> Option<LanguageMap> {
[INFO] [stdout]     |    ^^^^^^^^^^^^^
[INFO] [stdout] 
[INFO] [stdout] 
[INFO] [stderr]     Finished `dev` profile [unoptimized + debuginfo] target(s) in 41.11s
[INFO] running `Command { std: "docker" "inspect" "b8f9162ba472e9528a5b9a01fe237f42d4c1d3a7479b5a95b564e99e68c4a220", kill_on_drop: false }`
[INFO] running `Command { std: "docker" "rm" "-f" "b8f9162ba472e9528a5b9a01fe237f42d4c1d3a7479b5a95b564e99e68c4a220", kill_on_drop: false }`
[INFO] [stdout] b8f9162ba472e9528a5b9a01fe237f42d4c1d3a7479b5a95b564e99e68c4a220
[INFO] running `Command { std: "docker" "create" "-v" "/var/lib/crater-agent-workspace/builds/worker-4-tc2/target:/opt/rustwide/target:rw,Z" "-v" "/var/lib/crater-agent-workspace/builds/worker-4-tc2/source:/opt/rustwide/workdir:ro,Z" "-v" "/var/lib/crater-agent-workspace/cargo-home:/opt/rustwide/cargo-home:ro,Z" "-v" "/var/lib/crater-agent-workspace/rustup-home:/opt/rustwide/rustup-home:ro,Z" "-e" "SOURCE_DIR=/opt/rustwide/workdir" "-e" "CARGO_TARGET_DIR=/opt/rustwide/target" "-e" "CARGO_INCREMENTAL=0" "-e" "RUST_BACKTRACE=full" "-e" "RUSTFLAGS=--cap-lints=warn" "-e" "RUSTDOCFLAGS=--cap-lints=warn" "-e" "CARGO_HOME=/opt/rustwide/cargo-home" "-e" "RUSTUP_HOME=/opt/rustwide/rustup-home" "-w" "/opt/rustwide/workdir" "-m" "1610612736" "--user" "0:0" "--network" "none" "ghcr.io/rust-lang/crates-build-env/linux@sha256:f3a9d4ad9d972b27faf3965f35b62e55ba32bbce8f20bc8fe909558a86702fde" "/opt/rustwide/cargo-home/bin/cargo" "+beta-2024-12-08" "test" "--frozen" "--no-run" "--message-format=json", kill_on_drop: false }`
[INFO] [stdout] faf42c4d28cbd5815ac3b448d6fc0e815de21024e4182561eb1a3cfa9fe656a0
[INFO] running `Command { std: "docker" "start" "-a" "faf42c4d28cbd5815ac3b448d6fc0e815de21024e4182561eb1a3cfa9fe656a0", kill_on_drop: false }`
[INFO] [stderr]    Compiling getrandom v0.2.1
[INFO] [stderr]    Compiling ppv-lite86 v0.2.10
[INFO] [stderr]    Compiling jobserver v0.1.21
[INFO] [stderr]    Compiling percent-encoding v2.1.0
[INFO] [stderr]    Compiling pkg-config v0.3.19
[INFO] [stderr]    Compiling tinyvec_macros v0.1.0
[INFO] [stderr]    Compiling matches v0.1.8
[INFO] [stderr]    Compiling remove_dir_all v0.5.3
[INFO] [stderr]    Compiling tinyvec v1.1.0
[INFO] [stderr]    Compiling unicode-bidi v0.3.4
[INFO] [stderr]    Compiling form_urlencoded v1.0.0
[INFO] [stderr]    Compiling rand_core v0.6.1
[INFO] [stderr]    Compiling cc v1.0.66
[INFO] [stderr]    Compiling rand_chacha v0.3.0
[INFO] [stderr]    Compiling rand v0.8.1
[INFO] [stderr]    Compiling libz-sys v1.1.2
[INFO] [stderr]    Compiling libgit2-sys v0.12.17+1.1.0
[INFO] [stderr]    Compiling unicode-normalization v0.1.16
[INFO] [stderr]    Compiling tera v1.6.1
[INFO] [stderr]    Compiling tempfile v3.2.0
[INFO] [stderr]    Compiling idna v0.2.0
[INFO] [stderr]    Compiling url v2.2.0
[INFO] [stderr]    Compiling git2 v0.13.15
[INFO] [stderr]    Compiling tokei v12.1.2 (/opt/rustwide/workdir)
[INFO] [stdout] warning: method `is_not_line_ending_whitespace` is never used
[INFO] [stdout]  --> src/utils/ext.rs:5:8
[INFO] [stdout]   |
[INFO] [stdout] 3 | pub(crate) trait AsciiExt {
[INFO] [stdout]   |                  -------- method in this trait
[INFO] [stdout] 4 |     fn is_whitespace(self) -> bool;
[INFO] [stdout] 5 |     fn is_not_line_ending_whitespace(self) -> bool;
[INFO] [stdout]   |        ^^^^^^^^^^^^^^^^^^^^^^^^^^^^^
[INFO] [stdout]   |
[INFO] [stdout]   = note: `#[warn(dead_code)]` on by default
[INFO] [stdout] 
[INFO] [stdout] 
[INFO] [stdout] warning: field `any_comments` is never read
[INFO] [stdout]   --> src/language/syntax.rs:67:9
[INFO] [stdout]    |
[INFO] [stdout] 62 | pub(crate) struct SharedMatchers {
[INFO] [stdout]    |                   -------------- field in this struct
[INFO] [stdout] ...
[INFO] [stdout] 67 |     pub any_comments: &'static [&'static str],
[INFO] [stdout]    |         ^^^^^^^^^^^^
[INFO] [stdout]    |
[INFO] [stdout]    = note: `SharedMatchers` has derived impls for the traits `Debug` and `Clone`, but these are intentionally ignored during dead code analysis
[INFO] [stdout] 
[INFO] [stdout] 
[INFO] [stdout] warning: method `is_not_line_ending_whitespace` is never used
[INFO] [stdout]  --> src/utils/ext.rs:5:8
[INFO] [stdout]   |
[INFO] [stdout] 3 | pub(crate) trait AsciiExt {
[INFO] [stdout]   |                  -------- method in this trait
[INFO] [stdout] 4 |     fn is_whitespace(self) -> bool;
[INFO] [stdout] 5 |     fn is_not_line_ending_whitespace(self) -> bool;
[INFO] [stdout]   |        ^^^^^^^^^^^^^^^^^^^^^^^^^^^^^
[INFO] [stdout]   |
[INFO] [stdout]   = note: `#[warn(dead_code)]` on by default
[INFO] [stdout] 
[INFO] [stdout] 
[INFO] [stdout] warning: field `any_comments` is never read
[INFO] [stdout]   --> src/language/syntax.rs:67:9
[INFO] [stdout]    |
[INFO] [stdout] 62 | pub(crate) struct SharedMatchers {
[INFO] [stdout]    |                   -------------- field in this struct
[INFO] [stdout] ...
[INFO] [stdout] 67 |     pub any_comments: &'static [&'static str],
[INFO] [stdout]    |         ^^^^^^^^^^^^
[INFO] [stdout]    |
[INFO] [stdout]    = note: `SharedMatchers` has derived impls for the traits `Debug` and `Clone`, but these are intentionally ignored during dead code analysis
[INFO] [stdout] 
[INFO] [stdout] 
[INFO] [stdout] warning: unexpected `cfg` condition value: `json`
[INFO] [stdout]    --> src/input.rs:16:23
[INFO] [stdout]     |
[INFO] [stdout] 16  |                   #[cfg(feature = $feature)] extern crate $krate;
[INFO] [stdout]     |                         ^^^^^^^^^^^^^^^^^^
[INFO] [stdout] ...
[INFO] [stdout] 142 | / supported_formats!(
[INFO] [stdout] 143 | |     (cbor, "cbor", Cbor [serde_cbor, hex]) =>
[INFO] [stdout] 144 | |         |input| {
[INFO] [stdout] 145 | |             hex::FromHex::from_hex(input)
[INFO] [stdout] ...   |
[INFO] [stdout] 157 | |         serde_yaml::to_string,
[INFO] [stdout] 158 | | );
[INFO] [stdout]     | |_- in this macro invocation
[INFO] [stdout]     |
[INFO] [stdout]     = note: expected values for `feature` are: `all`, `cbor`, `default`, `hex`, `serde_cbor`, `serde_yaml`, and `yaml`
[INFO] [stdout]     = help: consider adding `json` as a feature in `Cargo.toml`
[INFO] [stdout]     = note: see <https://doc.rust-lang.org/nightly/rustc/check-cfg/cargo-specifics.html> for more information about checking conditional configuration
[INFO] [stdout]     = note: `#[warn(unexpected_cfgs)]` on by default
[INFO] [stdout]     = note: this warning originates in the macro `supported_formats` (in Nightly builds, run with -Z macro-backtrace for more info)
[INFO] [stdout] 
[INFO] [stdout] 
[INFO] [stdout] warning: unexpected `cfg` condition value: `json`
[INFO] [stdout]    --> src/input.rs:27:23
[INFO] [stdout]     |
[INFO] [stdout] 27  |                   #[cfg(feature = $feature)] $variant
[INFO] [stdout]     |                         ^^^^^^^
[INFO] [stdout] ...
[INFO] [stdout] 142 | / supported_formats!(
[INFO] [stdout] 143 | |     (cbor, "cbor", Cbor [serde_cbor, hex]) =>
[INFO] [stdout] 144 | |         |input| {
[INFO] [stdout] 145 | |             hex::FromHex::from_hex(input)
[INFO] [stdout] ...   |
[INFO] [stdout] 157 | |         serde_yaml::to_string,
[INFO] [stdout] 158 | | );
[INFO] [stdout]     | |_- in this macro invocation
[INFO] [stdout]     |
[INFO] [stdout]     = note: expected values for `feature` are: `all`, `cbor`, `default`, `hex`, `serde_cbor`, `serde_yaml`, and `yaml`
[INFO] [stdout]     = help: consider adding `json` as a feature in `Cargo.toml`
[INFO] [stdout]     = note: see <https://doc.rust-lang.org/nightly/rustc/check-cfg/cargo-specifics.html> for more information about checking conditional configuration
[INFO] [stdout]     = note: this warning originates in the macro `supported_formats` (in Nightly builds, run with -Z macro-backtrace for more info)
[INFO] [stdout] 
[INFO] [stdout] 
[INFO] [stdout] warning: unexpected `cfg` condition value: `json`
[INFO] [stdout]    --> src/input.rs:27:23
[INFO] [stdout]     |
[INFO] [stdout] 27  |                   #[cfg(feature = $feature)] $variant
[INFO] [stdout]     |                         ^^^^^^^^^^^^^^^^^^
[INFO] [stdout] ...
[INFO] [stdout] 142 | / supported_formats!(
[INFO] [stdout] 143 | |     (cbor, "cbor", Cbor [serde_cbor, hex]) =>
[INFO] [stdout] 144 | |         |input| {
[INFO] [stdout] 145 | |             hex::FromHex::from_hex(input)
[INFO] [stdout] ...   |
[INFO] [stdout] 157 | |         serde_yaml::to_string,
[INFO] [stdout] 158 | | );
[INFO] [stdout]     | |_- in this macro invocation
[INFO] [stdout]     |
[INFO] [stdout]     = note: expected values for `feature` are: `all`, `cbor`, `default`, `hex`, `serde_cbor`, `serde_yaml`, and `yaml`
[INFO] [stdout]     = help: consider adding `json` as a feature in `Cargo.toml`
[INFO] [stdout]     = note: see <https://doc.rust-lang.org/nightly/rustc/check-cfg/cargo-specifics.html> for more information about checking conditional configuration
[INFO] [stdout]     = note: this warning originates in the macro `supported_formats` (in Nightly builds, run with -Z macro-backtrace for more info)
[INFO] [stdout] 
[INFO] [stdout] 
[INFO] [stdout] warning: unexpected `cfg` condition value: `json`
[INFO] [stdout]    --> src/input.rs:37:31
[INFO] [stdout]     |
[INFO] [stdout] 37  |                           #[cfg(feature = $feature)] stringify!($name)
[INFO] [stdout]     |                                 ^^^^^^^^^^^^^^^^^^
[INFO] [stdout] ...
[INFO] [stdout] 142 | / supported_formats!(
[INFO] [stdout] 143 | |     (cbor, "cbor", Cbor [serde_cbor, hex]) =>
[INFO] [stdout] 144 | |         |input| {
[INFO] [stdout] 145 | |             hex::FromHex::from_hex(input)
[INFO] [stdout] ...   |
[INFO] [stdout] 157 | |         serde_yaml::to_string,
[INFO] [stdout] 158 | | );
[INFO] [stdout]     | |_- in this macro invocation
[INFO] [stdout]     |
[INFO] [stdout]     = note: expected values for `feature` are: `all`, `cbor`, `default`, `hex`, `serde_cbor`, `serde_yaml`, and `yaml`
[INFO] [stdout]     = help: consider adding `json` as a feature in `Cargo.toml`
[INFO] [stdout]     = note: see <https://doc.rust-lang.org/nightly/rustc/check-cfg/cargo-specifics.html> for more information about checking conditional configuration
[INFO] [stdout]     = note: this warning originates in the macro `supported_formats` (in Nightly builds, run with -Z macro-backtrace for more info)
[INFO] [stdout] 
[INFO] [stdout] 
[INFO] [stdout] warning: unexpected `cfg` condition value: `json`
[INFO] [stdout]    --> src/input.rs:57:35
[INFO] [stdout]     |
[INFO] [stdout] 57  |                           #[cfg(not(feature = $feature))] stringify!($name)
[INFO] [stdout]     |                                     ^^^^^^^^^^^^^^^^^^
[INFO] [stdout] ...
[INFO] [stdout] 142 | / supported_formats!(
[INFO] [stdout] 143 | |     (cbor, "cbor", Cbor [serde_cbor, hex]) =>
[INFO] [stdout] 144 | |         |input| {
[INFO] [stdout] 145 | |             hex::FromHex::from_hex(input)
[INFO] [stdout] ...   |
[INFO] [stdout] 157 | |         serde_yaml::to_string,
[INFO] [stdout] 158 | | );
[INFO] [stdout]     | |_- in this macro invocation
[INFO] [stdout]     |
[INFO] [stdout]     = note: expected values for `feature` are: `all`, `cbor`, `default`, `hex`, `serde_cbor`, `serde_yaml`, and `yaml`
[INFO] [stdout]     = help: consider adding `json` as a feature in `Cargo.toml`
[INFO] [stdout]     = note: see <https://doc.rust-lang.org/nightly/rustc/check-cfg/cargo-specifics.html> for more information about checking conditional configuration
[INFO] [stdout]     = note: this warning originates in the macro `supported_formats` (in Nightly builds, run with -Z macro-backtrace for more info)
[INFO] [stdout] 
[INFO] [stdout] 
[INFO] [stdout] warning: unexpected `cfg` condition value: `json`
[INFO] [stdout]    --> src/input.rs:72:27
[INFO] [stdout]     |
[INFO] [stdout] 72  |                       #[cfg(feature = $feature)]
[INFO] [stdout]     |                             ^^^^^^^^^^^^^^^^^^
[INFO] [stdout] ...
[INFO] [stdout] 142 | / supported_formats!(
[INFO] [stdout] 143 | |     (cbor, "cbor", Cbor [serde_cbor, hex]) =>
[INFO] [stdout] 144 | |         |input| {
[INFO] [stdout] 145 | |             hex::FromHex::from_hex(input)
[INFO] [stdout] ...   |
[INFO] [stdout] 157 | |         serde_yaml::to_string,
[INFO] [stdout] 158 | | );
[INFO] [stdout]     | |_- in this macro invocation
[INFO] [stdout]     |
[INFO] [stdout]     = note: expected values for `feature` are: `all`, `cbor`, `default`, `hex`, `serde_cbor`, `serde_yaml`, and `yaml`
[INFO] [stdout]     = help: consider adding `json` as a feature in `Cargo.toml`
[INFO] [stdout]     = note: see <https://doc.rust-lang.org/nightly/rustc/check-cfg/cargo-specifics.html> for more information about checking conditional configuration
[INFO] [stdout]     = note: this warning originates in the macro `supported_formats` (in Nightly builds, run with -Z macro-backtrace for more info)
[INFO] [stdout] 
[INFO] [stdout] 
[INFO] [stdout] warning: unexpected `cfg` condition value: `json`
[INFO] [stdout]    --> src/input.rs:98:31
[INFO] [stdout]     |
[INFO] [stdout] 98  |                           #[cfg(feature = $feature)] Format::$variant => {
[INFO] [stdout]     |                                 ^^^^^^^^^^^^^^^^^^
[INFO] [stdout] ...
[INFO] [stdout] 142 | / supported_formats!(
[INFO] [stdout] 143 | |     (cbor, "cbor", Cbor [serde_cbor, hex]) =>
[INFO] [stdout] 144 | |         |input| {
[INFO] [stdout] 145 | |             hex::FromHex::from_hex(input)
[INFO] [stdout] ...   |
[INFO] [stdout] 157 | |         serde_yaml::to_string,
[INFO] [stdout] 158 | | );
[INFO] [stdout]     | |_- in this macro invocation
[INFO] [stdout]     |
[INFO] [stdout]     = note: expected values for `feature` are: `all`, `cbor`, `default`, `hex`, `serde_cbor`, `serde_yaml`, and `yaml`
[INFO] [stdout]     = help: consider adding `json` as a feature in `Cargo.toml`
[INFO] [stdout]     = note: see <https://doc.rust-lang.org/nightly/rustc/check-cfg/cargo-specifics.html> for more information about checking conditional configuration
[INFO] [stdout]     = note: this warning originates in the macro `supported_formats` (in Nightly builds, run with -Z macro-backtrace for more info)
[INFO] [stdout] 
[INFO] [stdout] 
[INFO] [stdout] warning: unexpected `cfg` condition value: `json`
[INFO] [stdout]    --> src/input.rs:115:35
[INFO] [stdout]     |
[INFO] [stdout] 115 |                               #[cfg(feature = $feature)]
[INFO] [stdout]     |                                     ^^^^^^^^^^^^^^^^^^
[INFO] [stdout] ...
[INFO] [stdout] 142 | / supported_formats!(
[INFO] [stdout] 143 | |     (cbor, "cbor", Cbor [serde_cbor, hex]) =>
[INFO] [stdout] 144 | |         |input| {
[INFO] [stdout] 145 | |             hex::FromHex::from_hex(input)
[INFO] [stdout] ...   |
[INFO] [stdout] 157 | |         serde_yaml::to_string,
[INFO] [stdout] 158 | | );
[INFO] [stdout]     | |_- in this macro invocation
[INFO] [stdout]     |
[INFO] [stdout]     = note: expected values for `feature` are: `all`, `cbor`, `default`, `hex`, `serde_cbor`, `serde_yaml`, and `yaml`
[INFO] [stdout]     = help: consider adding `json` as a feature in `Cargo.toml`
[INFO] [stdout]     = note: see <https://doc.rust-lang.org/nightly/rustc/check-cfg/cargo-specifics.html> for more information about checking conditional configuration
[INFO] [stdout]     = note: this warning originates in the macro `supported_formats` (in Nightly builds, run with -Z macro-backtrace for more info)
[INFO] [stdout] 
[INFO] [stdout] 
[INFO] [stdout] warning: unexpected `cfg` condition value: `json`
[INFO] [stdout]    --> src/input.rs:118:39
[INFO] [stdout]     |
[INFO] [stdout] 118 |                               #[cfg(not(feature = $feature))]
[INFO] [stdout]     |                                         ^^^^^^^^^^^^^^^^^^
[INFO] [stdout] ...
[INFO] [stdout] 142 | / supported_formats!(
[INFO] [stdout] 143 | |     (cbor, "cbor", Cbor [serde_cbor, hex]) =>
[INFO] [stdout] 144 | |         |input| {
[INFO] [stdout] 145 | |             hex::FromHex::from_hex(input)
[INFO] [stdout] ...   |
[INFO] [stdout] 157 | |         serde_yaml::to_string,
[INFO] [stdout] 158 | | );
[INFO] [stdout]     | |_- in this macro invocation
[INFO] [stdout]     |
[INFO] [stdout]     = note: expected values for `feature` are: `all`, `cbor`, `default`, `hex`, `serde_cbor`, `serde_yaml`, and `yaml`
[INFO] [stdout]     = help: consider adding `json` as a feature in `Cargo.toml`
[INFO] [stdout]     = note: see <https://doc.rust-lang.org/nightly/rustc/check-cfg/cargo-specifics.html> for more information about checking conditional configuration
[INFO] [stdout]     = note: this warning originates in the macro `supported_formats` (in Nightly builds, run with -Z macro-backtrace for more info)
[INFO] [stdout] 
[INFO] [stdout] 
[INFO] [stdout] warning: unused imports: `io` and `process`
[INFO] [stdout]  --> src/main.rs:8:25
[INFO] [stdout]   |
[INFO] [stdout] 8 | use std::{error::Error, io, process};
[INFO] [stdout]   |                         ^^  ^^^^^^^
[INFO] [stdout]   |
[INFO] [stdout]   = note: `#[warn(unused_imports)]` on by default
[INFO] [stdout] 
[INFO] [stdout] 
[INFO] [stdout] warning: unused imports: `Config`, `Languages`, and `Sort`
[INFO] [stdout]   --> src/main.rs:10:13
[INFO] [stdout]    |
[INFO] [stdout] 10 | use tokei::{Config, Languages, Sort};
[INFO] [stdout]    |             ^^^^^^  ^^^^^^^^^  ^^^^
[INFO] [stdout] 
[INFO] [stdout] 
[INFO] [stdout] warning: unused imports: `cli_utils::*` and `input::*`
[INFO] [stdout]   --> src/main.rs:12:23
[INFO] [stdout]    |
[INFO] [stdout] 12 | use crate::{cli::Cli, cli_utils::*, input::*};
[INFO] [stdout]    |                       ^^^^^^^^^^^^  ^^^^^^^^
[INFO] [stdout] 
[INFO] [stdout] 
[INFO] [stdout] warning: unused variable: `cli`
[INFO] [stdout]   --> src/main.rs:15:13
[INFO] [stdout]    |
[INFO] [stdout] 15 |     let mut cli = Cli::from_args();
[INFO] [stdout]    |             ^^^ help: if this is intentional, prefix it with an underscore: `_cli`
[INFO] [stdout]    |
[INFO] [stdout]    = note: `#[warn(unused_variables)]` on by default
[INFO] [stdout] 
[INFO] [stdout] 
[INFO] [stdout] warning: variable does not need to be mutable
[INFO] [stdout]   --> src/main.rs:15:9
[INFO] [stdout]    |
[INFO] [stdout] 15 |     let mut cli = Cli::from_args();
[INFO] [stdout]    |         ----^^^
[INFO] [stdout]    |         |
[INFO] [stdout]    |         help: remove this `mut`
[INFO] [stdout]    |
[INFO] [stdout]    = note: `#[warn(unused_mut)]` on by default
[INFO] [stdout] 
[INFO] [stdout] 
[INFO] [stdout] warning: multiple fields are never read
[INFO] [stdout]   --> src/cli.rs:11:5
[INFO] [stdout]    |
[INFO] [stdout] 10 | pub struct Cli<'a> {
[INFO] [stdout]    |            --- fields in this struct
[INFO] [stdout] 11 |     matches: ArgMatches<'a>,
[INFO] [stdout]    |     ^^^^^^^
[INFO] [stdout] 12 |     pub columns: Option<usize>,
[INFO] [stdout]    |         ^^^^^^^
[INFO] [stdout] 13 |     pub files: bool,
[INFO] [stdout]    |         ^^^^^
[INFO] [stdout] 14 |     pub hidden: bool,
[INFO] [stdout]    |         ^^^^^^
[INFO] [stdout] 15 |     pub no_ignore: bool,
[INFO] [stdout]    |         ^^^^^^^^^
[INFO] [stdout] 16 |     pub no_ignore_parent: bool,
[INFO] [stdout]    |         ^^^^^^^^^^^^^^^^
[INFO] [stdout] 17 |     pub no_ignore_dot: bool,
[INFO] [stdout]    |         ^^^^^^^^^^^^^
[INFO] [stdout] 18 |     pub no_ignore_vcs: bool,
[INFO] [stdout]    |         ^^^^^^^^^^^^^
[INFO] [stdout] 19 |     pub output: Option<Format>,
[INFO] [stdout]    |         ^^^^^^
[INFO] [stdout] 20 |     pub print_languages: bool,
[INFO] [stdout]    |         ^^^^^^^^^^^^^^^
[INFO] [stdout] 21 |     pub sort: Option<Sort>,
[INFO] [stdout]    |         ^^^^
[INFO] [stdout] 22 |     pub types: Option<Vec<LanguageType>>,
[INFO] [stdout]    |         ^^^^^
[INFO] [stdout] 23 |     pub compact: bool,
[INFO] [stdout]    |         ^^^^^^^
[INFO] [stdout] 24 |     pub number_format: num_format::CustomFormat,
[INFO] [stdout]    |         ^^^^^^^^^^^^^
[INFO] [stdout] 25 |     pub verbose: u64,
[INFO] [stdout]    |         ^^^^^^^
[INFO] [stdout]    |
[INFO] [stdout]    = note: `Cli` has a derived impl for the trait `Debug`, but this is intentionally ignored during dead code analysis
[INFO] [stdout]    = note: `#[warn(dead_code)]` on by default
[INFO] [stdout] 
[INFO] [stdout] 
[INFO] [stdout] warning: associated items `file_input`, `ignored_directories`, `input`, `print_supported_languages`, `override_config`, and `print_input_parse_failure` are never used
[INFO] [stdout]    --> src/cli.rs:166:12
[INFO] [stdout]     |
[INFO] [stdout] 28  | impl<'a> Cli<'a> {
[INFO] [stdout]     | ---------------- associated items in this implementation
[INFO] [stdout] ...
[INFO] [stdout] 166 |     pub fn file_input(&self) -> Option<&str> {
[INFO] [stdout]     |            ^^^^^^^^^^
[INFO] [stdout] ...
[INFO] [stdout] 170 |     pub fn ignored_directories(&self) -> Vec<&str> {
[INFO] [stdout]     |            ^^^^^^^^^^^^^^^^^^^
[INFO] [stdout] ...
[INFO] [stdout] 178 |     pub fn input(&self) -> Vec<&str> {
[INFO] [stdout]     |            ^^^^^
[INFO] [stdout] ...
[INFO] [stdout] 185 |     pub fn print_supported_languages() {
[INFO] [stdout]     |            ^^^^^^^^^^^^^^^^^^^^^^^^^
[INFO] [stdout] ...
[INFO] [stdout] 201 |     pub fn override_config(&mut self, mut config: Config) -> Config {
[INFO] [stdout]     |            ^^^^^^^^^^^^^^^
[INFO] [stdout] ...
[INFO] [stdout] 237 |     pub fn print_input_parse_failure(input_filename: &str) {
[INFO] [stdout]     |            ^^^^^^^^^^^^^^^^^^^^^^^^^
[INFO] [stdout] 
[INFO] [stdout] 
[INFO] [stdout] warning: constant `FALLBACK_ROW_LEN` is never used
[INFO] [stdout]   --> src/cli_utils.rs:14:11
[INFO] [stdout]    |
[INFO] [stdout] 14 | pub const FALLBACK_ROW_LEN: usize = 79;
[INFO] [stdout]    |           ^^^^^^^^^^^^^^^^
[INFO] [stdout] 
[INFO] [stdout] 
[INFO] [stdout] warning: constant `NO_LANG_HEADER_ROW_LEN` is never used
[INFO] [stdout]   --> src/cli_utils.rs:15:7
[INFO] [stdout]    |
[INFO] [stdout] 15 | const NO_LANG_HEADER_ROW_LEN: usize = 67;
[INFO] [stdout]    |       ^^^^^^^^^^^^^^^^^^^^^^
[INFO] [stdout] 
[INFO] [stdout] 
[INFO] [stdout] warning: constant `NO_LANG_ROW_LEN` is never used
[INFO] [stdout]   --> src/cli_utils.rs:16:7
[INFO] [stdout]    |
[INFO] [stdout] 16 | const NO_LANG_ROW_LEN: usize = 61;
[INFO] [stdout]    |       ^^^^^^^^^^^^^^^
[INFO] [stdout] 
[INFO] [stdout] 
[INFO] [stdout] warning: constant `NO_LANG_ROW_LEN_NO_SPACES` is never used
[INFO] [stdout]   --> src/cli_utils.rs:17:7
[INFO] [stdout]    |
[INFO] [stdout] 17 | const NO_LANG_ROW_LEN_NO_SPACES: usize = 54;
[INFO] [stdout]    |       ^^^^^^^^^^^^^^^^^^^^^^^^^
[INFO] [stdout] 
[INFO] [stdout] 
[INFO] [stdout] warning: constant `IDENT_INACCURATE` is never used
[INFO] [stdout]   --> src/cli_utils.rs:18:7
[INFO] [stdout]    |
[INFO] [stdout] 18 | const IDENT_INACCURATE: &str = "(!)";
[INFO] [stdout]    |       ^^^^^^^^^^^^^^^^
[INFO] [stdout] 
[INFO] [stdout] 
[INFO] [stdout] warning: struct `Printer` is never constructed
[INFO] [stdout]    --> src/cli_utils.rs:120:12
[INFO] [stdout]     |
[INFO] [stdout] 120 | pub struct Printer<W> {
[INFO] [stdout]     |            ^^^^^^^
[INFO] [stdout] 
[INFO] [stdout] 
[INFO] [stdout] warning: associated function `new` is never used
[INFO] [stdout]    --> src/cli_utils.rs:131:12
[INFO] [stdout]     |
[INFO] [stdout] 130 | impl<W> Printer<W> {
[INFO] [stdout]     | ------------------ associated function in this implementation
[INFO] [stdout] 131 |     pub fn new(
[INFO] [stdout]     |            ^^^
[INFO] [stdout] 
[INFO] [stdout] 
[INFO] [stdout] warning: multiple methods are never used
[INFO] [stdout]    --> src/cli_utils.rs:150:12
[INFO] [stdout]     |
[INFO] [stdout] 149 | impl<W: Write> Printer<W> {
[INFO] [stdout]     | ------------------------- methods in this implementation
[INFO] [stdout] 150 |     pub fn print_header(&mut self) -> io::Result<()> {
[INFO] [stdout]     |            ^^^^^^^^^^^^
[INFO] [stdout] ...
[INFO] [stdout] 166 |     pub fn print_inaccuracy_warning(&mut self) -> io::Result<()> {
[INFO] [stdout]     |            ^^^^^^^^^^^^^^^^^^^^^^^^
[INFO] [stdout] ...
[INFO] [stdout] 174 |     pub fn print_language(&mut self, language: &Language, name: &str) -> io::Result<()>
[INFO] [stdout]     |            ^^^^^^^^^^^^^^
[INFO] [stdout] ...
[INFO] [stdout] 194 |     fn print_language_in_print_total(&mut self, language: &Language) -> io::Result<()>
[INFO] [stdout]     |        ^^^^^^^^^^^^^^^^^^^^^^^^^^^^^
[INFO] [stdout] ...
[INFO] [stdout] 216 |     pub fn print_language_name(
[INFO] [stdout]     |            ^^^^^^^^^^^^^^^^^^^
[INFO] [stdout] ...
[INFO] [stdout] 245 |     fn print_code_stats(
[INFO] [stdout]     |        ^^^^^^^^^^^^^^^^
[INFO] [stdout] ...
[INFO] [stdout] 276 |     fn print_language_total(&mut self, parent: &Language) -> io::Result<()> {
[INFO] [stdout]     |        ^^^^^^^^^^^^^^^^^^^^
[INFO] [stdout] ...
[INFO] [stdout] 296 |     pub fn print_results<'a, I>(&mut self, languages: I, compact: bool) -> io::Result<()>
[INFO] [stdout]     |            ^^^^^^^^^^^^^
[INFO] [stdout] ...
[INFO] [stdout] 365 |     fn print_row(&mut self) -> io::Result<()> {
[INFO] [stdout]     |        ^^^^^^^^^
[INFO] [stdout] ...
[INFO] [stdout] 369 |     fn print_subrow(&mut self) -> io::Result<()> {
[INFO] [stdout]     |        ^^^^^^^^^^^^
[INFO] [stdout] ...
[INFO] [stdout] 373 |     fn print_report(
[INFO] [stdout]     |        ^^^^^^^^^^^^
[INFO] [stdout] ...
[INFO] [stdout] 392 |     fn print_report_total(&mut self, report: &Report, inaccurate: bool) -> io::Result<()> {
[INFO] [stdout]     |        ^^^^^^^^^^^^^^^^^^
[INFO] [stdout] ...
[INFO] [stdout] 412 |     fn print_report_with_name(&mut self, report: &Report) -> io::Result<()> {
[INFO] [stdout]     |        ^^^^^^^^^^^^^^^^^^^^^^
[INFO] [stdout] ...
[INFO] [stdout] 429 |     fn print_report_total_formatted(
[INFO] [stdout]     |        ^^^^^^^^^^^^^^^^^^^^^^^^^^^^
[INFO] [stdout] ...
[INFO] [stdout] 453 |     pub fn print_total(&mut self, languages: tokei::Languages) -> io::Result<()> {
[INFO] [stdout]     |            ^^^^^^^^^^^
[INFO] [stdout] 
[INFO] [stdout] 
[INFO] [stdout] warning: type alias `LanguageMap` is never used
[INFO] [stdout]  --> src/input.rs:6:6
[INFO] [stdout]   |
[INFO] [stdout] 6 | type LanguageMap = BTreeMap<LanguageType, Language>;
[INFO] [stdout]   |      ^^^^^^^^^^^
[INFO] [stdout] 
[INFO] [stdout] 
[INFO] [stdout] warning: associated items `all_feature_names`, `not_supported`, `parse`, and `print` are never used
[INFO] [stdout]    --> src/input.rs:48:20
[INFO] [stdout]     |
[INFO] [stdout] 32  |           impl Format {
[INFO] [stdout]     |           ----------- associated items in this implementation
[INFO] [stdout] ...
[INFO] [stdout] 48  |               pub fn all_feature_names() -> &'static [&'static str] {
[INFO] [stdout]     |                      ^^^^^^^^^^^^^^^^^
[INFO] [stdout] ...
[INFO] [stdout] 54  |               pub fn not_supported() -> &'static [&'static str] {
[INFO] [stdout]     |                      ^^^^^^^^^^^^^
[INFO] [stdout] ...
[INFO] [stdout] 62  |               pub fn parse(input: &str) -> Option<LanguageMap> {
[INFO] [stdout]     |                      ^^^^^
[INFO] [stdout] ...
[INFO] [stdout] 86  |               pub fn print(&self, languages: &Languages) -> Result<String, Box<dyn Error>> {
[INFO] [stdout]     |                      ^^^^^
[INFO] [stdout] ...
[INFO] [stdout] 142 | / supported_formats!(
[INFO] [stdout] 143 | |     (cbor, "cbor", Cbor [serde_cbor, hex]) =>
[INFO] [stdout] 144 | |         |input| {
[INFO] [stdout] 145 | |             hex::FromHex::from_hex(input)
[INFO] [stdout] ...   |
[INFO] [stdout] 157 | |         serde_yaml::to_string,
[INFO] [stdout] 158 | | );
[INFO] [stdout]     | |_- in this macro invocation
[INFO] [stdout]     |
[INFO] [stdout]     = note: this warning originates in the macro `supported_formats` (in Nightly builds, run with -Z macro-backtrace for more info)
[INFO] [stdout] 
[INFO] [stdout] 
[INFO] [stdout] warning: function `add_input` is never used
[INFO] [stdout]    --> src/input.rs:160:8
[INFO] [stdout]     |
[INFO] [stdout] 160 | pub fn add_input(input: &str, languages: &mut Languages) -> bool {
[INFO] [stdout]     |        ^^^^^^^^^
[INFO] [stdout] 
[INFO] [stdout] 
[INFO] [stdout] warning: function `convert_input` is never used
[INFO] [stdout]    --> src/input.rs:196:4
[INFO] [stdout]     |
[INFO] [stdout] 196 | fn convert_input(contents: &str) -> Option<LanguageMap> {
[INFO] [stdout]     |    ^^^^^^^^^^^^^
[INFO] [stdout] 
[INFO] [stdout] 
[INFO] [stderr]     Finished `test` profile [unoptimized + debuginfo] target(s) in 27.21s
[INFO] [stderr] warning: the following packages contain code that will be rejected by a future version of Rust: git2 v0.13.15
[INFO] [stderr] note: to see what the problems were, use the option `--future-incompat-report`, or run `cargo report future-incompatibilities --id 1`
[INFO] running `Command { std: "docker" "inspect" "faf42c4d28cbd5815ac3b448d6fc0e815de21024e4182561eb1a3cfa9fe656a0", kill_on_drop: false }`
[INFO] running `Command { std: "docker" "rm" "-f" "faf42c4d28cbd5815ac3b448d6fc0e815de21024e4182561eb1a3cfa9fe656a0", kill_on_drop: false }`
[INFO] [stdout] faf42c4d28cbd5815ac3b448d6fc0e815de21024e4182561eb1a3cfa9fe656a0
[INFO] running `Command { std: "docker" "create" "-v" "/var/lib/crater-agent-workspace/builds/worker-4-tc2/target:/opt/rustwide/target:rw,Z" "-v" "/var/lib/crater-agent-workspace/builds/worker-4-tc2/source:/opt/rustwide/workdir:ro,Z" "-v" "/var/lib/crater-agent-workspace/cargo-home:/opt/rustwide/cargo-home:ro,Z" "-v" "/var/lib/crater-agent-workspace/rustup-home:/opt/rustwide/rustup-home:ro,Z" "-e" "SOURCE_DIR=/opt/rustwide/workdir" "-e" "CARGO_TARGET_DIR=/opt/rustwide/target" "-e" "CARGO_INCREMENTAL=0" "-e" "RUST_BACKTRACE=full" "-e" "RUSTFLAGS=--cap-lints=warn" "-e" "RUSTDOCFLAGS=--cap-lints=warn" "-e" "CARGO_HOME=/opt/rustwide/cargo-home" "-e" "RUSTUP_HOME=/opt/rustwide/rustup-home" "-w" "/opt/rustwide/workdir" "-m" "1610612736" "--user" "0:0" "--network" "none" "ghcr.io/rust-lang/crates-build-env/linux@sha256:f3a9d4ad9d972b27faf3965f35b62e55ba32bbce8f20bc8fe909558a86702fde" "/opt/rustwide/cargo-home/bin/cargo" "+beta-2024-12-08" "test" "--frozen", kill_on_drop: false }`
[INFO] [stdout] cc8d0c83814d9e08cc90f411da2e8100730b4022eae479ebbdb11cf24dbfcc00
[INFO] running `Command { std: "docker" "start" "-a" "cc8d0c83814d9e08cc90f411da2e8100730b4022eae479ebbdb11cf24dbfcc00", kill_on_drop: false }`
[INFO] [stderr] warning: method `is_not_line_ending_whitespace` is never used
[INFO] [stderr]  --> src/utils/ext.rs:5:8
[INFO] [stderr]   |
[INFO] [stderr] 3 | pub(crate) trait AsciiExt {
[INFO] [stderr]   |                  -------- method in this trait
[INFO] [stderr] 4 |     fn is_whitespace(self) -> bool;
[INFO] [stderr] 5 |     fn is_not_line_ending_whitespace(self) -> bool;
[INFO] [stderr]   |        ^^^^^^^^^^^^^^^^^^^^^^^^^^^^^
[INFO] [stderr]   |
[INFO] [stderr]   = note: `#[warn(dead_code)]` on by default
[INFO] [stderr] 
[INFO] [stderr] warning: field `any_comments` is never read
[INFO] [stderr]   --> src/language/syntax.rs:67:9
[INFO] [stderr]    |
[INFO] [stderr] 62 | pub(crate) struct SharedMatchers {
[INFO] [stderr]    |                   -------------- field in this struct
[INFO] [stderr] ...
[INFO] [stderr] 67 |     pub any_comments: &'static [&'static str],
[INFO] [stderr]    |         ^^^^^^^^^^^^
[INFO] [stderr]    |
[INFO] [stderr]    = note: `SharedMatchers` has derived impls for the traits `Debug` and `Clone`, but these are intentionally ignored during dead code analysis
[INFO] [stderr] 
[INFO] [stderr] warning: `tokei` (lib) generated 2 warnings
[INFO] [stderr] warning: `tokei` (lib test) generated 2 warnings (2 duplicates)
[INFO] [stderr] warning: unexpected `cfg` condition value: `json`
[INFO] [stderr]    --> src/input.rs:16:23
[INFO] [stderr]     |
[INFO] [stderr] 16  |                   #[cfg(feature = $feature)] extern crate $krate;
[INFO] [stderr]     |                         ^^^^^^^^^^^^^^^^^^
[INFO] [stderr] ...
[INFO] [stderr] 142 | / supported_formats!(
[INFO] [stderr] 143 | |     (cbor, "cbor", Cbor [serde_cbor, hex]) =>
[INFO] [stderr] 144 | |         |input| {
[INFO] [stderr] 145 | |             hex::FromHex::from_hex(input)
[INFO] [stderr] ...   |
[INFO] [stderr] 157 | |         serde_yaml::to_string,
[INFO] [stderr] 158 | | );
[INFO] [stderr]     | |_- in this macro invocation
[INFO] [stderr]     |
[INFO] [stderr]     = note: expected values for `feature` are: `all`, `cbor`, `default`, `hex`, `serde_cbor`, `serde_yaml`, and `yaml`
[INFO] [stderr]     = help: consider adding `json` as a feature in `Cargo.toml`
[INFO] [stderr]     = note: see <https://doc.rust-lang.org/nightly/rustc/check-cfg/cargo-specifics.html> for more information about checking conditional configuration
[INFO] [stderr]     = note: `#[warn(unexpected_cfgs)]` on by default
[INFO] [stderr]     = note: this warning originates in the macro `supported_formats` (in Nightly builds, run with -Z macro-backtrace for more info)
[INFO] [stderr] 
[INFO] [stderr] warning: unexpected `cfg` condition value: `json`
[INFO] [stderr]    --> src/input.rs:27:23
[INFO] [stderr]     |
[INFO] [stderr] 27  |                   #[cfg(feature = $feature)] $variant
[INFO] [stderr]     |                         ^^^^^^^
[INFO] [stderr] ...
[INFO] [stderr] 142 | / supported_formats!(
[INFO] [stderr] 143 | |     (cbor, "cbor", Cbor [serde_cbor, hex]) =>
[INFO] [stderr] 144 | |         |input| {
[INFO] [stderr] 145 | |             hex::FromHex::from_hex(input)
[INFO] [stderr] ...   |
[INFO] [stderr] 157 | |         serde_yaml::to_string,
[INFO] [stderr] 158 | | );
[INFO] [stderr]     | |_- in this macro invocation
[INFO] [stderr]     |
[INFO] [stderr]     = note: expected values for `feature` are: `all`, `cbor`, `default`, `hex`, `serde_cbor`, `serde_yaml`, and `yaml`
[INFO] [stderr]     = help: consider adding `json` as a feature in `Cargo.toml`
[INFO] [stderr]     = note: see <https://doc.rust-lang.org/nightly/rustc/check-cfg/cargo-specifics.html> for more information about checking conditional configuration
[INFO] [stderr]     = note: this warning originates in the macro `supported_formats` (in Nightly builds, run with -Z macro-backtrace for more info)
[INFO] [stderr] 
[INFO] [stderr] warning: unexpected `cfg` condition value: `json`
[INFO] [stderr]    --> src/input.rs:27:23
[INFO] [stderr]     |
[INFO] [stderr] 27  |                   #[cfg(feature = $feature)] $variant
[INFO] [stderr]     |                         ^^^^^^^^^^^^^^^^^^
[INFO] [stderr] ...
[INFO] [stderr] 142 | / supported_formats!(
[INFO] [stderr] 143 | |     (cbor, "cbor", Cbor [serde_cbor, hex]) =>
[INFO] [stderr] 144 | |         |input| {
[INFO] [stderr] 145 | |             hex::FromHex::from_hex(input)
[INFO] [stderr] ...   |
[INFO] [stderr] 157 | |         serde_yaml::to_string,
[INFO] [stderr] 158 | | );
[INFO] [stderr]     | |_- in this macro invocation
[INFO] [stderr]     |
[INFO] [stderr]     = note: expected values for `feature` are: `all`, `cbor`, `default`, `hex`, `serde_cbor`, `serde_yaml`, and `yaml`
[INFO] [stderr]     = help: consider adding `json` as a feature in `Cargo.toml`
[INFO] [stderr]     = note: see <https://doc.rust-lang.org/nightly/rustc/check-cfg/cargo-specifics.html> for more information about checking conditional configuration
[INFO] [stderr]     = note: this warning originates in the macro `supported_formats` (in Nightly builds, run with -Z macro-backtrace for more info)
[INFO] [stderr] 
[INFO] [stderr] warning: unexpected `cfg` condition value: `json`
[INFO] [stderr]    --> src/input.rs:37:31
[INFO] [stderr]     |
[INFO] [stderr] 37  |                           #[cfg(feature = $feature)] stringify!($name)
[INFO] [stderr]     |                                 ^^^^^^^^^^^^^^^^^^
[INFO] [stderr] ...
[INFO] [stderr] 142 | / supported_formats!(
[INFO] [stderr] 143 | |     (cbor, "cbor", Cbor [serde_cbor, hex]) =>
[INFO] [stderr] 144 | |         |input| {
[INFO] [stderr] 145 | |             hex::FromHex::from_hex(input)
[INFO] [stderr] ...   |
[INFO] [stderr] 157 | |         serde_yaml::to_string,
[INFO] [stderr] 158 | | );
[INFO] [stderr]     | |_- in this macro invocation
[INFO] [stderr]     |
[INFO] [stderr]     = note: expected values for `feature` are: `all`, `cbor`, `default`, `hex`, `serde_cbor`, `serde_yaml`, and `yaml`
[INFO] [stderr]     = help: consider adding `json` as a feature in `Cargo.toml`
[INFO] [stderr]     = note: see <https://doc.rust-lang.org/nightly/rustc/check-cfg/cargo-specifics.html> for more information about checking conditional configuration
[INFO] [stderr]     = note: this warning originates in the macro `supported_formats` (in Nightly builds, run with -Z macro-backtrace for more info)
[INFO] [stderr] 
[INFO] [stderr] warning: unexpected `cfg` condition value: `json`
[INFO] [stderr]    --> src/input.rs:57:35
[INFO] [stderr]     |
[INFO] [stderr] 57  |                           #[cfg(not(feature = $feature))] stringify!($name)
[INFO] [stderr]     |                                     ^^^^^^^^^^^^^^^^^^
[INFO] [stderr] ...
[INFO] [stderr] 142 | / supported_formats!(
[INFO] [stderr] 143 | |     (cbor, "cbor", Cbor [serde_cbor, hex]) =>
[INFO] [stderr] 144 | |         |input| {
[INFO] [stderr] 145 | |             hex::FromHex::from_hex(input)
[INFO] [stderr] ...   |
[INFO] [stderr] 157 | |         serde_yaml::to_string,
[INFO] [stderr] 158 | | );
[INFO] [stderr]     | |_- in this macro invocation
[INFO] [stderr]     |
[INFO] [stderr]     = note: expected values for `feature` are: `all`, `cbor`, `default`, `hex`, `serde_cbor`, `serde_yaml`, and `yaml`
[INFO] [stderr]     = help: consider adding `json` as a feature in `Cargo.toml`
[INFO] [stderr]     = note: see <https://doc.rust-lang.org/nightly/rustc/check-cfg/cargo-specifics.html> for more information about checking conditional configuration
[INFO] [stderr]     = note: this warning originates in the macro `supported_formats` (in Nightly builds, run with -Z macro-backtrace for more info)
[INFO] [stderr] 
[INFO] [stderr] warning: unexpected `cfg` condition value: `json`
[INFO] [stderr]    --> src/input.rs:72:27
[INFO] [stderr]     |
[INFO] [stderr] 72  |                       #[cfg(feature = $feature)]
[INFO] [stderr]     |                             ^^^^^^^^^^^^^^^^^^
[INFO] [stderr] ...
[INFO] [stderr] 142 | / supported_formats!(
[INFO] [stderr] 143 | |     (cbor, "cbor", Cbor [serde_cbor, hex]) =>
[INFO] [stderr] 144 | |         |input| {
[INFO] [stderr] 145 | |             hex::FromHex::from_hex(input)
[INFO] [stderr] ...   |
[INFO] [stderr] 157 | |         serde_yaml::to_string,
[INFO] [stderr] 158 | | );
[INFO] [stderr]     | |_- in this macro invocation
[INFO] [stderr]     |
[INFO] [stderr]     = note: expected values for `feature` are: `all`, `cbor`, `default`, `hex`, `serde_cbor`, `serde_yaml`, and `yaml`
[INFO] [stderr]     = help: consider adding `json` as a feature in `Cargo.toml`
[INFO] [stderr]     = note: see <https://doc.rust-lang.org/nightly/rustc/check-cfg/cargo-specifics.html> for more information about checking conditional configuration
[INFO] [stderr]     = note: this warning originates in the macro `supported_formats` (in Nightly builds, run with -Z macro-backtrace for more info)
[INFO] [stderr] 
[INFO] [stderr] warning: unexpected `cfg` condition value: `json`
[INFO] [stderr]    --> src/input.rs:98:31
[INFO] [stderr]     |
[INFO] [stderr] 98  |                           #[cfg(feature = $feature)] Format::$variant => {
[INFO] [stderr]     |                                 ^^^^^^^^^^^^^^^^^^
[INFO] [stderr] ...
[INFO] [stderr] 142 | / supported_formats!(
[INFO] [stderr] 143 | |     (cbor, "cbor", Cbor [serde_cbor, hex]) =>
[INFO] [stderr] 144 | |         |input| {
[INFO] [stderr] 145 | |             hex::FromHex::from_hex(input)
[INFO] [stderr] ...   |
[INFO] [stderr] 157 | |         serde_yaml::to_string,
[INFO] [stderr] 158 | | );
[INFO] [stderr]     | |_- in this macro invocation
[INFO] [stderr]     |
[INFO] [stderr]     = note: expected values for `feature` are: `all`, `cbor`, `default`, `hex`, `serde_cbor`, `serde_yaml`, and `yaml`
[INFO] [stderr]     = help: consider adding `json` as a feature in `Cargo.toml`
[INFO] [stderr]     = note: see <https://doc.rust-lang.org/nightly/rustc/check-cfg/cargo-specifics.html> for more information about checking conditional configuration
[INFO] [stderr]     = note: this warning originates in the macro `supported_formats` (in Nightly builds, run with -Z macro-backtrace for more info)
[INFO] [stderr] 
[INFO] [stderr] warning: unexpected `cfg` condition value: `json`
[INFO] [stderr]    --> src/input.rs:115:35
[INFO] [stderr]     |
[INFO] [stderr] 115 |                               #[cfg(feature = $feature)]
[INFO] [stderr]     |                                     ^^^^^^^^^^^^^^^^^^
[INFO] [stderr] ...
[INFO] [stderr] 142 | / supported_formats!(
[INFO] [stderr] 143 | |     (cbor, "cbor", Cbor [serde_cbor, hex]) =>
[INFO] [stderr] 144 | |         |input| {
[INFO] [stderr] 145 | |             hex::FromHex::from_hex(input)
[INFO] [stderr] ...   |
[INFO] [stderr] 157 | |         serde_yaml::to_string,
[INFO] [stderr] 158 | | );
[INFO] [stderr]     | |_- in this macro invocation
[INFO] [stderr]     |
[INFO] [stderr]     = note: expected values for `feature` are: `all`, `cbor`, `default`, `hex`, `serde_cbor`, `serde_yaml`, and `yaml`
[INFO] [stderr]     = help: consider adding `json` as a feature in `Cargo.toml`
[INFO] [stderr]     = note: see <https://doc.rust-lang.org/nightly/rustc/check-cfg/cargo-specifics.html> for more information about checking conditional configuration
[INFO] [stderr]     = note: this warning originates in the macro `supported_formats` (in Nightly builds, run with -Z macro-backtrace for more info)
[INFO] [stderr] 
[INFO] [stderr] warning: unexpected `cfg` condition value: `json`
[INFO] [stderr]    --> src/input.rs:118:39
[INFO] [stderr]     |
[INFO] [stderr] 118 |                               #[cfg(not(feature = $feature))]
[INFO] [stderr]     |                                         ^^^^^^^^^^^^^^^^^^
[INFO] [stderr] ...
[INFO] [stderr] 142 | / supported_formats!(
[INFO] [stderr] 143 | |     (cbor, "cbor", Cbor [serde_cbor, hex]) =>
[INFO] [stderr] 144 | |         |input| {
[INFO] [stderr] 145 | |             hex::FromHex::from_hex(input)
[INFO] [stderr] ...   |
[INFO] [stderr] 157 | |         serde_yaml::to_string,
[INFO] [stderr] 158 | | );
[INFO] [stderr]     | |_- in this macro invocation
[INFO] [stderr]     |
[INFO] [stderr]     = note: expected values for `feature` are: `all`, `cbor`, `default`, `hex`, `serde_cbor`, `serde_yaml`, and `yaml`
[INFO] [stderr]     = help: consider adding `json` as a feature in `Cargo.toml`
[INFO] [stderr]     = note: see <https://doc.rust-lang.org/nightly/rustc/check-cfg/cargo-specifics.html> for more information about checking conditional configuration
[INFO] [stderr]     = note: this warning originates in the macro `supported_formats` (in Nightly builds, run with -Z macro-backtrace for more info)
[INFO] [stderr] 
[INFO] [stderr] warning: unused imports: `io` and `process`
[INFO] [stderr]  --> src/main.rs:8:25
[INFO] [stderr]   |
[INFO] [stderr] 8 | use std::{error::Error, io, process};
[INFO] [stderr]   |                         ^^  ^^^^^^^
[INFO] [stderr]   |
[INFO] [stderr]   = note: `#[warn(unused_imports)]` on by default
[INFO] [stderr] 
[INFO] [stderr] warning: unused imports: `Config`, `Languages`, and `Sort`
[INFO] [stderr]   --> src/main.rs:10:13
[INFO] [stderr]    |
[INFO] [stderr] 10 | use tokei::{Config, Languages, Sort};
[INFO] [stderr]    |             ^^^^^^  ^^^^^^^^^  ^^^^
[INFO] [stderr] 
[INFO] [stderr] warning: unused imports: `cli_utils::*` and `input::*`
[INFO] [stderr]   --> src/main.rs:12:23
[INFO] [stderr]    |
[INFO] [stderr] 12 | use crate::{cli::Cli, cli_utils::*, input::*};
[INFO] [stderr]    |                       ^^^^^^^^^^^^  ^^^^^^^^
[INFO] [stderr] 
[INFO] [stderr] warning: unused variable: `cli`
[INFO] [stderr]   --> src/main.rs:15:13
[INFO] [stderr]    |
[INFO] [stderr] 15 |     let mut cli = Cli::from_args();
[INFO] [stderr]    |             ^^^ help: if this is intentional, prefix it with an underscore: `_cli`
[INFO] [stderr]    |
[INFO] [stderr]    = note: `#[warn(unused_variables)]` on by default
[INFO] [stderr] 
[INFO] [stderr] warning: variable does not need to be mutable
[INFO] [stderr]   --> src/main.rs:15:9
[INFO] [stderr]    |
[INFO] [stderr] 15 |     let mut cli = Cli::from_args();
[INFO] [stderr]    |         ----^^^
[INFO] [stderr]    |         |
[INFO] [stderr]    |         help: remove this `mut`
[INFO] [stderr]    |
[INFO] [stderr]    = note: `#[warn(unused_mut)]` on by default
[INFO] [stderr] 
[INFO] [stderr] warning: multiple fields are never read
[INFO] [stderr]   --> src/cli.rs:11:5
[INFO] [stderr]    |
[INFO] [stderr] 10 | pub struct Cli<'a> {
[INFO] [stderr]    |            --- fields in this struct
[INFO] [stderr] 11 |     matches: ArgMatches<'a>,
[INFO] [stderr]    |     ^^^^^^^
[INFO] [stderr] 12 |     pub columns: Option<usize>,
[INFO] [stderr]    |         ^^^^^^^
[INFO] [stderr] 13 |     pub files: bool,
[INFO] [stderr]    |         ^^^^^
[INFO] [stderr] 14 |     pub hidden: bool,
[INFO] [stderr]    |         ^^^^^^
[INFO] [stderr] 15 |     pub no_ignore: bool,
[INFO] [stderr]    |         ^^^^^^^^^
[INFO] [stderr] 16 |     pub no_ignore_parent: bool,
[INFO] [stderr]    |         ^^^^^^^^^^^^^^^^
[INFO] [stderr] 17 |     pub no_ignore_dot: bool,
[INFO] [stderr]    |         ^^^^^^^^^^^^^
[INFO] [stderr] 18 |     pub no_ignore_vcs: bool,
[INFO] [stderr]    |         ^^^^^^^^^^^^^
[INFO] [stderr] 19 |     pub output: Option<Format>,
[INFO] [stderr]    |         ^^^^^^
[INFO] [stderr] 20 |     pub print_languages: bool,
[INFO] [stderr]    |         ^^^^^^^^^^^^^^^
[INFO] [stderr] 21 |     pub sort: Option<Sort>,
[INFO] [stderr]    |         ^^^^
[INFO] [stderr] 22 |     pub types: Option<Vec<LanguageType>>,
[INFO] [stderr]    |         ^^^^^
[INFO] [stderr] 23 |     pub compact: bool,
[INFO] [stderr]    |         ^^^^^^^
[INFO] [stderr] 24 |     pub number_format: num_format::CustomFormat,
[INFO] [stderr]    |         ^^^^^^^^^^^^^
[INFO] [stderr] 25 |     pub verbose: u64,
[INFO] [stderr]    |         ^^^^^^^
[INFO] [stderr]    |
[INFO] [stderr]    = note: `Cli` has a derived impl for the trait `Debug`, but this is intentionally ignored during dead code analysis
[INFO] [stderr]    = note: `#[warn(dead_code)]` on by default
[INFO] [stderr] 
[INFO] [stderr] warning: associated items `file_input`, `ignored_directories`, `input`, `print_supported_languages`, `override_config`, and `print_input_parse_failure` are never used
[INFO] [stderr]    --> src/cli.rs:166:12
[INFO] [stderr]     |
[INFO] [stderr] 28  | impl<'a> Cli<'a> {
[INFO] [stderr]     | ---------------- associated items in this implementation
[INFO] [stderr] ...
[INFO] [stderr] 166 |     pub fn file_input(&self) -> Option<&str> {
[INFO] [stderr]     |            ^^^^^^^^^^
[INFO] [stderr] ...
[INFO] [stderr] 170 |     pub fn ignored_directories(&self) -> Vec<&str> {
[INFO] [stderr]     |            ^^^^^^^^^^^^^^^^^^^
[INFO] [stderr] ...
[INFO] [stderr] 178 |     pub fn input(&self) -> Vec<&str> {
[INFO] [stderr]     |            ^^^^^
[INFO] [stderr] ...
[INFO] [stderr] 185 |     pub fn print_supported_languages() {
[INFO] [stderr]     |            ^^^^^^^^^^^^^^^^^^^^^^^^^
[INFO] [stderr] ...
[INFO] [stderr] 201 |     pub fn override_config(&mut self, mut config: Config) -> Config {
[INFO] [stderr]     |            ^^^^^^^^^^^^^^^
[INFO] [stderr] ...
[INFO] [stderr] 237 |     pub fn print_input_parse_failure(input_filename: &str) {
[INFO] [stderr]     |            ^^^^^^^^^^^^^^^^^^^^^^^^^
[INFO] [stderr] 
[INFO] [stderr] warning: constant `FALLBACK_ROW_LEN` is never used
[INFO] [stderr]   --> src/cli_utils.rs:14:11
[INFO] [stderr]    |
[INFO] [stderr] 14 | pub const FALLBACK_ROW_LEN: usize = 79;
[INFO] [stderr]    |           ^^^^^^^^^^^^^^^^
[INFO] [stderr] 
[INFO] [stderr] warning: constant `NO_LANG_HEADER_ROW_LEN` is never used
[INFO] [stderr]   --> src/cli_utils.rs:15:7
[INFO] [stderr]    |
[INFO] [stderr] 15 | const NO_LANG_HEADER_ROW_LEN: usize = 67;
[INFO] [stderr]    |       ^^^^^^^^^^^^^^^^^^^^^^
[INFO] [stderr] 
[INFO] [stderr] warning: constant `NO_LANG_ROW_LEN` is never used
[INFO] [stderr]   --> src/cli_utils.rs:16:7
[INFO] [stderr]    |
[INFO] [stderr] 16 | const NO_LANG_ROW_LEN: usize = 61;
[INFO] [stderr]    |       ^^^^^^^^^^^^^^^
[INFO] [stderr] 
[INFO] [stderr] warning: constant `NO_LANG_ROW_LEN_NO_SPACES` is never used
[INFO] [stderr]   --> src/cli_utils.rs:17:7
[INFO] [stderr]    |
[INFO] [stderr] 17 | const NO_LANG_ROW_LEN_NO_SPACES: usize = 54;
[INFO] [stderr]    |       ^^^^^^^^^^^^^^^^^^^^^^^^^
[INFO] [stderr] 
[INFO] [stderr] warning: constant `IDENT_INACCURATE` is never used
[INFO] [stderr]   --> src/cli_utils.rs:18:7
[INFO] [stderr]    |
[INFO] [stderr] 18 | const IDENT_INACCURATE: &str = "(!)";
[INFO] [stderr]    |       ^^^^^^^^^^^^^^^^
[INFO] [stderr] 
[INFO] [stderr] warning: struct `Printer` is never constructed
[INFO] [stderr]    --> src/cli_utils.rs:120:12
[INFO] [stderr]     |
[INFO] [stderr] 120 | pub struct Printer<W> {
[INFO] [stderr]     |            ^^^^^^^
[INFO] [stderr] 
[INFO] [stderr] warning: associated function `new` is never used
[INFO] [stderr]    --> src/cli_utils.rs:131:12
[INFO] [stderr]     |
[INFO] [stderr] 130 | impl<W> Printer<W> {
[INFO] [stderr]     | ------------------ associated function in this implementation
[INFO] [stderr] 131 |     pub fn new(
[INFO] [stderr]     |            ^^^
[INFO] [stderr] 
[INFO] [stderr] warning: multiple methods are never used
[INFO] [stderr]    --> src/cli_utils.rs:150:12
[INFO] [stderr]     |
[INFO] [stderr] 149 | impl<W: Write> Printer<W> {
[INFO] [stderr]     | ------------------------- methods in this implementation
[INFO] [stderr] 150 |     pub fn print_header(&mut self) -> io::Result<()> {
[INFO] [stderr]     |            ^^^^^^^^^^^^
[INFO] [stderr] ...
[INFO] [stderr] 166 |     pub fn print_inaccuracy_warning(&mut self) -> io::Result<()> {
[INFO] [stderr]     |            ^^^^^^^^^^^^^^^^^^^^^^^^
[INFO] [stderr] ...
[INFO] [stderr] 174 |     pub fn print_language(&mut self, language: &Language, name: &str) -> io::Result<()>
[INFO] [stderr]     |            ^^^^^^^^^^^^^^
[INFO] [stderr] ...
[INFO] [stderr] 194 |     fn print_language_in_print_total(&mut self, language: &Language) -> io::Result<()>
[INFO] [stderr]     |        ^^^^^^^^^^^^^^^^^^^^^^^^^^^^^
[INFO] [stderr] ...
[INFO] [stderr] 216 |     pub fn print_language_name(
[INFO] [stderr]     |            ^^^^^^^^^^^^^^^^^^^
[INFO] [stderr] ...
[INFO] [stderr] 245 |     fn print_code_stats(
[INFO] [stderr]     |        ^^^^^^^^^^^^^^^^
[INFO] [stderr] ...
[INFO] [stderr] 276 |     fn print_language_total(&mut self, parent: &Language) -> io::Result<()> {
[INFO] [stderr]     |        ^^^^^^^^^^^^^^^^^^^^
[INFO] [stderr] ...
[INFO] [stderr] 296 |     pub fn print_results<'a, I>(&mut self, languages: I, compact: bool) -> io::Result<()>
[INFO] [stderr]     |            ^^^^^^^^^^^^^
[INFO] [stderr] ...
[INFO] [stderr] 365 |     fn print_row(&mut self) -> io::Result<()> {
[INFO] [stderr]     |        ^^^^^^^^^
[INFO] [stderr] ...
[INFO] [stderr] 369 |     fn print_subrow(&mut self) -> io::Result<()> {
[INFO] [stderr]     |        ^^^^^^^^^^^^
[INFO] [stderr] ...
[INFO] [stderr] 373 |     fn print_report(
[INFO] [stderr]     |        ^^^^^^^^^^^^
[INFO] [stderr] ...
[INFO] [stderr] 392 |     fn print_report_total(&mut self, report: &Report, inaccurate: bool) -> io::Result<()> {
[INFO] [stderr]     |        ^^^^^^^^^^^^^^^^^^
[INFO] [stderr] ...
[INFO] [stderr] 412 |     fn print_report_with_name(&mut self, report: &Report) -> io::Result<()> {
[INFO] [stderr]     |        ^^^^^^^^^^^^^^^^^^^^^^
[INFO] [stderr] ...
[INFO] [stderr] 429 |     fn print_report_total_formatted(
[INFO] [stderr]     |        ^^^^^^^^^^^^^^^^^^^^^^^^^^^^
[INFO] [stderr] ...
[INFO] [stderr] 453 |     pub fn print_total(&mut self, languages: tokei::Languages) -> io::Result<()> {
[INFO] [stderr]     |            ^^^^^^^^^^^
[INFO] [stderr] 
[INFO] [stderr] warning: type alias `LanguageMap` is never used
[INFO] [stderr]  --> src/input.rs:6:6
[INFO] [stderr]   |
[INFO] [stderr] 6 | type LanguageMap = BTreeMap<LanguageType, Language>;
[INFO] [stderr]   |      ^^^^^^^^^^^
[INFO] [stderr] 
[INFO] [stderr] warning: associated items `all_feature_names`, `not_supported`, `parse`, and `print` are never used
[INFO] [stderr]    --> src/input.rs:48:20
[INFO] [stderr]     |
[INFO] [stderr] 32  |           impl Format {
[INFO] [stderr]     |           ----------- associated items in this implementation
[INFO] [stderr] ...
[INFO] [stderr] 48  |               pub fn all_feature_names() -> &'static [&'static str] {
[INFO] [stderr]     |                      ^^^^^^^^^^^^^^^^^
[INFO] [stderr] ...
[INFO] [stderr] 54  |               pub fn not_supported() -> &'static [&'static str] {
[INFO] [stderr]     |                      ^^^^^^^^^^^^^
[INFO] [stderr] ...
[INFO] [stderr] 62  |               pub fn parse(input: &str) -> Option<LanguageMap> {
[INFO] [stderr]     |                      ^^^^^
[INFO] [stderr] ...
[INFO] [stderr] 86  |               pub fn print(&self, languages: &Languages) -> Result<String, Box<dyn Error>> {
[INFO] [stderr]     |                      ^^^^^
[INFO] [stderr] ...
[INFO] [stderr] 142 | / supported_formats!(
[INFO] [stderr] 143 | |     (cbor, "cbor", Cbor [serde_cbor, hex]) =>
[INFO] [stderr] 144 | |         |input| {
[INFO] [stderr] 145 | |             hex::FromHex::from_hex(input)
[INFO] [stderr] ...   |
[INFO] [stderr] 157 | |         serde_yaml::to_string,
[INFO] [stderr] 158 | | );
[INFO] [stderr]     | |_- in this macro invocation
[INFO] [stderr]     |
[INFO] [stderr]     = note: this warning originates in the macro `supported_formats` (in Nightly builds, run with -Z macro-backtrace for more info)
[INFO] [stderr] 
[INFO] [stderr] warning: function `add_input` is never used
[INFO] [stderr]    --> src/input.rs:160:8
[INFO] [stderr]     |
[INFO] [stderr] 160 | pub fn add_input(input: &str, languages: &mut Languages) -> bool {
[INFO] [stderr]     |        ^^^^^^^^^
[INFO] [stderr] 
[INFO] [stderr] warning: function `convert_input` is never used
[INFO] [stderr]    --> src/input.rs:196:4
[INFO] [stderr]     |
[INFO] [stderr] 196 | fn convert_input(contents: &str) -> Option<LanguageMap> {
[INFO] [stderr]     |    ^^^^^^^^^^^^^
[INFO] [stderr] 
[INFO] [stderr] warning: `tokei` (bin "tokei" test) generated 28 warnings (run `cargo fix --bin "tokei" --tests` to apply 4 suggestions)
[INFO] [stderr]     Finished `test` profile [unoptimized + debuginfo] target(s) in 0.27s
[INFO] [stderr] warning: the following packages contain code that will be rejected by a future version of Rust: git2 v0.13.15
[INFO] [stderr] note: to see what the problems were, use the option `--future-incompat-report`, or run `cargo report future-incompatibilities --id 1`
[INFO] [stderr]      Running unittests src/lib.rs (/opt/rustwide/target/debug/deps/tokei-34b8e1c0e6623806)
[INFO] [stdout] 
[INFO] [stdout] running 16 tests
[INFO] [stdout] test utils::ext::tests::trim ... ok
[INFO] [stdout] test utils::ext::tests::contains ... ok
[INFO] [stdout] test utils::ext::tests::is_whitespace ... ok
[INFO] [stdout] test language::language_type::tests::rust_allows_nested ... ok
[INFO] [stdout] test utils::fs::tests::ignore_directory_with_extension ... ok
[INFO] [stdout] test utils::fs::tests::no_ignore_vcs_gitignore_still_dot ... ok
[INFO] [stdout] test utils::fs::tests::no_ignore_dot_includes_custom_ignore ... ok
[INFO] [stdout] test utils::fs::tests::no_ignore_parent ... ok
[INFO] [stdout] test utils::fs::tests::no_ignore_implies_dot ... ok
[INFO] [stdout] test utils::fs::tests::hidden ... ok
[INFO] [stdout] test utils::fs::tests::no_ignore_dot ... ok
[INFO] [stdout] test utils::fs::tests::no_ignore_vcs_gitexclude ... ok
[INFO] [stdout] test utils::fs::tests::custom_ignore ... ok
[INFO] [stdout] test utils::fs::tests::no_ignore_dot_still_vcs_gitignore ... ok
[INFO] [stdout] test utils::fs::tests::no_ignore_implies_vcs_gitignore ... ok
[INFO] [stdout] test utils::fs::tests::no_ignore_vcs_gitignore ... ok
[INFO] [stdout] 
[INFO] [stdout] test result: ok. 16 passed; 0 failed; 0 ignored; 0 measured; 0 filtered out; finished in 0.08s
[INFO] [stdout] 
[INFO] [stderr]      Running unittests src/main.rs (/opt/rustwide/target/debug/deps/tokei-3d5e6abc808f545a)
[INFO] [stdout] 
[INFO] [stdout] running 0 tests
[INFO] [stdout] 
[INFO] [stdout] test result: ok. 0 passed; 0 failed; 0 ignored; 0 measured; 0 filtered out; finished in 0.00s
[INFO] [stdout] 
[INFO] [stderr]    Doc-tests tokei
[INFO] [stdout] 
[INFO] [stdout] running 21 tests
[INFO] [stdout] test src/language/languages.rs - language::languages::Languages::get_statistics (line 71) - compile ... ok
[INFO] [stdout] test /opt/rustwide/target/debug/build/tokei-5cac024f0b8c4fd3/out/language_type.rs - language::language_type::LanguageType::from_file_extension (line 3975) - compile ... ok
[INFO] [stdout] test /opt/rustwide/target/debug/build/tokei-5cac024f0b8c4fd3/out/language_type.rs - language::language_type::LanguageType::from_shebang (line 4244) - compile ... ok
[INFO] [stdout] test /opt/rustwide/target/debug/build/tokei-5cac024f0b8c4fd3/out/language_type.rs - language::language_type::LanguageType::from_path (line 3942) - compile ... ok
[INFO] [stdout] test src/language/mod.rs - language::Language::sort_by (line 134) - compile ... ok
[INFO] [stdout] test src/language/mod.rs - language::Language::total (line 88) - compile ... ok
[INFO] [stdout] test /opt/rustwide/target/debug/build/tokei-5cac024f0b8c4fd3/out/language_type.rs - language::language_type::LanguageType::from_mime (line 4218) - compile ... ok
[INFO] [stdout] test src/lib.rs - (line 15) - compile ... ok
[INFO] [stdout] test /opt/rustwide/target/debug/build/tokei-5cac024f0b8c4fd3/out/language_type.rs - language::language_type::LanguageType::allows_nested (line 1436) ... FAILED
[INFO] [stdout] test src/language/mod.rs - language::Language::new (line 34) ... FAILED
[INFO] [stdout] test /opt/rustwide/target/debug/build/tokei-5cac024f0b8c4fd3/out/language_type.rs - language::language_type::LanguageType::quotes (line 1914) ... FAILED
[INFO] [stdout] test /opt/rustwide/target/debug/build/tokei-5cac024f0b8c4fd3/out/language_type.rs - language::language_type::LanguageType::nested_comments (line 1675) ... FAILED
[INFO] [stdout] test /opt/rustwide/target/debug/build/tokei-5cac024f0b8c4fd3/out/language_type.rs - language::language_type::LanguageType::verbatim_quotes (line 2152) ... ok
[INFO] [stdout] test /opt/rustwide/target/debug/build/tokei-5cac024f0b8c4fd3/out/language_type.rs - language::language_type::LanguageType::name (line 242) ... ok
[INFO] [stdout] test src/config.rs - config::Config (line 9) ... ok
[INFO] [stdout] test src/language/languages.rs - language::languages::Languages::new (line 92) ... ok
[INFO] [stdout] test /opt/rustwide/target/debug/build/tokei-5cac024f0b8c4fd3/out/language_type.rs - language::language_type::LanguageType::doc_quotes (line 2390) ... ok
[INFO] [stdout] test src/language/mod.rs - language::Language::is_empty (line 121) ... ok
[INFO] [stdout] test /opt/rustwide/target/debug/build/tokei-5cac024f0b8c4fd3/out/language_type.rs - language::language_type::LanguageType::shebangs (line 2854) ... ok
[INFO] [stdout] test /opt/rustwide/target/debug/build/tokei-5cac024f0b8c4fd3/out/language_type.rs - language::language_type::LanguageType::line_comments (line 958) ... ok
[INFO] [stdout] test /opt/rustwide/target/debug/build/tokei-5cac024f0b8c4fd3/out/language_type.rs - language::language_type::LanguageType::multi_line_comments (line 1196) ... ok
[INFO] [stdout] 
[INFO] [stdout] failures:
[INFO] [stdout] 
[INFO] [stdout] ---- /opt/rustwide/target/debug/build/tokei-5cac024f0b8c4fd3/out/language_type.rs - language::language_type::LanguageType::allows_nested (line 1436) stdout ----
[INFO] [stdout] error: linking with `cc` failed: exit status: 1
[INFO] [stdout]   |
[INFO] [stdout]   = note: LC_ALL="C" PATH="/opt/rustwide/rustup-home/toolchains/beta-2024-12-08-x86_64-unknown-linux-gnu/lib/rustlib/x86_64-unknown-linux-gnu/bin:/opt/rustwide/cargo-home/bin:/usr/local/sbin:/usr/local/bin:/usr/sbin:/usr/bin:/sbin:/bin" VSLANG="1033" "cc" "-m64" "/tmp/rustciDquGp/symbols.o" "/tmp/rustdoctestWWjGqI/rust_out.rust_out.9242fac72db2cd11-cgu.0.rcgu.o" "/tmp/rustdoctestWWjGqI/rust_out.2hl2tb9xdtge7mguxzn2q1kvi.rcgu.o" "-Wl,--as-needed" "-Wl,-Bstatic" "/opt/rustwide/target/debug/deps/libtokei-01990093c9912984.rlib" "/opt/rustwide/target/debug/deps/libserde_json-e0b80ac3aa3c034f.rlib" "/opt/rustwide/target/debug/deps/libryu-98249992139dd95c.rlib" "/opt/rustwide/target/debug/deps/libitoa-788bb2307e290b5b.rlib" "/opt/rustwide/target/debug/deps/libdirs-2c9f34512dd037d4.rlib" "/opt/rustwide/target/debug/deps/libdirs_sys-0671b4a817b89953.rlib" "/opt/rustwide/target/debug/deps/libtoml-fdc1aeb9759a280c.rlib" "/opt/rustwide/target/debug/deps/libparking_lot-7f19b81f9dddcff5.rlib" "/opt/rustwide/target/debug/deps/libparking_lot_core-028c11e581a99c54.rlib" "/opt/rustwide/target/debug/deps/libsmallvec-8d5f09032d4e896f.rlib" "/opt/rustwide/target/debug/deps/liblock_api-7980ec30146f5cb6.rlib" "/opt/rustwide/target/debug/deps/libinstant-51ec2656f79402b9.rlib" "/opt/rustwide/target/debug/deps/libonce_cell-27fc3561a92b1a84.rlib" "/opt/rustwide/target/debug/deps/libdashmap-ff6bfea306075526.rlib" "/opt/rustwide/target/debug/deps/libgrep_searcher-2228bd8706b67d2a.rlib" "/opt/rustwide/target/debug/deps/libmemmap-d2a745601f31a78a.rlib" "/opt/rustwide/target/debug/deps/libgrep_matcher-02de375c1e144578.rlib" "/opt/rustwide/target/debug/deps/libbytecount-162caf4955e9e931.rlib" "/opt/rustwide/target/debug/deps/libencoding_rs_io-f590a66da26a3ff5.rlib" "/opt/rustwide/target/debug/deps/libencoding_rs-4dc1c03ecd4daee2.rlib" "/opt/rustwide/target/debug/deps/librayon-aa51b3d4cbce6e7a.rlib" "/opt/rustwide/target/debug/deps/librayon_core-4945edbe68ef888d.rlib" "/opt/rustwide/target/debug/deps/libnum_cpus-65851fefbcd131c5.rlib" "/opt/rustwide/target/debug/deps/liblibc-3a2c956ad47007b5.rlib" "/opt/rustwide/target/debug/deps/libcrossbeam_deque-0298515d081ee971.rlib" "/opt/rustwide/target/debug/deps/libcrossbeam_epoch-aca79ff07e933661.rlib" "/opt/rustwide/target/debug/deps/libmemoffset-27a55686b397df5f.rlib" "/opt/rustwide/target/debug/deps/libscopeguard-31f1b56a39f2a372.rlib" "/opt/rustwide/target/debug/deps/libcrossbeam_channel-7595062993bd5cb0.rlib" "/opt/rustwide/target/debug/deps/libeither-8184e77a300434cc.rlib" "/opt/rustwide/target/debug/deps/libignore-477c5f2c222ffb34.rlib" "/opt/rustwide/target/debug/deps/libcrossbeam_utils-ba91670e5afd46d3.rlib" "/opt/rustwide/target/debug/deps/libcfg_if-a3e7e701fcd1f47b.rlib" "/opt/rustwide/target/debug/deps/libwalkdir-fb6f53acb9355679.rlib" "/opt/rustwide/target/debug/deps/libsame_file-63d3c1419bab90cd.rlib" "/opt/rustwide/target/debug/deps/libglobset-e9dcae83f927ed5a.rlib" "/opt/rustwide/target/debug/deps/libregex-7b938ee02c7f20a3.rlib" "/opt/rustwide/target/debug/deps/libthread_local-08b368b89dd5d70f.rlib" "/opt/rustwide/target/debug/deps/liblazy_static-efa3519517df6cf0.rlib" "/opt/rustwide/target/debug/deps/libregex_syntax-0c7869fb8bbed9b3.rlib" "/opt/rustwide/target/debug/deps/libfnv-953831fe314029b4.rlib" "/opt/rustwide/target/debug/deps/libbstr-93eceb6cb4cb802c.rlib" "/opt/rustwide/target/debug/deps/libaho_corasick-4c23279a85360a03.rlib" "/opt/rustwide/target/debug/deps/libmemchr-e5f220b5ff6b3a36.rlib" "/opt/rustwide/target/debug/deps/libserde-6b0e447983ada5b0.rlib" "/opt/rustwide/target/debug/deps/liblog-8b1f2821e310a07a.rlib" "/opt/rustwide/target/debug/deps/libcfg_if-66a9116f556de7cb.rlib" "/opt/rustwide/rustup-home/toolchains/beta-2024-12-08-x86_64-unknown-linux-gnu/lib/rustlib/x86_64-unknown-linux-gnu/lib/libstd-02dc84f49135b6b8.rlib" "/opt/rustwide/rustup-home/toolchains/beta-2024-12-08-x86_64-unknown-linux-gnu/lib/rustlib/x86_64-unknown-linux-gnu/lib/libpanic_unwind-a8f45b397fae3f81.rlib" "/opt/rustwide/rustup-home/toolchains/beta-2024-12-08-x86_64-unknown-linux-gnu/lib/rustlib/x86_64-unknown-linux-gnu/lib/libobject-089607133c180609.rlib" "/opt/rustwide/rustup-home/toolchains/beta-2024-12-08-x86_64-unknown-linux-gnu/lib/rustlib/x86_64-unknown-linux-gnu/lib/libmemchr-fc89f091bcd86cbb.rlib" "/opt/rustwide/rustup-home/toolchains/beta-2024-12-08-x86_64-unknown-linux-gnu/lib/rustlib/x86_64-unknown-linux-gnu/lib/libaddr2line-5a60949f01c7340c.rlib" "/opt/rustwide/rustup-home/toolchains/beta-2024-12-08-x86_64-unknown-linux-gnu/lib/rustlib/x86_64-unknown-linux-gnu/lib/libgimli-d29e6a55ca253c8c.rlib" "/opt/rustwide/rustup-home/toolchains/beta-2024-12-08-x86_64-unknown-linux-gnu/lib/rustlib/x86_64-unknown-linux-gnu/lib/librustc_demangle-273c078d5f65de7a.rlib" "/opt/rustwide/rustup-home/toolchains/beta-2024-12-08-x86_64-unknown-linux-gnu/lib/rustlib/x86_64-unknown-linux-gnu/lib/libstd_detect-413c950ffbdd4454.rlib" "/opt/rustwide/rustup-home/toolchains/beta-2024-12-08-x86_64-unknown-linux-gnu/lib/rustlib/x86_64-unknown-linux-gnu/lib/libhashbrown-1853c0976a1d88a6.rlib" "/opt/rustwide/rustup-home/toolchains/beta-2024-12-08-x86_64-unknown-linux-gnu/lib/rustlib/x86_64-unknown-linux-gnu/lib/librustc_std_workspace_alloc-ccb3384ddacb0f9e.rlib" "/opt/rustwide/rustup-home/toolchains/beta-2024-12-08-x86_64-unknown-linux-gnu/lib/rustlib/x86_64-unknown-linux-gnu/lib/libminiz_oxide-0b901dfb0ca849e0.rlib" "/opt/rustwide/rustup-home/toolchains/beta-2024-12-08-x86_64-unknown-linux-gnu/lib/rustlib/x86_64-unknown-linux-gnu/lib/libadler-eebeb8d7c64543ad.rlib" "/opt/rustwide/rustup-home/toolchains/beta-2024-12-08-x86_64-unknown-linux-gnu/lib/rustlib/x86_64-unknown-linux-gnu/lib/libunwind-4723ef81d6079867.rlib" "/opt/rustwide/rustup-home/toolchains/beta-2024-12-08-x86_64-unknown-linux-gnu/lib/rustlib/x86_64-unknown-linux-gnu/lib/libcfg_if-54442f8b422f5a54.rlib" "/opt/rustwide/rustup-home/toolchains/beta-2024-12-08-x86_64-unknown-linux-gnu/lib/rustlib/x86_64-unknown-linux-gnu/lib/liblibc-e0bbe034b5282553.rlib" "/opt/rustwide/rustup-home/toolchains/beta-2024-12-08-x86_64-unknown-linux-gnu/lib/rustlib/x86_64-unknown-linux-gnu/lib/liballoc-d0febb68c1c37b90.rlib" "/opt/rustwide/rustup-home/toolchains/beta-2024-12-08-x86_64-unknown-linux-gnu/lib/rustlib/x86_64-unknown-linux-gnu/lib/librustc_std_workspace_core-4cf833632aafa84c.rlib" "/opt/rustwide/rustup-home/toolchains/beta-2024-12-08-x86_64-unknown-linux-gnu/lib/rustlib/x86_64-unknown-linux-gnu/lib/libcore-65c2c6d2d6ae570b.rlib" "/opt/rustwide/rustup-home/toolchains/beta-2024-12-08-x86_64-unknown-linux-gnu/lib/rustlib/x86_64-unknown-linux-gnu/lib/libcompiler_builtins-97929cee0dcfe424.rlib" "-Wl,-Bdynamic" "-lgcc_s" "-lutil" "-lrt" "-lpthread" "-lm" "-ldl" "-lc" "-Wl,--eh-frame-hdr" "-Wl,-z,noexecstack" "-L" "/opt/rustwide/target/debug/build/libgit2-sys-2a0c8430e314e514/out/build" "-L" "/opt/rustwide/rustup-home/toolchains/beta-2024-12-08-x86_64-unknown-linux-gnu/lib/rustlib/x86_64-unknown-linux-gnu/lib" "-o" "/tmp/rustdoctestWWjGqI/rust_out" "-Wl,--gc-sections" "-pie" "-Wl,-z,relro,-z,now" "-nodefaultlibs"
[INFO] [stdout]   = note: collect2: fatal error: ld terminated with signal 9 [Killed]
[INFO] [stdout]           compilation terminated.
[INFO] [stdout]           
[INFO] [stdout] 
[INFO] [stdout] error: aborting due to 1 previous error
[INFO] [stdout] 
[INFO] [stdout] Couldn't compile the test.
[INFO] [stdout] ---- src/language/mod.rs - language::Language::new (line 34) stdout ----
[INFO] [stdout] error: linking with `cc` failed: exit status: 1
[INFO] [stdout]   |
[INFO] [stdout]   = note: LC_ALL="C" PATH="/opt/rustwide/rustup-home/toolchains/beta-2024-12-08-x86_64-unknown-linux-gnu/lib/rustlib/x86_64-unknown-linux-gnu/bin:/opt/rustwide/cargo-home/bin:/usr/local/sbin:/usr/local/bin:/usr/sbin:/usr/bin:/sbin:/bin" VSLANG="1033" "cc" "-m64" "/tmp/rustcS1pSsE/symbols.o" "/tmp/rustdoctest7zWHc7/rust_out.rust_out.9242fac72db2cd11-cgu.0.rcgu.o" "/tmp/rustdoctest7zWHc7/rust_out.2hl2tb9xdtge7mguxzn2q1kvi.rcgu.o" "-Wl,--as-needed" "-Wl,-Bstatic" "/opt/rustwide/target/debug/deps/libtokei-01990093c9912984.rlib" "/opt/rustwide/target/debug/deps/libserde_json-e0b80ac3aa3c034f.rlib" "/opt/rustwide/target/debug/deps/libryu-98249992139dd95c.rlib" "/opt/rustwide/target/debug/deps/libitoa-788bb2307e290b5b.rlib" "/opt/rustwide/target/debug/deps/libdirs-2c9f34512dd037d4.rlib" "/opt/rustwide/target/debug/deps/libdirs_sys-0671b4a817b89953.rlib" "/opt/rustwide/target/debug/deps/libtoml-fdc1aeb9759a280c.rlib" "/opt/rustwide/target/debug/deps/libparking_lot-7f19b81f9dddcff5.rlib" "/opt/rustwide/target/debug/deps/libparking_lot_core-028c11e581a99c54.rlib" "/opt/rustwide/target/debug/deps/libsmallvec-8d5f09032d4e896f.rlib" "/opt/rustwide/target/debug/deps/liblock_api-7980ec30146f5cb6.rlib" "/opt/rustwide/target/debug/deps/libinstant-51ec2656f79402b9.rlib" "/opt/rustwide/target/debug/deps/libonce_cell-27fc3561a92b1a84.rlib" "/opt/rustwide/target/debug/deps/libdashmap-ff6bfea306075526.rlib" "/opt/rustwide/target/debug/deps/libgrep_searcher-2228bd8706b67d2a.rlib" "/opt/rustwide/target/debug/deps/libmemmap-d2a745601f31a78a.rlib" "/opt/rustwide/target/debug/deps/libgrep_matcher-02de375c1e144578.rlib" "/opt/rustwide/target/debug/deps/libbytecount-162caf4955e9e931.rlib" "/opt/rustwide/target/debug/deps/libencoding_rs_io-f590a66da26a3ff5.rlib" "/opt/rustwide/target/debug/deps/libencoding_rs-4dc1c03ecd4daee2.rlib" "/opt/rustwide/target/debug/deps/librayon-aa51b3d4cbce6e7a.rlib" "/opt/rustwide/target/debug/deps/librayon_core-4945edbe68ef888d.rlib" "/opt/rustwide/target/debug/deps/libnum_cpus-65851fefbcd131c5.rlib" "/opt/rustwide/target/debug/deps/liblibc-3a2c956ad47007b5.rlib" "/opt/rustwide/target/debug/deps/libcrossbeam_deque-0298515d081ee971.rlib" "/opt/rustwide/target/debug/deps/libcrossbeam_epoch-aca79ff07e933661.rlib" "/opt/rustwide/target/debug/deps/libmemoffset-27a55686b397df5f.rlib" "/opt/rustwide/target/debug/deps/libscopeguard-31f1b56a39f2a372.rlib" "/opt/rustwide/target/debug/deps/libcrossbeam_channel-7595062993bd5cb0.rlib" "/opt/rustwide/target/debug/deps/libeither-8184e77a300434cc.rlib" "/opt/rustwide/target/debug/deps/libignore-477c5f2c222ffb34.rlib" "/opt/rustwide/target/debug/deps/libcrossbeam_utils-ba91670e5afd46d3.rlib" "/opt/rustwide/target/debug/deps/libcfg_if-a3e7e701fcd1f47b.rlib" "/opt/rustwide/target/debug/deps/libwalkdir-fb6f53acb9355679.rlib" "/opt/rustwide/target/debug/deps/libsame_file-63d3c1419bab90cd.rlib" "/opt/rustwide/target/debug/deps/libglobset-e9dcae83f927ed5a.rlib" "/opt/rustwide/target/debug/deps/libregex-7b938ee02c7f20a3.rlib" "/opt/rustwide/target/debug/deps/libthread_local-08b368b89dd5d70f.rlib" "/opt/rustwide/target/debug/deps/liblazy_static-efa3519517df6cf0.rlib" "/opt/rustwide/target/debug/deps/libregex_syntax-0c7869fb8bbed9b3.rlib" "/opt/rustwide/target/debug/deps/libfnv-953831fe314029b4.rlib" "/opt/rustwide/target/debug/deps/libbstr-93eceb6cb4cb802c.rlib" "/opt/rustwide/target/debug/deps/libaho_corasick-4c23279a85360a03.rlib" "/opt/rustwide/target/debug/deps/libmemchr-e5f220b5ff6b3a36.rlib" "/opt/rustwide/target/debug/deps/libserde-6b0e447983ada5b0.rlib" "/opt/rustwide/target/debug/deps/liblog-8b1f2821e310a07a.rlib" "/opt/rustwide/target/debug/deps/libcfg_if-66a9116f556de7cb.rlib" "/opt/rustwide/rustup-home/toolchains/beta-2024-12-08-x86_64-unknown-linux-gnu/lib/rustlib/x86_64-unknown-linux-gnu/lib/libstd-02dc84f49135b6b8.rlib" "/opt/rustwide/rustup-home/toolchains/beta-2024-12-08-x86_64-unknown-linux-gnu/lib/rustlib/x86_64-unknown-linux-gnu/lib/libpanic_unwind-a8f45b397fae3f81.rlib" "/opt/rustwide/rustup-home/toolchains/beta-2024-12-08-x86_64-unknown-linux-gnu/lib/rustlib/x86_64-unknown-linux-gnu/lib/libobject-089607133c180609.rlib" "/opt/rustwide/rustup-home/toolchains/beta-2024-12-08-x86_64-unknown-linux-gnu/lib/rustlib/x86_64-unknown-linux-gnu/lib/libmemchr-fc89f091bcd86cbb.rlib" "/opt/rustwide/rustup-home/toolchains/beta-2024-12-08-x86_64-unknown-linux-gnu/lib/rustlib/x86_64-unknown-linux-gnu/lib/libaddr2line-5a60949f01c7340c.rlib" "/opt/rustwide/rustup-home/toolchains/beta-2024-12-08-x86_64-unknown-linux-gnu/lib/rustlib/x86_64-unknown-linux-gnu/lib/libgimli-d29e6a55ca253c8c.rlib" "/opt/rustwide/rustup-home/toolchains/beta-2024-12-08-x86_64-unknown-linux-gnu/lib/rustlib/x86_64-unknown-linux-gnu/lib/librustc_demangle-273c078d5f65de7a.rlib" "/opt/rustwide/rustup-home/toolchains/beta-2024-12-08-x86_64-unknown-linux-gnu/lib/rustlib/x86_64-unknown-linux-gnu/lib/libstd_detect-413c950ffbdd4454.rlib" "/opt/rustwide/rustup-home/toolchains/beta-2024-12-08-x86_64-unknown-linux-gnu/lib/rustlib/x86_64-unknown-linux-gnu/lib/libhashbrown-1853c0976a1d88a6.rlib" "/opt/rustwide/rustup-home/toolchains/beta-2024-12-08-x86_64-unknown-linux-gnu/lib/rustlib/x86_64-unknown-linux-gnu/lib/librustc_std_workspace_alloc-ccb3384ddacb0f9e.rlib" "/opt/rustwide/rustup-home/toolchains/beta-2024-12-08-x86_64-unknown-linux-gnu/lib/rustlib/x86_64-unknown-linux-gnu/lib/libminiz_oxide-0b901dfb0ca849e0.rlib" "/opt/rustwide/rustup-home/toolchains/beta-2024-12-08-x86_64-unknown-linux-gnu/lib/rustlib/x86_64-unknown-linux-gnu/lib/libadler-eebeb8d7c64543ad.rlib" "/opt/rustwide/rustup-home/toolchains/beta-2024-12-08-x86_64-unknown-linux-gnu/lib/rustlib/x86_64-unknown-linux-gnu/lib/libunwind-4723ef81d6079867.rlib" "/opt/rustwide/rustup-home/toolchains/beta-2024-12-08-x86_64-unknown-linux-gnu/lib/rustlib/x86_64-unknown-linux-gnu/lib/libcfg_if-54442f8b422f5a54.rlib" "/opt/rustwide/rustup-home/toolchains/beta-2024-12-08-x86_64-unknown-linux-gnu/lib/rustlib/x86_64-unknown-linux-gnu/lib/liblibc-e0bbe034b5282553.rlib" "/opt/rustwide/rustup-home/toolchains/beta-2024-12-08-x86_64-unknown-linux-gnu/lib/rustlib/x86_64-unknown-linux-gnu/lib/liballoc-d0febb68c1c37b90.rlib" "/opt/rustwide/rustup-home/toolchains/beta-2024-12-08-x86_64-unknown-linux-gnu/lib/rustlib/x86_64-unknown-linux-gnu/lib/librustc_std_workspace_core-4cf833632aafa84c.rlib" "/opt/rustwide/rustup-home/toolchains/beta-2024-12-08-x86_64-unknown-linux-gnu/lib/rustlib/x86_64-unknown-linux-gnu/lib/libcore-65c2c6d2d6ae570b.rlib" "/opt/rustwide/rustup-home/toolchains/beta-2024-12-08-x86_64-unknown-linux-gnu/lib/rustlib/x86_64-unknown-linux-gnu/lib/libcompiler_builtins-97929cee0dcfe424.rlib" "-Wl,-Bdynamic" "-lgcc_s" "-lutil" "-lrt" "-lpthread" "-lm" "-ldl" "-lc" "-Wl,--eh-frame-hdr" "-Wl,-z,noexecstack" "-L" "/opt/rustwide/target/debug/build/libgit2-sys-2a0c8430e314e514/out/build" "-L" "/opt/rustwide/rustup-home/toolchains/beta-2024-12-08-x86_64-unknown-linux-gnu/lib/rustlib/x86_64-unknown-linux-gnu/lib" "-o" "/tmp/rustdoctest7zWHc7/rust_out" "-Wl,--gc-sections" "-pie" "-Wl,-z,relro,-z,now" "-nodefaultlibs"
[INFO] [stdout]   = note: collect2: fatal error: ld terminated with signal 9 [Killed]
[INFO] [stdout]           compilation terminated.
[INFO] [stdout]           
[INFO] [stdout] 
[INFO] [stdout] error: aborting due to 1 previous error
[INFO] [stdout] 
[INFO] [stdout] Couldn't compile the test.
[INFO] [stdout] ---- /opt/rustwide/target/debug/build/tokei-5cac024f0b8c4fd3/out/language_type.rs - language::language_type::LanguageType::quotes (line 1914) stdout ----
[INFO] [stdout] error: linking with `cc` failed: exit status: 1
[INFO] [stdout]   |
[INFO] [stdout]   = note: LC_ALL="C" PATH="/opt/rustwide/rustup-home/toolchains/beta-2024-12-08-x86_64-unknown-linux-gnu/lib/rustlib/x86_64-unknown-linux-gnu/bin:/opt/rustwide/cargo-home/bin:/usr/local/sbin:/usr/local/bin:/usr/sbin:/usr/bin:/sbin:/bin" VSLANG="1033" "cc" "-m64" "/tmp/rustcu1NnAJ/symbols.o" "/tmp/rustdoctestJpCHZ9/rust_out.rust_out.9242fac72db2cd11-cgu.0.rcgu.o" "/tmp/rustdoctestJpCHZ9/rust_out.2hl2tb9xdtge7mguxzn2q1kvi.rcgu.o" "-Wl,--as-needed" "-Wl,-Bstatic" "/opt/rustwide/target/debug/deps/libtokei-01990093c9912984.rlib" "/opt/rustwide/target/debug/deps/libserde_json-e0b80ac3aa3c034f.rlib" "/opt/rustwide/target/debug/deps/libryu-98249992139dd95c.rlib" "/opt/rustwide/target/debug/deps/libitoa-788bb2307e290b5b.rlib" "/opt/rustwide/target/debug/deps/libdirs-2c9f34512dd037d4.rlib" "/opt/rustwide/target/debug/deps/libdirs_sys-0671b4a817b89953.rlib" "/opt/rustwide/target/debug/deps/libtoml-fdc1aeb9759a280c.rlib" "/opt/rustwide/target/debug/deps/libparking_lot-7f19b81f9dddcff5.rlib" "/opt/rustwide/target/debug/deps/libparking_lot_core-028c11e581a99c54.rlib" "/opt/rustwide/target/debug/deps/libsmallvec-8d5f09032d4e896f.rlib" "/opt/rustwide/target/debug/deps/liblock_api-7980ec30146f5cb6.rlib" "/opt/rustwide/target/debug/deps/libinstant-51ec2656f79402b9.rlib" "/opt/rustwide/target/debug/deps/libonce_cell-27fc3561a92b1a84.rlib" "/opt/rustwide/target/debug/deps/libdashmap-ff6bfea306075526.rlib" "/opt/rustwide/target/debug/deps/libgrep_searcher-2228bd8706b67d2a.rlib" "/opt/rustwide/target/debug/deps/libmemmap-d2a745601f31a78a.rlib" "/opt/rustwide/target/debug/deps/libgrep_matcher-02de375c1e144578.rlib" "/opt/rustwide/target/debug/deps/libbytecount-162caf4955e9e931.rlib" "/opt/rustwide/target/debug/deps/libencoding_rs_io-f590a66da26a3ff5.rlib" "/opt/rustwide/target/debug/deps/libencoding_rs-4dc1c03ecd4daee2.rlib" "/opt/rustwide/target/debug/deps/librayon-aa51b3d4cbce6e7a.rlib" "/opt/rustwide/target/debug/deps/librayon_core-4945edbe68ef888d.rlib" "/opt/rustwide/target/debug/deps/libnum_cpus-65851fefbcd131c5.rlib" "/opt/rustwide/target/debug/deps/liblibc-3a2c956ad47007b5.rlib" "/opt/rustwide/target/debug/deps/libcrossbeam_deque-0298515d081ee971.rlib" "/opt/rustwide/target/debug/deps/libcrossbeam_epoch-aca79ff07e933661.rlib" "/opt/rustwide/target/debug/deps/libmemoffset-27a55686b397df5f.rlib" "/opt/rustwide/target/debug/deps/libscopeguard-31f1b56a39f2a372.rlib" "/opt/rustwide/target/debug/deps/libcrossbeam_channel-7595062993bd5cb0.rlib" "/opt/rustwide/target/debug/deps/libeither-8184e77a300434cc.rlib" "/opt/rustwide/target/debug/deps/libignore-477c5f2c222ffb34.rlib" "/opt/rustwide/target/debug/deps/libcrossbeam_utils-ba91670e5afd46d3.rlib" "/opt/rustwide/target/debug/deps/libcfg_if-a3e7e701fcd1f47b.rlib" "/opt/rustwide/target/debug/deps/libwalkdir-fb6f53acb9355679.rlib" "/opt/rustwide/target/debug/deps/libsame_file-63d3c1419bab90cd.rlib" "/opt/rustwide/target/debug/deps/libglobset-e9dcae83f927ed5a.rlib" "/opt/rustwide/target/debug/deps/libregex-7b938ee02c7f20a3.rlib" "/opt/rustwide/target/debug/deps/libthread_local-08b368b89dd5d70f.rlib" "/opt/rustwide/target/debug/deps/liblazy_static-efa3519517df6cf0.rlib" "/opt/rustwide/target/debug/deps/libregex_syntax-0c7869fb8bbed9b3.rlib" "/opt/rustwide/target/debug/deps/libfnv-953831fe314029b4.rlib" "/opt/rustwide/target/debug/deps/libbstr-93eceb6cb4cb802c.rlib" "/opt/rustwide/target/debug/deps/libaho_corasick-4c23279a85360a03.rlib" "/opt/rustwide/target/debug/deps/libmemchr-e5f220b5ff6b3a36.rlib" "/opt/rustwide/target/debug/deps/libserde-6b0e447983ada5b0.rlib" "/opt/rustwide/target/debug/deps/liblog-8b1f2821e310a07a.rlib" "/opt/rustwide/target/debug/deps/libcfg_if-66a9116f556de7cb.rlib" "/opt/rustwide/rustup-home/toolchains/beta-2024-12-08-x86_64-unknown-linux-gnu/lib/rustlib/x86_64-unknown-linux-gnu/lib/libstd-02dc84f49135b6b8.rlib" "/opt/rustwide/rustup-home/toolchains/beta-2024-12-08-x86_64-unknown-linux-gnu/lib/rustlib/x86_64-unknown-linux-gnu/lib/libpanic_unwind-a8f45b397fae3f81.rlib" "/opt/rustwide/rustup-home/toolchains/beta-2024-12-08-x86_64-unknown-linux-gnu/lib/rustlib/x86_64-unknown-linux-gnu/lib/libobject-089607133c180609.rlib" "/opt/rustwide/rustup-home/toolchains/beta-2024-12-08-x86_64-unknown-linux-gnu/lib/rustlib/x86_64-unknown-linux-gnu/lib/libmemchr-fc89f091bcd86cbb.rlib" "/opt/rustwide/rustup-home/toolchains/beta-2024-12-08-x86_64-unknown-linux-gnu/lib/rustlib/x86_64-unknown-linux-gnu/lib/libaddr2line-5a60949f01c7340c.rlib" "/opt/rustwide/rustup-home/toolchains/beta-2024-12-08-x86_64-unknown-linux-gnu/lib/rustlib/x86_64-unknown-linux-gnu/lib/libgimli-d29e6a55ca253c8c.rlib" "/opt/rustwide/rustup-home/toolchains/beta-2024-12-08-x86_64-unknown-linux-gnu/lib/rustlib/x86_64-unknown-linux-gnu/lib/librustc_demangle-273c078d5f65de7a.rlib" "/opt/rustwide/rustup-home/toolchains/beta-2024-12-08-x86_64-unknown-linux-gnu/lib/rustlib/x86_64-unknown-linux-gnu/lib/libstd_detect-413c950ffbdd4454.rlib" "/opt/rustwide/rustup-home/toolchains/beta-2024-12-08-x86_64-unknown-linux-gnu/lib/rustlib/x86_64-unknown-linux-gnu/lib/libhashbrown-1853c0976a1d88a6.rlib" "/opt/rustwide/rustup-home/toolchains/beta-2024-12-08-x86_64-unknown-linux-gnu/lib/rustlib/x86_64-unknown-linux-gnu/lib/librustc_std_workspace_alloc-ccb3384ddacb0f9e.rlib" "/opt/rustwide/rustup-home/toolchains/beta-2024-12-08-x86_64-unknown-linux-gnu/lib/rustlib/x86_64-unknown-linux-gnu/lib/libminiz_oxide-0b901dfb0ca849e0.rlib" "/opt/rustwide/rustup-home/toolchains/beta-2024-12-08-x86_64-unknown-linux-gnu/lib/rustlib/x86_64-unknown-linux-gnu/lib/libadler-eebeb8d7c64543ad.rlib" "/opt/rustwide/rustup-home/toolchains/beta-2024-12-08-x86_64-unknown-linux-gnu/lib/rustlib/x86_64-unknown-linux-gnu/lib/libunwind-4723ef81d6079867.rlib" "/opt/rustwide/rustup-home/toolchains/beta-2024-12-08-x86_64-unknown-linux-gnu/lib/rustlib/x86_64-unknown-linux-gnu/lib/libcfg_if-54442f8b422f5a54.rlib" "/opt/rustwide/rustup-home/toolchains/beta-2024-12-08-x86_64-unknown-linux-gnu/lib/rustlib/x86_64-unknown-linux-gnu/lib/liblibc-e0bbe034b5282553.rlib" "/opt/rustwide/rustup-home/toolchains/beta-2024-12-08-x86_64-unknown-linux-gnu/lib/rustlib/x86_64-unknown-linux-gnu/lib/liballoc-d0febb68c1c37b90.rlib" "/opt/rustwide/rustup-home/toolchains/beta-2024-12-08-x86_64-unknown-linux-gnu/lib/rustlib/x86_64-unknown-linux-gnu/lib/librustc_std_workspace_core-4cf833632aafa84c.rlib" "/opt/rustwide/rustup-home/toolchains/beta-2024-12-08-x86_64-unknown-linux-gnu/lib/rustlib/x86_64-unknown-linux-gnu/lib/libcore-65c2c6d2d6ae570b.rlib" "/opt/rustwide/rustup-home/toolchains/beta-2024-12-08-x86_64-unknown-linux-gnu/lib/rustlib/x86_64-unknown-linux-gnu/lib/libcompiler_builtins-97929cee0dcfe424.rlib" "-Wl,-Bdynamic" "-lgcc_s" "-lutil" "-lrt" "-lpthread" "-lm" "-ldl" "-lc" "-Wl,--eh-frame-hdr" "-Wl,-z,noexecstack" "-L" "/opt/rustwide/target/debug/build/libgit2-sys-2a0c8430e314e514/out/build" "-L" "/opt/rustwide/rustup-home/toolchains/beta-2024-12-08-x86_64-unknown-linux-gnu/lib/rustlib/x86_64-unknown-linux-gnu/lib" "-o" "/tmp/rustdoctestJpCHZ9/rust_out" "-Wl,--gc-sections" "-pie" "-Wl,-z,relro,-z,now" "-nodefaultlibs"
[INFO] [stdout]   = note: collect2: fatal error: ld terminated with signal 9 [Killed]
[INFO] [stdout]           compilation terminated.
[INFO] [stdout]           
[INFO] [stdout] 
[INFO] [stdout] error: aborting due to 1 previous error
[INFO] [stdout] 
[INFO] [stdout] Couldn't compile the test.
[INFO] [stdout] ---- /opt/rustwide/target/debug/build/tokei-5cac024f0b8c4fd3/out/language_type.rs - language::language_type::LanguageType::nested_comments (line 1675) stdout ----
[INFO] [stdout] error: linking with `cc` failed: exit status: 1
[INFO] [stdout]   |
[INFO] [stdout]   = note: LC_ALL="C" PATH="/opt/rustwide/rustup-home/toolchains/beta-2024-12-08-x86_64-unknown-linux-gnu/lib/rustlib/x86_64-unknown-linux-gnu/bin:/opt/rustwide/cargo-home/bin:/usr/local/sbin:/usr/local/bin:/usr/sbin:/usr/bin:/sbin:/bin" VSLANG="1033" "cc" "-m64" "/tmp/rustcUgHYVs/symbols.o" "/tmp/rustdoctestQrwkhT/rust_out.rust_out.9242fac72db2cd11-cgu.0.rcgu.o" "/tmp/rustdoctestQrwkhT/rust_out.2hl2tb9xdtge7mguxzn2q1kvi.rcgu.o" "-Wl,--as-needed" "-Wl,-Bstatic" "/opt/rustwide/target/debug/deps/libtokei-01990093c9912984.rlib" "/opt/rustwide/target/debug/deps/libserde_json-e0b80ac3aa3c034f.rlib" "/opt/rustwide/target/debug/deps/libryu-98249992139dd95c.rlib" "/opt/rustwide/target/debug/deps/libitoa-788bb2307e290b5b.rlib" "/opt/rustwide/target/debug/deps/libdirs-2c9f34512dd037d4.rlib" "/opt/rustwide/target/debug/deps/libdirs_sys-0671b4a817b89953.rlib" "/opt/rustwide/target/debug/deps/libtoml-fdc1aeb9759a280c.rlib" "/opt/rustwide/target/debug/deps/libparking_lot-7f19b81f9dddcff5.rlib" "/opt/rustwide/target/debug/deps/libparking_lot_core-028c11e581a99c54.rlib" "/opt/rustwide/target/debug/deps/libsmallvec-8d5f09032d4e896f.rlib" "/opt/rustwide/target/debug/deps/liblock_api-7980ec30146f5cb6.rlib" "/opt/rustwide/target/debug/deps/libinstant-51ec2656f79402b9.rlib" "/opt/rustwide/target/debug/deps/libonce_cell-27fc3561a92b1a84.rlib" "/opt/rustwide/target/debug/deps/libdashmap-ff6bfea306075526.rlib" "/opt/rustwide/target/debug/deps/libgrep_searcher-2228bd8706b67d2a.rlib" "/opt/rustwide/target/debug/deps/libmemmap-d2a745601f31a78a.rlib" "/opt/rustwide/target/debug/deps/libgrep_matcher-02de375c1e144578.rlib" "/opt/rustwide/target/debug/deps/libbytecount-162caf4955e9e931.rlib" "/opt/rustwide/target/debug/deps/libencoding_rs_io-f590a66da26a3ff5.rlib" "/opt/rustwide/target/debug/deps/libencoding_rs-4dc1c03ecd4daee2.rlib" "/opt/rustwide/target/debug/deps/librayon-aa51b3d4cbce6e7a.rlib" "/opt/rustwide/target/debug/deps/librayon_core-4945edbe68ef888d.rlib" "/opt/rustwide/target/debug/deps/libnum_cpus-65851fefbcd131c5.rlib" "/opt/rustwide/target/debug/deps/liblibc-3a2c956ad47007b5.rlib" "/opt/rustwide/target/debug/deps/libcrossbeam_deque-0298515d081ee971.rlib" "/opt/rustwide/target/debug/deps/libcrossbeam_epoch-aca79ff07e933661.rlib" "/opt/rustwide/target/debug/deps/libmemoffset-27a55686b397df5f.rlib" "/opt/rustwide/target/debug/deps/libscopeguard-31f1b56a39f2a372.rlib" "/opt/rustwide/target/debug/deps/libcrossbeam_channel-7595062993bd5cb0.rlib" "/opt/rustwide/target/debug/deps/libeither-8184e77a300434cc.rlib" "/opt/rustwide/target/debug/deps/libignore-477c5f2c222ffb34.rlib" "/opt/rustwide/target/debug/deps/libcrossbeam_utils-ba91670e5afd46d3.rlib" "/opt/rustwide/target/debug/deps/libcfg_if-a3e7e701fcd1f47b.rlib" "/opt/rustwide/target/debug/deps/libwalkdir-fb6f53acb9355679.rlib" "/opt/rustwide/target/debug/deps/libsame_file-63d3c1419bab90cd.rlib" "/opt/rustwide/target/debug/deps/libglobset-e9dcae83f927ed5a.rlib" "/opt/rustwide/target/debug/deps/libregex-7b938ee02c7f20a3.rlib" "/opt/rustwide/target/debug/deps/libthread_local-08b368b89dd5d70f.rlib" "/opt/rustwide/target/debug/deps/liblazy_static-efa3519517df6cf0.rlib" "/opt/rustwide/target/debug/deps/libregex_syntax-0c7869fb8bbed9b3.rlib" "/opt/rustwide/target/debug/deps/libfnv-953831fe314029b4.rlib" "/opt/rustwide/target/debug/deps/libbstr-93eceb6cb4cb802c.rlib" "/opt/rustwide/target/debug/deps/libaho_corasick-4c23279a85360a03.rlib" "/opt/rustwide/target/debug/deps/libmemchr-e5f220b5ff6b3a36.rlib" "/opt/rustwide/target/debug/deps/libserde-6b0e447983ada5b0.rlib" "/opt/rustwide/target/debug/deps/liblog-8b1f2821e310a07a.rlib" "/opt/rustwide/target/debug/deps/libcfg_if-66a9116f556de7cb.rlib" "/opt/rustwide/rustup-home/toolchains/beta-2024-12-08-x86_64-unknown-linux-gnu/lib/rustlib/x86_64-unknown-linux-gnu/lib/libstd-02dc84f49135b6b8.rlib" "/opt/rustwide/rustup-home/toolchains/beta-2024-12-08-x86_64-unknown-linux-gnu/lib/rustlib/x86_64-unknown-linux-gnu/lib/libpanic_unwind-a8f45b397fae3f81.rlib" "/opt/rustwide/rustup-home/toolchains/beta-2024-12-08-x86_64-unknown-linux-gnu/lib/rustlib/x86_64-unknown-linux-gnu/lib/libobject-089607133c180609.rlib" "/opt/rustwide/rustup-home/toolchains/beta-2024-12-08-x86_64-unknown-linux-gnu/lib/rustlib/x86_64-unknown-linux-gnu/lib/libmemchr-fc89f091bcd86cbb.rlib" "/opt/rustwide/rustup-home/toolchains/beta-2024-12-08-x86_64-unknown-linux-gnu/lib/rustlib/x86_64-unknown-linux-gnu/lib/libaddr2line-5a60949f01c7340c.rlib" "/opt/rustwide/rustup-home/toolchains/beta-2024-12-08-x86_64-unknown-linux-gnu/lib/rustlib/x86_64-unknown-linux-gnu/lib/libgimli-d29e6a55ca253c8c.rlib" "/opt/rustwide/rustup-home/toolchains/beta-2024-12-08-x86_64-unknown-linux-gnu/lib/rustlib/x86_64-unknown-linux-gnu/lib/librustc_demangle-273c078d5f65de7a.rlib" "/opt/rustwide/rustup-home/toolchains/beta-2024-12-08-x86_64-unknown-linux-gnu/lib/rustlib/x86_64-unknown-linux-gnu/lib/libstd_detect-413c950ffbdd4454.rlib" "/opt/rustwide/rustup-home/toolchains/beta-2024-12-08-x86_64-unknown-linux-gnu/lib/rustlib/x86_64-unknown-linux-gnu/lib/libhashbrown-1853c0976a1d88a6.rlib" "/opt/rustwide/rustup-home/toolchains/beta-2024-12-08-x86_64-unknown-linux-gnu/lib/rustlib/x86_64-unknown-linux-gnu/lib/librustc_std_workspace_alloc-ccb3384ddacb0f9e.rlib" "/opt/rustwide/rustup-home/toolchains/beta-2024-12-08-x86_64-unknown-linux-gnu/lib/rustlib/x86_64-unknown-linux-gnu/lib/libminiz_oxide-0b901dfb0ca849e0.rlib" "/opt/rustwide/rustup-home/toolchains/beta-2024-12-08-x86_64-unknown-linux-gnu/lib/rustlib/x86_64-unknown-linux-gnu/lib/libadler-eebeb8d7c64543ad.rlib" "/opt/rustwide/rustup-home/toolchains/beta-2024-12-08-x86_64-unknown-linux-gnu/lib/rustlib/x86_64-unknown-linux-gnu/lib/libunwind-4723ef81d6079867.rlib" "/opt/rustwide/rustup-home/toolchains/beta-2024-12-08-x86_64-unknown-linux-gnu/lib/rustlib/x86_64-unknown-linux-gnu/lib/libcfg_if-54442f8b422f5a54.rlib" "/opt/rustwide/rustup-home/toolchains/beta-2024-12-08-x86_64-unknown-linux-gnu/lib/rustlib/x86_64-unknown-linux-gnu/lib/liblibc-e0bbe034b5282553.rlib" "/opt/rustwide/rustup-home/toolchains/beta-2024-12-08-x86_64-unknown-linux-gnu/lib/rustlib/x86_64-unknown-linux-gnu/lib/liballoc-d0febb68c1c37b90.rlib" "/opt/rustwide/rustup-home/toolchains/beta-2024-12-08-x86_64-unknown-linux-gnu/lib/rustlib/x86_64-unknown-linux-gnu/lib/librustc_std_workspace_core-4cf833632aafa84c.rlib" "/opt/rustwide/rustup-home/toolchains/beta-2024-12-08-x86_64-unknown-linux-gnu/lib/rustlib/x86_64-unknown-linux-gnu/lib/libcore-65c2c6d2d6ae570b.rlib" "/opt/rustwide/rustup-home/toolchains/beta-2024-12-08-x86_64-unknown-linux-gnu/lib/rustlib/x86_64-unknown-linux-gnu/lib/libcompiler_builtins-97929cee0dcfe424.rlib" "-Wl,-Bdynamic" "-lgcc_s" "-lutil" "-lrt" "-lpthread" "-lm" "-ldl" "-lc" "-Wl,--eh-frame-hdr" "-Wl,-z,noexecstack" "-L" "/opt/rustwide/target/debug/build/libgit2-sys-2a0c8430e314e514/out/build" "-L" "/opt/rustwide/rustup-home/toolchains/beta-2024-12-08-x86_64-unknown-linux-gnu/lib/rustlib/x86_64-unknown-linux-gnu/lib" "-o" "/tmp/rustdoctestQrwkhT/rust_out" "-Wl,--gc-sections" "-pie" "-Wl,-z,relro,-z,now" "-nodefaultlibs"
[INFO] [stdout]   = note: collect2: fatal error: ld terminated with signal 9 [Killed]
[INFO] [stdout]           compilation terminated.
[INFO] [stdout]           
[INFO] [stdout] 
[INFO] [stdout] error: aborting due to 1 previous error
[INFO] [stdout] 
[INFO] [stdout] Couldn't compile the test.
[INFO] [stdout] 
[INFO] [stdout] failures:
[INFO] [stdout]     /opt/rustwide/target/debug/build/tokei-5cac024f0b8c4fd3/out/language_type.rs - language::language_type::LanguageType::allows_nested (line 1436)
[INFO] [stdout]     /opt/rustwide/target/debug/build/tokei-5cac024f0b8c4fd3/out/language_type.rs - language::language_type::LanguageType::nested_comments (line 1675)
[INFO] [stdout]     /opt/rustwide/target/debug/build/tokei-5cac024f0b8c4fd3/out/language_type.rs - language::language_type::LanguageType::quotes (line 1914)
[INFO] [stdout]     src/language/mod.rs - language::Language::new (line 34)
[INFO] [stdout] 
[INFO] [stdout] test result: FAILED. 17 passed; 4 failed; 0 ignored; 0 measured; 0 filtered out; finished in 7.88s
[INFO] [stdout] 
[INFO] [stderr] error: doctest failed, to rerun pass `--doc`
[INFO] running `Command { std: "docker" "inspect" "cc8d0c83814d9e08cc90f411da2e8100730b4022eae479ebbdb11cf24dbfcc00", kill_on_drop: false }`
[INFO] running `Command { std: "docker" "rm" "-f" "cc8d0c83814d9e08cc90f411da2e8100730b4022eae479ebbdb11cf24dbfcc00", kill_on_drop: false }`
[INFO] [stdout] cc8d0c83814d9e08cc90f411da2e8100730b4022eae479ebbdb11cf24dbfcc00
