[INFO] cloning repository https://github.com/s-0fia/custom-util-rs
[INFO] running `Command { std: "git" "-c" "credential.helper=" "-c" "credential.helper=/workspace/cargo-home/bin/git-credential-null" "clone" "--bare" "https://github.com/s-0fia/custom-util-rs" "/workspace/cache/git-repos/https%3A%2F%2Fgithub.com%2Fs-0fia%2Fcustom-util-rs", kill_on_drop: false }`
[INFO] [stderr] Cloning into bare repository '/workspace/cache/git-repos/https%3A%2F%2Fgithub.com%2Fs-0fia%2Fcustom-util-rs'...
[INFO] running `Command { std: "git" "rev-parse" "HEAD", kill_on_drop: false }`
[INFO] [stdout] 58d7c9b077a4e14d3b9464ffd82d8cbcf48340ed
[INFO] testing s-0fia/custom-util-rs against beta-2024-12-08 for beta-1.84.0-4-retry
[INFO] running `Command { std: "git" "clone" "/workspace/cache/git-repos/https%3A%2F%2Fgithub.com%2Fs-0fia%2Fcustom-util-rs" "/workspace/builds/worker-4-tc2/source", kill_on_drop: false }`
[INFO] [stderr] Cloning into '/workspace/builds/worker-4-tc2/source'...
[INFO] [stderr] done.
[INFO] validating manifest of git repo https://github.com/s-0fia/custom-util-rs on toolchain beta-2024-12-08
[INFO] running `Command { std: CARGO_HOME="/workspace/cargo-home" RUSTUP_HOME="/workspace/rustup-home" "/workspace/cargo-home/bin/cargo" "+beta-2024-12-08" "metadata" "--manifest-path" "Cargo.toml" "--no-deps", kill_on_drop: false }`
[INFO] started tweaking git repo https://github.com/s-0fia/custom-util-rs
[INFO] finished tweaking git repo https://github.com/s-0fia/custom-util-rs
[INFO] tweaked toml for git repo https://github.com/s-0fia/custom-util-rs written to /workspace/builds/worker-4-tc2/source/Cargo.toml
[INFO] crate git repo https://github.com/s-0fia/custom-util-rs already has a lockfile, it will not be regenerated
[INFO] running `Command { std: CARGO_HOME="/workspace/cargo-home" RUSTUP_HOME="/workspace/rustup-home" "/workspace/cargo-home/bin/cargo" "+beta-2024-12-08" "fetch" "--manifest-path" "Cargo.toml", kill_on_drop: false }`
[INFO] running `Command { std: "docker" "create" "-v" "/var/lib/crater-agent-workspace/builds/worker-4-tc2/target:/opt/rustwide/target:rw,Z" "-v" "/var/lib/crater-agent-workspace/builds/worker-4-tc2/source:/opt/rustwide/workdir:ro,Z" "-v" "/var/lib/crater-agent-workspace/cargo-home:/opt/rustwide/cargo-home:ro,Z" "-v" "/var/lib/crater-agent-workspace/rustup-home:/opt/rustwide/rustup-home:ro,Z" "-e" "SOURCE_DIR=/opt/rustwide/workdir" "-e" "CARGO_TARGET_DIR=/opt/rustwide/target" "-e" "CARGO_HOME=/opt/rustwide/cargo-home" "-e" "RUSTUP_HOME=/opt/rustwide/rustup-home" "-w" "/opt/rustwide/workdir" "-m" "1610612736" "--user" "0:0" "--network" "none" "ghcr.io/rust-lang/crates-build-env/linux@sha256:f3a9d4ad9d972b27faf3965f35b62e55ba32bbce8f20bc8fe909558a86702fde" "/opt/rustwide/cargo-home/bin/cargo" "+beta-2024-12-08" "metadata" "--no-deps" "--format-version=1", kill_on_drop: false }`
[INFO] [stdout] 82e4307d79fb1dddecb708d091f7a6b9b5b48579b643799c0495e83354ea8ec1
[INFO] running `Command { std: "docker" "start" "-a" "82e4307d79fb1dddecb708d091f7a6b9b5b48579b643799c0495e83354ea8ec1", kill_on_drop: false }`
[INFO] running `Command { std: "docker" "inspect" "82e4307d79fb1dddecb708d091f7a6b9b5b48579b643799c0495e83354ea8ec1", kill_on_drop: false }`
[INFO] running `Command { std: "docker" "rm" "-f" "82e4307d79fb1dddecb708d091f7a6b9b5b48579b643799c0495e83354ea8ec1", kill_on_drop: false }`
[INFO] [stdout] 82e4307d79fb1dddecb708d091f7a6b9b5b48579b643799c0495e83354ea8ec1
[INFO] running `Command { std: "docker" "create" "-v" "/var/lib/crater-agent-workspace/builds/worker-4-tc2/target:/opt/rustwide/target:rw,Z" "-v" "/var/lib/crater-agent-workspace/builds/worker-4-tc2/source:/opt/rustwide/workdir:ro,Z" "-v" "/var/lib/crater-agent-workspace/cargo-home:/opt/rustwide/cargo-home:ro,Z" "-v" "/var/lib/crater-agent-workspace/rustup-home:/opt/rustwide/rustup-home:ro,Z" "-e" "SOURCE_DIR=/opt/rustwide/workdir" "-e" "CARGO_TARGET_DIR=/opt/rustwide/target" "-e" "CARGO_INCREMENTAL=0" "-e" "RUST_BACKTRACE=full" "-e" "RUSTFLAGS=--cap-lints=warn" "-e" "RUSTDOCFLAGS=--cap-lints=warn" "-e" "CARGO_HOME=/opt/rustwide/cargo-home" "-e" "RUSTUP_HOME=/opt/rustwide/rustup-home" "-w" "/opt/rustwide/workdir" "-m" "1610612736" "--user" "0:0" "--network" "none" "ghcr.io/rust-lang/crates-build-env/linux@sha256:f3a9d4ad9d972b27faf3965f35b62e55ba32bbce8f20bc8fe909558a86702fde" "/opt/rustwide/cargo-home/bin/cargo" "+beta-2024-12-08" "build" "--frozen" "--message-format=json", kill_on_drop: false }`
[INFO] [stdout] f5d57242a2da3dd9ec36c066f0cac42602a315dd12f208d41c0792a2ac3f43d3
[INFO] running `Command { std: "docker" "start" "-a" "f5d57242a2da3dd9ec36c066f0cac42602a315dd12f208d41c0792a2ac3f43d3", kill_on_drop: false }`
[INFO] [stderr]    Compiling proc-macro2 v1.0.69
[INFO] [stderr]    Compiling unicode-ident v1.0.12
[INFO] [stderr]    Compiling iana-time-zone v0.1.58
[INFO] [stderr]    Compiling num-traits v0.2.17
[INFO] [stderr]    Compiling quote v1.0.33
[INFO] [stderr]    Compiling syn v2.0.39
[INFO] [stderr]    Compiling chrono v0.4.31
[INFO] [stderr]    Compiling util-derive v0.1.0 (/opt/rustwide/workdir/util-derive)
[INFO] [stderr]    Compiling utils v0.1.0 (/opt/rustwide/workdir)
[INFO] [stderr]     Finished `dev` profile [unoptimized + debuginfo] target(s) in 7.37s
[INFO] running `Command { std: "docker" "inspect" "f5d57242a2da3dd9ec36c066f0cac42602a315dd12f208d41c0792a2ac3f43d3", kill_on_drop: false }`
[INFO] running `Command { std: "docker" "rm" "-f" "f5d57242a2da3dd9ec36c066f0cac42602a315dd12f208d41c0792a2ac3f43d3", kill_on_drop: false }`
[INFO] [stdout] f5d57242a2da3dd9ec36c066f0cac42602a315dd12f208d41c0792a2ac3f43d3
[INFO] running `Command { std: "docker" "create" "-v" "/var/lib/crater-agent-workspace/builds/worker-4-tc2/target:/opt/rustwide/target:rw,Z" "-v" "/var/lib/crater-agent-workspace/builds/worker-4-tc2/source:/opt/rustwide/workdir:ro,Z" "-v" "/var/lib/crater-agent-workspace/cargo-home:/opt/rustwide/cargo-home:ro,Z" "-v" "/var/lib/crater-agent-workspace/rustup-home:/opt/rustwide/rustup-home:ro,Z" "-e" "SOURCE_DIR=/opt/rustwide/workdir" "-e" "CARGO_TARGET_DIR=/opt/rustwide/target" "-e" "CARGO_INCREMENTAL=0" "-e" "RUST_BACKTRACE=full" "-e" "RUSTFLAGS=--cap-lints=warn" "-e" "RUSTDOCFLAGS=--cap-lints=warn" "-e" "CARGO_HOME=/opt/rustwide/cargo-home" "-e" "RUSTUP_HOME=/opt/rustwide/rustup-home" "-w" "/opt/rustwide/workdir" "-m" "1610612736" "--user" "0:0" "--network" "none" "ghcr.io/rust-lang/crates-build-env/linux@sha256:f3a9d4ad9d972b27faf3965f35b62e55ba32bbce8f20bc8fe909558a86702fde" "/opt/rustwide/cargo-home/bin/cargo" "+beta-2024-12-08" "test" "--frozen" "--no-run" "--message-format=json", kill_on_drop: false }`
[INFO] [stdout] 1d8e5c2ce2573bf662ba00b8b0f5b5771347ef2fe1fa01fec6668d07c9f8aced
[INFO] running `Command { std: "docker" "start" "-a" "1d8e5c2ce2573bf662ba00b8b0f5b5771347ef2fe1fa01fec6668d07c9f8aced", kill_on_drop: false }`
[INFO] [stderr]    Compiling utils v0.1.0 (/opt/rustwide/workdir)
[INFO] [stderr]     Finished `test` profile [unoptimized + debuginfo] target(s) in 0.49s
[INFO] running `Command { std: "docker" "inspect" "1d8e5c2ce2573bf662ba00b8b0f5b5771347ef2fe1fa01fec6668d07c9f8aced", kill_on_drop: false }`
[INFO] running `Command { std: "docker" "rm" "-f" "1d8e5c2ce2573bf662ba00b8b0f5b5771347ef2fe1fa01fec6668d07c9f8aced", kill_on_drop: false }`
[INFO] [stdout] 1d8e5c2ce2573bf662ba00b8b0f5b5771347ef2fe1fa01fec6668d07c9f8aced
[INFO] running `Command { std: "docker" "create" "-v" "/var/lib/crater-agent-workspace/builds/worker-4-tc2/target:/opt/rustwide/target:rw,Z" "-v" "/var/lib/crater-agent-workspace/builds/worker-4-tc2/source:/opt/rustwide/workdir:ro,Z" "-v" "/var/lib/crater-agent-workspace/cargo-home:/opt/rustwide/cargo-home:ro,Z" "-v" "/var/lib/crater-agent-workspace/rustup-home:/opt/rustwide/rustup-home:ro,Z" "-e" "SOURCE_DIR=/opt/rustwide/workdir" "-e" "CARGO_TARGET_DIR=/opt/rustwide/target" "-e" "CARGO_INCREMENTAL=0" "-e" "RUST_BACKTRACE=full" "-e" "RUSTFLAGS=--cap-lints=warn" "-e" "RUSTDOCFLAGS=--cap-lints=warn" "-e" "CARGO_HOME=/opt/rustwide/cargo-home" "-e" "RUSTUP_HOME=/opt/rustwide/rustup-home" "-w" "/opt/rustwide/workdir" "-m" "1610612736" "--user" "0:0" "--network" "none" "ghcr.io/rust-lang/crates-build-env/linux@sha256:f3a9d4ad9d972b27faf3965f35b62e55ba32bbce8f20bc8fe909558a86702fde" "/opt/rustwide/cargo-home/bin/cargo" "+beta-2024-12-08" "test" "--frozen", kill_on_drop: false }`
[INFO] [stdout] 8a5296bc0cb4559a5ad84b2e669010259c2c607dc9fb562545c9d83fecbb836f
[INFO] running `Command { std: "docker" "start" "-a" "8a5296bc0cb4559a5ad84b2e669010259c2c607dc9fb562545c9d83fecbb836f", kill_on_drop: false }`
[INFO] [stderr]     Finished `test` profile [unoptimized + debuginfo] target(s) in 0.03s
[INFO] [stderr]      Running unittests src/lib.rs (/opt/rustwide/target/debug/deps/utils-313bee81270f7efd)
[INFO] [stdout] 
[INFO] [stdout] running 0 tests
[INFO] [stdout] 
[INFO] [stdout] test result: ok. 0 passed; 0 failed; 0 ignored; 0 measured; 0 filtered out; finished in 0.00s
[INFO] [stdout] 
[INFO] [stderr]    Doc-tests utils
[INFO] [stdout] 
[INFO] [stdout] running 9 tests
[INFO] [stdout] test src/lib.rs - ansi (line 223) ... FAILED
[INFO] [stdout] test src/ansi.rs - ansi::replace_cc (line 75) ... ok
[INFO] [stdout] test src/ansi.rs - ansi::colprint (line 154) ... ok
[INFO] [stdout] test src/ansi.rs - ansi::colprintln (line 202) ... ok
[INFO] [stdout] test src/lib.rs - timeprintln (line 166) ... ok
[INFO] [stdout] test src/lib.rs - timeprint (line 97) ... ok
[INFO] [stdout] test src/lib.rs - timeprintln (line 153) ... ok
[INFO] [stdout] test src/lib.rs - timeprint (line 110) ... ok
[INFO] [stdout] test src/lib.rs - perf_time (line 25) ... ok
[INFO] [stdout] 
[INFO] [stdout] failures:
[INFO] [stdout] 
[INFO] [stdout] ---- src/lib.rs - ansi (line 223) stdout ----
[INFO] [stdout] error[E0432]: unresolved import `utils::ansi::style`
[INFO] [stdout]  --> src/lib.rs:225:19
[INFO] [stdout]   |
[INFO] [stdout] 5 | use utils::ansi::{style::*, f_color::*, *};
[INFO] [stdout]   |                   ^^^^^ could not find `style` in `ansi`
[INFO] [stdout] 
[INFO] [stdout] error: aborting due to 1 previous error
[INFO] [stdout] 
[INFO] [stdout] For more information about this error, try `rustc --explain E0432`.
[INFO] [stdout] Couldn't compile the test.
[INFO] [stdout] 
[INFO] [stdout] failures:
[INFO] [stdout]     src/lib.rs - ansi (line 223)
[INFO] [stdout] 
[INFO] [stdout] test result: FAILED. 8 passed; 1 failed; 0 ignored; 0 measured; 0 filtered out; finished in 2.03s
[INFO] [stdout] 
[INFO] [stderr] error: doctest failed, to rerun pass `--doc`
[INFO] running `Command { std: "docker" "inspect" "8a5296bc0cb4559a5ad84b2e669010259c2c607dc9fb562545c9d83fecbb836f", kill_on_drop: false }`
[INFO] running `Command { std: "docker" "rm" "-f" "8a5296bc0cb4559a5ad84b2e669010259c2c607dc9fb562545c9d83fecbb836f", kill_on_drop: false }`
[INFO] [stdout] 8a5296bc0cb4559a5ad84b2e669010259c2c607dc9fb562545c9d83fecbb836f
