[INFO] cloning repository https://github.com/ryardley/actor-explore
[INFO] running `Command { std: "git" "-c" "credential.helper=" "-c" "credential.helper=/workspace/cargo-home/bin/git-credential-null" "clone" "--bare" "https://github.com/ryardley/actor-explore" "/workspace/cache/git-repos/https%3A%2F%2Fgithub.com%2Fryardley%2Factor-explore", kill_on_drop: false }`
[INFO] [stderr] Cloning into bare repository '/workspace/cache/git-repos/https%3A%2F%2Fgithub.com%2Fryardley%2Factor-explore'...
[INFO] running `Command { std: "git" "rev-parse" "HEAD", kill_on_drop: false }`
[INFO] [stdout] cc1b816c96bbd5f1b16866ee46f34839eabe3c5c
[INFO] testing ryardley/actor-explore against 1.83.0 for beta-1.84.0-4-retry
[INFO] running `Command { std: "git" "clone" "/workspace/cache/git-repos/https%3A%2F%2Fgithub.com%2Fryardley%2Factor-explore" "/workspace/builds/worker-5-tc1/source", kill_on_drop: false }`
[INFO] [stderr] Cloning into '/workspace/builds/worker-5-tc1/source'...
[INFO] [stderr] done.
[INFO] validating manifest of git repo https://github.com/ryardley/actor-explore on toolchain 1.83.0
[INFO] running `Command { std: CARGO_HOME="/workspace/cargo-home" RUSTUP_HOME="/workspace/rustup-home" "/workspace/cargo-home/bin/cargo" "+1.83.0" "metadata" "--manifest-path" "Cargo.toml" "--no-deps", kill_on_drop: false }`
[INFO] started tweaking git repo https://github.com/ryardley/actor-explore
[INFO] finished tweaking git repo https://github.com/ryardley/actor-explore
[INFO] tweaked toml for git repo https://github.com/ryardley/actor-explore written to /workspace/builds/worker-5-tc1/source/Cargo.toml
[INFO] crate git repo https://github.com/ryardley/actor-explore already has a lockfile, it will not be regenerated
[INFO] running `Command { std: CARGO_HOME="/workspace/cargo-home" RUSTUP_HOME="/workspace/rustup-home" "/workspace/cargo-home/bin/cargo" "+1.83.0" "fetch" "--manifest-path" "Cargo.toml", kill_on_drop: false }`
[INFO] [stderr]     Updating git repository `https://github.com/gnosisguild/fhe.rs`
[INFO] [stderr]  Downloading crates ...
[INFO] [stderr]   Downloaded prost-build v0.12.6
[INFO] [stderr]   Downloaded polyval v0.6.2
[INFO] [stderr]   Downloaded ghash v0.5.1
[INFO] running `Command { std: "docker" "create" "-v" "/var/lib/crater-agent-workspace/builds/worker-5-tc1/target:/opt/rustwide/target:rw,Z" "-v" "/var/lib/crater-agent-workspace/builds/worker-5-tc1/source:/opt/rustwide/workdir:ro,Z" "-v" "/var/lib/crater-agent-workspace/cargo-home:/opt/rustwide/cargo-home:ro,Z" "-v" "/var/lib/crater-agent-workspace/rustup-home:/opt/rustwide/rustup-home:ro,Z" "-e" "SOURCE_DIR=/opt/rustwide/workdir" "-e" "CARGO_TARGET_DIR=/opt/rustwide/target" "-e" "CARGO_HOME=/opt/rustwide/cargo-home" "-e" "RUSTUP_HOME=/opt/rustwide/rustup-home" "-w" "/opt/rustwide/workdir" "-m" "1610612736" "--user" "0:0" "--network" "none" "ghcr.io/rust-lang/crates-build-env/linux@sha256:f3a9d4ad9d972b27faf3965f35b62e55ba32bbce8f20bc8fe909558a86702fde" "/opt/rustwide/cargo-home/bin/cargo" "+1.83.0" "metadata" "--no-deps" "--format-version=1", kill_on_drop: false }`
[INFO] [stdout] da5877a03d494b13dca6d687717e6b938d3897383adb901fdf07e62a729440a9
[INFO] running `Command { std: "docker" "start" "-a" "da5877a03d494b13dca6d687717e6b938d3897383adb901fdf07e62a729440a9", kill_on_drop: false }`
[INFO] running `Command { std: "docker" "inspect" "da5877a03d494b13dca6d687717e6b938d3897383adb901fdf07e62a729440a9", kill_on_drop: false }`
[INFO] running `Command { std: "docker" "rm" "-f" "da5877a03d494b13dca6d687717e6b938d3897383adb901fdf07e62a729440a9", kill_on_drop: false }`
[INFO] [stdout] da5877a03d494b13dca6d687717e6b938d3897383adb901fdf07e62a729440a9
[INFO] running `Command { std: "docker" "create" "-v" "/var/lib/crater-agent-workspace/builds/worker-5-tc1/target:/opt/rustwide/target:rw,Z" "-v" "/var/lib/crater-agent-workspace/builds/worker-5-tc1/source:/opt/rustwide/workdir:ro,Z" "-v" "/var/lib/crater-agent-workspace/cargo-home:/opt/rustwide/cargo-home:ro,Z" "-v" "/var/lib/crater-agent-workspace/rustup-home:/opt/rustwide/rustup-home:ro,Z" "-e" "SOURCE_DIR=/opt/rustwide/workdir" "-e" "CARGO_TARGET_DIR=/opt/rustwide/target" "-e" "CARGO_INCREMENTAL=0" "-e" "RUST_BACKTRACE=full" "-e" "RUSTFLAGS=--cap-lints=warn" "-e" "RUSTDOCFLAGS=--cap-lints=warn" "-e" "CARGO_HOME=/opt/rustwide/cargo-home" "-e" "RUSTUP_HOME=/opt/rustwide/rustup-home" "-w" "/opt/rustwide/workdir" "-m" "1610612736" "--user" "0:0" "--network" "none" "ghcr.io/rust-lang/crates-build-env/linux@sha256:f3a9d4ad9d972b27faf3965f35b62e55ba32bbce8f20bc8fe909558a86702fde" "/opt/rustwide/cargo-home/bin/cargo" "+1.83.0" "build" "--frozen" "--message-format=json", kill_on_drop: false }`
[INFO] [stdout] 78022a6ac1b36d071b3017abea8b2a6d7413a556cacba4d95288abbcba0e7024
[INFO] running `Command { std: "docker" "start" "-a" "78022a6ac1b36d071b3017abea8b2a6d7413a556cacba4d95288abbcba0e7024", kill_on_drop: false }`
[INFO] [stderr]    Compiling libc v0.2.155
[INFO] [stderr]    Compiling anyhow v1.0.86
[INFO] [stderr]    Compiling either v1.13.0
[INFO] [stderr]    Compiling byteorder v1.5.0
[INFO] [stderr]    Compiling bitflags v2.6.0
[INFO] [stderr]    Compiling bytes v1.7.1
[INFO] [stderr]    Compiling regex-syntax v0.8.4
[INFO] [stderr]    Compiling linux-raw-sys v0.4.14
[INFO] [stderr]    Compiling generic-array v0.14.7
[INFO] [stderr]    Compiling num-traits v0.2.19
[INFO] [stderr]    Compiling rustix v0.38.34
[INFO] [stderr]    Compiling prettyplease v0.2.20
[INFO] [stderr]    Compiling fastrand v2.1.0
[INFO] [stderr]    Compiling quote v1.0.36
[INFO] [stderr]    Compiling indexmap v2.4.0
[INFO] [stderr]    Compiling once_cell v1.19.0
[INFO] [stderr]    Compiling log v0.4.22
[INFO] [stderr]    Compiling cpufeatures v0.2.13
[INFO] [stderr]    Compiling itertools v0.12.1
[INFO] [stderr]    Compiling multimap v0.10.0
[INFO] [stderr]    Compiling smallvec v1.13.2
[INFO] [stderr]    Compiling serde v1.0.207
[INFO] [stderr]    Compiling syn v2.0.74
[INFO] [stderr]    Compiling libm v0.2.8
[INFO] [stderr]    Compiling matrixmultiply v0.3.9
[INFO] [stderr]    Compiling spin v0.9.8
[INFO] [stderr]    Compiling num-bigint-dig v0.8.4
[INFO] [stderr]    Compiling lazy_static v1.5.0
[INFO] [stderr]    Compiling subtle v2.6.1
[INFO] [stderr]    Compiling thiserror v1.0.63
[INFO] [stderr]    Compiling rawpointer v0.2.1
[INFO] [stderr]    Compiling opaque-debug v0.3.1
[INFO] [stderr]    Compiling doc-comment v0.3.3
[INFO] [stderr]    Compiling scopeguard v1.2.0
[INFO] [stderr]    Compiling lock_api v0.4.12
[INFO] [stderr]    Compiling inout v0.1.3
[INFO] [stderr]    Compiling block-buffer v0.10.4
[INFO] [stderr]    Compiling ethnum v1.5.0
[INFO] [stderr]    Compiling petgraph v0.6.5
[INFO] [stderr]    Compiling getrandom v0.2.15
[INFO] [stderr]    Compiling parking_lot_core v0.9.10
[INFO] [stderr]    Compiling socket2 v0.5.7
[INFO] [stderr]    Compiling mio v1.0.2
[INFO] [stderr]    Compiling rand_core v0.6.4
[INFO] [stderr]    Compiling num-integer v0.1.46
[INFO] [stderr]    Compiling num-complex v0.4.6
[INFO] [stderr]    Compiling crypto-common v0.1.6
[INFO] [stderr]    Compiling parking_lot v0.12.3
[INFO] [stderr]    Compiling cipher v0.4.4
[INFO] [stderr]    Compiling digest v0.10.7
[INFO] [stderr]    Compiling num-iter v0.1.45
[INFO] [stderr]    Compiling universal-hash v0.5.1
[INFO] [stderr]    Compiling sha2 v0.10.8
[INFO] [stderr]    Compiling num-bigint v0.4.6
[INFO] [stderr]    Compiling polyval v0.6.2
[INFO] [stderr]    Compiling ctr v0.9.2
[INFO] [stderr]    Compiling aes v0.8.4
[INFO] [stderr]    Compiling aead v0.5.2
[INFO] [stderr]    Compiling ndarray v0.15.6
[INFO] [stderr]    Compiling signal-hook-registry v1.4.2
[INFO] [stderr]    Compiling ghash v0.5.1
[INFO] [stderr]    Compiling regex-automata v0.4.7
[INFO] [stderr]    Compiling aes-gcm v0.10.3
[INFO] [stderr]    Compiling tempfile v3.12.0
[INFO] [stderr]    Compiling regex v1.10.6
[INFO] [stderr]    Compiling prost-derive v0.12.6
[INFO] [stderr]    Compiling zerocopy-derive v0.7.35
[INFO] [stderr]    Compiling thiserror-impl v1.0.63
[INFO] [stderr]    Compiling zeroize_derive v1.4.2
[INFO] [stderr]    Compiling tokio-macros v2.4.0
[INFO] [stderr]    Compiling async-trait v0.1.81
[INFO] [stderr]    Compiling tokio v1.39.2
[INFO] [stderr]    Compiling zeroize v1.8.1
[INFO] [stderr]    Compiling zerocopy v0.7.35
[INFO] [stderr]    Compiling ppv-lite86 v0.2.20
[INFO] [stderr]    Compiling prost v0.12.6
[INFO] [stderr]    Compiling prost-types v0.12.6
[INFO] [stderr]    Compiling rand_chacha v0.3.1
[INFO] [stderr]    Compiling rand v0.8.5
[INFO] [stderr]    Compiling fhe-traits v0.1.0-beta.7 (https://github.com/gnosisguild/fhe.rs#9624766d)
[INFO] [stderr]    Compiling prost-build v0.12.6
[INFO] [stderr]    Compiling fhe-math v0.1.0-beta.7 (https://github.com/gnosisguild/fhe.rs#9624766d)
[INFO] [stderr]    Compiling fhe v0.1.0-beta.7 (https://github.com/gnosisguild/fhe.rs#9624766d)
[INFO] [stderr]    Compiling fhe-util v0.1.0-beta.7 (https://github.com/gnosisguild/fhe.rs#9624766d)
[INFO] [stderr]    Compiling actor-implementation v0.1.0 (/opt/rustwide/workdir)
[INFO] [stdout] warning: trait `Actor` is never used
[INFO] [stdout]   --> src/actor_traits.rs:10:11
[INFO] [stdout]    |
[INFO] [stdout] 10 | pub trait Actor<M: Send + 'static>: Send + 'static {
[INFO] [stdout]    |           ^^^^^
[INFO] [stdout]    |
[INFO] [stdout]    = note: `#[warn(dead_code)]` on by default
[INFO] [stdout] 
[INFO] [stdout] 
[INFO] [stdout] warning: function `run_actor` is never used
[INFO] [stdout]   --> src/actor_traits.rs:22:8
[INFO] [stdout]    |
[INFO] [stdout] 22 | pub fn run_actor<A, M>(actor: A, buffer: usize) -> mpsc::Sender<M>
[INFO] [stdout]    |        ^^^^^^^^^
[INFO] [stdout] 
[INFO] [stdout] 
[INFO] [stdout] warning: function `consume_actor` is never used
[INFO] [stdout]   --> src/actor_traits.rs:34:10
[INFO] [stdout]    |
[INFO] [stdout] 34 | async fn consume_actor<A, M>(mut actor: A, mut receiver: Receiver<M>)
[INFO] [stdout]    |          ^^^^^^^^^^^^^
[INFO] [stdout] 
[INFO] [stdout] 
[INFO] [stdout] warning: associated function `new` is never used
[INFO] [stdout]   --> src/ciphernode.rs:22:12
[INFO] [stdout]    |
[INFO] [stdout] 21 | impl Ciphernode {
[INFO] [stdout]    | --------------- associated function in this implementation
[INFO] [stdout] 22 |     pub fn new<D, S, R, E>(dispatcher: D, store: S, fhe: Fhe<R>, encryptor: E) -> Self
[INFO] [stdout]    |            ^^^
[INFO] [stdout] 
[INFO] [stdout] 
[INFO] [stdout] warning: struct `CiphernodeActor` is never constructed
[INFO] [stdout]   --> src/ciphernode.rs:42:8
[INFO] [stdout]    |
[INFO] [stdout] 42 | struct CiphernodeActor<S: Store, D: EventDispatcher<EnclaveEvent>, R: Rng, E: Encryptor> {
[INFO] [stdout]    |        ^^^^^^^^^^^^^^^
[INFO] [stdout] 
[INFO] [stdout] 
[INFO] [stdout] warning: associated items `new` and `on_computation_requested` are never used
[INFO] [stdout]   --> src/ciphernode.rs:56:12
[INFO] [stdout]    |
[INFO] [stdout] 49 | / impl<S, D, R, E> CiphernodeActor<S, D, R, E>
[INFO] [stdout] 50 | | where
[INFO] [stdout] 51 | |     S: Store,
[INFO] [stdout] 52 | |     D: EventDispatcher<EnclaveEvent>,
[INFO] [stdout] 53 | |     R: Rng,
[INFO] [stdout] 54 | |     E: Encryptor,
[INFO] [stdout]    | |_________________- associated items in this implementation
[INFO] [stdout] 55 |   {
[INFO] [stdout] 56 |       pub fn new(dispatcher: D, store: S, fhe: Fhe<R>, encryptor: E) -> Self {
[INFO] [stdout]    |              ^^^
[INFO] [stdout] ...
[INFO] [stdout] 65 |       async fn on_computation_requested(&mut self, e3_id: &str) -> Result<()> {
[INFO] [stdout]    |                ^^^^^^^^^^^^^^^^^^^^^^^^
[INFO] [stdout] 
[INFO] [stdout] 
[INFO] [stdout] warning: fields `plaintext` and `reply` are never read
[INFO] [stdout]   --> src/encryptor.rs:38:9
[INFO] [stdout]    |
[INFO] [stdout] 37 |     Encrypt {
[INFO] [stdout]    |     ------- fields in this variant
[INFO] [stdout] 38 |         plaintext: Plaintext,
[INFO] [stdout]    |         ^^^^^^^^^
[INFO] [stdout] 39 |         reply: oneshot::Sender<Vec<u8>>,
[INFO] [stdout]    |         ^^^^^
[INFO] [stdout] 
[INFO] [stdout] 
[INFO] [stdout] warning: method `encrypt` is never used
[INFO] [stdout]   --> src/encryptor.rs:45:14
[INFO] [stdout]    |
[INFO] [stdout] 44 | pub trait Encryptor: Send + 'static {
[INFO] [stdout]    |           --------- method in this trait
[INFO] [stdout] 45 |     async fn encrypt(&self, plaintext: Plaintext) -> Result<Vec<u8>>;
[INFO] [stdout]    |              ^^^^^^^
[INFO] [stdout] 
[INFO] [stdout] 
[INFO] [stdout] warning: associated function `new` is never used
[INFO] [stdout]   --> src/encryptor.rs:54:12
[INFO] [stdout]    |
[INFO] [stdout] 53 | impl AesEncryptor {
[INFO] [stdout]    | ----------------- associated function in this implementation
[INFO] [stdout] 54 |     pub fn new(key: Vec<u8>) -> Self {
[INFO] [stdout]    |            ^^^
[INFO] [stdout] 
[INFO] [stdout] 
[INFO] [stdout] warning: struct `EncryptorActor` is never constructed
[INFO] [stdout]   --> src/encryptor.rs:76:8
[INFO] [stdout]    |
[INFO] [stdout] 76 | struct EncryptorActor {
[INFO] [stdout]    |        ^^^^^^^^^^^^^^
[INFO] [stdout] 
[INFO] [stdout] 
[INFO] [stdout] warning: associated items `new` and `encrypt` are never used
[INFO] [stdout]   --> src/encryptor.rs:81:12
[INFO] [stdout]    |
[INFO] [stdout] 80 | impl EncryptorActor {
[INFO] [stdout]    | ------------------- associated items in this implementation
[INFO] [stdout] 81 |     pub fn new(key: Vec<u8>) -> Self {
[INFO] [stdout]    |            ^^^
[INFO] [stdout] ...
[INFO] [stdout] 85 |     fn encrypt(&self, data: Plaintext) -> Result<Vec<u8>> {
[INFO] [stdout]    |        ^^^^^^^
[INFO] [stdout] 
[INFO] [stdout] 
[INFO] [stdout] warning: field `0` is never read
[INFO] [stdout]  --> src/event.rs:8:22
[INFO] [stdout]   |
[INFO] [stdout] 8 |     RegisterListener(Listener),
[INFO] [stdout]   |     ---------------- ^^^^^^^^
[INFO] [stdout]   |     |
[INFO] [stdout]   |     field in this variant
[INFO] [stdout]   |
[INFO] [stdout]   = note: `EnclaveEvent` has derived impls for the traits `Debug` and `Clone`, but these are intentionally ignored during dead code analysis
[INFO] [stdout] help: consider changing the field to be of unit type to suppress this warning while preserving the field numbering, or remove the field
[INFO] [stdout]   |
[INFO] [stdout] 8 |     RegisterListener(()),
[INFO] [stdout]   |                      ~~
[INFO] [stdout] 
[INFO] [stdout] 
[INFO] [stdout] warning: variants `ComputationRequested` and `KeyshareCreated` are never constructed
[INFO] [stdout]   --> src/event.rs:9:5
[INFO] [stdout]    |
[INFO] [stdout] 7  | pub enum EnclaveEvent {
[INFO] [stdout]    |          ------------ variants in this enum
[INFO] [stdout] 8  |     RegisterListener(Listener),
[INFO] [stdout] 9  |     ComputationRequested {
[INFO] [stdout]    |     ^^^^^^^^^^^^^^^^^^^^
[INFO] [stdout] ...
[INFO] [stdout] 19 |     KeyshareCreated {
[INFO] [stdout]    |     ^^^^^^^^^^^^^^^
[INFO] [stdout]    |
[INFO] [stdout]    = note: `EnclaveEvent` has derived impls for the traits `Debug` and `Clone`, but these are intentionally ignored during dead code analysis
[INFO] [stdout] 
[INFO] [stdout] 
[INFO] [stdout] warning: variants `Ciphernode` and `Reporter` are never constructed
[INFO] [stdout]   --> src/event_dispatcher.rs:15:5
[INFO] [stdout]    |
[INFO] [stdout] 14 | pub enum Listener {
[INFO] [stdout]    |          -------- variants in this enum
[INFO] [stdout] 15 |     Ciphernode(Ciphernode),
[INFO] [stdout]    |     ^^^^^^^^^^
[INFO] [stdout] 16 |     Reporter(Logger),
[INFO] [stdout]    |     ^^^^^^^^
[INFO] [stdout]    |
[INFO] [stdout]    = note: `Listener` has derived impls for the traits `Clone` and `Debug`, but these are intentionally ignored during dead code analysis
[INFO] [stdout] 
[INFO] [stdout] 
[INFO] [stdout] warning: method `register` is never used
[INFO] [stdout]   --> src/event_dispatcher.rs:31:14
[INFO] [stdout]    |
[INFO] [stdout] 30 | pub trait EventDispatcher<E>: ActorSender<E> + Send + 'static {
[INFO] [stdout]    |           --------------- method in this trait
[INFO] [stdout] 31 |     async fn register(&self, listener: Listener);
[INFO] [stdout]    |              ^^^^^^^^
[INFO] [stdout] 
[INFO] [stdout] 
[INFO] [stdout] warning: associated function `new` is never used
[INFO] [stdout]   --> src/event_dispatcher.rs:40:12
[INFO] [stdout]    |
[INFO] [stdout] 39 | impl EventBus {
[INFO] [stdout]    | ------------- associated function in this implementation
[INFO] [stdout] 40 |     pub fn new() -> Self {
[INFO] [stdout]    |            ^^^
[INFO] [stdout] 
[INFO] [stdout] 
[INFO] [stdout] warning: struct `EventBusActor` is never constructed
[INFO] [stdout]   --> src/event_dispatcher.rs:61:8
[INFO] [stdout]    |
[INFO] [stdout] 61 | struct EventBusActor {
[INFO] [stdout]    |        ^^^^^^^^^^^^^
[INFO] [stdout] 
[INFO] [stdout] 
[INFO] [stdout] warning: associated items `new` and `dispatch` are never used
[INFO] [stdout]   --> src/event_dispatcher.rs:66:12
[INFO] [stdout]    |
[INFO] [stdout] 65 | impl EventBusActor {
[INFO] [stdout]    | ------------------ associated items in this implementation
[INFO] [stdout] 66 |     pub fn new() -> Self {
[INFO] [stdout]    |            ^^^
[INFO] [stdout] ...
[INFO] [stdout] 70 |     async fn dispatch(&self, event: EnclaveEvent) -> Result<()> {
[INFO] [stdout]    |              ^^^^^^^^
[INFO] [stdout] 
[INFO] [stdout] 
[INFO] [stdout] warning: type alias `Error` is never used
[INFO] [stdout]   --> src/fhe.rs:13:10
[INFO] [stdout]    |
[INFO] [stdout] 13 | pub type Error = Box<dyn std::error::Error>;
[INFO] [stdout]    |          ^^^^^
[INFO] [stdout] 
[INFO] [stdout] 
[INFO] [stdout] warning: type alias `Result` is never used
[INFO] [stdout]   --> src/fhe.rs:14:10
[INFO] [stdout]    |
[INFO] [stdout] 14 | pub type Result<T> = std::result::Result<T, Error>;
[INFO] [stdout]    |          ^^^^^^
[INFO] [stdout] 
[INFO] [stdout] 
[INFO] [stdout] warning: trait `Rng` is never used
[INFO] [stdout]   --> src/fhe.rs:17:11
[INFO] [stdout]    |
[INFO] [stdout] 17 | pub trait Rng: RngCore + CryptoRng + Send + 'static {}
[INFO] [stdout]    |           ^^^
[INFO] [stdout] 
[INFO] [stdout] 
[INFO] [stdout] warning: function `deserialize_to_box_i64` is never used
[INFO] [stdout]   --> src/fhe.rs:60:4
[INFO] [stdout]    |
[INFO] [stdout] 60 | fn deserialize_to_box_i64(bytes: Vec<u8>) -> Option<Box<[i64]>> {
[INFO] [stdout]    |    ^^^^^^^^^^^^^^^^^^^^^^
[INFO] [stdout] 
[INFO] [stdout] 
[INFO] [stdout] warning: struct `Fhe` is never constructed
[INFO] [stdout]   --> src/fhe.rs:80:12
[INFO] [stdout]    |
[INFO] [stdout] 80 | pub struct Fhe<R: Rng> {
[INFO] [stdout]    |            ^^^
[INFO] [stdout]    |
[INFO] [stdout]    = note: `Fhe` has a derived impl for the trait `Clone`, but this is intentionally ignored during dead code analysis
[INFO] [stdout] 
[INFO] [stdout] 
[INFO] [stdout] warning: associated items `new`, `get_params`, and `generate_keyshare` are never used
[INFO] [stdout]    --> src/fhe.rs:87:12
[INFO] [stdout]     |
[INFO] [stdout] 86  | impl<R: Rng> Fhe<R> {
[INFO] [stdout]     | ------------------- associated items in this implementation
[INFO] [stdout] 87  |     pub fn new(
[INFO] [stdout]     |            ^^^
[INFO] [stdout] ...
[INFO] [stdout] 102 |     pub fn get_params(&self) -> (&Arc<BfvParameters>, &CommonRandomPoly) {
[INFO] [stdout]     |            ^^^^^^^^^^
[INFO] [stdout] ...
[INFO] [stdout] 106 |     pub fn generate_keyshare(&self) -> Result<(SecretKey, PublicKeyShare)> {
[INFO] [stdout]     |            ^^^^^^^^^^^^^^^^^
[INFO] [stdout] 
[INFO] [stdout] 
[INFO] [stdout] warning: field `0` is never read
[INFO] [stdout]   --> src/logger.rs:11:9
[INFO] [stdout]    |
[INFO] [stdout] 11 |     Log(EnclaveEvent),
[INFO] [stdout]    |     --- ^^^^^^^^^^^^
[INFO] [stdout]    |     |
[INFO] [stdout]    |     field in this variant
[INFO] [stdout]    |
[INFO] [stdout]    = note: `LogEvent` has a derived impl for the trait `Debug`, but this is intentionally ignored during dead code analysis
[INFO] [stdout] help: consider changing the field to be of unit type to suppress this warning while preserving the field numbering, or remove the field
[INFO] [stdout]    |
[INFO] [stdout] 11 |     Log(()),
[INFO] [stdout]    |         ~~
[INFO] [stdout] 
[INFO] [stdout] 
[INFO] [stdout] warning: variant `GetLog` is never constructed
[INFO] [stdout]   --> src/logger.rs:12:5
[INFO] [stdout]    |
[INFO] [stdout] 10 | pub enum LogEvent {
[INFO] [stdout]    |          -------- variant in this enum
[INFO] [stdout] 11 |     Log(EnclaveEvent),
[INFO] [stdout] 12 |     GetLog(oneshot::Sender<Vec<EnclaveEvent>>),
[INFO] [stdout]    |     ^^^^^^
[INFO] [stdout]    |
[INFO] [stdout]    = note: `LogEvent` has a derived impl for the trait `Debug`, but this is intentionally ignored during dead code analysis
[INFO] [stdout] 
[INFO] [stdout] 
[INFO] [stdout] warning: associated items `new` and `get_log` are never used
[INFO] [stdout]   --> src/logger.rs:21:12
[INFO] [stdout]    |
[INFO] [stdout] 20 | impl Logger {
[INFO] [stdout]    | ----------- associated items in this implementation
[INFO] [stdout] 21 |     pub fn new() -> Self {
[INFO] [stdout]    |            ^^^
[INFO] [stdout] ...
[INFO] [stdout] 26 |     pub async fn get_log(&self) -> Result<Vec<EnclaveEvent>> {
[INFO] [stdout]    |                  ^^^^^^^
[INFO] [stdout] 
[INFO] [stdout] 
[INFO] [stdout] warning: struct `LoggerActor` is never constructed
[INFO] [stdout]   --> src/logger.rs:40:8
[INFO] [stdout]    |
[INFO] [stdout] 40 | struct LoggerActor {
[INFO] [stdout]    |        ^^^^^^^^^^^
[INFO] [stdout] 
[INFO] [stdout] 
[INFO] [stdout] warning: associated function `new` is never used
[INFO] [stdout]   --> src/logger.rs:45:12
[INFO] [stdout]    |
[INFO] [stdout] 44 | impl LoggerActor {
[INFO] [stdout]    | ---------------- associated function in this implementation
[INFO] [stdout] 45 |     pub fn new() -> Self {
[INFO] [stdout]    |            ^^^
[INFO] [stdout] 
[INFO] [stdout] 
[INFO] [stdout] warning: type alias `Error` is never used
[INFO] [stdout]  --> src/store.rs:6:6
[INFO] [stdout]   |
[INFO] [stdout] 6 | type Error = Box<dyn std::error::Error>;
[INFO] [stdout]   |      ^^^^^
[INFO] [stdout] 
[INFO] [stdout] 
[INFO] [stdout] warning: type alias `Result` is never used
[INFO] [stdout]  --> src/store.rs:7:6
[INFO] [stdout]   |
[INFO] [stdout] 7 | type Result<T> = std::result::Result<T, Error>;
[INFO] [stdout]   |      ^^^^^^
[INFO] [stdout] 
[INFO] [stdout] 
[INFO] [stdout] warning: fields `key` and `value` are never read
[INFO] [stdout]   --> src/store.rs:11:14
[INFO] [stdout]    |
[INFO] [stdout] 11 |     Insert { key: Vec<u8>, value: Vec<u8> },
[INFO] [stdout]    |     ------   ^^^           ^^^^^
[INFO] [stdout]    |     |
[INFO] [stdout]    |     fields in this variant
[INFO] [stdout]    |
[INFO] [stdout]    = note: `StoreEvent` has a derived impl for the trait `Debug`, but this is intentionally ignored during dead code analysis
[INFO] [stdout] 
[INFO] [stdout] 
[INFO] [stdout] warning: method `insert` is never used
[INFO] [stdout]   --> src/store.rs:20:8
[INFO] [stdout]    |
[INFO] [stdout] 19 | pub trait Store: Send + 'static {
[INFO] [stdout]    |           ----- method in this trait
[INFO] [stdout] 20 |     fn insert(&self, key: impl Into<Vec<u8>>, data: impl Into<Vec<u8>>);
[INFO] [stdout]    |        ^^^^^^
[INFO] [stdout] 
[INFO] [stdout] 
[INFO] [stdout] warning: associated function `new` is never used
[INFO] [stdout]   --> src/store.rs:24:12
[INFO] [stdout]    |
[INFO] [stdout] 23 | impl DataStore {
[INFO] [stdout]    | -------------- associated function in this implementation
[INFO] [stdout] 24 |     pub fn new() -> Self {
[INFO] [stdout]    |            ^^^
[INFO] [stdout] 
[INFO] [stdout] 
[INFO] [stdout] warning: struct `StoreActor` is never constructed
[INFO] [stdout]   --> src/store.rs:39:8
[INFO] [stdout]    |
[INFO] [stdout] 39 | struct StoreActor;
[INFO] [stdout]    |        ^^^^^^^^^^
[INFO] [stdout] 
[INFO] [stdout] 
[INFO] [stdout] warning: associated function `new` is never used
[INFO] [stdout]   --> src/store.rs:42:12
[INFO] [stdout]    |
[INFO] [stdout] 41 | impl StoreActor {
[INFO] [stdout]    | --------------- associated function in this implementation
[INFO] [stdout] 42 |     pub fn new() -> Self {
[INFO] [stdout]    |            ^^^
[INFO] [stdout] 
[INFO] [stdout] 
[INFO] [stderr]     Finished `dev` profile [unoptimized + debuginfo] target(s) in 55.80s
[INFO] running `Command { std: "docker" "inspect" "78022a6ac1b36d071b3017abea8b2a6d7413a556cacba4d95288abbcba0e7024", kill_on_drop: false }`
[INFO] running `Command { std: "docker" "rm" "-f" "78022a6ac1b36d071b3017abea8b2a6d7413a556cacba4d95288abbcba0e7024", kill_on_drop: false }`
[INFO] [stdout] 78022a6ac1b36d071b3017abea8b2a6d7413a556cacba4d95288abbcba0e7024
[INFO] running `Command { std: "docker" "create" "-v" "/var/lib/crater-agent-workspace/builds/worker-5-tc1/target:/opt/rustwide/target:rw,Z" "-v" "/var/lib/crater-agent-workspace/builds/worker-5-tc1/source:/opt/rustwide/workdir:ro,Z" "-v" "/var/lib/crater-agent-workspace/cargo-home:/opt/rustwide/cargo-home:ro,Z" "-v" "/var/lib/crater-agent-workspace/rustup-home:/opt/rustwide/rustup-home:ro,Z" "-e" "SOURCE_DIR=/opt/rustwide/workdir" "-e" "CARGO_TARGET_DIR=/opt/rustwide/target" "-e" "CARGO_INCREMENTAL=0" "-e" "RUST_BACKTRACE=full" "-e" "RUSTFLAGS=--cap-lints=warn" "-e" "RUSTDOCFLAGS=--cap-lints=warn" "-e" "CARGO_HOME=/opt/rustwide/cargo-home" "-e" "RUSTUP_HOME=/opt/rustwide/rustup-home" "-w" "/opt/rustwide/workdir" "-m" "1610612736" "--user" "0:0" "--network" "none" "ghcr.io/rust-lang/crates-build-env/linux@sha256:f3a9d4ad9d972b27faf3965f35b62e55ba32bbce8f20bc8fe909558a86702fde" "/opt/rustwide/cargo-home/bin/cargo" "+1.83.0" "test" "--frozen" "--no-run" "--message-format=json", kill_on_drop: false }`
[INFO] [stdout] 02facfbf6279fc8c0d1e2aa9becdabbf570449197b5bc9bcc7f26e6c3641c1be
[INFO] running `Command { std: "docker" "start" "-a" "02facfbf6279fc8c0d1e2aa9becdabbf570449197b5bc9bcc7f26e6c3641c1be", kill_on_drop: false }`
[INFO] [stderr]    Compiling actor-implementation v0.1.0 (/opt/rustwide/workdir)
[INFO] [stdout] warning: unused import: `rngs::OsRng`
[INFO] [stdout]   --> src/main.rs:28:16
[INFO] [stdout]    |
[INFO] [stdout] 28 |     use rand::{rngs::OsRng, SeedableRng};
[INFO] [stdout]    |                ^^^^^^^^^^^
[INFO] [stdout]    |
[INFO] [stdout]    = note: `#[warn(unused_imports)]` on by default
[INFO] [stdout] 
[INFO] [stdout] 
[INFO] [stdout] warning: fields `ciphernode_group_length`, `ciphernode_threshold`, and `sortition_seed` are never read
[INFO] [stdout]   --> src/event.rs:13:9
[INFO] [stdout]    |
[INFO] [stdout] 9  |     ComputationRequested {
[INFO] [stdout]    |     -------------------- fields in this variant
[INFO] [stdout] ...
[INFO] [stdout] 13 |         ciphernode_group_length: u32,
[INFO] [stdout]    |         ^^^^^^^^^^^^^^^^^^^^^^^
[INFO] [stdout] 14 |         ciphernode_threshold: u32,
[INFO] [stdout]    |         ^^^^^^^^^^^^^^^^^^^^
[INFO] [stdout] ...
[INFO] [stdout] 17 |         sortition_seed: u32,
[INFO] [stdout]    |         ^^^^^^^^^^^^^^
[INFO] [stdout]    |
[INFO] [stdout]    = note: `EnclaveEvent` has derived impls for the traits `Debug` and `Clone`, but these are intentionally ignored during dead code analysis
[INFO] [stdout]    = note: `#[warn(dead_code)]` on by default
[INFO] [stdout] 
[INFO] [stdout] 
[INFO] [stdout] warning: fields `e3_id` and `keyshare` are never read
[INFO] [stdout]   --> src/event.rs:20:9
[INFO] [stdout]    |
[INFO] [stdout] 19 |     KeyshareCreated {
[INFO] [stdout]    |     --------------- fields in this variant
[INFO] [stdout] 20 |         e3_id: String,
[INFO] [stdout]    |         ^^^^^
[INFO] [stdout] 21 |         keyshare: PublicKeyShare,
[INFO] [stdout]    |         ^^^^^^^^
[INFO] [stdout]    |
[INFO] [stdout]    = note: `EnclaveEvent` has derived impls for the traits `Debug` and `Clone`, but these are intentionally ignored during dead code analysis
[INFO] [stdout] 
[INFO] [stdout] 
[INFO] [stdout] warning: function `deserialize_to_box_i64` is never used
[INFO] [stdout]   --> src/fhe.rs:60:4
[INFO] [stdout]    |
[INFO] [stdout] 60 | fn deserialize_to_box_i64(bytes: Vec<u8>) -> Option<Box<[i64]>> {
[INFO] [stdout]    |    ^^^^^^^^^^^^^^^^^^^^^^
[INFO] [stdout] 
[INFO] [stdout] 
[INFO] [stdout] warning: method `get_params` is never used
[INFO] [stdout]    --> src/fhe.rs:102:12
[INFO] [stdout]     |
[INFO] [stdout] 86  | impl<R: Rng> Fhe<R> {
[INFO] [stdout]     | ------------------- method in this implementation
[INFO] [stdout] ...
[INFO] [stdout] 102 |     pub fn get_params(&self) -> (&Arc<BfvParameters>, &CommonRandomPoly) {
[INFO] [stdout]     |            ^^^^^^^^^^
[INFO] [stdout] 
[INFO] [stdout] 
[INFO] [stdout] warning: fields `key` and `value` are never read
[INFO] [stdout]   --> src/store.rs:11:14
[INFO] [stdout]    |
[INFO] [stdout] 11 |     Insert { key: Vec<u8>, value: Vec<u8> },
[INFO] [stdout]    |     ------   ^^^           ^^^^^
[INFO] [stdout]    |     |
[INFO] [stdout]    |     fields in this variant
[INFO] [stdout]    |
[INFO] [stdout]    = note: `StoreEvent` has a derived impl for the trait `Debug`, but this is intentionally ignored during dead code analysis
[INFO] [stdout] 
[INFO] [stdout] 
[INFO] [stderr]     Finished `test` profile [unoptimized + debuginfo] target(s) in 4.00s
[INFO] running `Command { std: "docker" "inspect" "02facfbf6279fc8c0d1e2aa9becdabbf570449197b5bc9bcc7f26e6c3641c1be", kill_on_drop: false }`
[INFO] running `Command { std: "docker" "rm" "-f" "02facfbf6279fc8c0d1e2aa9becdabbf570449197b5bc9bcc7f26e6c3641c1be", kill_on_drop: false }`
[INFO] [stdout] 02facfbf6279fc8c0d1e2aa9becdabbf570449197b5bc9bcc7f26e6c3641c1be
[INFO] running `Command { std: "docker" "create" "-v" "/var/lib/crater-agent-workspace/builds/worker-5-tc1/target:/opt/rustwide/target:rw,Z" "-v" "/var/lib/crater-agent-workspace/builds/worker-5-tc1/source:/opt/rustwide/workdir:ro,Z" "-v" "/var/lib/crater-agent-workspace/cargo-home:/opt/rustwide/cargo-home:ro,Z" "-v" "/var/lib/crater-agent-workspace/rustup-home:/opt/rustwide/rustup-home:ro,Z" "-e" "SOURCE_DIR=/opt/rustwide/workdir" "-e" "CARGO_TARGET_DIR=/opt/rustwide/target" "-e" "CARGO_INCREMENTAL=0" "-e" "RUST_BACKTRACE=full" "-e" "RUSTFLAGS=--cap-lints=warn" "-e" "RUSTDOCFLAGS=--cap-lints=warn" "-e" "CARGO_HOME=/opt/rustwide/cargo-home" "-e" "RUSTUP_HOME=/opt/rustwide/rustup-home" "-w" "/opt/rustwide/workdir" "-m" "1610612736" "--user" "0:0" "--network" "none" "ghcr.io/rust-lang/crates-build-env/linux@sha256:f3a9d4ad9d972b27faf3965f35b62e55ba32bbce8f20bc8fe909558a86702fde" "/opt/rustwide/cargo-home/bin/cargo" "+1.83.0" "test" "--frozen", kill_on_drop: false }`
[INFO] [stdout] 5dc5dc08e5b53d88452905236dc4d9e770e500396aa8702a90e39e1623aefc58
[INFO] running `Command { std: "docker" "start" "-a" "5dc5dc08e5b53d88452905236dc4d9e770e500396aa8702a90e39e1623aefc58", kill_on_drop: false }`
[INFO] [stderr] warning: unused import: `rngs::OsRng`
[INFO] [stderr]   --> src/main.rs:28:16
[INFO] [stderr]    |
[INFO] [stderr] 28 |     use rand::{rngs::OsRng, SeedableRng};
[INFO] [stderr]    |                ^^^^^^^^^^^
[INFO] [stderr]    |
[INFO] [stderr]    = note: `#[warn(unused_imports)]` on by default
[INFO] [stderr] 
[INFO] [stderr] warning: fields `ciphernode_group_length`, `ciphernode_threshold`, and `sortition_seed` are never read
[INFO] [stderr]   --> src/event.rs:13:9
[INFO] [stderr]    |
[INFO] [stderr] 9  |     ComputationRequested {
[INFO] [stderr]    |     -------------------- fields in this variant
[INFO] [stderr] ...
[INFO] [stderr] 13 |         ciphernode_group_length: u32,
[INFO] [stderr]    |         ^^^^^^^^^^^^^^^^^^^^^^^
[INFO] [stderr] 14 |         ciphernode_threshold: u32,
[INFO] [stderr]    |         ^^^^^^^^^^^^^^^^^^^^
[INFO] [stderr] ...
[INFO] [stderr] 17 |         sortition_seed: u32,
[INFO] [stderr]    |         ^^^^^^^^^^^^^^
[INFO] [stderr]    |
[INFO] [stderr]    = note: `EnclaveEvent` has derived impls for the traits `Debug` and `Clone`, but these are intentionally ignored during dead code analysis
[INFO] [stderr]    = note: `#[warn(dead_code)]` on by default
[INFO] [stderr] 
[INFO] [stderr] warning: fields `e3_id` and `keyshare` are never read
[INFO] [stderr]   --> src/event.rs:20:9
[INFO] [stderr]    |
[INFO] [stderr] 19 |     KeyshareCreated {
[INFO] [stderr]    |     --------------- fields in this variant
[INFO] [stderr] 20 |         e3_id: String,
[INFO] [stderr]    |         ^^^^^
[INFO] [stderr] 21 |         keyshare: PublicKeyShare,
[INFO] [stderr]    |         ^^^^^^^^
[INFO] [stderr]    |
[INFO] [stderr]    = note: `EnclaveEvent` has derived impls for the traits `Debug` and `Clone`, but these are intentionally ignored during dead code analysis
[INFO] [stderr] 
[INFO] [stderr] warning: function `deserialize_to_box_i64` is never used
[INFO] [stderr]   --> src/fhe.rs:60:4
[INFO] [stderr]    |
[INFO] [stderr] 60 | fn deserialize_to_box_i64(bytes: Vec<u8>) -> Option<Box<[i64]>> {
[INFO] [stderr]    |    ^^^^^^^^^^^^^^^^^^^^^^
[INFO] [stderr] 
[INFO] [stderr] warning: method `get_params` is never used
[INFO] [stderr]    --> src/fhe.rs:102:12
[INFO] [stderr]     |
[INFO] [stderr] 86  | impl<R: Rng> Fhe<R> {
[INFO] [stderr]     | ------------------- method in this implementation
[INFO] [stderr] ...
[INFO] [stderr] 102 |     pub fn get_params(&self) -> (&Arc<BfvParameters>, &CommonRandomPoly) {
[INFO] [stderr]     |            ^^^^^^^^^^
[INFO] [stderr] 
[INFO] [stderr] warning: fields `key` and `value` are never read
[INFO] [stderr]   --> src/store.rs:11:14
[INFO] [stderr]    |
[INFO] [stderr] 11 |     Insert { key: Vec<u8>, value: Vec<u8> },
[INFO] [stderr]    |     ------   ^^^           ^^^^^
[INFO] [stderr]    |     |
[INFO] [stderr]    |     fields in this variant
[INFO] [stderr]    |
[INFO] [stderr]    = note: `StoreEvent` has a derived impl for the trait `Debug`, but this is intentionally ignored during dead code analysis
[INFO] [stderr] 
[INFO] [stderr] warning: `actor-implementation` (bin "actor-implementation" test) generated 6 warnings (run `cargo fix --bin "actor-implementation" --tests` to apply 1 suggestion)
[INFO] [stderr]     Finished `test` profile [unoptimized + debuginfo] target(s) in 0.13s
[INFO] [stderr]      Running unittests src/main.rs (/opt/rustwide/target/debug/deps/actor_implementation-4050921bea935cdb)
[INFO] [stdout] 
[INFO] [stdout] running 1 test
[INFO] [stdout] test tests::test_main ... FAILED
[INFO] [stdout] 
[INFO] [stdout] failures:
[INFO] [stdout] 
[INFO] [stdout] ---- tests::test_main stdout ----
[INFO] [stdout] thread 'tests::test_main' panicked at src/main.rs:118:9:
[INFO] [stdout] assertion `left == right` failed
[INFO] [stdout]   left: "[ComputationRequested { e3_id: \"1234\", ciphernode_group_length: 3, ciphernode_threshold: 3, sortition_seed: 1234 }, KeyshareCreated { e3_id: \"1234\", keyshare: PublicKeyShare(PublicKeyShare { par: BfvParameters { polynomial_degree: 2048, plaintext_modulus: 1032193, moduli: [18014398492704769] }, crp: CommonRandomPoly { poly: Poly { ctx: Context { moduli: [18014398492704769], next_context: None }, representation: Ntt, has_lazy_coefficients: false, allow_variable_time_computations: false, coefficients: [[9260288858805398, 7389484756747023, 1762057966260741, 3015909828948609, 2939095139524703, ..., 2174475807944785, 8536615709608935, 12381907102365490, 2201152332636365, 10456218535772698]], shape=[1, 2048], strides=[2048, 1], layout=CFcf (0xf), const ndim=2, coefficients_shoup: None } }, p0_share: Poly { ctx: Context { moduli: [18014398492704769], next_context: None }, representation: Ntt, has_lazy_coefficients: false, allow_variable_time_computations: true, coefficients: [[17647900958377715, 5015542491017289, 5126443366852035, 7752508426249009, 9695776414718359, ..., 8767993246466095, 2633118903436129, 7414133878753705, 11060976323003611, 5889002683877996]], shape=[1, 2048], strides=[2048, 1], layout=CFcf (0xf), const ndim=2, coefficients_shoup: None } }) }, KeyshareCreated { e3_id: \"1234\", keyshare: PublicKeyShare(PublicKeyShare { par: BfvParameters { polynomial_degree: 2048, plaintext_modulus: 1032193, moduli: [18014398492704769] }, crp: CommonRandomPoly { poly: Poly { ctx: Context { moduli: [18014398492704769], next_context: None }, representation: Ntt, has_lazy_coefficients: false, allow_variable_time_computations: false, coefficients: [[9260288858805398, 7389484756747023, 1762057966260741, 3015909828948609, 2939095139524703, ..., 2174475807944785, 8536615709608935, 12381907102365490, 2201152332636365, 10456218535772698]], shape=[1, 2048], strides=[2048, 1], layout=CFcf (0xf), const ndim=2, coefficients_shoup: None } }, p0_share: Poly { ctx: Context { moduli: [18014398492704769], next_context: None }, representation: Ntt, has_lazy_coefficients: false, allow_variable_time_computations: true, coefficients: [[9620180434322028, 5315477556721178, 11322148008915680, 219896259640935, 12570582220604696, ..., 2688197836791956, 9098597891380545, 12175055200876239, 15579383474055072, 3149035363989818]], shape=[1, 2048], strides=[2048, 1], layout=CFcf (0xf), const ndim=2, coefficients_shoup: None } }) }, KeyshareCreated { e3_id: \"1234\", keyshare: PublicKeyShare(PublicKeyShare { par: BfvParameters { polynomial_degree: 2048, plaintext_modulus: 1032193, moduli: [18014398492704769] }, crp: CommonRandomPoly { poly: Poly { ctx: Context { moduli: [18014398492704769], next_context: None }, representation: Ntt, has_lazy_coefficients: false, allow_variable_time_computations: false, coefficients: [[9260288858805398, 7389484756747023, 1762057966260741, 3015909828948609, 2939095139524703, ..., 2174475807944785, 8536615709608935, 12381907102365490, 2201152332636365, 10456218535772698]], shape=[1, 2048], strides=[2048, 1], layout=CFcf (0xf), const ndim=2, coefficients_shoup: None } }, p0_share: Poly { ctx: Context { moduli: [18014398492704769], next_context: None }, representation: Ntt, has_lazy_coefficients: false, allow_variable_time_computations: true, coefficients: [[15650054495313456, 3817022830943029, 289309418621648, 3361527441442495, 321839653480146, ..., 8428619397177544, 10145580667608834, 15587744204568997, 10220157738152398, 17491906240324275]], shape=[1, 2048], strides=[2048, 1], layout=CFcf (0xf), const ndim=2, coefficients_shoup: None } }) }]"
[INFO] [stdout]  right: "[ComputationRequested { e3_id: \"1234\", ciphernode_group_length: 3, ciphernode_threshold: 3, sortition_seed: 1234 }]"
[INFO] [stdout] stack backtrace:
[INFO] [stdout]    0:     0x62e459b7b2ca - std::backtrace_rs::backtrace::libunwind::trace::h5a5b8284f2d0c266
[INFO] [stdout]                                at /rustc/90b35a6239c3d8bdabc530a6a0816f7ff89a0aaf/library/std/src/../../backtrace/src/backtrace/libunwind.rs:116:5
[INFO] [stdout]    1:     0x62e459b7b2ca - std::backtrace_rs::backtrace::trace_unsynchronized::h76d4f1c9b0b875e3
[INFO] [stdout]                                at /rustc/90b35a6239c3d8bdabc530a6a0816f7ff89a0aaf/library/std/src/../../backtrace/src/backtrace/mod.rs:66:5
[INFO] [stdout]    2:     0x62e459b7b2ca - std::sys::backtrace::_print_fmt::hc4546b8364a537c6
[INFO] [stdout]                                at /rustc/90b35a6239c3d8bdabc530a6a0816f7ff89a0aaf/library/std/src/sys/backtrace.rs:66:9
[INFO] [stdout]    3:     0x62e459b7b2ca - <std::sys::backtrace::BacktraceLock::print::DisplayBacktrace as core::fmt::Display>::fmt::h5b6bd5631a6d1f6b
[INFO] [stdout]                                at /rustc/90b35a6239c3d8bdabc530a6a0816f7ff89a0aaf/library/std/src/sys/backtrace.rs:39:26
[INFO] [stdout]    4:     0x62e459ba0f73 - core::fmt::rt::Argument::fmt::h270f6602a2b96f62
[INFO] [stdout]                                at /rustc/90b35a6239c3d8bdabc530a6a0816f7ff89a0aaf/library/core/src/fmt/rt.rs:177:76
[INFO] [stdout]    5:     0x62e459ba0f73 - core::fmt::write::h7550c97b06c86515
[INFO] [stdout]                                at /rustc/90b35a6239c3d8bdabc530a6a0816f7ff89a0aaf/library/core/src/fmt/mod.rs:1186:21
[INFO] [stdout]    6:     0x62e459b782b3 - std::io::Write::write_fmt::h509ff860e5956e5e
[INFO] [stdout]                                at /rustc/90b35a6239c3d8bdabc530a6a0816f7ff89a0aaf/library/std/src/io/mod.rs:1839:15
[INFO] [stdout]    7:     0x62e459b7b112 - std::sys::backtrace::BacktraceLock::print::h2395ccd2c84ba3aa
[INFO] [stdout]                                at /rustc/90b35a6239c3d8bdabc530a6a0816f7ff89a0aaf/library/std/src/sys/backtrace.rs:42:9
[INFO] [stdout]    8:     0x62e459b7c72a - std::panicking::default_hook::{{closure}}::he19d4c7230e07961
[INFO] [stdout]                                at /rustc/90b35a6239c3d8bdabc530a6a0816f7ff89a0aaf/library/std/src/panicking.rs:268:22
[INFO] [stdout]    9:     0x62e459b7c534 - std::panicking::default_hook::hf614597d3c67bbdb
[INFO] [stdout]                                at /rustc/90b35a6239c3d8bdabc530a6a0816f7ff89a0aaf/library/std/src/panicking.rs:292:9
[INFO] [stdout]   10:     0x62e4599ca8b9 - <alloc::boxed::Box<F,A> as core::ops::function::Fn<Args>>::call::h39b51ce4599c23d1
[INFO] [stdout]                                at /rustc/90b35a6239c3d8bdabc530a6a0816f7ff89a0aaf/library/alloc/src/boxed.rs:2468:9
[INFO] [stdout]   11:     0x62e4599ca8b9 - test::test_main::{{closure}}::he977ae839a582784
[INFO] [stdout]                                at /rustc/90b35a6239c3d8bdabc530a6a0816f7ff89a0aaf/library/test/src/lib.rs:133:21
[INFO] [stdout]   12:     0x62e459b7cdc8 - <alloc::boxed::Box<F,A> as core::ops::function::Fn<Args>>::call::h9455091b6b06f9fb
[INFO] [stdout]                                at /rustc/90b35a6239c3d8bdabc530a6a0816f7ff89a0aaf/library/alloc/src/boxed.rs:2468:9
[INFO] [stdout]   13:     0x62e459b7cdc8 - std::panicking::rust_panic_with_hook::h8942133a8b252070
[INFO] [stdout]                                at /rustc/90b35a6239c3d8bdabc530a6a0816f7ff89a0aaf/library/std/src/panicking.rs:809:13
[INFO] [stdout]   14:     0x62e459b7cb8a - std::panicking::begin_panic_handler::{{closure}}::hb5f5963570096b29
[INFO] [stdout]                                at /rustc/90b35a6239c3d8bdabc530a6a0816f7ff89a0aaf/library/std/src/panicking.rs:674:13
[INFO] [stdout]   15:     0x62e459b7b7a9 - std::sys::backtrace::__rust_end_short_backtrace::h6208cedc1922feda
[INFO] [stdout]                                at /rustc/90b35a6239c3d8bdabc530a6a0816f7ff89a0aaf/library/std/src/sys/backtrace.rs:170:18
[INFO] [stdout]   16:     0x62e459b7c81c - rust_begin_unwind
[INFO] [stdout]                                at /rustc/90b35a6239c3d8bdabc530a6a0816f7ff89a0aaf/library/std/src/panicking.rs:665:5
[INFO] [stdout]   17:     0x62e4599120d0 - core::panicking::panic_fmt::h0c3082644d1bf418
[INFO] [stdout]                                at /rustc/90b35a6239c3d8bdabc530a6a0816f7ff89a0aaf/library/core/src/panicking.rs:74:14
[INFO] [stdout]   18:     0x62e459912535 - core::panicking::assert_failed_inner::h2ddf1fcc067fa858
[INFO] [stdout]   19:     0x62e4599837fe - core::panicking::assert_failed::hbaa4a2616a5e3ba9
[INFO] [stdout]                                at /rustc/90b35a6239c3d8bdabc530a6a0816f7ff89a0aaf/library/core/src/panicking.rs:367:5
[INFO] [stdout]   20:     0x62e4599923d9 - actor_implementation::tests::test_main::{{closure}}::h06a80cd431990e11
[INFO] [stdout]                                at /opt/rustwide/workdir/src/main.rs:118:9
[INFO] [stdout]   21:     0x62e459966fbf - <core::pin::Pin<P> as core::future::future::Future>::poll::h8966a629668f12af
[INFO] [stdout]                                at /rustc/90b35a6239c3d8bdabc530a6a0816f7ff89a0aaf/library/core/src/future/future.rs:123:9
[INFO] [stdout]   22:     0x62e459966dbb - <core::pin::Pin<P> as core::future::future::Future>::poll::h07a62a903c849e06
[INFO] [stdout]                                at /rustc/90b35a6239c3d8bdabc530a6a0816f7ff89a0aaf/library/core/src/future/future.rs:123:9
[INFO] [stdout]   23:     0x62e459971b9e - tokio::runtime::scheduler::current_thread::CoreGuard::block_on::{{closure}}::{{closure}}::{{closure}}::h84ee6517ba0cdff3
[INFO] [stdout]                                at /opt/rustwide/cargo-home/registry/src/index.crates.io-6f17d22bba15001f/tokio-1.39.2/src/runtime/scheduler/current_thread/mod.rs:673:57
[INFO] [stdout]   24:     0x62e459971ab5 - tokio::runtime::coop::with_budget::h8530f05924afb4dc
[INFO] [stdout]                                at /opt/rustwide/cargo-home/registry/src/index.crates.io-6f17d22bba15001f/tokio-1.39.2/src/runtime/coop.rs:107:5
[INFO] [stdout]   25:     0x62e459971ab5 - tokio::runtime::coop::budget::ha69a8e62882a73c3
[INFO] [stdout]                                at /opt/rustwide/cargo-home/registry/src/index.crates.io-6f17d22bba15001f/tokio-1.39.2/src/runtime/coop.rs:73:5
[INFO] [stdout]   26:     0x62e459971ab5 - tokio::runtime::scheduler::current_thread::CoreGuard::block_on::{{closure}}::{{closure}}::h6843b262fed371de
[INFO] [stdout]                                at /opt/rustwide/cargo-home/registry/src/index.crates.io-6f17d22bba15001f/tokio-1.39.2/src/runtime/scheduler/current_thread/mod.rs:673:25
[INFO] [stdout]   27:     0x62e45996f10d - tokio::runtime::scheduler::current_thread::Context::enter::he82d41d9497a7ee9
[INFO] [stdout]                                at /opt/rustwide/cargo-home/registry/src/index.crates.io-6f17d22bba15001f/tokio-1.39.2/src/runtime/scheduler/current_thread/mod.rs:412:19
[INFO] [stdout]   28:     0x62e45997106e - tokio::runtime::scheduler::current_thread::CoreGuard::block_on::{{closure}}::hd1e5bb244c3be20f
[INFO] [stdout]                                at /opt/rustwide/cargo-home/registry/src/index.crates.io-6f17d22bba15001f/tokio-1.39.2/src/runtime/scheduler/current_thread/mod.rs:672:36
[INFO] [stdout]   29:     0x62e4599703bb - tokio::runtime::scheduler::current_thread::CoreGuard::enter::{{closure}}::h940832f2976f0486
[INFO] [stdout]                                at /opt/rustwide/cargo-home/registry/src/index.crates.io-6f17d22bba15001f/tokio-1.39.2/src/runtime/scheduler/current_thread/mod.rs:751:68
[INFO] [stdout]   30:     0x62e45998d8ea - tokio::runtime::context::scoped::Scoped<T>::set::he494ffca4aa2ec70
[INFO] [stdout]                                at /opt/rustwide/cargo-home/registry/src/index.crates.io-6f17d22bba15001f/tokio-1.39.2/src/runtime/context/scoped.rs:40:9
[INFO] [stdout]   31:     0x62e45997699a - tokio::runtime::context::set_scheduler::{{closure}}::hd739ca75379f4f38
[INFO] [stdout]                                at /opt/rustwide/cargo-home/registry/src/index.crates.io-6f17d22bba15001f/tokio-1.39.2/src/runtime/context.rs:180:26
[INFO] [stdout]   32:     0x62e45995132d - std::thread::local::LocalKey<T>::try_with::hebeaa128af2824fb
[INFO] [stdout]                                at /rustc/90b35a6239c3d8bdabc530a6a0816f7ff89a0aaf/library/std/src/thread/local.rs:283:12
[INFO] [stdout]   33:     0x62e45994f69c - std::thread::local::LocalKey<T>::with::h952fc98fa46493d2
[INFO] [stdout]                                at /rustc/90b35a6239c3d8bdabc530a6a0816f7ff89a0aaf/library/std/src/thread/local.rs:260:9
[INFO] [stdout]   34:     0x62e459976891 - tokio::runtime::context::set_scheduler::h8bf06c77f8a58c40
[INFO] [stdout]                                at /opt/rustwide/cargo-home/registry/src/index.crates.io-6f17d22bba15001f/tokio-1.39.2/src/runtime/context.rs:180:9
[INFO] [stdout]   35:     0x62e45996fcae - tokio::runtime::scheduler::current_thread::CoreGuard::enter::h427bbf638f248f87
[INFO] [stdout]                                at /opt/rustwide/cargo-home/registry/src/index.crates.io-6f17d22bba15001f/tokio-1.39.2/src/runtime/scheduler/current_thread/mod.rs:751:27
[INFO] [stdout]   36:     0x62e459970421 - tokio::runtime::scheduler::current_thread::CoreGuard::block_on::hc71a8c7b57ea944b
[INFO] [stdout]                                at /opt/rustwide/cargo-home/registry/src/index.crates.io-6f17d22bba15001f/tokio-1.39.2/src/runtime/scheduler/current_thread/mod.rs:660:19
[INFO] [stdout]   37:     0x62e45996c4cd - tokio::runtime::scheduler::current_thread::CurrentThread::block_on::{{closure}}::h664f81677e85a665
[INFO] [stdout]                                at /opt/rustwide/cargo-home/registry/src/index.crates.io-6f17d22bba15001f/tokio-1.39.2/src/runtime/scheduler/current_thread/mod.rs:180:28
[INFO] [stdout]   38:     0x62e4599800c2 - tokio::runtime::context::runtime::enter_runtime::h9127459f48148da3
[INFO] [stdout]                                at /opt/rustwide/cargo-home/registry/src/index.crates.io-6f17d22bba15001f/tokio-1.39.2/src/runtime/context/runtime.rs:65:16
[INFO] [stdout]   39:     0x62e45996c267 - tokio::runtime::scheduler::current_thread::CurrentThread::block_on::hc607b9f78f71566a
[INFO] [stdout]                                at /opt/rustwide/cargo-home/registry/src/index.crates.io-6f17d22bba15001f/tokio-1.39.2/src/runtime/scheduler/current_thread/mod.rs:168:9
[INFO] [stdout]   40:     0x62e45996be6f - tokio::runtime::runtime::Runtime::block_on_inner::h3df076f1cc59cf44
[INFO] [stdout]                                at /opt/rustwide/cargo-home/registry/src/index.crates.io-6f17d22bba15001f/tokio-1.39.2/src/runtime/runtime.rs:361:47
[INFO] [stdout]   41:     0x62e45996bfe1 - tokio::runtime::runtime::Runtime::block_on::h156d31246fe72395
[INFO] [stdout]                                at /opt/rustwide/cargo-home/registry/src/index.crates.io-6f17d22bba15001f/tokio-1.39.2/src/runtime/runtime.rs:335:13
[INFO] [stdout]   42:     0x62e4599905f3 - actor_implementation::tests::test_main::h7a58b054a158c4ad
[INFO] [stdout]                                at /opt/rustwide/workdir/src/main.rs:120:9
[INFO] [stdout]   43:     0x62e459990497 - actor_implementation::tests::test_main::{{closure}}::h87b5788f0a15829c
[INFO] [stdout]                                at /opt/rustwide/workdir/src/main.rs:47:29
[INFO] [stdout]   44:     0x62e459931be6 - core::ops::function::FnOnce::call_once::h0cde6d29c46ce730
[INFO] [stdout]                                at /rustc/90b35a6239c3d8bdabc530a6a0816f7ff89a0aaf/library/core/src/ops/function.rs:250:5
[INFO] [stdout]   45:     0x62e4599cf27b - core::ops::function::FnOnce::call_once::h109cf8051a59b34e
[INFO] [stdout]                                at /rustc/90b35a6239c3d8bdabc530a6a0816f7ff89a0aaf/library/core/src/ops/function.rs:250:5
[INFO] [stdout]   46:     0x62e4599cf27b - test::__rust_begin_short_backtrace::hf4fff89d377446ba
[INFO] [stdout]                                at /rustc/90b35a6239c3d8bdabc530a6a0816f7ff89a0aaf/library/test/src/lib.rs:621:18
[INFO] [stdout]   47:     0x62e4599ceab7 - test::run_test_in_process::{{closure}}::h0e39181dd7ee5a43
[INFO] [stdout]                                at /rustc/90b35a6239c3d8bdabc530a6a0816f7ff89a0aaf/library/test/src/lib.rs:644:60
[INFO] [stdout]   48:     0x62e4599ceab7 - <core::panic::unwind_safe::AssertUnwindSafe<F> as core::ops::function::FnOnce<()>>::call_once::hc5a66a30f0bdfd1f
[INFO] [stdout]                                at /rustc/90b35a6239c3d8bdabc530a6a0816f7ff89a0aaf/library/core/src/panic/unwind_safe.rs:272:9
[INFO] [stdout]   49:     0x62e4599ceab7 - std::panicking::try::do_call::h873b7cf639554a5e
[INFO] [stdout]                                at /rustc/90b35a6239c3d8bdabc530a6a0816f7ff89a0aaf/library/std/src/panicking.rs:557:40
[INFO] [stdout]   50:     0x62e4599ceab7 - std::panicking::try::hdb19862fad9c8bd1
[INFO] [stdout]                                at /rustc/90b35a6239c3d8bdabc530a6a0816f7ff89a0aaf/library/std/src/panicking.rs:520:19
[INFO] [stdout]   51:     0x62e4599ceab7 - std::panic::catch_unwind::h281fe732d236d260
[INFO] [stdout]                                at /rustc/90b35a6239c3d8bdabc530a6a0816f7ff89a0aaf/library/std/src/panic.rs:358:14
[INFO] [stdout]   52:     0x62e4599ceab7 - test::run_test_in_process::h949b6df8457ed338
[INFO] [stdout]                                at /rustc/90b35a6239c3d8bdabc530a6a0816f7ff89a0aaf/library/test/src/lib.rs:644:27
[INFO] [stdout]   53:     0x62e4599ceab7 - test::run_test::{{closure}}::h52c556a6d4740e10
[INFO] [stdout]                                at /rustc/90b35a6239c3d8bdabc530a6a0816f7ff89a0aaf/library/test/src/lib.rs:565:43
[INFO] [stdout]   54:     0x62e459993d94 - test::run_test::{{closure}}::h4237f6381c45ccb9
[INFO] [stdout]                                at /rustc/90b35a6239c3d8bdabc530a6a0816f7ff89a0aaf/library/test/src/lib.rs:595:41
[INFO] [stdout]   55:     0x62e459993d94 - std::sys::backtrace::__rust_begin_short_backtrace::h505c97a579eca628
[INFO] [stdout]                                at /rustc/90b35a6239c3d8bdabc530a6a0816f7ff89a0aaf/library/std/src/sys/backtrace.rs:154:18
[INFO] [stdout]   56:     0x62e45999745e - std::thread::Builder::spawn_unchecked_::{{closure}}::{{closure}}::h9e86b2e2bc107ea3
[INFO] [stdout]                                at /rustc/90b35a6239c3d8bdabc530a6a0816f7ff89a0aaf/library/std/src/thread/mod.rs:538:17
[INFO] [stdout]   57:     0x62e45999745e - <core::panic::unwind_safe::AssertUnwindSafe<F> as core::ops::function::FnOnce<()>>::call_once::h8b06ddb275ff4a25
[INFO] [stdout]                                at /rustc/90b35a6239c3d8bdabc530a6a0816f7ff89a0aaf/library/core/src/panic/unwind_safe.rs:272:9
[INFO] [stdout]   58:     0x62e45999745e - std::panicking::try::do_call::hb26ecd7cd9a9355d
[INFO] [stdout]                                at /rustc/90b35a6239c3d8bdabc530a6a0816f7ff89a0aaf/library/std/src/panicking.rs:557:40
[INFO] [stdout]   59:     0x62e45999745e - std::panicking::try::h8ddeca9d705f9069
[INFO] [stdout]                                at /rustc/90b35a6239c3d8bdabc530a6a0816f7ff89a0aaf/library/std/src/panicking.rs:520:19
[INFO] [stdout]   60:     0x62e45999745e - std::panic::catch_unwind::h49e1c33078844c46
[INFO] [stdout]                                at /rustc/90b35a6239c3d8bdabc530a6a0816f7ff89a0aaf/library/std/src/panic.rs:358:14
[INFO] [stdout]   61:     0x62e45999745e - std::thread::Builder::spawn_unchecked_::{{closure}}::h6073db6ff56ad35d
[INFO] [stdout]                                at /rustc/90b35a6239c3d8bdabc530a6a0816f7ff89a0aaf/library/std/src/thread/mod.rs:537:30
[INFO] [stdout]   62:     0x62e45999745e - core::ops::function::FnOnce::call_once{{vtable.shim}}::h2c5a5f3779c774f1
[INFO] [stdout]                                at /rustc/90b35a6239c3d8bdabc530a6a0816f7ff89a0aaf/library/core/src/ops/function.rs:250:5
[INFO] [stdout]   63:     0x62e459b80dab - <alloc::boxed::Box<F,A> as core::ops::function::FnOnce<Args>>::call_once::hf75717d9f28faebf
[INFO] [stdout]                                at /rustc/90b35a6239c3d8bdabc530a6a0816f7ff89a0aaf/library/alloc/src/boxed.rs:2454:9
[INFO] [stdout]   64:     0x62e459b80dab - <alloc::boxed::Box<F,A> as core::ops::function::FnOnce<Args>>::call_once::h7bd883a5f3c5f3c1
[INFO] [stdout]                                at /rustc/90b35a6239c3d8bdabc530a6a0816f7ff89a0aaf/library/alloc/src/boxed.rs:2454:9
[INFO] [stdout]   65:     0x62e459b80dab - std::sys::pal::unix::thread::Thread::new::thread_start::hcc78f3943333fa94
[INFO] [stdout]                                at /rustc/90b35a6239c3d8bdabc530a6a0816f7ff89a0aaf/library/std/src/sys/pal/unix/thread.rs:105:17
[INFO] [stdout]   66:     0x719b2eccfac3 - <unknown>
[INFO] [stdout]   67:     0x719b2ed60a04 - clone
[INFO] [stdout]   68:                0x0 - <unknown>
[INFO] [stdout] 
[INFO] [stdout] 
[INFO] [stdout] failures:
[INFO] [stdout]     tests::test_main
[INFO] [stdout] 
[INFO] [stdout] test result: FAILED. 0 passed; 1 failed; 0 ignored; 0 measured; 0 filtered out; finished in 0.23s
[INFO] [stdout] 
[INFO] [stderr] error: test failed, to rerun pass `--bin actor-implementation`
[INFO] running `Command { std: "docker" "inspect" "5dc5dc08e5b53d88452905236dc4d9e770e500396aa8702a90e39e1623aefc58", kill_on_drop: false }`
[INFO] running `Command { std: "docker" "rm" "-f" "5dc5dc08e5b53d88452905236dc4d9e770e500396aa8702a90e39e1623aefc58", kill_on_drop: false }`
[INFO] [stdout] 5dc5dc08e5b53d88452905236dc4d9e770e500396aa8702a90e39e1623aefc58
