[INFO] cloning repository https://github.com/ryanolf/sonos-manager
[INFO] running `Command { std: "git" "-c" "credential.helper=" "-c" "credential.helper=/workspace/cargo-home/bin/git-credential-null" "clone" "--bare" "https://github.com/ryanolf/sonos-manager" "/workspace/cache/git-repos/https%3A%2F%2Fgithub.com%2Fryanolf%2Fsonos-manager", kill_on_drop: false }`
[INFO] [stderr] Cloning into bare repository '/workspace/cache/git-repos/https%3A%2F%2Fgithub.com%2Fryanolf%2Fsonos-manager'...
[INFO] running `Command { std: "git" "rev-parse" "HEAD", kill_on_drop: false }`
[INFO] [stdout] 72e09d3ffd88d6892c4040ecf712dfaa7ee166a4
[INFO] testing ryanolf/sonos-manager against beta-2024-12-08 for beta-1.84.0-4-retry
[INFO] running `Command { std: "git" "clone" "/workspace/cache/git-repos/https%3A%2F%2Fgithub.com%2Fryanolf%2Fsonos-manager" "/workspace/builds/worker-1-tc2/source", kill_on_drop: false }`
[INFO] [stderr] Cloning into '/workspace/builds/worker-1-tc2/source'...
[INFO] [stderr] done.
[INFO] validating manifest of git repo https://github.com/ryanolf/sonos-manager on toolchain beta-2024-12-08
[INFO] running `Command { std: CARGO_HOME="/workspace/cargo-home" RUSTUP_HOME="/workspace/rustup-home" "/workspace/cargo-home/bin/cargo" "+beta-2024-12-08" "metadata" "--manifest-path" "Cargo.toml" "--no-deps", kill_on_drop: false }`
[INFO] started tweaking git repo https://github.com/ryanolf/sonos-manager
[INFO] finished tweaking git repo https://github.com/ryanolf/sonos-manager
[INFO] tweaked toml for git repo https://github.com/ryanolf/sonos-manager written to /workspace/builds/worker-1-tc2/source/Cargo.toml
[INFO] crate git repo https://github.com/ryanolf/sonos-manager already has a lockfile, it will not be regenerated
[INFO] running `Command { std: CARGO_HOME="/workspace/cargo-home" RUSTUP_HOME="/workspace/rustup-home" "/workspace/cargo-home/bin/cargo" "+beta-2024-12-08" "fetch" "--manifest-path" "Cargo.toml", kill_on_drop: false }`
[INFO] running `Command { std: "docker" "create" "-v" "/var/lib/crater-agent-workspace/builds/worker-1-tc2/target:/opt/rustwide/target:rw,Z" "-v" "/var/lib/crater-agent-workspace/builds/worker-1-tc2/source:/opt/rustwide/workdir:ro,Z" "-v" "/var/lib/crater-agent-workspace/cargo-home:/opt/rustwide/cargo-home:ro,Z" "-v" "/var/lib/crater-agent-workspace/rustup-home:/opt/rustwide/rustup-home:ro,Z" "-e" "SOURCE_DIR=/opt/rustwide/workdir" "-e" "CARGO_TARGET_DIR=/opt/rustwide/target" "-e" "CARGO_HOME=/opt/rustwide/cargo-home" "-e" "RUSTUP_HOME=/opt/rustwide/rustup-home" "-w" "/opt/rustwide/workdir" "-m" "1610612736" "--user" "0:0" "--network" "none" "ghcr.io/rust-lang/crates-build-env/linux@sha256:f3a9d4ad9d972b27faf3965f35b62e55ba32bbce8f20bc8fe909558a86702fde" "/opt/rustwide/cargo-home/bin/cargo" "+beta-2024-12-08" "metadata" "--no-deps" "--format-version=1", kill_on_drop: false }`
[INFO] [stdout] 162b74c48dd414cbb4afe5a0dcb844430beaef0320cf582cb34ecfdc718bd23f
[INFO] running `Command { std: "docker" "start" "-a" "162b74c48dd414cbb4afe5a0dcb844430beaef0320cf582cb34ecfdc718bd23f", kill_on_drop: false }`
[INFO] running `Command { std: "docker" "inspect" "162b74c48dd414cbb4afe5a0dcb844430beaef0320cf582cb34ecfdc718bd23f", kill_on_drop: false }`
[INFO] running `Command { std: "docker" "rm" "-f" "162b74c48dd414cbb4afe5a0dcb844430beaef0320cf582cb34ecfdc718bd23f", kill_on_drop: false }`
[INFO] [stdout] 162b74c48dd414cbb4afe5a0dcb844430beaef0320cf582cb34ecfdc718bd23f
[INFO] running `Command { std: "docker" "create" "-v" "/var/lib/crater-agent-workspace/builds/worker-1-tc2/target:/opt/rustwide/target:rw,Z" "-v" "/var/lib/crater-agent-workspace/builds/worker-1-tc2/source:/opt/rustwide/workdir:ro,Z" "-v" "/var/lib/crater-agent-workspace/cargo-home:/opt/rustwide/cargo-home:ro,Z" "-v" "/var/lib/crater-agent-workspace/rustup-home:/opt/rustwide/rustup-home:ro,Z" "-e" "SOURCE_DIR=/opt/rustwide/workdir" "-e" "CARGO_TARGET_DIR=/opt/rustwide/target" "-e" "CARGO_INCREMENTAL=0" "-e" "RUST_BACKTRACE=full" "-e" "RUSTFLAGS=--cap-lints=warn" "-e" "RUSTDOCFLAGS=--cap-lints=warn" "-e" "CARGO_HOME=/opt/rustwide/cargo-home" "-e" "RUSTUP_HOME=/opt/rustwide/rustup-home" "-w" "/opt/rustwide/workdir" "-m" "1610612736" "--user" "0:0" "--network" "none" "ghcr.io/rust-lang/crates-build-env/linux@sha256:f3a9d4ad9d972b27faf3965f35b62e55ba32bbce8f20bc8fe909558a86702fde" "/opt/rustwide/cargo-home/bin/cargo" "+beta-2024-12-08" "build" "--frozen" "--message-format=json", kill_on_drop: false }`
[INFO] [stdout] 6f8aceb86fb14d68c569d59a1b34da39d06d5b8c2c97931dfb0df9cce1f20e82
[INFO] running `Command { std: "docker" "start" "-a" "6f8aceb86fb14d68c569d59a1b34da39d06d5b8c2c97931dfb0df9cce1f20e82", kill_on_drop: false }`
[INFO] [stderr]    Compiling proc-macro2 v1.0.89
[INFO] [stderr]    Compiling unicode-ident v1.0.13
[INFO] [stderr]    Compiling libc v0.2.161
[INFO] [stderr]    Compiling pin-project-lite v0.2.15
[INFO] [stderr]    Compiling bytes v1.8.0
[INFO] [stderr]    Compiling futures-core v0.3.31
[INFO] [stderr]    Compiling autocfg v1.4.0
[INFO] [stderr]    Compiling fnv v1.0.7
[INFO] [stderr]    Compiling once_cell v1.20.2
[INFO] [stderr]    Compiling httparse v1.9.5
[INFO] [stderr]    Compiling itoa v1.0.11
[INFO] [stderr]    Compiling pin-utils v0.1.0
[INFO] [stderr]    Compiling genawaiter-macro v0.99.1
[INFO] [stderr]    Compiling try-lock v0.2.5
[INFO] [stderr]    Compiling futures-task v0.3.31
[INFO] [stderr]    Compiling tracing-core v0.1.32
[INFO] [stderr]    Compiling want v0.3.1
[INFO] [stderr]    Compiling genawaiter v0.99.1
[INFO] [stderr]    Compiling slab v0.4.9
[INFO] [stderr]    Compiling futures-channel v0.3.31
[INFO] [stderr]    Compiling log v0.4.22
[INFO] [stderr]    Compiling tower-service v0.3.3
[INFO] [stderr]    Compiling http v0.2.12
[INFO] [stderr]    Compiling tracing v0.1.40
[INFO] [stderr]    Compiling c_linked_list v1.1.1
[INFO] [stderr]    Compiling socket2 v0.5.7
[INFO] [stderr]    Compiling mio v1.0.2
[INFO] [stderr]    Compiling xmlparser v0.13.6
[INFO] [stderr]    Compiling quote v1.0.37
[INFO] [stderr]    Compiling httpdate v1.0.3
[INFO] [stderr]    Compiling http-body v0.4.6
[INFO] [stderr]    Compiling syn v2.0.85
[INFO] [stderr]    Compiling thiserror v1.0.65
[INFO] [stderr]    Compiling get_if_addrs v0.5.3
[INFO] [stderr]    Compiling futures-sink v0.3.31
[INFO] [stderr]    Compiling urlencoding v2.1.3
[INFO] [stderr]    Compiling fastrand v1.9.0
[INFO] [stderr]    Compiling roxmltree v0.18.1
[INFO] [stderr]    Compiling tokio-macros v2.4.0
[INFO] [stderr]    Compiling futures-macro v0.3.31
[INFO] [stderr]    Compiling thiserror-impl v1.0.65
[INFO] [stderr]    Compiling tokio v1.41.0
[INFO] [stderr]    Compiling futures-util v0.3.31
[INFO] [stderr]    Compiling hyper v0.14.31
[INFO] [stderr]    Compiling ssdp-client v2.0.0
[INFO] [stderr]    Compiling tokio-util v0.7.12
[INFO] [stderr]    Compiling tokio-stream v0.1.16
[INFO] [stderr]    Compiling rupnp v2.1.1 (https://github.com/ryanolf/rupnp?branch=extra-device-elements#cc56066f)
[INFO] [stderr]    Compiling sonor v3.0.0-5 (https://github.com/ryanolf/sonor?branch=manager2#a83c8963)
[INFO] [stderr]    Compiling sonos-manager v0.1.0 (/opt/rustwide/workdir)
[INFO] [stderr]     Finished `dev` profile [unoptimized + debuginfo] target(s) in 43.68s
[INFO] running `Command { std: "docker" "inspect" "6f8aceb86fb14d68c569d59a1b34da39d06d5b8c2c97931dfb0df9cce1f20e82", kill_on_drop: false }`
[INFO] running `Command { std: "docker" "rm" "-f" "6f8aceb86fb14d68c569d59a1b34da39d06d5b8c2c97931dfb0df9cce1f20e82", kill_on_drop: false }`
[INFO] [stdout] 6f8aceb86fb14d68c569d59a1b34da39d06d5b8c2c97931dfb0df9cce1f20e82
[INFO] running `Command { std: "docker" "create" "-v" "/var/lib/crater-agent-workspace/builds/worker-1-tc2/target:/opt/rustwide/target:rw,Z" "-v" "/var/lib/crater-agent-workspace/builds/worker-1-tc2/source:/opt/rustwide/workdir:ro,Z" "-v" "/var/lib/crater-agent-workspace/cargo-home:/opt/rustwide/cargo-home:ro,Z" "-v" "/var/lib/crater-agent-workspace/rustup-home:/opt/rustwide/rustup-home:ro,Z" "-e" "SOURCE_DIR=/opt/rustwide/workdir" "-e" "CARGO_TARGET_DIR=/opt/rustwide/target" "-e" "CARGO_INCREMENTAL=0" "-e" "RUST_BACKTRACE=full" "-e" "RUSTFLAGS=--cap-lints=warn" "-e" "RUSTDOCFLAGS=--cap-lints=warn" "-e" "CARGO_HOME=/opt/rustwide/cargo-home" "-e" "RUSTUP_HOME=/opt/rustwide/rustup-home" "-w" "/opt/rustwide/workdir" "-m" "1610612736" "--user" "0:0" "--network" "none" "ghcr.io/rust-lang/crates-build-env/linux@sha256:f3a9d4ad9d972b27faf3965f35b62e55ba32bbce8f20bc8fe909558a86702fde" "/opt/rustwide/cargo-home/bin/cargo" "+beta-2024-12-08" "test" "--frozen" "--no-run" "--message-format=json", kill_on_drop: false }`
[INFO] [stdout] 81821437d511907d70418beb778502fb4faf7a7c08e8ff5eab2b03b9b0f2fd8e
[INFO] running `Command { std: "docker" "start" "-a" "81821437d511907d70418beb778502fb4faf7a7c08e8ff5eab2b03b9b0f2fd8e", kill_on_drop: false }`
[INFO] [stderr]    Compiling log v0.4.22
[INFO] [stderr]    Compiling time-core v0.1.2
[INFO] [stderr]    Compiling num-conv v0.1.0
[INFO] [stderr]    Compiling powerfmt v0.2.0
[INFO] [stderr]    Compiling lazy_static v1.5.0
[INFO] [stderr]    Compiling num_threads v0.1.7
[INFO] [stderr]    Compiling colored v2.1.0
[INFO] [stderr]    Compiling ssdp-client v2.0.0
[INFO] [stderr]    Compiling time-macros v0.2.18
[INFO] [stderr]    Compiling deranged v0.3.11
[INFO] [stderr]    Compiling rupnp v2.1.1 (https://github.com/ryanolf/rupnp?branch=extra-device-elements#cc56066f)
[INFO] [stderr]    Compiling sonor v3.0.0-5 (https://github.com/ryanolf/sonor?branch=manager2#a83c8963)
[INFO] [stderr]    Compiling sonos-manager v0.1.0 (/opt/rustwide/workdir)
[INFO] [stderr]    Compiling time v0.3.36
[INFO] [stderr]    Compiling simple_logger v5.0.0
[INFO] [stderr]     Finished `test` profile [unoptimized + debuginfo] target(s) in 49.66s
[INFO] running `Command { std: "docker" "inspect" "81821437d511907d70418beb778502fb4faf7a7c08e8ff5eab2b03b9b0f2fd8e", kill_on_drop: false }`
[INFO] running `Command { std: "docker" "rm" "-f" "81821437d511907d70418beb778502fb4faf7a7c08e8ff5eab2b03b9b0f2fd8e", kill_on_drop: false }`
[INFO] [stdout] 81821437d511907d70418beb778502fb4faf7a7c08e8ff5eab2b03b9b0f2fd8e
[INFO] running `Command { std: "docker" "create" "-v" "/var/lib/crater-agent-workspace/builds/worker-1-tc2/target:/opt/rustwide/target:rw,Z" "-v" "/var/lib/crater-agent-workspace/builds/worker-1-tc2/source:/opt/rustwide/workdir:ro,Z" "-v" "/var/lib/crater-agent-workspace/cargo-home:/opt/rustwide/cargo-home:ro,Z" "-v" "/var/lib/crater-agent-workspace/rustup-home:/opt/rustwide/rustup-home:ro,Z" "-e" "SOURCE_DIR=/opt/rustwide/workdir" "-e" "CARGO_TARGET_DIR=/opt/rustwide/target" "-e" "CARGO_INCREMENTAL=0" "-e" "RUST_BACKTRACE=full" "-e" "RUSTFLAGS=--cap-lints=warn" "-e" "RUSTDOCFLAGS=--cap-lints=warn" "-e" "CARGO_HOME=/opt/rustwide/cargo-home" "-e" "RUSTUP_HOME=/opt/rustwide/rustup-home" "-w" "/opt/rustwide/workdir" "-m" "1610612736" "--user" "0:0" "--network" "none" "ghcr.io/rust-lang/crates-build-env/linux@sha256:f3a9d4ad9d972b27faf3965f35b62e55ba32bbce8f20bc8fe909558a86702fde" "/opt/rustwide/cargo-home/bin/cargo" "+beta-2024-12-08" "test" "--frozen", kill_on_drop: false }`
[INFO] [stdout] 6a222eb8869f64059ec88d5ef65d73f71d749489fcc01324040d9523a74ee72d
[INFO] running `Command { std: "docker" "start" "-a" "6a222eb8869f64059ec88d5ef65d73f71d749489fcc01324040d9523a74ee72d", kill_on_drop: false }`
[INFO] [stderr]     Finished `test` profile [unoptimized + debuginfo] target(s) in 0.15s
[INFO] [stderr]      Running unittests src/lib.rs (/opt/rustwide/target/debug/deps/sonos_manager-ffbd9689db273063)
[INFO] [stdout] 
[INFO] [stdout] running 4 tests
[INFO] [stdout] test metadata::tests::test_apple_librarytrack ... ok
[INFO] [stdout] test metadata::tests::test_spotify_track ... ok
[INFO] [stdout] test controller::test::test_controller ... FAILED
[INFO] [stdout] test metadata::tests::test_apple_playlist ... ok
[INFO] [stdout] 
[INFO] [stdout] failures:
[INFO] [stdout] 
[INFO] [stdout] ---- controller::test::test_controller stdout ----
[INFO] [stdout] 2024-12-14T21:29:48.869Z INFO  [sonos_manager::controller] Unable to discover system: error trying to discover devices: io error: Network is unreachable (os error 101)
[INFO] [stdout] Error: Sonor(UPnP(SSDPError(IO(Os { code: 101, kind: NetworkUnreachable, message: "Network is unreachable" }))))
[INFO] [stdout] 
[INFO] [stdout] 
[INFO] [stdout] failures:
[INFO] [stdout]     controller::test::test_controller
[INFO] [stdout] 
[INFO] [stdout] test result: FAILED. 3 passed; 1 failed; 0 ignored; 0 measured; 0 filtered out; finished in 0.01s
[INFO] [stdout] 
[INFO] [stderr] error: test failed, to rerun pass `--lib`
[INFO] running `Command { std: "docker" "inspect" "6a222eb8869f64059ec88d5ef65d73f71d749489fcc01324040d9523a74ee72d", kill_on_drop: false }`
[INFO] running `Command { std: "docker" "rm" "-f" "6a222eb8869f64059ec88d5ef65d73f71d749489fcc01324040d9523a74ee72d", kill_on_drop: false }`
[INFO] [stdout] 6a222eb8869f64059ec88d5ef65d73f71d749489fcc01324040d9523a74ee72d
