[INFO] cloning repository https://github.com/rusty-roguelike/spriggan
[INFO] running `Command { std: "git" "-c" "credential.helper=" "-c" "credential.helper=/workspace/cargo-home/bin/git-credential-null" "clone" "--bare" "https://github.com/rusty-roguelike/spriggan" "/workspace/cache/git-repos/https%3A%2F%2Fgithub.com%2Frusty-roguelike%2Fspriggan", kill_on_drop: false }`
[INFO] [stderr] Cloning into bare repository '/workspace/cache/git-repos/https%3A%2F%2Fgithub.com%2Frusty-roguelike%2Fspriggan'...
[INFO] running `Command { std: "git" "rev-parse" "HEAD", kill_on_drop: false }`
[INFO] [stdout] 6f0e5f1beac3e59e8039756aeb17febdef97c1f6
[INFO] testing rusty-roguelike/spriggan against 1.83.0 for beta-1.84.0-4-retry
[INFO] running `Command { std: "git" "clone" "/workspace/cache/git-repos/https%3A%2F%2Fgithub.com%2Frusty-roguelike%2Fspriggan" "/workspace/builds/worker-4-tc1/source", kill_on_drop: false }`
[INFO] [stderr] Cloning into '/workspace/builds/worker-4-tc1/source'...
[INFO] [stderr] done.
[INFO] validating manifest of git repo https://github.com/rusty-roguelike/spriggan on toolchain 1.83.0
[INFO] running `Command { std: CARGO_HOME="/workspace/cargo-home" RUSTUP_HOME="/workspace/rustup-home" "/workspace/cargo-home/bin/cargo" "+1.83.0" "metadata" "--manifest-path" "Cargo.toml" "--no-deps", kill_on_drop: false }`
[INFO] started tweaking git repo https://github.com/rusty-roguelike/spriggan
[INFO] finished tweaking git repo https://github.com/rusty-roguelike/spriggan
[INFO] tweaked toml for git repo https://github.com/rusty-roguelike/spriggan written to /workspace/builds/worker-4-tc1/source/Cargo.toml
[INFO] crate git repo https://github.com/rusty-roguelike/spriggan already has a lockfile, it will not be regenerated
[INFO] running `Command { std: CARGO_HOME="/workspace/cargo-home" RUSTUP_HOME="/workspace/rustup-home" "/workspace/cargo-home/bin/cargo" "+1.83.0" "fetch" "--manifest-path" "Cargo.toml", kill_on_drop: false }`
[INFO] [stderr]     Blocking waiting for file lock on package cache
[INFO] [stderr]  Downloading crates ...
[INFO] [stderr]   Downloaded rltk v0.8.1
[INFO] [stderr]   Downloaded bracket-geometry v0.8.2
[INFO] [stderr]   Downloaded tynm v0.1.6
[INFO] [stderr]   Downloaded bracket-terminal v0.8.2
[INFO] running `Command { std: "docker" "create" "-v" "/var/lib/crater-agent-workspace/builds/worker-4-tc1/target:/opt/rustwide/target:rw,Z" "-v" "/var/lib/crater-agent-workspace/builds/worker-4-tc1/source:/opt/rustwide/workdir:ro,Z" "-v" "/var/lib/crater-agent-workspace/cargo-home:/opt/rustwide/cargo-home:ro,Z" "-v" "/var/lib/crater-agent-workspace/rustup-home:/opt/rustwide/rustup-home:ro,Z" "-e" "SOURCE_DIR=/opt/rustwide/workdir" "-e" "CARGO_TARGET_DIR=/opt/rustwide/target" "-e" "CARGO_HOME=/opt/rustwide/cargo-home" "-e" "RUSTUP_HOME=/opt/rustwide/rustup-home" "-w" "/opt/rustwide/workdir" "-m" "1610612736" "--user" "0:0" "--network" "none" "ghcr.io/rust-lang/crates-build-env/linux@sha256:f3a9d4ad9d972b27faf3965f35b62e55ba32bbce8f20bc8fe909558a86702fde" "/opt/rustwide/cargo-home/bin/cargo" "+1.83.0" "metadata" "--no-deps" "--format-version=1", kill_on_drop: false }`
[INFO] [stdout] 87194b554f6ac3f6c5561fd397a0452d028f390fc58f8c2447f925b852094f66
[INFO] running `Command { std: "docker" "start" "-a" "87194b554f6ac3f6c5561fd397a0452d028f390fc58f8c2447f925b852094f66", kill_on_drop: false }`
[INFO] running `Command { std: "docker" "inspect" "87194b554f6ac3f6c5561fd397a0452d028f390fc58f8c2447f925b852094f66", kill_on_drop: false }`
[INFO] running `Command { std: "docker" "rm" "-f" "87194b554f6ac3f6c5561fd397a0452d028f390fc58f8c2447f925b852094f66", kill_on_drop: false }`
[INFO] [stdout] 87194b554f6ac3f6c5561fd397a0452d028f390fc58f8c2447f925b852094f66
[INFO] running `Command { std: "docker" "create" "-v" "/var/lib/crater-agent-workspace/builds/worker-4-tc1/target:/opt/rustwide/target:rw,Z" "-v" "/var/lib/crater-agent-workspace/builds/worker-4-tc1/source:/opt/rustwide/workdir:ro,Z" "-v" "/var/lib/crater-agent-workspace/cargo-home:/opt/rustwide/cargo-home:ro,Z" "-v" "/var/lib/crater-agent-workspace/rustup-home:/opt/rustwide/rustup-home:ro,Z" "-e" "SOURCE_DIR=/opt/rustwide/workdir" "-e" "CARGO_TARGET_DIR=/opt/rustwide/target" "-e" "CARGO_INCREMENTAL=0" "-e" "RUST_BACKTRACE=full" "-e" "RUSTFLAGS=--cap-lints=warn" "-e" "RUSTDOCFLAGS=--cap-lints=warn" "-e" "CARGO_HOME=/opt/rustwide/cargo-home" "-e" "RUSTUP_HOME=/opt/rustwide/rustup-home" "-w" "/opt/rustwide/workdir" "-m" "1610612736" "--user" "0:0" "--network" "none" "ghcr.io/rust-lang/crates-build-env/linux@sha256:f3a9d4ad9d972b27faf3965f35b62e55ba32bbce8f20bc8fe909558a86702fde" "/opt/rustwide/cargo-home/bin/cargo" "+1.83.0" "build" "--frozen" "--message-format=json", kill_on_drop: false }`
[INFO] [stdout] c20209677f84eac8e37ad570264ec7b47e8b14a93723eb646c2fcafe16194374
[INFO] running `Command { std: "docker" "start" "-a" "c20209677f84eac8e37ad570264ec7b47e8b14a93723eb646c2fcafe16194374", kill_on_drop: false }`
[INFO] [stderr]    Compiling libc v0.2.95
[INFO] [stderr]    Compiling autocfg v1.0.1
[INFO] [stderr]    Compiling lazy_static v1.4.0
[INFO] [stderr]    Compiling xml-rs v0.8.3
[INFO] [stderr]    Compiling log v0.4.14
[INFO] [stderr]    Compiling proc-macro2 v1.0.27
[INFO] [stderr]    Compiling unicode-xid v0.2.2
[INFO] [stderr]    Compiling bitflags v1.2.1
[INFO] [stderr]    Compiling memchr v2.4.0
[INFO] [stderr]    Compiling smallvec v1.6.1
[INFO] [stderr]    Compiling pkg-config v0.3.19
[INFO] [stderr]    Compiling khronos_api v3.1.0
[INFO] [stderr]    Compiling version_check v0.9.3
[INFO] [stderr]    Compiling scopeguard v1.1.0
[INFO] [stderr]    Compiling cfg-if v0.1.10
[INFO] [stderr]    Compiling libloading v0.7.0
[INFO] [stderr]    Compiling maybe-uninit v2.0.0
[INFO] [stderr]    Compiling once_cell v1.7.2
[INFO] [stderr]    Compiling scoped-tls v1.0.0
[INFO] [stderr]    Compiling bytemuck v1.5.1
[INFO] [stderr]    Compiling dlib v0.5.0
[INFO] [stderr]    Compiling crossbeam-utils v0.8.5
[INFO] [stderr]    Compiling nom v6.1.2
[INFO] [stderr]    Compiling downcast-rs v1.2.0
[INFO] [stderr]    Compiling instant v0.1.9
[INFO] [stderr]    Compiling ttf-parser v0.6.2
[INFO] [stderr]    Compiling nix v0.18.0
[INFO] [stderr]    Compiling safe_arch v0.5.2
[INFO] [stderr]    Compiling lock_api v0.4.4
[INFO] [stderr]    Compiling crc32fast v1.2.1
[INFO] [stderr]    Compiling ab_glyph_rasterizer v0.1.4
[INFO] [stderr]    Compiling num-traits v0.2.14
[INFO] [stderr]    Compiling wayland-sys v0.28.5
[INFO] [stderr]    Compiling memoffset v0.6.4
[INFO] [stderr]    Compiling gl_generator v0.14.0
[INFO] [stderr]    Compiling x11-dl v2.18.5
[INFO] [stderr]    Compiling num-integer v0.1.44
[INFO] [stderr]    Compiling crossbeam-epoch v0.9.5
[INFO] [stderr]    Compiling same-file v1.0.6
[INFO] [stderr]    Compiling walkdir v2.3.2
[INFO] [stderr]    Compiling libloading v0.6.7
[INFO] [stderr]    Compiling xdg v2.2.0
[INFO] [stderr]    Compiling adler32 v1.2.0
[INFO] [stderr]    Compiling byteorder v1.4.3
[INFO] [stderr]    Compiling slab v0.4.3
[INFO] [stderr]    Compiling quote v1.0.9
[INFO] [stderr]    Compiling wide v0.5.5
[INFO] [stderr]    Compiling rayon-core v1.9.1
[INFO] [stderr]    Compiling wayland-scanner v0.28.5
[INFO] [stderr]    Compiling dlib v0.4.2
[INFO] [stderr]    Compiling gl_generator v0.13.1
[INFO] [stderr]    Compiling owned_ttf_parser v0.6.0
[INFO] [stderr]    Compiling miniz_oxide v0.4.4
[INFO] [stderr]    Compiling glutin_egl_sys v0.1.5
[INFO] [stderr]    Compiling rusttype v0.9.2
[INFO] [stderr]    Compiling glutin_glx_sys v0.1.7
[INFO] [stderr]    Compiling num-iter v0.1.42
[INFO] [stderr]    Compiling num-rational v0.3.2
[INFO] [stderr]    Compiling syn v1.0.72
[INFO] [stderr]    Compiling ppv-lite86 v0.2.10
[INFO] [stderr]    Compiling lazycell v1.3.0
[INFO] [stderr]    Compiling nix v0.20.0
[INFO] [stderr]    Compiling getrandom v0.2.3
[INFO] [stderr]    Compiling parking_lot_core v0.8.3
[INFO] [stderr]    Compiling iovec v0.1.4
[INFO] [stderr]    Compiling net2 v0.2.37
[INFO] [stderr]    Compiling rand_core v0.6.2
[INFO] [stderr]    Compiling ultraviolet v0.7.5
[INFO] [stderr]    Compiling parking_lot v0.11.1
[INFO] [stderr]    Compiling andrew v0.3.1
[INFO] [stderr]    Compiling memmap2 v0.1.0
[INFO] [stderr]    Compiling rand_chacha v0.3.0
[INFO] [stderr]    Compiling mio v0.6.23
[INFO] [stderr]    Compiling wayland-client v0.28.5
[INFO] [stderr]    Compiling wayland-protocols v0.28.5
[INFO] [stderr]    Compiling glow v0.4.0
[INFO] [stderr]    Compiling raw-window-handle v0.3.3
[INFO] [stderr]    Compiling num_cpus v1.13.0
[INFO] [stderr]    Compiling shared_library v0.1.9
[INFO] [stderr]    Compiling mio-extras v2.0.6
[INFO] [stderr]    Compiling crossbeam-deque v0.8.0
[INFO] [stderr]    Compiling deflate v0.8.6
[INFO] [stderr]    Compiling crossbeam-channel v0.5.1
[INFO] [stderr]    Compiling miniz_oxide v0.3.7
[INFO] [stderr]    Compiling aho-corasick v0.7.18
[INFO] [stderr]    Compiling rayon v1.5.1
[INFO] [stderr]    Compiling bracket-geometry v0.8.2
[INFO] [stderr]    Compiling nom v5.1.2
[INFO] [stderr]    Compiling adler v1.0.2
[INFO] [stderr]    Compiling percent-encoding v2.1.0
[INFO] [stderr]    Compiling regex-syntax v0.6.25
[INFO] [stderr]    Compiling png v0.16.8
[INFO] [stderr]    Compiling xcursor v0.3.3
[INFO] [stderr]    Compiling osmesa-sys v0.1.2
[INFO] [stderr]    Compiling rand v0.8.3
[INFO] [stderr]    Compiling rand_xorshift v0.3.0
[INFO] [stderr]    Compiling hashbrown v0.7.2
[INFO] [stderr]    Compiling crossbeam-utils v0.7.2
[INFO] [stderr]    Compiling jpeg-decoder v0.1.22
[INFO] [stderr]    Compiling either v1.6.1
[INFO] [stderr]    Compiling color_quant v1.1.0
[INFO] [stderr]    Compiling serde_derive v1.0.126
[INFO] [stderr]    Compiling flate2 v1.0.20
[INFO] [stderr]    Compiling calloop v0.6.5
[INFO] [stderr]    Compiling bracket-algorithm-traits v0.8.2
[INFO] [stderr]    Compiling object-pool v0.5.4
[INFO] [stderr]    Compiling wayland-commons v0.28.5
[INFO] [stderr]    Compiling ctrlc v3.1.9
[INFO] [stderr]    Compiling bracket-color v0.8.2
[INFO] [stderr]    Compiling ryu v1.0.5
[INFO] [stderr]    Compiling image v0.23.14
[INFO] [stderr]    Compiling ahash v0.3.8
[INFO] [stderr]    Compiling regex v1.5.4
[INFO] [stderr]    Compiling serde v1.0.126
[INFO] [stderr]    Compiling tynm v0.1.6
[INFO] [stderr]    Compiling bracket-pathfinding v0.8.4
[INFO] [stderr]    Compiling serde_json v1.0.64
[INFO] [stderr]    Compiling arrayvec v0.5.2
[INFO] [stderr]    Compiling atom v0.3.6
[INFO] [stderr]    Compiling mopa v0.2.2
[INFO] [stderr]    Compiling itoa v0.4.7
[INFO] [stderr]    Compiling shrev v1.1.1
[INFO] [stderr]    Compiling tuple_utils v0.3.0
[INFO] [stderr]    Compiling crossbeam-queue v0.2.3
[INFO] [stderr]    Compiling bracket-random v0.8.2
[INFO] [stderr]    Compiling bracket-noise v0.8.2
[INFO] [stderr]    Compiling wayland-cursor v0.28.5
[INFO] [stderr]    Compiling wayland-egl v0.28.5
[INFO] [stderr]    Compiling shred v0.10.2
[INFO] [stderr]    Compiling hibitset v0.6.3
[INFO] [stderr]    Compiling specs v0.16.1
[INFO] [stderr]    Compiling specs-derive v0.4.1
[INFO] [stderr]    Compiling smithay-client-toolkit v0.12.3
[INFO] [stderr]    Compiling winit v0.24.0
[INFO] [stderr]    Compiling glutin v0.26.0
[INFO] [stderr]    Compiling bracket-terminal v0.8.2
[INFO] [stderr]    Compiling bracket-lib v0.8.1
[INFO] [stderr]    Compiling rltk v0.8.1
[INFO] [stderr]    Compiling spriggan v0.1.0 (/opt/rustwide/workdir)
[INFO] [stderr]     Finished `dev` profile [unoptimized + debuginfo] target(s) in 1m 50s
[INFO] [stderr] warning: the following packages contain code that will be rejected by a future version of Rust: nom v5.1.2, nom v6.1.2
[INFO] [stderr] note: to see what the problems were, use the option `--future-incompat-report`, or run `cargo report future-incompatibilities --id 1`
[INFO] running `Command { std: "docker" "inspect" "c20209677f84eac8e37ad570264ec7b47e8b14a93723eb646c2fcafe16194374", kill_on_drop: false }`
[INFO] running `Command { std: "docker" "rm" "-f" "c20209677f84eac8e37ad570264ec7b47e8b14a93723eb646c2fcafe16194374", kill_on_drop: false }`
[INFO] [stdout] c20209677f84eac8e37ad570264ec7b47e8b14a93723eb646c2fcafe16194374
[INFO] running `Command { std: "docker" "create" "-v" "/var/lib/crater-agent-workspace/builds/worker-4-tc1/target:/opt/rustwide/target:rw,Z" "-v" "/var/lib/crater-agent-workspace/builds/worker-4-tc1/source:/opt/rustwide/workdir:ro,Z" "-v" "/var/lib/crater-agent-workspace/cargo-home:/opt/rustwide/cargo-home:ro,Z" "-v" "/var/lib/crater-agent-workspace/rustup-home:/opt/rustwide/rustup-home:ro,Z" "-e" "SOURCE_DIR=/opt/rustwide/workdir" "-e" "CARGO_TARGET_DIR=/opt/rustwide/target" "-e" "CARGO_INCREMENTAL=0" "-e" "RUST_BACKTRACE=full" "-e" "RUSTFLAGS=--cap-lints=warn" "-e" "RUSTDOCFLAGS=--cap-lints=warn" "-e" "CARGO_HOME=/opt/rustwide/cargo-home" "-e" "RUSTUP_HOME=/opt/rustwide/rustup-home" "-w" "/opt/rustwide/workdir" "-m" "1610612736" "--user" "0:0" "--network" "none" "ghcr.io/rust-lang/crates-build-env/linux@sha256:f3a9d4ad9d972b27faf3965f35b62e55ba32bbce8f20bc8fe909558a86702fde" "/opt/rustwide/cargo-home/bin/cargo" "+1.83.0" "test" "--frozen" "--no-run" "--message-format=json", kill_on_drop: false }`
[INFO] [stdout] 5d53210c2f1c4cfe009bbfe36df920e321182c03138c4ccf288576e6aca98b3a
[INFO] running `Command { std: "docker" "start" "-a" "5d53210c2f1c4cfe009bbfe36df920e321182c03138c4ccf288576e6aca98b3a", kill_on_drop: false }`
[INFO] [stderr]    Compiling spriggan v0.1.0 (/opt/rustwide/workdir)
[INFO] [stderr]     Finished `test` profile [unoptimized + debuginfo] target(s) in 4.37s
[INFO] [stderr] warning: the following packages contain code that will be rejected by a future version of Rust: nom v5.1.2, nom v6.1.2
[INFO] [stderr] note: to see what the problems were, use the option `--future-incompat-report`, or run `cargo report future-incompatibilities --id 1`
[INFO] running `Command { std: "docker" "inspect" "5d53210c2f1c4cfe009bbfe36df920e321182c03138c4ccf288576e6aca98b3a", kill_on_drop: false }`
[INFO] running `Command { std: "docker" "rm" "-f" "5d53210c2f1c4cfe009bbfe36df920e321182c03138c4ccf288576e6aca98b3a", kill_on_drop: false }`
[INFO] [stdout] 5d53210c2f1c4cfe009bbfe36df920e321182c03138c4ccf288576e6aca98b3a
[INFO] running `Command { std: "docker" "create" "-v" "/var/lib/crater-agent-workspace/builds/worker-4-tc1/target:/opt/rustwide/target:rw,Z" "-v" "/var/lib/crater-agent-workspace/builds/worker-4-tc1/source:/opt/rustwide/workdir:ro,Z" "-v" "/var/lib/crater-agent-workspace/cargo-home:/opt/rustwide/cargo-home:ro,Z" "-v" "/var/lib/crater-agent-workspace/rustup-home:/opt/rustwide/rustup-home:ro,Z" "-e" "SOURCE_DIR=/opt/rustwide/workdir" "-e" "CARGO_TARGET_DIR=/opt/rustwide/target" "-e" "CARGO_INCREMENTAL=0" "-e" "RUST_BACKTRACE=full" "-e" "RUSTFLAGS=--cap-lints=warn" "-e" "RUSTDOCFLAGS=--cap-lints=warn" "-e" "CARGO_HOME=/opt/rustwide/cargo-home" "-e" "RUSTUP_HOME=/opt/rustwide/rustup-home" "-w" "/opt/rustwide/workdir" "-m" "1610612736" "--user" "0:0" "--network" "none" "ghcr.io/rust-lang/crates-build-env/linux@sha256:f3a9d4ad9d972b27faf3965f35b62e55ba32bbce8f20bc8fe909558a86702fde" "/opt/rustwide/cargo-home/bin/cargo" "+1.83.0" "test" "--frozen", kill_on_drop: false }`
[INFO] [stdout] 5d97d29ce7f72927263adaf51d5614a02b71c2025a7f36501ce91d035adf89fa
[INFO] running `Command { std: "docker" "start" "-a" "5d97d29ce7f72927263adaf51d5614a02b71c2025a7f36501ce91d035adf89fa", kill_on_drop: false }`
[INFO] [stderr]     Finished `test` profile [unoptimized + debuginfo] target(s) in 0.23s
[INFO] [stderr] warning: the following packages contain code that will be rejected by a future version of Rust: nom v5.1.2, nom v6.1.2
[INFO] [stderr] note: to see what the problems were, use the option `--future-incompat-report`, or run `cargo report future-incompatibilities --id 1`
[INFO] [stderr]      Running unittests src/main.rs (/opt/rustwide/target/debug/deps/spriggan-dc077fe089523c10)
[INFO] [stdout] 
[INFO] [stdout] running 4 tests
[INFO] [stdout] test map::test_get_empty_tile_in_section ... ok
[INFO] [stdout] test map::test_xy_idx ... ok
[INFO] [stdout] test test_adjacent_positions ... ok
[INFO] [stdout] test map::test_idx_xy ... FAILED
[INFO] [stdout] 
[INFO] [stdout] failures:
[INFO] [stdout] 
[INFO] [stdout] ---- map::test_idx_xy stdout ----
[INFO] [stdout] thread 'map::test_idx_xy' panicked at src/map.rs:176:5:
[INFO] [stdout] assertion `left == right` failed
[INFO] [stdout]   left: (44, 1)
[INFO] [stdout]  right: (44, 4)
[INFO] [stdout] stack backtrace:
[INFO] [stdout]    0:     0x5835cd98101a - std::backtrace_rs::backtrace::libunwind::trace::h5a5b8284f2d0c266
[INFO] [stdout]                                at /rustc/90b35a6239c3d8bdabc530a6a0816f7ff89a0aaf/library/std/src/../../backtrace/src/backtrace/libunwind.rs:116:5
[INFO] [stdout]    1:     0x5835cd98101a - std::backtrace_rs::backtrace::trace_unsynchronized::h76d4f1c9b0b875e3
[INFO] [stdout]                                at /rustc/90b35a6239c3d8bdabc530a6a0816f7ff89a0aaf/library/std/src/../../backtrace/src/backtrace/mod.rs:66:5
[INFO] [stdout]    2:     0x5835cd98101a - std::sys::backtrace::_print_fmt::hc4546b8364a537c6
[INFO] [stdout]                                at /rustc/90b35a6239c3d8bdabc530a6a0816f7ff89a0aaf/library/std/src/sys/backtrace.rs:66:9
[INFO] [stdout]    3:     0x5835cd98101a - <std::sys::backtrace::BacktraceLock::print::DisplayBacktrace as core::fmt::Display>::fmt::h5b6bd5631a6d1f6b
[INFO] [stdout]                                at /rustc/90b35a6239c3d8bdabc530a6a0816f7ff89a0aaf/library/std/src/sys/backtrace.rs:39:26
[INFO] [stdout]    4:     0x5835cd9a62d3 - core::fmt::rt::Argument::fmt::h270f6602a2b96f62
[INFO] [stdout]                                at /rustc/90b35a6239c3d8bdabc530a6a0816f7ff89a0aaf/library/core/src/fmt/rt.rs:177:76
[INFO] [stdout]    5:     0x5835cd9a62d3 - core::fmt::write::h7550c97b06c86515
[INFO] [stdout]                                at /rustc/90b35a6239c3d8bdabc530a6a0816f7ff89a0aaf/library/core/src/fmt/mod.rs:1186:21
[INFO] [stdout]    6:     0x5835cd97e1e3 - std::io::Write::write_fmt::h509ff860e5956e5e
[INFO] [stdout]                                at /rustc/90b35a6239c3d8bdabc530a6a0816f7ff89a0aaf/library/std/src/io/mod.rs:1839:15
[INFO] [stdout]    7:     0x5835cd980e62 - std::sys::backtrace::BacktraceLock::print::h2395ccd2c84ba3aa
[INFO] [stdout]                                at /rustc/90b35a6239c3d8bdabc530a6a0816f7ff89a0aaf/library/std/src/sys/backtrace.rs:42:9
[INFO] [stdout]    8:     0x5835cd98247a - std::panicking::default_hook::{{closure}}::he19d4c7230e07961
[INFO] [stdout]                                at /rustc/90b35a6239c3d8bdabc530a6a0816f7ff89a0aaf/library/std/src/panicking.rs:268:22
[INFO] [stdout]    9:     0x5835cd982284 - std::panicking::default_hook::hf614597d3c67bbdb
[INFO] [stdout]                                at /rustc/90b35a6239c3d8bdabc530a6a0816f7ff89a0aaf/library/std/src/panicking.rs:292:9
[INFO] [stdout]   10:     0x5835cd9464a9 - <alloc::boxed::Box<F,A> as core::ops::function::Fn<Args>>::call::h39b51ce4599c23d1
[INFO] [stdout]                                at /rustc/90b35a6239c3d8bdabc530a6a0816f7ff89a0aaf/library/alloc/src/boxed.rs:2468:9
[INFO] [stdout]   11:     0x5835cd9464a9 - test::test_main::{{closure}}::he977ae839a582784
[INFO] [stdout]                                at /rustc/90b35a6239c3d8bdabc530a6a0816f7ff89a0aaf/library/test/src/lib.rs:133:21
[INFO] [stdout]   12:     0x5835cd982b18 - <alloc::boxed::Box<F,A> as core::ops::function::Fn<Args>>::call::h9455091b6b06f9fb
[INFO] [stdout]                                at /rustc/90b35a6239c3d8bdabc530a6a0816f7ff89a0aaf/library/alloc/src/boxed.rs:2468:9
[INFO] [stdout]   13:     0x5835cd982b18 - std::panicking::rust_panic_with_hook::h8942133a8b252070
[INFO] [stdout]                                at /rustc/90b35a6239c3d8bdabc530a6a0816f7ff89a0aaf/library/std/src/panicking.rs:809:13
[INFO] [stdout]   14:     0x5835cd9828da - std::panicking::begin_panic_handler::{{closure}}::hb5f5963570096b29
[INFO] [stdout]                                at /rustc/90b35a6239c3d8bdabc530a6a0816f7ff89a0aaf/library/std/src/panicking.rs:674:13
[INFO] [stdout]   15:     0x5835cd9814f9 - std::sys::backtrace::__rust_end_short_backtrace::h6208cedc1922feda
[INFO] [stdout]                                at /rustc/90b35a6239c3d8bdabc530a6a0816f7ff89a0aaf/library/std/src/sys/backtrace.rs:170:18
[INFO] [stdout]   16:     0x5835cd98256c - rust_begin_unwind
[INFO] [stdout]                                at /rustc/90b35a6239c3d8bdabc530a6a0816f7ff89a0aaf/library/std/src/panicking.rs:665:5
[INFO] [stdout]   17:     0x5835cd90aa60 - core::panicking::panic_fmt::h0c3082644d1bf418
[INFO] [stdout]                                at /rustc/90b35a6239c3d8bdabc530a6a0816f7ff89a0aaf/library/core/src/panicking.rs:74:14
[INFO] [stdout]   18:     0x5835cd90ae2b - core::panicking::assert_failed_inner::h2ddf1fcc067fa858
[INFO] [stdout]   19:     0x5835cd90bd9a - core::panicking::assert_failed::hc65986f30df5e4a9
[INFO] [stdout]                                at /rustc/90b35a6239c3d8bdabc530a6a0816f7ff89a0aaf/library/core/src/panicking.rs:367:5
[INFO] [stdout]   20:     0x5835cd90dbc3 - spriggan::map::test_idx_xy::hb9bc688e4be54629
[INFO] [stdout]                                at /opt/rustwide/workdir/src/map.rs:176:5
[INFO] [stdout]   21:     0x5835cd90da37 - spriggan::map::test_idx_xy::{{closure}}::he98d61b0c36469c6
[INFO] [stdout]                                at /opt/rustwide/workdir/src/map.rs:173:21
[INFO] [stdout]   22:     0x5835cd90b6f6 - core::ops::function::FnOnce::call_once::hccf3454868c20a6a
[INFO] [stdout]                                at /rustc/90b35a6239c3d8bdabc530a6a0816f7ff89a0aaf/library/core/src/ops/function.rs:250:5
[INFO] [stdout]   23:     0x5835cd94ae6b - core::ops::function::FnOnce::call_once::h109cf8051a59b34e
[INFO] [stdout]                                at /rustc/90b35a6239c3d8bdabc530a6a0816f7ff89a0aaf/library/core/src/ops/function.rs:250:5
[INFO] [stdout]   24:     0x5835cd94ae6b - test::__rust_begin_short_backtrace::hf4fff89d377446ba
[INFO] [stdout]                                at /rustc/90b35a6239c3d8bdabc530a6a0816f7ff89a0aaf/library/test/src/lib.rs:621:18
[INFO] [stdout]   25:     0x5835cd94a6a7 - test::run_test_in_process::{{closure}}::h0e39181dd7ee5a43
[INFO] [stdout]                                at /rustc/90b35a6239c3d8bdabc530a6a0816f7ff89a0aaf/library/test/src/lib.rs:644:60
[INFO] [stdout]   26:     0x5835cd94a6a7 - <core::panic::unwind_safe::AssertUnwindSafe<F> as core::ops::function::FnOnce<()>>::call_once::hc5a66a30f0bdfd1f
[INFO] [stdout]                                at /rustc/90b35a6239c3d8bdabc530a6a0816f7ff89a0aaf/library/core/src/panic/unwind_safe.rs:272:9
[INFO] [stdout]   27:     0x5835cd94a6a7 - std::panicking::try::do_call::h873b7cf639554a5e
[INFO] [stdout]                                at /rustc/90b35a6239c3d8bdabc530a6a0816f7ff89a0aaf/library/std/src/panicking.rs:557:40
[INFO] [stdout]   28:     0x5835cd94a6a7 - std::panicking::try::hdb19862fad9c8bd1
[INFO] [stdout]                                at /rustc/90b35a6239c3d8bdabc530a6a0816f7ff89a0aaf/library/std/src/panicking.rs:520:19
[INFO] [stdout]   29:     0x5835cd94a6a7 - std::panic::catch_unwind::h281fe732d236d260
[INFO] [stdout]                                at /rustc/90b35a6239c3d8bdabc530a6a0816f7ff89a0aaf/library/std/src/panic.rs:358:14
[INFO] [stdout]   30:     0x5835cd94a6a7 - test::run_test_in_process::h949b6df8457ed338
[INFO] [stdout]                                at /rustc/90b35a6239c3d8bdabc530a6a0816f7ff89a0aaf/library/test/src/lib.rs:644:27
[INFO] [stdout]   31:     0x5835cd94a6a7 - test::run_test::{{closure}}::h52c556a6d4740e10
[INFO] [stdout]                                at /rustc/90b35a6239c3d8bdabc530a6a0816f7ff89a0aaf/library/test/src/lib.rs:565:43
[INFO] [stdout]   32:     0x5835cd90f984 - test::run_test::{{closure}}::h4237f6381c45ccb9
[INFO] [stdout]                                at /rustc/90b35a6239c3d8bdabc530a6a0816f7ff89a0aaf/library/test/src/lib.rs:595:41
[INFO] [stdout]   33:     0x5835cd90f984 - std::sys::backtrace::__rust_begin_short_backtrace::h505c97a579eca628
[INFO] [stdout]                                at /rustc/90b35a6239c3d8bdabc530a6a0816f7ff89a0aaf/library/std/src/sys/backtrace.rs:154:18
[INFO] [stdout]   34:     0x5835cd91304e - std::thread::Builder::spawn_unchecked_::{{closure}}::{{closure}}::h9e86b2e2bc107ea3
[INFO] [stdout]                                at /rustc/90b35a6239c3d8bdabc530a6a0816f7ff89a0aaf/library/std/src/thread/mod.rs:538:17
[INFO] [stdout]   35:     0x5835cd91304e - <core::panic::unwind_safe::AssertUnwindSafe<F> as core::ops::function::FnOnce<()>>::call_once::h8b06ddb275ff4a25
[INFO] [stdout]                                at /rustc/90b35a6239c3d8bdabc530a6a0816f7ff89a0aaf/library/core/src/panic/unwind_safe.rs:272:9
[INFO] [stdout]   36:     0x5835cd91304e - std::panicking::try::do_call::hb26ecd7cd9a9355d
[INFO] [stdout]                                at /rustc/90b35a6239c3d8bdabc530a6a0816f7ff89a0aaf/library/std/src/panicking.rs:557:40
[INFO] [stdout]   37:     0x5835cd91304e - std::panicking::try::h8ddeca9d705f9069
[INFO] [stdout]                                at /rustc/90b35a6239c3d8bdabc530a6a0816f7ff89a0aaf/library/std/src/panicking.rs:520:19
[INFO] [stdout]   38:     0x5835cd91304e - std::panic::catch_unwind::h49e1c33078844c46
[INFO] [stdout]                                at /rustc/90b35a6239c3d8bdabc530a6a0816f7ff89a0aaf/library/std/src/panic.rs:358:14
[INFO] [stdout]   39:     0x5835cd91304e - std::thread::Builder::spawn_unchecked_::{{closure}}::h6073db6ff56ad35d
[INFO] [stdout]                                at /rustc/90b35a6239c3d8bdabc530a6a0816f7ff89a0aaf/library/std/src/thread/mod.rs:537:30
[INFO] [stdout]   40:     0x5835cd91304e - core::ops::function::FnOnce::call_once{{vtable.shim}}::h2c5a5f3779c774f1
[INFO] [stdout]                                at /rustc/90b35a6239c3d8bdabc530a6a0816f7ff89a0aaf/library/core/src/ops/function.rs:250:5
[INFO] [stdout]   41:     0x5835cd98686b - <alloc::boxed::Box<F,A> as core::ops::function::FnOnce<Args>>::call_once::hf75717d9f28faebf
[INFO] [stdout]                                at /rustc/90b35a6239c3d8bdabc530a6a0816f7ff89a0aaf/library/alloc/src/boxed.rs:2454:9
[INFO] [stdout]   42:     0x5835cd98686b - <alloc::boxed::Box<F,A> as core::ops::function::FnOnce<Args>>::call_once::h7bd883a5f3c5f3c1
[INFO] [stdout]                                at /rustc/90b35a6239c3d8bdabc530a6a0816f7ff89a0aaf/library/alloc/src/boxed.rs:2454:9
[INFO] [stdout]   43:     0x5835cd98686b - std::sys::pal::unix::thread::Thread::new::thread_start::hcc78f3943333fa94
[INFO] [stdout]                                at /rustc/90b35a6239c3d8bdabc530a6a0816f7ff89a0aaf/library/std/src/sys/pal/unix/thread.rs:105:17
[INFO] [stdout]   44:     0x7aa8cadb1ac3 - <unknown>
[INFO] [stdout]   45:     0x7aa8cae42a04 - clone
[INFO] [stdout]   46:                0x0 - <unknown>
[INFO] [stdout] 
[INFO] [stdout] 
[INFO] [stdout] failures:
[INFO] [stdout]     map::test_idx_xy
[INFO] [stdout] 
[INFO] [stdout] test result: FAILED. 3 passed; 1 failed; 0 ignored; 0 measured; 0 filtered out; finished in 0.13s
[INFO] [stdout] 
[INFO] [stderr] error: test failed, to rerun pass `--bin spriggan`
[INFO] running `Command { std: "docker" "inspect" "5d97d29ce7f72927263adaf51d5614a02b71c2025a7f36501ce91d035adf89fa", kill_on_drop: false }`
[INFO] running `Command { std: "docker" "rm" "-f" "5d97d29ce7f72927263adaf51d5614a02b71c2025a7f36501ce91d035adf89fa", kill_on_drop: false }`
[INFO] [stdout] 5d97d29ce7f72927263adaf51d5614a02b71c2025a7f36501ce91d035adf89fa
