[INFO] cloning repository https://github.com/rustaceanrob/chacha20
[INFO] running `Command { std: "git" "-c" "credential.helper=" "-c" "credential.helper=/workspace/cargo-home/bin/git-credential-null" "clone" "--bare" "https://github.com/rustaceanrob/chacha20" "/workspace/cache/git-repos/https%3A%2F%2Fgithub.com%2Frustaceanrob%2Fchacha20", kill_on_drop: false }`
[INFO] [stderr] Cloning into bare repository '/workspace/cache/git-repos/https%3A%2F%2Fgithub.com%2Frustaceanrob%2Fchacha20'...
[INFO] running `Command { std: "git" "rev-parse" "HEAD", kill_on_drop: false }`
[INFO] [stdout] c0f28fe58f6b0bf5f83b63c8415004ecc95427e5
[INFO] testing rustaceanrob/chacha20 against 1.83.0 for beta-1.84.0-4-retry
[INFO] running `Command { std: "git" "clone" "/workspace/cache/git-repos/https%3A%2F%2Fgithub.com%2Frustaceanrob%2Fchacha20" "/workspace/builds/worker-2-tc1/source", kill_on_drop: false }`
[INFO] [stderr] Cloning into '/workspace/builds/worker-2-tc1/source'...
[INFO] [stderr] done.
[INFO] validating manifest of git repo https://github.com/rustaceanrob/chacha20 on toolchain 1.83.0
[INFO] running `Command { std: CARGO_HOME="/workspace/cargo-home" RUSTUP_HOME="/workspace/rustup-home" "/workspace/cargo-home/bin/cargo" "+1.83.0" "metadata" "--manifest-path" "Cargo.toml" "--no-deps", kill_on_drop: false }`
[INFO] started tweaking git repo https://github.com/rustaceanrob/chacha20
[INFO] finished tweaking git repo https://github.com/rustaceanrob/chacha20
[INFO] tweaked toml for git repo https://github.com/rustaceanrob/chacha20 written to /workspace/builds/worker-2-tc1/source/Cargo.toml
[INFO] crate git repo https://github.com/rustaceanrob/chacha20 already has a lockfile, it will not be regenerated
[INFO] running `Command { std: CARGO_HOME="/workspace/cargo-home" RUSTUP_HOME="/workspace/rustup-home" "/workspace/cargo-home/bin/cargo" "+1.83.0" "fetch" "--manifest-path" "Cargo.toml", kill_on_drop: false }`
[INFO] [stderr]     Blocking waiting for file lock on package cache
[INFO] running `Command { std: "docker" "create" "-v" "/var/lib/crater-agent-workspace/builds/worker-2-tc1/target:/opt/rustwide/target:rw,Z" "-v" "/var/lib/crater-agent-workspace/builds/worker-2-tc1/source:/opt/rustwide/workdir:ro,Z" "-v" "/var/lib/crater-agent-workspace/cargo-home:/opt/rustwide/cargo-home:ro,Z" "-v" "/var/lib/crater-agent-workspace/rustup-home:/opt/rustwide/rustup-home:ro,Z" "-e" "SOURCE_DIR=/opt/rustwide/workdir" "-e" "CARGO_TARGET_DIR=/opt/rustwide/target" "-e" "CARGO_HOME=/opt/rustwide/cargo-home" "-e" "RUSTUP_HOME=/opt/rustwide/rustup-home" "-w" "/opt/rustwide/workdir" "-m" "1610612736" "--user" "0:0" "--network" "none" "ghcr.io/rust-lang/crates-build-env/linux@sha256:f3a9d4ad9d972b27faf3965f35b62e55ba32bbce8f20bc8fe909558a86702fde" "/opt/rustwide/cargo-home/bin/cargo" "+1.83.0" "metadata" "--no-deps" "--format-version=1", kill_on_drop: false }`
[INFO] [stdout] 8800f51ef0116f2674f8414051462e02cc0a3d4ca9774db6db328cead514425b
[INFO] running `Command { std: "docker" "start" "-a" "8800f51ef0116f2674f8414051462e02cc0a3d4ca9774db6db328cead514425b", kill_on_drop: false }`
[INFO] running `Command { std: "docker" "inspect" "8800f51ef0116f2674f8414051462e02cc0a3d4ca9774db6db328cead514425b", kill_on_drop: false }`
[INFO] running `Command { std: "docker" "rm" "-f" "8800f51ef0116f2674f8414051462e02cc0a3d4ca9774db6db328cead514425b", kill_on_drop: false }`
[INFO] [stdout] 8800f51ef0116f2674f8414051462e02cc0a3d4ca9774db6db328cead514425b
[INFO] running `Command { std: "docker" "create" "-v" "/var/lib/crater-agent-workspace/builds/worker-2-tc1/target:/opt/rustwide/target:rw,Z" "-v" "/var/lib/crater-agent-workspace/builds/worker-2-tc1/source:/opt/rustwide/workdir:ro,Z" "-v" "/var/lib/crater-agent-workspace/cargo-home:/opt/rustwide/cargo-home:ro,Z" "-v" "/var/lib/crater-agent-workspace/rustup-home:/opt/rustwide/rustup-home:ro,Z" "-e" "SOURCE_DIR=/opt/rustwide/workdir" "-e" "CARGO_TARGET_DIR=/opt/rustwide/target" "-e" "CARGO_INCREMENTAL=0" "-e" "RUST_BACKTRACE=full" "-e" "RUSTFLAGS=--cap-lints=warn" "-e" "RUSTDOCFLAGS=--cap-lints=warn" "-e" "CARGO_HOME=/opt/rustwide/cargo-home" "-e" "RUSTUP_HOME=/opt/rustwide/rustup-home" "-w" "/opt/rustwide/workdir" "-m" "1610612736" "--user" "0:0" "--network" "none" "ghcr.io/rust-lang/crates-build-env/linux@sha256:f3a9d4ad9d972b27faf3965f35b62e55ba32bbce8f20bc8fe909558a86702fde" "/opt/rustwide/cargo-home/bin/cargo" "+1.83.0" "build" "--frozen" "--message-format=json", kill_on_drop: false }`
[INFO] [stdout] 01c58b7caf0e1e6d7641eb969e96fd5bc840d1725319f54b065df5fe6fe7f63b
[INFO] running `Command { std: "docker" "start" "-a" "01c58b7caf0e1e6d7641eb969e96fd5bc840d1725319f54b065df5fe6fe7f63b", kill_on_drop: false }`
[INFO] [stderr]    Compiling rust_chacha20 v0.2.0 (/opt/rustwide/workdir)
[INFO] [stdout] warning: elided lifetime has a name
[INFO] [stdout]   --> src/lib.rs:80:67
[INFO] [stdout]    |
[INFO] [stdout] 80 |     pub fn apply_keystream<'a>(&'a mut self, to: &'a mut [u8]) -> &[u8] {
[INFO] [stdout]    |                            -- lifetime `'a` declared here         ^ this elided lifetime gets resolved as `'a`
[INFO] [stdout]    |
[INFO] [stdout]    = note: `#[warn(elided_named_lifetimes)]` on by default
[INFO] [stdout] 
[INFO] [stdout] 
[INFO] [stderr]     Finished `dev` profile [unoptimized + debuginfo] target(s) in 0.12s
[INFO] running `Command { std: "docker" "inspect" "01c58b7caf0e1e6d7641eb969e96fd5bc840d1725319f54b065df5fe6fe7f63b", kill_on_drop: false }`
[INFO] running `Command { std: "docker" "rm" "-f" "01c58b7caf0e1e6d7641eb969e96fd5bc840d1725319f54b065df5fe6fe7f63b", kill_on_drop: false }`
[INFO] [stdout] 01c58b7caf0e1e6d7641eb969e96fd5bc840d1725319f54b065df5fe6fe7f63b
[INFO] running `Command { std: "docker" "create" "-v" "/var/lib/crater-agent-workspace/builds/worker-2-tc1/target:/opt/rustwide/target:rw,Z" "-v" "/var/lib/crater-agent-workspace/builds/worker-2-tc1/source:/opt/rustwide/workdir:ro,Z" "-v" "/var/lib/crater-agent-workspace/cargo-home:/opt/rustwide/cargo-home:ro,Z" "-v" "/var/lib/crater-agent-workspace/rustup-home:/opt/rustwide/rustup-home:ro,Z" "-e" "SOURCE_DIR=/opt/rustwide/workdir" "-e" "CARGO_TARGET_DIR=/opt/rustwide/target" "-e" "CARGO_INCREMENTAL=0" "-e" "RUST_BACKTRACE=full" "-e" "RUSTFLAGS=--cap-lints=warn" "-e" "RUSTDOCFLAGS=--cap-lints=warn" "-e" "CARGO_HOME=/opt/rustwide/cargo-home" "-e" "RUSTUP_HOME=/opt/rustwide/rustup-home" "-w" "/opt/rustwide/workdir" "-m" "1610612736" "--user" "0:0" "--network" "none" "ghcr.io/rust-lang/crates-build-env/linux@sha256:f3a9d4ad9d972b27faf3965f35b62e55ba32bbce8f20bc8fe909558a86702fde" "/opt/rustwide/cargo-home/bin/cargo" "+1.83.0" "test" "--frozen" "--no-run" "--message-format=json", kill_on_drop: false }`
[INFO] [stdout] 7c3dadb8dd4ba547d2bb357bc5229b7b5c9a0f3de50378dd60fc4f9cca448c45
[INFO] running `Command { std: "docker" "start" "-a" "7c3dadb8dd4ba547d2bb357bc5229b7b5c9a0f3de50378dd60fc4f9cca448c45", kill_on_drop: false }`
[INFO] [stderr]    Compiling typenum v1.17.0
[INFO] [stderr]    Compiling version_check v0.9.4
[INFO] [stderr]    Compiling libc v0.2.153
[INFO] [stderr]    Compiling ppv-lite86 v0.2.17
[INFO] [stderr]    Compiling cpufeatures v0.2.12
[INFO] [stderr]    Compiling hex v0.4.3
[INFO] [stdout] warning: elided lifetime has a name
[INFO] [stdout]   --> src/lib.rs:80:67
[INFO] [stdout]    |
[INFO] [stdout] 80 |     pub fn apply_keystream<'a>(&'a mut self, to: &'a mut [u8]) -> &[u8] {
[INFO] [stdout]    |                            -- lifetime `'a` declared here         ^ this elided lifetime gets resolved as `'a`
[INFO] [stdout]    |
[INFO] [stdout]    = note: `#[warn(elided_named_lifetimes)]` on by default
[INFO] [stdout] 
[INFO] [stdout] 
[INFO] [stderr]    Compiling generic-array v0.14.7
[INFO] [stderr]    Compiling getrandom v0.2.12
[INFO] [stderr]    Compiling rand_core v0.6.4
[INFO] [stderr]    Compiling rand_chacha v0.3.1
[INFO] [stderr]    Compiling rand v0.8.5
[INFO] [stderr]    Compiling inout v0.1.3
[INFO] [stderr]    Compiling crypto-common v0.1.6
[INFO] [stderr]    Compiling cipher v0.4.4
[INFO] [stderr]    Compiling chacha20 v0.9.1
[INFO] [stderr]    Compiling rust_chacha20 v0.2.0 (/opt/rustwide/workdir)
[INFO] [stdout] warning: elided lifetime has a name
[INFO] [stdout]   --> src/lib.rs:80:67
[INFO] [stdout]    |
[INFO] [stdout] 80 |     pub fn apply_keystream<'a>(&'a mut self, to: &'a mut [u8]) -> &[u8] {
[INFO] [stdout]    |                            -- lifetime `'a` declared here         ^ this elided lifetime gets resolved as `'a`
[INFO] [stdout]    |
[INFO] [stdout]    = note: `#[warn(elided_named_lifetimes)]` on by default
[INFO] [stdout] 
[INFO] [stdout] 
[INFO] [stderr]     Finished `test` profile [unoptimized + debuginfo] target(s) in 3.31s
[INFO] running `Command { std: "docker" "inspect" "7c3dadb8dd4ba547d2bb357bc5229b7b5c9a0f3de50378dd60fc4f9cca448c45", kill_on_drop: false }`
[INFO] running `Command { std: "docker" "rm" "-f" "7c3dadb8dd4ba547d2bb357bc5229b7b5c9a0f3de50378dd60fc4f9cca448c45", kill_on_drop: false }`
[INFO] [stdout] 7c3dadb8dd4ba547d2bb357bc5229b7b5c9a0f3de50378dd60fc4f9cca448c45
[INFO] running `Command { std: "docker" "create" "-v" "/var/lib/crater-agent-workspace/builds/worker-2-tc1/target:/opt/rustwide/target:rw,Z" "-v" "/var/lib/crater-agent-workspace/builds/worker-2-tc1/source:/opt/rustwide/workdir:ro,Z" "-v" "/var/lib/crater-agent-workspace/cargo-home:/opt/rustwide/cargo-home:ro,Z" "-v" "/var/lib/crater-agent-workspace/rustup-home:/opt/rustwide/rustup-home:ro,Z" "-e" "SOURCE_DIR=/opt/rustwide/workdir" "-e" "CARGO_TARGET_DIR=/opt/rustwide/target" "-e" "CARGO_INCREMENTAL=0" "-e" "RUST_BACKTRACE=full" "-e" "RUSTFLAGS=--cap-lints=warn" "-e" "RUSTDOCFLAGS=--cap-lints=warn" "-e" "CARGO_HOME=/opt/rustwide/cargo-home" "-e" "RUSTUP_HOME=/opt/rustwide/rustup-home" "-w" "/opt/rustwide/workdir" "-m" "1610612736" "--user" "0:0" "--network" "none" "ghcr.io/rust-lang/crates-build-env/linux@sha256:f3a9d4ad9d972b27faf3965f35b62e55ba32bbce8f20bc8fe909558a86702fde" "/opt/rustwide/cargo-home/bin/cargo" "+1.83.0" "test" "--frozen", kill_on_drop: false }`
[INFO] [stdout] 450b70d12cee1d92f4662c488a403b708230b55a21d2122214179125f7706113
[INFO] running `Command { std: "docker" "start" "-a" "450b70d12cee1d92f4662c488a403b708230b55a21d2122214179125f7706113", kill_on_drop: false }`
[INFO] [stderr] warning: elided lifetime has a name
[INFO] [stderr]   --> src/lib.rs:80:67
[INFO] [stderr]    |
[INFO] [stderr] 80 |     pub fn apply_keystream<'a>(&'a mut self, to: &'a mut [u8]) -> &[u8] {
[INFO] [stderr]    |                            -- lifetime `'a` declared here         ^ this elided lifetime gets resolved as `'a`
[INFO] [stderr]    |
[INFO] [stderr]    = note: `#[warn(elided_named_lifetimes)]` on by default
[INFO] [stderr] 
[INFO] [stderr] warning: `rust_chacha20` (lib) generated 1 warning
[INFO] [stderr] warning: `rust_chacha20` (lib test) generated 1 warning (1 duplicate)
[INFO] [stderr]     Finished `test` profile [unoptimized + debuginfo] target(s) in 0.02s
[INFO] [stderr]      Running unittests src/lib.rs (/opt/rustwide/target/debug/deps/chacha20-71f0ceb1a17ed86f)
[INFO] [stdout] 
[INFO] [stdout] running 10 tests
[INFO] [stdout] test tests::test_block_fn ... ok
[INFO] [stdout] test tests::test_block_serialization ... ok
[INFO] [stdout] test tests::test_modulo_64 ... ok
[INFO] [stdout] test tests::test_prepare_state ... ok
[INFO] [stdout] test tests::test_new_from_block ... ok
[INFO] [stdout] test tests::test_quater_round ... ok
[INFO] [stdout] test tests::test_quater_round_on_block ... ok
[INFO] [stdout] test tests::test_small_plaintext ... ok
[INFO] [stdout] test tests::test_rfc_standard ... ok
[INFO] [stdout] test tests::test_fuzz_other ... ok
[INFO] [stdout] 
[INFO] [stdout] test result: ok. 10 passed; 0 failed; 0 ignored; 0 measured; 0 filtered out; finished in 0.17s
[INFO] [stdout] 
[INFO] [stderr]    Doc-tests chacha20
[INFO] [stdout] 
[INFO] [stdout] running 1 test
[INFO] [stdout] test src/lib.rs - (line 14) ... FAILED
[INFO] [stdout] 
[INFO] [stdout] failures:
[INFO] [stdout] 
[INFO] [stdout] ---- src/lib.rs - (line 14) stdout ----
[INFO] [stdout] error[E0464]: multiple candidates for `rlib` dependency `chacha20` found
[INFO] [stdout]  --> src/lib.rs:14:1
[INFO] [stdout]   |
[INFO] [stdout] 3 | extern crate r#chacha20;
[INFO] [stdout]   | ^^^^^^^^^^^^^^^^^^^^^^^^
[INFO] [stdout]   |
[INFO] [stdout]   = note: candidate #1: /opt/rustwide/target/debug/deps/libchacha20-d9506a4eb75f31cb.rlib
[INFO] [stdout]   = note: candidate #2: /opt/rustwide/target/debug/deps/libchacha20-fdf709f6b3507255.rlib
[INFO] [stdout] 
[INFO] [stdout] error: aborting due to 1 previous error
[INFO] [stdout] 
[INFO] [stdout] For more information about this error, try `rustc --explain E0464`.
[INFO] [stdout] Couldn't compile the test.
[INFO] [stdout] 
[INFO] [stdout] failures:
[INFO] [stdout]     src/lib.rs - (line 14)
[INFO] [stdout] 
[INFO] [stdout] test result: FAILED. 0 passed; 1 failed; 0 ignored; 0 measured; 0 filtered out; finished in 0.05s
[INFO] [stdout] 
[INFO] [stderr] error: doctest failed, to rerun pass `--doc`
[INFO] running `Command { std: "docker" "inspect" "450b70d12cee1d92f4662c488a403b708230b55a21d2122214179125f7706113", kill_on_drop: false }`
[INFO] running `Command { std: "docker" "rm" "-f" "450b70d12cee1d92f4662c488a403b708230b55a21d2122214179125f7706113", kill_on_drop: false }`
[INFO] [stdout] 450b70d12cee1d92f4662c488a403b708230b55a21d2122214179125f7706113
