[INFO] cloning repository https://github.com/rust-osdev/virtio-spec-rs
[INFO] running `Command { std: "git" "-c" "credential.helper=" "-c" "credential.helper=/workspace/cargo-home/bin/git-credential-null" "clone" "--bare" "https://github.com/rust-osdev/virtio-spec-rs" "/workspace/cache/git-repos/https%3A%2F%2Fgithub.com%2Frust-osdev%2Fvirtio-spec-rs", kill_on_drop: false }`
[INFO] [stderr] Cloning into bare repository '/workspace/cache/git-repos/https%3A%2F%2Fgithub.com%2Frust-osdev%2Fvirtio-spec-rs'...
[INFO] running `Command { std: "git" "rev-parse" "HEAD", kill_on_drop: false }`
[INFO] [stdout] 5fa844e3102e5c2a7ea54aaff2305fa2c71146cb
[INFO] testing rust-osdev/virtio-spec-rs against 1.83.0 for beta-1.84.0-4-retry
[INFO] running `Command { std: "git" "clone" "/workspace/cache/git-repos/https%3A%2F%2Fgithub.com%2Frust-osdev%2Fvirtio-spec-rs" "/workspace/builds/worker-4-tc1/source", kill_on_drop: false }`
[INFO] [stderr] Cloning into '/workspace/builds/worker-4-tc1/source'...
[INFO] [stderr] done.
[INFO] validating manifest of git repo https://github.com/rust-osdev/virtio-spec-rs on toolchain 1.83.0
[INFO] running `Command { std: CARGO_HOME="/workspace/cargo-home" RUSTUP_HOME="/workspace/rustup-home" "/workspace/cargo-home/bin/cargo" "+1.83.0" "metadata" "--manifest-path" "Cargo.toml" "--no-deps", kill_on_drop: false }`
[INFO] started tweaking git repo https://github.com/rust-osdev/virtio-spec-rs
[INFO] finished tweaking git repo https://github.com/rust-osdev/virtio-spec-rs
[INFO] tweaked toml for git repo https://github.com/rust-osdev/virtio-spec-rs written to /workspace/builds/worker-4-tc1/source/Cargo.toml
[INFO] crate git repo https://github.com/rust-osdev/virtio-spec-rs already has a lockfile, it will not be regenerated
[INFO] running `Command { std: CARGO_HOME="/workspace/cargo-home" RUSTUP_HOME="/workspace/rustup-home" "/workspace/cargo-home/bin/cargo" "+1.83.0" "fetch" "--manifest-path" "Cargo.toml", kill_on_drop: false }`
[INFO] [stderr]     Updating crates.io index
[INFO] [stderr]  Downloading crates ...
[INFO] [stderr]   Downloaded volatile v0.6.1
[INFO] [stderr]   Downloaded endian-num v0.2.0
[INFO] [stderr]   Downloaded bitfield-struct v0.9.0
[INFO] [stderr]   Downloaded pci_types v0.10.0
[INFO] [stderr]   Downloaded volatile-macro v0.6.0
[INFO] running `Command { std: "docker" "create" "-v" "/var/lib/crater-agent-workspace/builds/worker-4-tc1/target:/opt/rustwide/target:rw,Z" "-v" "/var/lib/crater-agent-workspace/builds/worker-4-tc1/source:/opt/rustwide/workdir:ro,Z" "-v" "/var/lib/crater-agent-workspace/cargo-home:/opt/rustwide/cargo-home:ro,Z" "-v" "/var/lib/crater-agent-workspace/rustup-home:/opt/rustwide/rustup-home:ro,Z" "-e" "SOURCE_DIR=/opt/rustwide/workdir" "-e" "CARGO_TARGET_DIR=/opt/rustwide/target" "-e" "CARGO_HOME=/opt/rustwide/cargo-home" "-e" "RUSTUP_HOME=/opt/rustwide/rustup-home" "-w" "/opt/rustwide/workdir" "-m" "1610612736" "--user" "0:0" "--network" "none" "ghcr.io/rust-lang/crates-build-env/linux@sha256:f3a9d4ad9d972b27faf3965f35b62e55ba32bbce8f20bc8fe909558a86702fde" "/opt/rustwide/cargo-home/bin/cargo" "+1.83.0" "metadata" "--no-deps" "--format-version=1", kill_on_drop: false }`
[INFO] [stdout] c1ffd23d3a95873593ccc1baf11f2119d55c21c79b135bb1fa786151d6e54c72
[INFO] running `Command { std: "docker" "start" "-a" "c1ffd23d3a95873593ccc1baf11f2119d55c21c79b135bb1fa786151d6e54c72", kill_on_drop: false }`
[INFO] running `Command { std: "docker" "inspect" "c1ffd23d3a95873593ccc1baf11f2119d55c21c79b135bb1fa786151d6e54c72", kill_on_drop: false }`
[INFO] running `Command { std: "docker" "rm" "-f" "c1ffd23d3a95873593ccc1baf11f2119d55c21c79b135bb1fa786151d6e54c72", kill_on_drop: false }`
[INFO] [stdout] c1ffd23d3a95873593ccc1baf11f2119d55c21c79b135bb1fa786151d6e54c72
[INFO] running `Command { std: "docker" "create" "-v" "/var/lib/crater-agent-workspace/builds/worker-4-tc1/target:/opt/rustwide/target:rw,Z" "-v" "/var/lib/crater-agent-workspace/builds/worker-4-tc1/source:/opt/rustwide/workdir:ro,Z" "-v" "/var/lib/crater-agent-workspace/cargo-home:/opt/rustwide/cargo-home:ro,Z" "-v" "/var/lib/crater-agent-workspace/rustup-home:/opt/rustwide/rustup-home:ro,Z" "-e" "SOURCE_DIR=/opt/rustwide/workdir" "-e" "CARGO_TARGET_DIR=/opt/rustwide/target" "-e" "CARGO_INCREMENTAL=0" "-e" "RUST_BACKTRACE=full" "-e" "RUSTFLAGS=--cap-lints=warn" "-e" "RUSTDOCFLAGS=--cap-lints=warn" "-e" "CARGO_HOME=/opt/rustwide/cargo-home" "-e" "RUSTUP_HOME=/opt/rustwide/rustup-home" "-w" "/opt/rustwide/workdir" "-m" "1610612736" "--user" "0:0" "--network" "none" "ghcr.io/rust-lang/crates-build-env/linux@sha256:f3a9d4ad9d972b27faf3965f35b62e55ba32bbce8f20bc8fe909558a86702fde" "/opt/rustwide/cargo-home/bin/cargo" "+1.83.0" "build" "--frozen" "--message-format=json", kill_on_drop: false }`
[INFO] [stdout] 0038050df2d356bf2fb77da8690d8de368172c8d66c35d6f4a3b0bdffd24ddbb
[INFO] running `Command { std: "docker" "start" "-a" "0038050df2d356bf2fb77da8690d8de368172c8d66c35d6f4a3b0bdffd24ddbb", kill_on_drop: false }`
[INFO] [stderr]    Compiling proc-macro2 v1.0.87
[INFO] [stderr]    Compiling bitflags v2.6.0
[INFO] [stderr]    Compiling volatile v0.6.1
[INFO] [stderr]    Compiling endian-num v0.2.0
[INFO] [stderr]    Compiling quote v1.0.37
[INFO] [stderr]    Compiling syn v2.0.79
[INFO] [stderr]    Compiling num_enum_derive v0.7.3
[INFO] [stderr]    Compiling bitfield-struct v0.9.0
[INFO] [stderr]    Compiling volatile-macro v0.6.0
[INFO] [stderr]    Compiling num_enum v0.7.3
[INFO] [stderr]    Compiling virtio-spec v0.2.0 (/opt/rustwide/workdir)
[INFO] [stderr]     Finished `dev` profile [unoptimized + debuginfo] target(s) in 8.47s
[INFO] running `Command { std: "docker" "inspect" "0038050df2d356bf2fb77da8690d8de368172c8d66c35d6f4a3b0bdffd24ddbb", kill_on_drop: false }`
[INFO] running `Command { std: "docker" "rm" "-f" "0038050df2d356bf2fb77da8690d8de368172c8d66c35d6f4a3b0bdffd24ddbb", kill_on_drop: false }`
[INFO] [stdout] 0038050df2d356bf2fb77da8690d8de368172c8d66c35d6f4a3b0bdffd24ddbb
[INFO] running `Command { std: "docker" "create" "-v" "/var/lib/crater-agent-workspace/builds/worker-4-tc1/target:/opt/rustwide/target:rw,Z" "-v" "/var/lib/crater-agent-workspace/builds/worker-4-tc1/source:/opt/rustwide/workdir:ro,Z" "-v" "/var/lib/crater-agent-workspace/cargo-home:/opt/rustwide/cargo-home:ro,Z" "-v" "/var/lib/crater-agent-workspace/rustup-home:/opt/rustwide/rustup-home:ro,Z" "-e" "SOURCE_DIR=/opt/rustwide/workdir" "-e" "CARGO_TARGET_DIR=/opt/rustwide/target" "-e" "CARGO_INCREMENTAL=0" "-e" "RUST_BACKTRACE=full" "-e" "RUSTFLAGS=--cap-lints=warn" "-e" "RUSTDOCFLAGS=--cap-lints=warn" "-e" "CARGO_HOME=/opt/rustwide/cargo-home" "-e" "RUSTUP_HOME=/opt/rustwide/rustup-home" "-w" "/opt/rustwide/workdir" "-m" "1610612736" "--user" "0:0" "--network" "none" "ghcr.io/rust-lang/crates-build-env/linux@sha256:f3a9d4ad9d972b27faf3965f35b62e55ba32bbce8f20bc8fe909558a86702fde" "/opt/rustwide/cargo-home/bin/cargo" "+1.83.0" "test" "--frozen" "--no-run" "--message-format=json", kill_on_drop: false }`
[INFO] [stdout] 7a7524d3e51ea79a64c21cc490ee811f03935d07fa4d86e9403920bc73e6074f
[INFO] running `Command { std: "docker" "start" "-a" "7a7524d3e51ea79a64c21cc490ee811f03935d07fa4d86e9403920bc73e6074f", kill_on_drop: false }`
[INFO] [stderr]    Compiling virtio-spec v0.2.0 (/opt/rustwide/workdir)
[INFO] [stderr]     Finished `test` profile [unoptimized + debuginfo] target(s) in 0.92s
[INFO] running `Command { std: "docker" "inspect" "7a7524d3e51ea79a64c21cc490ee811f03935d07fa4d86e9403920bc73e6074f", kill_on_drop: false }`
[INFO] running `Command { std: "docker" "rm" "-f" "7a7524d3e51ea79a64c21cc490ee811f03935d07fa4d86e9403920bc73e6074f", kill_on_drop: false }`
[INFO] [stdout] 7a7524d3e51ea79a64c21cc490ee811f03935d07fa4d86e9403920bc73e6074f
[INFO] running `Command { std: "docker" "create" "-v" "/var/lib/crater-agent-workspace/builds/worker-4-tc1/target:/opt/rustwide/target:rw,Z" "-v" "/var/lib/crater-agent-workspace/builds/worker-4-tc1/source:/opt/rustwide/workdir:ro,Z" "-v" "/var/lib/crater-agent-workspace/cargo-home:/opt/rustwide/cargo-home:ro,Z" "-v" "/var/lib/crater-agent-workspace/rustup-home:/opt/rustwide/rustup-home:ro,Z" "-e" "SOURCE_DIR=/opt/rustwide/workdir" "-e" "CARGO_TARGET_DIR=/opt/rustwide/target" "-e" "CARGO_INCREMENTAL=0" "-e" "RUST_BACKTRACE=full" "-e" "RUSTFLAGS=--cap-lints=warn" "-e" "RUSTDOCFLAGS=--cap-lints=warn" "-e" "CARGO_HOME=/opt/rustwide/cargo-home" "-e" "RUSTUP_HOME=/opt/rustwide/rustup-home" "-w" "/opt/rustwide/workdir" "-m" "1610612736" "--user" "0:0" "--network" "none" "ghcr.io/rust-lang/crates-build-env/linux@sha256:f3a9d4ad9d972b27faf3965f35b62e55ba32bbce8f20bc8fe909558a86702fde" "/opt/rustwide/cargo-home/bin/cargo" "+1.83.0" "test" "--frozen", kill_on_drop: false }`
[INFO] [stdout] 11705f7a0376e74d710dfeae4970d90fbe1648190a997d0e64e3781ab7a82f8b
[INFO] running `Command { std: "docker" "start" "-a" "11705f7a0376e74d710dfeae4970d90fbe1648190a997d0e64e3781ab7a82f8b", kill_on_drop: false }`
[INFO] [stderr]     Finished `test` profile [unoptimized + debuginfo] target(s) in 0.04s
[INFO] [stderr]      Running unittests src/lib.rs (/opt/rustwide/target/debug/deps/virtio_spec-db2a2e6760e71d94)
[INFO] [stdout] 
[INFO] [stdout] running 1 test
[INFO] [stdout] test features::tests::requirements_satisfied ... ok
[INFO] [stdout] 
[INFO] [stdout] test result: ok. 1 passed; 0 failed; 0 ignored; 0 measured; 0 filtered out; finished in 0.00s
[INFO] [stdout] 
[INFO] [stderr]    Doc-tests virtio_spec
[INFO] [stdout] 
[INFO] [stdout] running 3 tests
[INFO] [stdout] test src/lib.rs - DeviceConfigSpace::read_config_with (line 348) ... FAILED
[INFO] [stdout] test src/features.rs - features::FeatureBits::requirements_satisfied (line 39) ... ok
[INFO] [stdout] test src/features.rs - features::FeatureBits::requirements (line 18) ... ok
[INFO] [stdout] 
[INFO] [stdout] failures:
[INFO] [stdout] 
[INFO] [stdout] ---- src/lib.rs - DeviceConfigSpace::read_config_with (line 348) stdout ----
[INFO] [stdout] error[E0433]: failed to resolve: could not find `pci` in `virtio`
[INFO] [stdout]    --> src/lib.rs:357:41
[INFO] [stdout]     |
[INFO] [stdout] 12  |     common_cfg: VolatilePtr<'_, virtio::pci::CommonCfg, ReadOnly>,
[INFO] [stdout]     |                                         ^^^ could not find `pci` in `virtio`
[INFO] [stdout]     |
[INFO] [stdout] note: found an item that was configured out
[INFO] [stdout]    --> /opt/rustwide/workdir/src/lib.rs:105:9
[INFO] [stdout]     |
[INFO] [stdout] 105 | pub mod pci;
[INFO] [stdout]     |         ^^^
[INFO] [stdout] note: the item is gated behind the `pci` feature
[INFO] [stdout]    --> /opt/rustwide/workdir/src/lib.rs:104:7
[INFO] [stdout]     |
[INFO] [stdout] 104 | #[cfg(feature = "pci")]
[INFO] [stdout]     |       ^^^^^^^^^^^^^^^
[INFO] [stdout] 
[INFO] [stdout] error: aborting due to 1 previous error
[INFO] [stdout] 
[INFO] [stdout] For more information about this error, try `rustc --explain E0433`.
[INFO] [stdout] Couldn't compile the test.
[INFO] [stdout] 
[INFO] [stdout] failures:
[INFO] [stdout]     src/lib.rs - DeviceConfigSpace::read_config_with (line 348)
[INFO] [stdout] 
[INFO] [stdout] test result: FAILED. 2 passed; 1 failed; 0 ignored; 0 measured; 0 filtered out; finished in 0.44s
[INFO] [stdout] 
[INFO] [stderr] error: doctest failed, to rerun pass `--doc`
[INFO] running `Command { std: "docker" "inspect" "11705f7a0376e74d710dfeae4970d90fbe1648190a997d0e64e3781ab7a82f8b", kill_on_drop: false }`
[INFO] running `Command { std: "docker" "rm" "-f" "11705f7a0376e74d710dfeae4970d90fbe1648190a997d0e64e3781ab7a82f8b", kill_on_drop: false }`
[INFO] [stdout] 11705f7a0376e74d710dfeae4970d90fbe1648190a997d0e64e3781ab7a82f8b
