[INFO] cloning repository https://github.com/ruoshui-git/mks66-w4_trans
[INFO] running `Command { std: "git" "-c" "credential.helper=" "-c" "credential.helper=/workspace/cargo-home/bin/git-credential-null" "clone" "--bare" "https://github.com/ruoshui-git/mks66-w4_trans" "/workspace/cache/git-repos/https%3A%2F%2Fgithub.com%2Fruoshui-git%2Fmks66-w4_trans", kill_on_drop: false }`
[INFO] [stderr] Cloning into bare repository '/workspace/cache/git-repos/https%3A%2F%2Fgithub.com%2Fruoshui-git%2Fmks66-w4_trans'...
[INFO] running `Command { std: "git" "rev-parse" "HEAD", kill_on_drop: false }`
[INFO] [stdout] 83c1608bc00c01b33db91221d3f7379e65dc1a07
[INFO] testing ruoshui-git/mks66-w4_trans against beta-2024-12-08 for beta-1.84.0-4-retry
[INFO] running `Command { std: "git" "clone" "/workspace/cache/git-repos/https%3A%2F%2Fgithub.com%2Fruoshui-git%2Fmks66-w4_trans" "/workspace/builds/worker-5-tc2/source", kill_on_drop: false }`
[INFO] [stderr] Cloning into '/workspace/builds/worker-5-tc2/source'...
[INFO] [stderr] done.
[INFO] validating manifest of git repo https://github.com/ruoshui-git/mks66-w4_trans on toolchain beta-2024-12-08
[INFO] running `Command { std: CARGO_HOME="/workspace/cargo-home" RUSTUP_HOME="/workspace/rustup-home" "/workspace/cargo-home/bin/cargo" "+beta-2024-12-08" "metadata" "--manifest-path" "Cargo.toml" "--no-deps", kill_on_drop: false }`
[INFO] started tweaking git repo https://github.com/ruoshui-git/mks66-w4_trans
[INFO] finished tweaking git repo https://github.com/ruoshui-git/mks66-w4_trans
[INFO] tweaked toml for git repo https://github.com/ruoshui-git/mks66-w4_trans written to /workspace/builds/worker-5-tc2/source/Cargo.toml
[INFO] crate git repo https://github.com/ruoshui-git/mks66-w4_trans already has a lockfile, it will not be regenerated
[INFO] running `Command { std: CARGO_HOME="/workspace/cargo-home" RUSTUP_HOME="/workspace/rustup-home" "/workspace/cargo-home/bin/cargo" "+beta-2024-12-08" "fetch" "--manifest-path" "Cargo.toml", kill_on_drop: false }`
[INFO] running `Command { std: "docker" "create" "-v" "/var/lib/crater-agent-workspace/builds/worker-5-tc2/target:/opt/rustwide/target:rw,Z" "-v" "/var/lib/crater-agent-workspace/builds/worker-5-tc2/source:/opt/rustwide/workdir:ro,Z" "-v" "/var/lib/crater-agent-workspace/cargo-home:/opt/rustwide/cargo-home:ro,Z" "-v" "/var/lib/crater-agent-workspace/rustup-home:/opt/rustwide/rustup-home:ro,Z" "-e" "SOURCE_DIR=/opt/rustwide/workdir" "-e" "CARGO_TARGET_DIR=/opt/rustwide/target" "-e" "CARGO_HOME=/opt/rustwide/cargo-home" "-e" "RUSTUP_HOME=/opt/rustwide/rustup-home" "-w" "/opt/rustwide/workdir" "-m" "1610612736" "--user" "0:0" "--network" "none" "ghcr.io/rust-lang/crates-build-env/linux@sha256:f3a9d4ad9d972b27faf3965f35b62e55ba32bbce8f20bc8fe909558a86702fde" "/opt/rustwide/cargo-home/bin/cargo" "+beta-2024-12-08" "metadata" "--no-deps" "--format-version=1", kill_on_drop: false }`
[INFO] [stdout] 1ddb850a8a04d06d590ca1ae546c5983ca46bfe0bd6ceedc1fc9170b3fd77f4a
[INFO] running `Command { std: "docker" "start" "-a" "1ddb850a8a04d06d590ca1ae546c5983ca46bfe0bd6ceedc1fc9170b3fd77f4a", kill_on_drop: false }`
[INFO] running `Command { std: "docker" "inspect" "1ddb850a8a04d06d590ca1ae546c5983ca46bfe0bd6ceedc1fc9170b3fd77f4a", kill_on_drop: false }`
[INFO] running `Command { std: "docker" "rm" "-f" "1ddb850a8a04d06d590ca1ae546c5983ca46bfe0bd6ceedc1fc9170b3fd77f4a", kill_on_drop: false }`
[INFO] [stdout] 1ddb850a8a04d06d590ca1ae546c5983ca46bfe0bd6ceedc1fc9170b3fd77f4a
[INFO] running `Command { std: "docker" "create" "-v" "/var/lib/crater-agent-workspace/builds/worker-5-tc2/target:/opt/rustwide/target:rw,Z" "-v" "/var/lib/crater-agent-workspace/builds/worker-5-tc2/source:/opt/rustwide/workdir:ro,Z" "-v" "/var/lib/crater-agent-workspace/cargo-home:/opt/rustwide/cargo-home:ro,Z" "-v" "/var/lib/crater-agent-workspace/rustup-home:/opt/rustwide/rustup-home:ro,Z" "-e" "SOURCE_DIR=/opt/rustwide/workdir" "-e" "CARGO_TARGET_DIR=/opt/rustwide/target" "-e" "CARGO_INCREMENTAL=0" "-e" "RUST_BACKTRACE=full" "-e" "RUSTFLAGS=--cap-lints=warn" "-e" "RUSTDOCFLAGS=--cap-lints=warn" "-e" "CARGO_HOME=/opt/rustwide/cargo-home" "-e" "RUSTUP_HOME=/opt/rustwide/rustup-home" "-w" "/opt/rustwide/workdir" "-m" "1610612736" "--user" "0:0" "--network" "none" "ghcr.io/rust-lang/crates-build-env/linux@sha256:f3a9d4ad9d972b27faf3965f35b62e55ba32bbce8f20bc8fe909558a86702fde" "/opt/rustwide/cargo-home/bin/cargo" "+beta-2024-12-08" "build" "--frozen" "--message-format=json", kill_on_drop: false }`
[INFO] [stdout] 0d722737269ab050bfb0a0745fd5cfc7f5d1ae11bb66fada2160a4c87fa2b008
[INFO] running `Command { std: "docker" "start" "-a" "0d722737269ab050bfb0a0745fd5cfc7f5d1ae11bb66fada2160a4c87fa2b008", kill_on_drop: false }`
[INFO] [stderr]    Compiling w4_trans v0.1.0 (/opt/rustwide/workdir)
[INFO] [stdout] warning: elided lifetime has a name
[INFO] [stdout]   --> src/graphics/matrix.rs:83:69
[INFO] [stdout]    |
[INFO] [stdout] 83 |     pub fn row_iter<'a>(&'a self, r: usize) -> impl Iterator<Item = &f64> {
[INFO] [stdout]    |                     -- lifetime `'a` declared here                  ^ this elided lifetime gets resolved as `'a`
[INFO] [stdout]    |
[INFO] [stdout]    = note: `#[warn(elided_named_lifetimes)]` on by default
[INFO] [stdout] 
[INFO] [stdout] 
[INFO] [stdout] warning: elided lifetime has a name
[INFO] [stdout]   --> src/graphics/matrix.rs:89:69
[INFO] [stdout]    |
[INFO] [stdout] 89 |     pub fn col_iter<'a>(&'a self, c: usize) -> impl Iterator<Item = &f64> {
[INFO] [stdout]    |                     -- lifetime `'a` declared here                  ^ this elided lifetime gets resolved as `'a`
[INFO] [stdout] 
[INFO] [stdout] 
[INFO] [stdout] warning: elided lifetime has a name
[INFO] [stdout]   --> src/graphics/matrix.rs:83:69
[INFO] [stdout]    |
[INFO] [stdout] 83 |     pub fn row_iter<'a>(&'a self, r: usize) -> impl Iterator<Item = &f64> {
[INFO] [stdout]    |                     -- lifetime `'a` declared here                  ^ this elided lifetime gets resolved as `'a`
[INFO] [stdout]    |
[INFO] [stdout]    = note: `#[warn(elided_named_lifetimes)]` on by default
[INFO] [stdout] 
[INFO] [stdout] 
[INFO] [stdout] warning: elided lifetime has a name
[INFO] [stdout]   --> src/graphics/matrix.rs:89:69
[INFO] [stdout]    |
[INFO] [stdout] 89 |     pub fn col_iter<'a>(&'a self, c: usize) -> impl Iterator<Item = &f64> {
[INFO] [stdout]    |                     -- lifetime `'a` declared here                  ^ this elided lifetime gets resolved as `'a`
[INFO] [stdout] 
[INFO] [stdout] 
[INFO] [stderr]     Finished `dev` profile [unoptimized + debuginfo] target(s) in 1.34s
[INFO] running `Command { std: "docker" "inspect" "0d722737269ab050bfb0a0745fd5cfc7f5d1ae11bb66fada2160a4c87fa2b008", kill_on_drop: false }`
[INFO] running `Command { std: "docker" "rm" "-f" "0d722737269ab050bfb0a0745fd5cfc7f5d1ae11bb66fada2160a4c87fa2b008", kill_on_drop: false }`
[INFO] [stdout] 0d722737269ab050bfb0a0745fd5cfc7f5d1ae11bb66fada2160a4c87fa2b008
[INFO] running `Command { std: "docker" "create" "-v" "/var/lib/crater-agent-workspace/builds/worker-5-tc2/target:/opt/rustwide/target:rw,Z" "-v" "/var/lib/crater-agent-workspace/builds/worker-5-tc2/source:/opt/rustwide/workdir:ro,Z" "-v" "/var/lib/crater-agent-workspace/cargo-home:/opt/rustwide/cargo-home:ro,Z" "-v" "/var/lib/crater-agent-workspace/rustup-home:/opt/rustwide/rustup-home:ro,Z" "-e" "SOURCE_DIR=/opt/rustwide/workdir" "-e" "CARGO_TARGET_DIR=/opt/rustwide/target" "-e" "CARGO_INCREMENTAL=0" "-e" "RUST_BACKTRACE=full" "-e" "RUSTFLAGS=--cap-lints=warn" "-e" "RUSTDOCFLAGS=--cap-lints=warn" "-e" "CARGO_HOME=/opt/rustwide/cargo-home" "-e" "RUSTUP_HOME=/opt/rustwide/rustup-home" "-w" "/opt/rustwide/workdir" "-m" "1610612736" "--user" "0:0" "--network" "none" "ghcr.io/rust-lang/crates-build-env/linux@sha256:f3a9d4ad9d972b27faf3965f35b62e55ba32bbce8f20bc8fe909558a86702fde" "/opt/rustwide/cargo-home/bin/cargo" "+beta-2024-12-08" "test" "--frozen" "--no-run" "--message-format=json", kill_on_drop: false }`
[INFO] [stdout] 648612f41dcfef3613960610f7bf15e581c53a753c2ecd2744f9c60f34f6c94e
[INFO] running `Command { std: "docker" "start" "-a" "648612f41dcfef3613960610f7bf15e581c53a753c2ecd2744f9c60f34f6c94e", kill_on_drop: false }`
[INFO] [stdout] warning: elided lifetime has a name
[INFO] [stdout]   --> src/graphics/matrix.rs:83:69
[INFO] [stdout]    |
[INFO] [stdout] 83 |     pub fn row_iter<'a>(&'a self, r: usize) -> impl Iterator<Item = &f64> {
[INFO] [stdout]    |                     -- lifetime `'a` declared here                  ^ this elided lifetime gets resolved as `'a`
[INFO] [stdout]    |
[INFO] [stdout]    = note: `#[warn(elided_named_lifetimes)]` on by default
[INFO] [stdout] 
[INFO] [stdout] 
[INFO] [stdout] warning: elided lifetime has a name
[INFO] [stdout]   --> src/graphics/matrix.rs:89:69
[INFO] [stdout]    |
[INFO] [stdout] 89 |     pub fn col_iter<'a>(&'a self, c: usize) -> impl Iterator<Item = &f64> {
[INFO] [stdout]    |                     -- lifetime `'a` declared here                  ^ this elided lifetime gets resolved as `'a`
[INFO] [stdout] 
[INFO] [stdout] 
[INFO] [stdout] warning: elided lifetime has a name
[INFO] [stdout]   --> src/graphics/matrix.rs:83:69
[INFO] [stdout]    |
[INFO] [stdout] 83 |     pub fn row_iter<'a>(&'a self, r: usize) -> impl Iterator<Item = &f64> {
[INFO] [stdout]    |                     -- lifetime `'a` declared here                  ^ this elided lifetime gets resolved as `'a`
[INFO] [stdout]    |
[INFO] [stdout]    = note: `#[warn(elided_named_lifetimes)]` on by default
[INFO] [stdout] 
[INFO] [stdout] 
[INFO] [stdout] warning: elided lifetime has a name
[INFO] [stdout]   --> src/graphics/matrix.rs:89:69
[INFO] [stdout]    |
[INFO] [stdout] 89 |     pub fn col_iter<'a>(&'a self, c: usize) -> impl Iterator<Item = &f64> {
[INFO] [stdout]    |                     -- lifetime `'a` declared here                  ^ this elided lifetime gets resolved as `'a`
[INFO] [stdout] 
[INFO] [stdout] 
[INFO] [stderr]    Compiling w4_trans v0.1.0 (/opt/rustwide/workdir)
[INFO] [stdout] warning: elided lifetime has a name
[INFO] [stdout]   --> src/graphics/matrix.rs:83:69
[INFO] [stdout]    |
[INFO] [stdout] 83 |     pub fn row_iter<'a>(&'a self, r: usize) -> impl Iterator<Item = &f64> {
[INFO] [stdout]    |                     -- lifetime `'a` declared here                  ^ this elided lifetime gets resolved as `'a`
[INFO] [stdout]    |
[INFO] [stdout]    = note: `#[warn(elided_named_lifetimes)]` on by default
[INFO] [stdout] 
[INFO] [stdout] 
[INFO] [stdout] warning: elided lifetime has a name
[INFO] [stdout]   --> src/graphics/matrix.rs:89:69
[INFO] [stdout]    |
[INFO] [stdout] 89 |     pub fn col_iter<'a>(&'a self, c: usize) -> impl Iterator<Item = &f64> {
[INFO] [stdout]    |                     -- lifetime `'a` declared here                  ^ this elided lifetime gets resolved as `'a`
[INFO] [stdout] 
[INFO] [stdout] 
[INFO] [stdout] warning: elided lifetime has a name
[INFO] [stdout]   --> src/graphics/matrix.rs:83:69
[INFO] [stdout]    |
[INFO] [stdout] 83 |     pub fn row_iter<'a>(&'a self, r: usize) -> impl Iterator<Item = &f64> {
[INFO] [stdout]    |                     -- lifetime `'a` declared here                  ^ this elided lifetime gets resolved as `'a`
[INFO] [stdout]    |
[INFO] [stdout]    = note: `#[warn(elided_named_lifetimes)]` on by default
[INFO] [stdout] 
[INFO] [stdout] 
[INFO] [stdout] warning: elided lifetime has a name
[INFO] [stdout]   --> src/graphics/matrix.rs:89:69
[INFO] [stdout]    |
[INFO] [stdout] 89 |     pub fn col_iter<'a>(&'a self, c: usize) -> impl Iterator<Item = &f64> {
[INFO] [stdout]    |                     -- lifetime `'a` declared here                  ^ this elided lifetime gets resolved as `'a`
[INFO] [stdout] 
[INFO] [stdout] 
[INFO] [stderr]     Finished `test` profile [unoptimized + debuginfo] target(s) in 0.87s
[INFO] running `Command { std: "docker" "inspect" "648612f41dcfef3613960610f7bf15e581c53a753c2ecd2744f9c60f34f6c94e", kill_on_drop: false }`
[INFO] running `Command { std: "docker" "rm" "-f" "648612f41dcfef3613960610f7bf15e581c53a753c2ecd2744f9c60f34f6c94e", kill_on_drop: false }`
[INFO] [stdout] 648612f41dcfef3613960610f7bf15e581c53a753c2ecd2744f9c60f34f6c94e
[INFO] running `Command { std: "docker" "create" "-v" "/var/lib/crater-agent-workspace/builds/worker-5-tc2/target:/opt/rustwide/target:rw,Z" "-v" "/var/lib/crater-agent-workspace/builds/worker-5-tc2/source:/opt/rustwide/workdir:ro,Z" "-v" "/var/lib/crater-agent-workspace/cargo-home:/opt/rustwide/cargo-home:ro,Z" "-v" "/var/lib/crater-agent-workspace/rustup-home:/opt/rustwide/rustup-home:ro,Z" "-e" "SOURCE_DIR=/opt/rustwide/workdir" "-e" "CARGO_TARGET_DIR=/opt/rustwide/target" "-e" "CARGO_INCREMENTAL=0" "-e" "RUST_BACKTRACE=full" "-e" "RUSTFLAGS=--cap-lints=warn" "-e" "RUSTDOCFLAGS=--cap-lints=warn" "-e" "CARGO_HOME=/opt/rustwide/cargo-home" "-e" "RUSTUP_HOME=/opt/rustwide/rustup-home" "-w" "/opt/rustwide/workdir" "-m" "1610612736" "--user" "0:0" "--network" "none" "ghcr.io/rust-lang/crates-build-env/linux@sha256:f3a9d4ad9d972b27faf3965f35b62e55ba32bbce8f20bc8fe909558a86702fde" "/opt/rustwide/cargo-home/bin/cargo" "+beta-2024-12-08" "test" "--frozen", kill_on_drop: false }`
[INFO] [stdout] 9bef01a86acca74462b841a200e058a2a3777626362ac17fab1d8e76845e0df2
[INFO] running `Command { std: "docker" "start" "-a" "9bef01a86acca74462b841a200e058a2a3777626362ac17fab1d8e76845e0df2", kill_on_drop: false }`
[INFO] [stderr] warning: elided lifetime has a name
[INFO] [stderr]   --> src/graphics/matrix.rs:83:69
[INFO] [stderr]    |
[INFO] [stderr] 83 |     pub fn row_iter<'a>(&'a self, r: usize) -> impl Iterator<Item = &f64> {
[INFO] [stderr]    |                     -- lifetime `'a` declared here                  ^ this elided lifetime gets resolved as `'a`
[INFO] [stderr]    |
[INFO] [stderr]    = note: `#[warn(elided_named_lifetimes)]` on by default
[INFO] [stderr] 
[INFO] [stderr] warning: elided lifetime has a name
[INFO] [stderr]   --> src/graphics/matrix.rs:89:69
[INFO] [stderr]    |
[INFO] [stderr] 89 |     pub fn col_iter<'a>(&'a self, c: usize) -> impl Iterator<Item = &f64> {
[INFO] [stderr]    |                     -- lifetime `'a` declared here                  ^ this elided lifetime gets resolved as `'a`
[INFO] [stdout] 
[INFO] [stderr] 
[INFO] [stdout] running 6 tests
[INFO] [stderr] warning: `w4_trans` (lib) generated 2 warnings
[INFO] [stdout] test graphics::matrix::tests::print_matrix ... ignored
[INFO] [stderr] warning: `w4_trans` (bin "w4_trans" test) generated 2 warnings (2 duplicates)
[INFO] [stderr] warning: `w4_trans` (bin "w4_trans") generated 2 warnings (2 duplicates)
[INFO] [stderr] warning: `w4_trans` (lib test) generated 2 warnings (2 duplicates)
[INFO] [stderr]     Finished `test` profile [unoptimized + debuginfo] target(s) in 0.02s
[INFO] [stderr]      Running unittests src/lib.rs (/opt/rustwide/target/debug/deps/w4_trans-669d52ea069b0248)
[INFO] [stdout] test graphics::matrix::tests::test_new_ident ... ok
[INFO] [stdout] test graphics::matrix::tests::multiple_and_mutate_b ... ok
[INFO] [stdout] test graphics::matrix::tests::multiply_with_method ... ok
[INFO] [stdout] test graphics::matrix::tests::test_inplace_ident ... ok
[INFO] [stdout] test graphics::matrix::tests::add_edge ... FAILED
[INFO] [stdout] 
[INFO] [stdout] failures:
[INFO] [stdout] 
[INFO] [stdout] ---- graphics::matrix::tests::add_edge stdout ----
[INFO] [stdout] m: Empty matrix (0 by 4)
[INFO] [stdout] Adding (1, 2, 4) and (5, 6, 7) to empty matrix
[INFO] [stdout] thread 'graphics::matrix::tests::add_edge' panicked at src/graphics/matrix.rs:69:9:
[INFO] [stdout] assertion `left == right` failed: Len of edge vec should be 6
[INFO] [stdout]   left: 6
[INFO] [stdout]  right: 3
[INFO] [stdout] stack backtrace:
[INFO] [stdout]    0:     0x5581e000be4a - std::backtrace_rs::backtrace::libunwind::trace::h8810477743020387
[INFO] [stdout]                                at /rustc/202008a1b8de96d2e5b6bc02d379db03a877d34d/library/std/src/../../backtrace/src/backtrace/libunwind.rs:116:5
[INFO] [stdout]    1:     0x5581e000be4a - std::backtrace_rs::backtrace::trace_unsynchronized::h3aa55355dd6c54a6
[INFO] [stdout]                                at /rustc/202008a1b8de96d2e5b6bc02d379db03a877d34d/library/std/src/../../backtrace/src/backtrace/mod.rs:66:5
[INFO] [stdout]    2:     0x5581e000be4a - std::sys::backtrace::_print_fmt::h8588b0f62410823f
[INFO] [stdout]                                at /rustc/202008a1b8de96d2e5b6bc02d379db03a877d34d/library/std/src/sys/backtrace.rs:66:9
[INFO] [stdout]    3:     0x5581e000be4a - <std::sys::backtrace::BacktraceLock::print::DisplayBacktrace as core::fmt::Display>::fmt::h98c26ac25ffe89bb
[INFO] [stdout]                                at /rustc/202008a1b8de96d2e5b6bc02d379db03a877d34d/library/std/src/sys/backtrace.rs:39:26
[INFO] [stdout]    4:     0x5581e0031ce3 - core::fmt::rt::Argument::fmt::hf95377f4aebd453b
[INFO] [stdout]                                at /rustc/202008a1b8de96d2e5b6bc02d379db03a877d34d/library/core/src/fmt/rt.rs:177:76
[INFO] [stdout]    5:     0x5581e0031ce3 - core::fmt::write::h0dd5f6e2238c7982
[INFO] [stdout]                                at /rustc/202008a1b8de96d2e5b6bc02d379db03a877d34d/library/core/src/fmt/mod.rs:1189:21
[INFO] [stdout]    6:     0x5581e0008fe3 - std::io::Write::write_fmt::h03bb0ca26e6faf8c
[INFO] [stdout]                                at /rustc/202008a1b8de96d2e5b6bc02d379db03a877d34d/library/std/src/io/mod.rs:1884:15
[INFO] [stdout]    7:     0x5581e000bc92 - std::sys::backtrace::BacktraceLock::print::h5c19c1c038ee186d
[INFO] [stdout]                                at /rustc/202008a1b8de96d2e5b6bc02d379db03a877d34d/library/std/src/sys/backtrace.rs:42:9
[INFO] [stdout]    8:     0x5581e000d2cd - std::panicking::default_hook::{{closure}}::h77172f079a1fcb13
[INFO] [stdout]                                at /rustc/202008a1b8de96d2e5b6bc02d379db03a877d34d/library/std/src/panicking.rs:268:22
[INFO] [stdout]    9:     0x5581e000d0d7 - std::panicking::default_hook::he5f8e3b203ccddba
[INFO] [stdout]                                at /rustc/202008a1b8de96d2e5b6bc02d379db03a877d34d/library/std/src/panicking.rs:292:9
[INFO] [stdout]   10:     0x5581dffd6a07 - <alloc::boxed::Box<F,A> as core::ops::function::Fn<Args>>::call::h7a3c7b4a1ae77f2f
[INFO] [stdout]                                at /rustc/202008a1b8de96d2e5b6bc02d379db03a877d34d/library/alloc/src/boxed.rs:1986:9
[INFO] [stdout]   11:     0x5581dffd6a07 - test::test_main::{{closure}}::hf0d3b69ae9b353d1
[INFO] [stdout]                                at /rustc/202008a1b8de96d2e5b6bc02d379db03a877d34d/library/test/src/lib.rs:134:21
[INFO] [stdout]   12:     0x5581e000d978 - <alloc::boxed::Box<F,A> as core::ops::function::Fn<Args>>::call::h6332e82e7b189abd
[INFO] [stdout]                                at /rustc/202008a1b8de96d2e5b6bc02d379db03a877d34d/library/alloc/src/boxed.rs:1986:9
[INFO] [stdout]   13:     0x5581e000d978 - std::panicking::rust_panic_with_hook::h53863d4e9018df39
[INFO] [stdout]                                at /rustc/202008a1b8de96d2e5b6bc02d379db03a877d34d/library/std/src/panicking.rs:809:13
[INFO] [stdout]   14:     0x5581e000d73a - std::panicking::begin_panic_handler::{{closure}}::h67280e6fa0757873
[INFO] [stdout]                                at /rustc/202008a1b8de96d2e5b6bc02d379db03a877d34d/library/std/src/panicking.rs:674:13
[INFO] [stdout]   15:     0x5581e000c329 - std::sys::backtrace::__rust_end_short_backtrace::h1dac3f54d6fbbeb2
[INFO] [stdout]                                at /rustc/202008a1b8de96d2e5b6bc02d379db03a877d34d/library/std/src/sys/backtrace.rs:170:18
[INFO] [stdout]   16:     0x5581e000d3cc - rust_begin_unwind
[INFO] [stdout]                                at /rustc/202008a1b8de96d2e5b6bc02d379db03a877d34d/library/std/src/panicking.rs:665:5
[INFO] [stdout]   17:     0x5581dff94a90 - core::panicking::panic_fmt::h6792bd1b2bf01041
[INFO] [stdout]                                at /rustc/202008a1b8de96d2e5b6bc02d379db03a877d34d/library/core/src/panicking.rs:76:14
[INFO] [stdout]   18:     0x5581dff94e5b - core::panicking::assert_failed_inner::hf2c17e6d30928787
[INFO] [stdout]   19:     0x5581dff97ba4 - core::panicking::assert_failed::hf6de0231db69b702
[INFO] [stdout]                                at /rustc/202008a1b8de96d2e5b6bc02d379db03a877d34d/library/core/src/panicking.rs:373:5
[INFO] [stdout]   20:     0x5581dff9a1fb - w4_trans::graphics::matrix::Matrix::append_edge::ha20a5fa3017cadab
[INFO] [stdout]                                at /opt/rustwide/workdir/src/graphics/matrix.rs:69:9
[INFO] [stdout]   21:     0x5581dff9bb5c - w4_trans::graphics::matrix::tests::add_edge::hfa56e9d5a2825019
[INFO] [stdout]                                at /opt/rustwide/workdir/src/graphics/matrix.rs:297:9
[INFO] [stdout]   22:     0x5581dff9b997 - w4_trans::graphics::matrix::tests::add_edge::{{closure}}::h42c346aa7b6ed838
[INFO] [stdout]                                at /opt/rustwide/workdir/src/graphics/matrix.rs:293:18
[INFO] [stdout]   23:     0x5581dff96e16 - core::ops::function::FnOnce::call_once::he94353ceb33854ba
[INFO] [stdout]                                at /rustc/202008a1b8de96d2e5b6bc02d379db03a877d34d/library/core/src/ops/function.rs:250:5
[INFO] [stdout]   24:     0x5581dffdb52b - core::ops::function::FnOnce::call_once::h871bf86719ec9aa4
[INFO] [stdout]                                at /rustc/202008a1b8de96d2e5b6bc02d379db03a877d34d/library/core/src/ops/function.rs:250:5
[INFO] [stdout]   25:     0x5581dffdb52b - test::__rust_begin_short_backtrace::h2167df1e2b7d76fd
[INFO] [stdout]                                at /rustc/202008a1b8de96d2e5b6bc02d379db03a877d34d/library/test/src/lib.rs:632:18
[INFO] [stdout]   26:     0x5581dffdaf18 - test::run_test_in_process::{{closure}}::h15d92f75a3adfb79
[INFO] [stdout]                                at /rustc/202008a1b8de96d2e5b6bc02d379db03a877d34d/library/test/src/lib.rs:655:60
[INFO] [stdout]   27:     0x5581dffdaf18 - <core::panic::unwind_safe::AssertUnwindSafe<F> as core::ops::function::FnOnce<()>>::call_once::hb6c8955835a8dbbb
[INFO] [stdout]                                at /rustc/202008a1b8de96d2e5b6bc02d379db03a877d34d/library/core/src/panic/unwind_safe.rs:272:9
[INFO] [stdout]   28:     0x5581dffdaf18 - std::panicking::try::do_call::hc79d0fc888a0bd30
[INFO] [stdout]                                at /rustc/202008a1b8de96d2e5b6bc02d379db03a877d34d/library/std/src/panicking.rs:557:40
[INFO] [stdout]   29:     0x5581dffdaf18 - std::panicking::try::hb8a7878e3a8589d6
[INFO] [stdout]                                at /rustc/202008a1b8de96d2e5b6bc02d379db03a877d34d/library/std/src/panicking.rs:520:19
[INFO] [stdout]   30:     0x5581dffdaf18 - std::panic::catch_unwind::hb8e4600ff0ff5cfa
[INFO] [stdout]                                at /rustc/202008a1b8de96d2e5b6bc02d379db03a877d34d/library/std/src/panic.rs:358:14
[INFO] [stdout]   31:     0x5581dffdaf18 - test::run_test_in_process::hc2900b0b18688dd6
[INFO] [stdout]                                at /rustc/202008a1b8de96d2e5b6bc02d379db03a877d34d/library/test/src/lib.rs:655:27
[INFO] [stdout]   32:     0x5581dffdaf18 - test::run_test::{{closure}}::hac2a9cb07be3d48d
[INFO] [stdout]                                at /rustc/202008a1b8de96d2e5b6bc02d379db03a877d34d/library/test/src/lib.rs:576:43
[INFO] [stdout]   33:     0x5581dff9e9ba - test::run_test::{{closure}}::h4a5b729e66a38cd8
[INFO] [stdout]                                at /rustc/202008a1b8de96d2e5b6bc02d379db03a877d34d/library/test/src/lib.rs:606:41
[INFO] [stdout]   34:     0x5581dff9e9ba - std::sys::backtrace::__rust_begin_short_backtrace::h0496fb742492f573
[INFO] [stdout]                                at /rustc/202008a1b8de96d2e5b6bc02d379db03a877d34d/library/std/src/sys/backtrace.rs:154:18
[INFO] [stdout]   35:     0x5581dffa2334 - std::thread::Builder::spawn_unchecked_::{{closure}}::{{closure}}::hbb6d257c550a54bd
[INFO] [stdout]                                at /rustc/202008a1b8de96d2e5b6bc02d379db03a877d34d/library/std/src/thread/mod.rs:561:17
[INFO] [stdout]   36:     0x5581dffa2334 - <core::panic::unwind_safe::AssertUnwindSafe<F> as core::ops::function::FnOnce<()>>::call_once::h46696fe4a6832328
[INFO] [stdout]                                at /rustc/202008a1b8de96d2e5b6bc02d379db03a877d34d/library/core/src/panic/unwind_safe.rs:272:9
[INFO] [stdout]   37:     0x5581dffa2334 - std::panicking::try::do_call::h2625a51b667bfb64
[INFO] [stdout]                                at /rustc/202008a1b8de96d2e5b6bc02d379db03a877d34d/library/std/src/panicking.rs:557:40
[INFO] [stdout]   38:     0x5581dffa2334 - std::panicking::try::hb956a59a1973aa4c
[INFO] [stdout]                                at /rustc/202008a1b8de96d2e5b6bc02d379db03a877d34d/library/std/src/panicking.rs:520:19
[INFO] [stdout]   39:     0x5581dffa2334 - std::panic::catch_unwind::h64f3b9d1067ef6a0
[INFO] [stdout]                                at /rustc/202008a1b8de96d2e5b6bc02d379db03a877d34d/library/std/src/panic.rs:358:14
[INFO] [stdout]   40:     0x5581dffa2334 - std::thread::Builder::spawn_unchecked_::{{closure}}::h42b2841295b6c0b2
[INFO] [stdout]                                at /rustc/202008a1b8de96d2e5b6bc02d379db03a877d34d/library/std/src/thread/mod.rs:559:30
[INFO] [stdout]   41:     0x5581dffa2334 - core::ops::function::FnOnce::call_once{{vtable.shim}}::h6127de71b8124639
[INFO] [stdout]                                at /rustc/202008a1b8de96d2e5b6bc02d379db03a877d34d/library/core/src/ops/function.rs:250:5
[INFO] [stdout]   42:     0x5581e00118bb - <alloc::boxed::Box<F,A> as core::ops::function::FnOnce<Args>>::call_once::h42f0ba71002a1b2c
[INFO] [stdout]                                at /rustc/202008a1b8de96d2e5b6bc02d379db03a877d34d/library/alloc/src/boxed.rs:1972:9
[INFO] [stdout]   43:     0x5581e00118bb - <alloc::boxed::Box<F,A> as core::ops::function::FnOnce<Args>>::call_once::had9e47d7a3dcecb8
[INFO] [stdout]                                at /rustc/202008a1b8de96d2e5b6bc02d379db03a877d34d/library/alloc/src/boxed.rs:1972:9
[INFO] [stdout]   44:     0x5581e00118bb - std::sys::pal::unix::thread::Thread::new::thread_start::h48cf765408f6f5f2
[INFO] [stdout]                                at /rustc/202008a1b8de96d2e5b6bc02d379db03a877d34d/library/std/src/sys/pal/unix/thread.rs:105:17
[INFO] [stdout]   45:     0x7a0a89738ac3 - <unknown>
[INFO] [stdout]   46:     0x7a0a897c9a04 - clone
[INFO] [stdout]   47:                0x0 - <unknown>
[INFO] [stdout] 
[INFO] [stdout] 
[INFO] [stdout] failures:
[INFO] [stdout]     graphics::matrix::tests::add_edge
[INFO] [stdout] 
[INFO] [stdout] test result: FAILED. 4 passed; 1 failed; 1 ignored; 0 measured; 0 filtered out; finished in 0.03s
[INFO] [stdout] 
[INFO] [stderr] error: test failed, to rerun pass `--lib`
[INFO] running `Command { std: "docker" "inspect" "9bef01a86acca74462b841a200e058a2a3777626362ac17fab1d8e76845e0df2", kill_on_drop: false }`
[INFO] running `Command { std: "docker" "rm" "-f" "9bef01a86acca74462b841a200e058a2a3777626362ac17fab1d8e76845e0df2", kill_on_drop: false }`
[INFO] [stdout] 9bef01a86acca74462b841a200e058a2a3777626362ac17fab1d8e76845e0df2
