[INFO] cloning repository https://github.com/rskntroot/r53-ddns
[INFO] running `Command { std: "git" "-c" "credential.helper=" "-c" "credential.helper=/workspace/cargo-home/bin/git-credential-null" "clone" "--bare" "https://github.com/rskntroot/r53-ddns" "/workspace/cache/git-repos/https%3A%2F%2Fgithub.com%2Frskntroot%2Fr53-ddns", kill_on_drop: false }`
[INFO] [stderr] Cloning into bare repository '/workspace/cache/git-repos/https%3A%2F%2Fgithub.com%2Frskntroot%2Fr53-ddns'...
[INFO] running `Command { std: "git" "rev-parse" "HEAD", kill_on_drop: false }`
[INFO] [stdout] 0859834a51ccf627a9f46886ed4e18162f347fc2
[INFO] testing rskntroot/r53-ddns against beta-2024-12-08 for beta-1.84.0-4-retry
[INFO] running `Command { std: "git" "clone" "/workspace/cache/git-repos/https%3A%2F%2Fgithub.com%2Frskntroot%2Fr53-ddns" "/workspace/builds/worker-4-tc2/source", kill_on_drop: false }`
[INFO] [stderr] Cloning into '/workspace/builds/worker-4-tc2/source'...
[INFO] [stderr] done.
[INFO] validating manifest of git repo https://github.com/rskntroot/r53-ddns on toolchain beta-2024-12-08
[INFO] running `Command { std: CARGO_HOME="/workspace/cargo-home" RUSTUP_HOME="/workspace/rustup-home" "/workspace/cargo-home/bin/cargo" "+beta-2024-12-08" "metadata" "--manifest-path" "Cargo.toml" "--no-deps", kill_on_drop: false }`
[INFO] started tweaking git repo https://github.com/rskntroot/r53-ddns
[INFO] finished tweaking git repo https://github.com/rskntroot/r53-ddns
[INFO] tweaked toml for git repo https://github.com/rskntroot/r53-ddns written to /workspace/builds/worker-4-tc2/source/Cargo.toml
[INFO] crate git repo https://github.com/rskntroot/r53-ddns already has a lockfile, it will not be regenerated
[INFO] running `Command { std: CARGO_HOME="/workspace/cargo-home" RUSTUP_HOME="/workspace/rustup-home" "/workspace/cargo-home/bin/cargo" "+beta-2024-12-08" "fetch" "--manifest-path" "Cargo.toml", kill_on_drop: false }`
[INFO] running `Command { std: "docker" "create" "-v" "/var/lib/crater-agent-workspace/builds/worker-4-tc2/target:/opt/rustwide/target:rw,Z" "-v" "/var/lib/crater-agent-workspace/builds/worker-4-tc2/source:/opt/rustwide/workdir:ro,Z" "-v" "/var/lib/crater-agent-workspace/cargo-home:/opt/rustwide/cargo-home:ro,Z" "-v" "/var/lib/crater-agent-workspace/rustup-home:/opt/rustwide/rustup-home:ro,Z" "-e" "SOURCE_DIR=/opt/rustwide/workdir" "-e" "CARGO_TARGET_DIR=/opt/rustwide/target" "-e" "CARGO_HOME=/opt/rustwide/cargo-home" "-e" "RUSTUP_HOME=/opt/rustwide/rustup-home" "-w" "/opt/rustwide/workdir" "-m" "1610612736" "--user" "0:0" "--network" "none" "ghcr.io/rust-lang/crates-build-env/linux@sha256:f3a9d4ad9d972b27faf3965f35b62e55ba32bbce8f20bc8fe909558a86702fde" "/opt/rustwide/cargo-home/bin/cargo" "+beta-2024-12-08" "metadata" "--no-deps" "--format-version=1", kill_on_drop: false }`
[INFO] [stdout] cc3cdbb891798bdb1968b872925f02efb4e3fa8077fc6eb1b9ac7f531c7b0f86
[INFO] running `Command { std: "docker" "start" "-a" "cc3cdbb891798bdb1968b872925f02efb4e3fa8077fc6eb1b9ac7f531c7b0f86", kill_on_drop: false }`
[INFO] running `Command { std: "docker" "inspect" "cc3cdbb891798bdb1968b872925f02efb4e3fa8077fc6eb1b9ac7f531c7b0f86", kill_on_drop: false }`
[INFO] running `Command { std: "docker" "rm" "-f" "cc3cdbb891798bdb1968b872925f02efb4e3fa8077fc6eb1b9ac7f531c7b0f86", kill_on_drop: false }`
[INFO] [stdout] cc3cdbb891798bdb1968b872925f02efb4e3fa8077fc6eb1b9ac7f531c7b0f86
[INFO] running `Command { std: "docker" "create" "-v" "/var/lib/crater-agent-workspace/builds/worker-4-tc2/target:/opt/rustwide/target:rw,Z" "-v" "/var/lib/crater-agent-workspace/builds/worker-4-tc2/source:/opt/rustwide/workdir:ro,Z" "-v" "/var/lib/crater-agent-workspace/cargo-home:/opt/rustwide/cargo-home:ro,Z" "-v" "/var/lib/crater-agent-workspace/rustup-home:/opt/rustwide/rustup-home:ro,Z" "-e" "SOURCE_DIR=/opt/rustwide/workdir" "-e" "CARGO_TARGET_DIR=/opt/rustwide/target" "-e" "CARGO_INCREMENTAL=0" "-e" "RUST_BACKTRACE=full" "-e" "RUSTFLAGS=--cap-lints=warn" "-e" "RUSTDOCFLAGS=--cap-lints=warn" "-e" "CARGO_HOME=/opt/rustwide/cargo-home" "-e" "RUSTUP_HOME=/opt/rustwide/rustup-home" "-w" "/opt/rustwide/workdir" "-m" "1610612736" "--user" "0:0" "--network" "none" "ghcr.io/rust-lang/crates-build-env/linux@sha256:f3a9d4ad9d972b27faf3965f35b62e55ba32bbce8f20bc8fe909558a86702fde" "/opt/rustwide/cargo-home/bin/cargo" "+beta-2024-12-08" "build" "--frozen" "--message-format=json", kill_on_drop: false }`
[INFO] [stdout] 8a0093d87fbd37479b1b7c2f345b7703c54b961d55301d98bad855235c720e06
[INFO] running `Command { std: "docker" "start" "-a" "8a0093d87fbd37479b1b7c2f345b7703c54b961d55301d98bad855235c720e06", kill_on_drop: false }`
[INFO] [stderr]    Compiling libc v0.2.155
[INFO] [stderr]    Compiling proc-macro2 v1.0.86
[INFO] [stderr]    Compiling unicode-ident v1.0.12
[INFO] [stderr]    Compiling autocfg v1.3.0
[INFO] [stderr]    Compiling bytes v1.6.1
[INFO] [stderr]    Compiling pin-project-lite v0.2.14
[INFO] [stderr]    Compiling parking_lot_core v0.9.10
[INFO] [stderr]    Compiling scopeguard v1.2.0
[INFO] [stderr]    Compiling smallvec v1.13.2
[INFO] [stderr]    Compiling memchr v2.7.4
[INFO] [stderr]    Compiling futures-core v0.3.30
[INFO] [stderr]    Compiling futures-sink v0.3.30
[INFO] [stderr]    Compiling itoa v1.0.11
[INFO] [stderr]    Compiling futures-task v0.3.30
[INFO] [stderr]    Compiling futures-io v0.3.30
[INFO] [stderr]    Compiling pin-utils v0.1.0
[INFO] [stderr]    Compiling fnv v1.0.7
[INFO] [stderr]    Compiling once_cell v1.19.0
[INFO] [stderr]    Compiling cc v1.1.6
[INFO] [stderr]    Compiling ryu v1.0.18
[INFO] [stderr]    Compiling powerfmt v0.2.0
[INFO] [stderr]    Compiling num-conv v0.1.0
[INFO] [stderr]    Compiling vsimd v0.8.0
[INFO] [stderr]    Compiling outref v0.5.1
[INFO] [stderr]    Compiling deranged v0.3.11
[INFO] [stderr]    Compiling either v1.13.0
[INFO] [stderr]    Compiling time-core v0.1.2
[INFO] [stderr]    Compiling hashbrown v0.14.5
[INFO] [stderr]    Compiling equivalent v1.0.1
[INFO] [stderr]    Compiling version_check v0.9.5
[INFO] [stderr]    Compiling typenum v1.17.0
[INFO] [stderr]    Compiling log v0.4.22
[INFO] [stderr]    Compiling percent-encoding v2.3.1
[INFO] [stderr]    Compiling futures-channel v0.3.30
[INFO] [stderr]    Compiling httparse v1.9.4
[INFO] [stderr]    Compiling tracing-core v0.1.32
[INFO] [stderr]    Compiling lock_api v0.4.12
[INFO] [stderr]    Compiling slab v0.4.9
[INFO] [stderr]    Compiling num-traits v0.2.19
[INFO] [stderr]    Compiling try-lock v0.2.5
[INFO] [stderr]    Compiling base64-simd v0.8.0
[INFO] [stderr]    Compiling http v1.1.0
[INFO] [stderr]    Compiling http v0.2.12
[INFO] [stderr]    Compiling bytes-utils v0.1.4
[INFO] [stderr]    Compiling indexmap v2.2.6
[INFO] [stderr]    Compiling signal-hook-registry v1.4.2
[INFO] [stderr]    Compiling quote v1.0.36
[INFO] [stderr]    Compiling socket2 v0.5.7
[INFO] [stderr]    Compiling mio v1.0.1
[INFO] [stderr]    Compiling futures-util v0.3.30
[INFO] [stderr]    Compiling getrandom v0.2.15
[INFO] [stderr]    Compiling parking_lot v0.12.3
[INFO] [stderr]    Compiling syn v2.0.72
[INFO] [stderr]    Compiling time v0.3.36
[INFO] [stderr]    Compiling generic-array v0.14.7
[INFO] [stderr]    Compiling http-body v0.4.6
[INFO] [stderr]    Compiling want v0.3.1
[INFO] [stderr]    Compiling form_urlencoded v1.2.1
[INFO] [stderr]    Compiling spin v0.9.8
[INFO] [stderr]    Compiling ring v0.17.8
[INFO] [stderr]    Compiling tower-service v0.3.2
[INFO] [stderr]    Compiling semver v1.0.23
[INFO] [stderr]    Compiling zeroize v1.8.1
[INFO] [stderr]    Compiling untrusted v0.9.0
[INFO] [stderr]    Compiling openssl-probe v0.1.5
[INFO] [stderr]    Compiling vcpkg v0.2.15
[INFO] [stderr]    Compiling rustls v0.21.12
[INFO] [stderr]    Compiling subtle v2.6.1
[INFO] [stderr]    Compiling http-body v1.0.1
[INFO] [stderr]    Compiling pkg-config v0.3.30
[INFO] [stderr]    Compiling base64 v0.21.7
[INFO] [stderr]    Compiling cpufeatures v0.2.12
[INFO] [stderr]    Compiling httpdate v1.0.3
[INFO] [stderr]    Compiling unicode-normalization v0.1.23
[INFO] [stderr]    Compiling fastrand v2.1.0
[INFO] [stderr]    Compiling hex v0.4.3
[INFO] [stderr]    Compiling unicode-bidi v0.3.15
[INFO] [stderr]    Compiling rustls-pemfile v1.0.4
[INFO] [stderr]    Compiling num-integer v0.1.46
[INFO] [stderr]    Compiling rustls-native-certs v0.6.3
[INFO] [stderr]    Compiling rustc_version v0.4.0
[INFO] [stderr]    Compiling foreign-types-shared v0.1.1
[INFO] [stderr]    Compiling openssl v0.10.66
[INFO] [stderr]    Compiling uuid v1.10.0
[INFO] [stderr]    Compiling foreign-types v0.3.2
[INFO] [stderr]    Compiling idna v0.5.0
[INFO] [stderr]    Compiling atomic-waker v1.1.2
[INFO] [stderr]    Compiling serde v1.0.204
[INFO] [stderr]    Compiling regex-lite v0.1.6
[INFO] [stderr]    Compiling native-tls v0.2.12
[INFO] [stderr]    Compiling aws-types v1.3.3
[INFO] [stderr]    Compiling anstyle-parse v0.2.5
[INFO] [stderr]    Compiling rand_core v0.6.4
[INFO] [stderr]    Compiling aho-corasick v1.1.3
[INFO] [stderr]    Compiling anstyle-query v1.1.1
[INFO] [stderr]    Compiling tower-layer v0.3.2
[INFO] [stderr]    Compiling openssl-sys v0.9.103
[INFO] [stderr]    Compiling xmlparser v0.13.6
[INFO] [stderr]    Compiling ppv-lite86 v0.2.17
[INFO] [stderr]    Compiling crypto-common v0.1.6
[INFO] [stderr]    Compiling block-buffer v0.10.4
[INFO] [stderr]    Compiling anstyle v1.0.8
[INFO] [stderr]    Compiling regex-syntax v0.8.4
[INFO] [stderr]    Compiling colorchoice v1.0.2
[INFO] [stderr]    Compiling thiserror v1.0.63
[INFO] [stderr]    Compiling url v2.5.2
[INFO] [stderr]    Compiling digest v0.10.7
[INFO] [stderr]    Compiling aws-smithy-xml v0.60.8
[INFO] [stderr]    Compiling rand_chacha v0.3.1
[INFO] [stderr]    Compiling sha2 v0.10.8
[INFO] [stderr]    Compiling hmac v0.12.1
[INFO] [stderr]    Compiling anstream v0.6.15
[INFO] [stderr]    Compiling urlencoding v2.1.3
[INFO] [stderr]    Compiling heck v0.4.1
[INFO] [stderr]    Compiling serde_json v1.0.120
[INFO] [stderr]    Compiling match_cfg v0.1.0
[INFO] [stderr]    Compiling ipnet v2.9.0
[INFO] [stderr]    Compiling hostname v0.3.1
[INFO] [stderr]    Compiling rand v0.8.5
[INFO] [stderr]    Compiling idna v0.4.0
[INFO] [stderr]    Compiling data-encoding v2.6.0
[INFO] [stderr]    Compiling base64 v0.22.1
[INFO] [stderr]    Compiling linked-hash-map v0.5.6
[INFO] [stderr]    Compiling quick-error v1.2.3
[INFO] [stderr]    Compiling rustls-pki-types v1.7.0
[INFO] [stderr]    Compiling lru-cache v0.1.2
[INFO] [stderr]    Compiling regex-automata v0.4.7
[INFO] [stderr]    Compiling clap_builder v4.5.11
[INFO] [stderr]    Compiling rustls-pemfile v2.1.2
[INFO] [stderr]    Compiling http-body-util v0.1.2
[INFO] [stderr]    Compiling resolv-conf v0.7.0
[INFO] [stderr]    Compiling encoding_rs v0.8.34
[INFO] [stderr]    Compiling mime v0.3.17
[INFO] [stderr]    Compiling humantime v2.1.0
[INFO] [stderr]    Compiling sync_wrapper v1.0.1
[INFO] [stderr]    Compiling tokio-macros v2.4.0
[INFO] [stderr]    Compiling tracing-attributes v0.1.27
[INFO] [stderr]    Compiling openssl-macros v0.1.1
[INFO] [stderr]    Compiling pin-project-internal v1.1.5
[INFO] [stderr]    Compiling thiserror-impl v1.0.63
[INFO] [stderr]    Compiling enum-as-inner v0.6.0
[INFO] [stderr]    Compiling async-trait v0.1.81
[INFO] [stderr]    Compiling clap_derive v4.5.11
[INFO] [stderr]    Compiling serde_urlencoded v0.7.1
[INFO] [stderr]    Compiling tokio v1.39.1
[INFO] [stderr]    Compiling sct v0.7.1
[INFO] [stderr]    Compiling rustls-webpki v0.101.7
[INFO] [stderr]    Compiling pin-project v1.1.5
[INFO] [stderr]    Compiling regex v1.10.5
[INFO] [stderr]    Compiling tracing v0.1.40
[INFO] [stderr]    Compiling env_filter v0.1.2
[INFO] [stderr]    Compiling env_logger v0.11.5
[INFO] [stderr]    Compiling clap v4.5.11
[INFO] [stderr]    Compiling tokio-util v0.7.11
[INFO] [stderr]    Compiling aws-smithy-async v1.2.1
[INFO] [stderr]    Compiling tokio-rustls v0.24.1
[INFO] [stderr]    Compiling tower v0.4.13
[INFO] [stderr]    Compiling tokio-native-tls v0.3.1
[INFO] [stderr]    Compiling trust-dns-proto v0.23.2
[INFO] [stderr]    Compiling aws-smithy-types v1.2.0
[INFO] [stderr]    Compiling h2 v0.3.26
[INFO] [stderr]    Compiling h2 v0.4.5
[INFO] [stderr]    Compiling aws-smithy-runtime-api v1.7.1
[INFO] [stderr]    Compiling aws-smithy-json v0.60.7
[INFO] [stderr]    Compiling aws-smithy-query v0.60.7
[INFO] [stderr]    Compiling aws-credential-types v1.2.0
[INFO] [stderr]    Compiling aws-smithy-http v0.60.9
[INFO] [stderr]    Compiling aws-sigv4 v1.2.3
[INFO] [stderr]    Compiling trust-dns-resolver v0.23.2
[INFO] [stderr]    Compiling aws-runtime v1.3.1
[INFO] [stderr]    Compiling hyper v0.14.30
[INFO] [stderr]    Compiling hyper v1.4.1
[INFO] [stderr]    Compiling hyper-util v0.1.6
[INFO] [stderr]    Compiling hyper-tls v0.6.0
[INFO] [stderr]    Compiling reqwest v0.12.5
[INFO] [stderr]    Compiling hyper-rustls v0.24.2
[INFO] [stderr]    Compiling aws-smithy-runtime v1.6.2
[INFO] [stderr]    Compiling aws-sdk-ssooidc v1.37.0
[INFO] [stderr]    Compiling aws-sdk-sso v1.36.0
[INFO] [stderr]    Compiling aws-sdk-sts v1.36.0
[INFO] [stderr]    Compiling aws-sdk-route53 v1.37.0
[INFO] [stderr]    Compiling aws-config v1.5.4
[INFO] [stderr]    Compiling r53-ddns v0.1.0 (/opt/rustwide/workdir)
[INFO] [stderr]     Finished `dev` profile [unoptimized + debuginfo] target(s) in 1m 14s
[INFO] running `Command { std: "docker" "inspect" "8a0093d87fbd37479b1b7c2f345b7703c54b961d55301d98bad855235c720e06", kill_on_drop: false }`
[INFO] running `Command { std: "docker" "rm" "-f" "8a0093d87fbd37479b1b7c2f345b7703c54b961d55301d98bad855235c720e06", kill_on_drop: false }`
[INFO] [stdout] 8a0093d87fbd37479b1b7c2f345b7703c54b961d55301d98bad855235c720e06
[INFO] running `Command { std: "docker" "create" "-v" "/var/lib/crater-agent-workspace/builds/worker-4-tc2/target:/opt/rustwide/target:rw,Z" "-v" "/var/lib/crater-agent-workspace/builds/worker-4-tc2/source:/opt/rustwide/workdir:ro,Z" "-v" "/var/lib/crater-agent-workspace/cargo-home:/opt/rustwide/cargo-home:ro,Z" "-v" "/var/lib/crater-agent-workspace/rustup-home:/opt/rustwide/rustup-home:ro,Z" "-e" "SOURCE_DIR=/opt/rustwide/workdir" "-e" "CARGO_TARGET_DIR=/opt/rustwide/target" "-e" "CARGO_INCREMENTAL=0" "-e" "RUST_BACKTRACE=full" "-e" "RUSTFLAGS=--cap-lints=warn" "-e" "RUSTDOCFLAGS=--cap-lints=warn" "-e" "CARGO_HOME=/opt/rustwide/cargo-home" "-e" "RUSTUP_HOME=/opt/rustwide/rustup-home" "-w" "/opt/rustwide/workdir" "-m" "1610612736" "--user" "0:0" "--network" "none" "ghcr.io/rust-lang/crates-build-env/linux@sha256:f3a9d4ad9d972b27faf3965f35b62e55ba32bbce8f20bc8fe909558a86702fde" "/opt/rustwide/cargo-home/bin/cargo" "+beta-2024-12-08" "test" "--frozen" "--no-run" "--message-format=json", kill_on_drop: false }`
[INFO] [stdout] 7a2b483828dad25a4b87921bede7b64de8a0085c15c9702205eb74617799d1c8
[INFO] running `Command { std: "docker" "start" "-a" "7a2b483828dad25a4b87921bede7b64de8a0085c15c9702205eb74617799d1c8", kill_on_drop: false }`
[INFO] [stderr]    Compiling r53-ddns v0.1.0 (/opt/rustwide/workdir)
[INFO] [stderr]     Finished `test` profile [unoptimized + debuginfo] target(s) in 17.74s
[INFO] running `Command { std: "docker" "inspect" "7a2b483828dad25a4b87921bede7b64de8a0085c15c9702205eb74617799d1c8", kill_on_drop: false }`
[INFO] running `Command { std: "docker" "rm" "-f" "7a2b483828dad25a4b87921bede7b64de8a0085c15c9702205eb74617799d1c8", kill_on_drop: false }`
[INFO] [stdout] 7a2b483828dad25a4b87921bede7b64de8a0085c15c9702205eb74617799d1c8
[INFO] running `Command { std: "docker" "create" "-v" "/var/lib/crater-agent-workspace/builds/worker-4-tc2/target:/opt/rustwide/target:rw,Z" "-v" "/var/lib/crater-agent-workspace/builds/worker-4-tc2/source:/opt/rustwide/workdir:ro,Z" "-v" "/var/lib/crater-agent-workspace/cargo-home:/opt/rustwide/cargo-home:ro,Z" "-v" "/var/lib/crater-agent-workspace/rustup-home:/opt/rustwide/rustup-home:ro,Z" "-e" "SOURCE_DIR=/opt/rustwide/workdir" "-e" "CARGO_TARGET_DIR=/opt/rustwide/target" "-e" "CARGO_INCREMENTAL=0" "-e" "RUST_BACKTRACE=full" "-e" "RUSTFLAGS=--cap-lints=warn" "-e" "RUSTDOCFLAGS=--cap-lints=warn" "-e" "CARGO_HOME=/opt/rustwide/cargo-home" "-e" "RUSTUP_HOME=/opt/rustwide/rustup-home" "-w" "/opt/rustwide/workdir" "-m" "1610612736" "--user" "0:0" "--network" "none" "ghcr.io/rust-lang/crates-build-env/linux@sha256:f3a9d4ad9d972b27faf3965f35b62e55ba32bbce8f20bc8fe909558a86702fde" "/opt/rustwide/cargo-home/bin/cargo" "+beta-2024-12-08" "test" "--frozen", kill_on_drop: false }`
[INFO] [stdout] 8a4e4bc4ed70abe462bda7a5c999bc0ad3f1ea6312b1518759ae7c6d464c7b6a
[INFO] running `Command { std: "docker" "start" "-a" "8a4e4bc4ed70abe462bda7a5c999bc0ad3f1ea6312b1518759ae7c6d464c7b6a", kill_on_drop: false }`
[INFO] [stderr]     Finished `test` profile [unoptimized + debuginfo] target(s) in 0.53s
[INFO] [stderr]      Running unittests src/main.rs (/opt/rustwide/target/debug/deps/r53_ddns-ef27b29f763d9264)
[INFO] [stdout] 
[INFO] [stdout] running 2 tests
[INFO] [stdout] test dns::unit::test_is_addr_current ... FAILED
[INFO] [stdout] test unit::test_get_public_ip ... FAILED
[INFO] [stdout] 
[INFO] [stdout] failures:
[INFO] [stdout] 
[INFO] [stdout] ---- dns::unit::test_is_addr_current stdout ----
[INFO] [stdout] thread 'dns::unit::test_is_addr_current' panicked at src/dns.rs:48:59:
[INFO] [stdout] called `Result::unwrap()` on an `Err` value: ResolveError { kind: Proto(ProtoError { kind: Io(Os { code: 101, kind: NetworkUnreachable, message: "Network is unreachable" }) }) }
[INFO] [stdout] stack backtrace:
[INFO] [stdout]    0:     0x58912b209c5a - std::backtrace_rs::backtrace::libunwind::trace::h8810477743020387
[INFO] [stdout]                                at /rustc/202008a1b8de96d2e5b6bc02d379db03a877d34d/library/std/src/../../backtrace/src/backtrace/libunwind.rs:116:5
[INFO] [stdout]    1:     0x58912b209c5a - std::backtrace_rs::backtrace::trace_unsynchronized::h3aa55355dd6c54a6
[INFO] [stdout]                                at /rustc/202008a1b8de96d2e5b6bc02d379db03a877d34d/library/std/src/../../backtrace/src/backtrace/mod.rs:66:5
[INFO] [stdout]    2:     0x58912b209c5a - std::sys::backtrace::_print_fmt::h8588b0f62410823f
[INFO] [stdout]                                at /rustc/202008a1b8de96d2e5b6bc02d379db03a877d34d/library/std/src/sys/backtrace.rs:66:9
[INFO] [stdout]    3:     0x58912b209c5a - <std::sys::backtrace::BacktraceLock::print::DisplayBacktrace as core::fmt::Display>::fmt::h98c26ac25ffe89bb
[INFO] [stdout]                                at /rustc/202008a1b8de96d2e5b6bc02d379db03a877d34d/library/std/src/sys/backtrace.rs:39:26
[INFO] [stdout]    4:     0x58912b2336e3 - core::fmt::rt::Argument::fmt::hf95377f4aebd453b
[INFO] [stdout]                                at /rustc/202008a1b8de96d2e5b6bc02d379db03a877d34d/library/core/src/fmt/rt.rs:177:76
[INFO] [stdout]    5:     0x58912b2336e3 - core::fmt::write::h0dd5f6e2238c7982
[INFO] [stdout]                                at /rustc/202008a1b8de96d2e5b6bc02d379db03a877d34d/library/core/src/fmt/mod.rs:1189:21
[INFO] [stdout]    6:     0x58912b206213 - std::io::Write::write_fmt::h03bb0ca26e6faf8c
[INFO] [stdout]                                at /rustc/202008a1b8de96d2e5b6bc02d379db03a877d34d/library/std/src/io/mod.rs:1884:15
[INFO] [stdout]    7:     0x58912b209aa2 - std::sys::backtrace::BacktraceLock::print::h5c19c1c038ee186d
[INFO] [stdout]                                at /rustc/202008a1b8de96d2e5b6bc02d379db03a877d34d/library/std/src/sys/backtrace.rs:42:9
[INFO] [stdout]    8:     0x58912b20b0dd - std::panicking::default_hook::{{closure}}::h77172f079a1fcb13
[INFO] [stdout]                                at /rustc/202008a1b8de96d2e5b6bc02d379db03a877d34d/library/std/src/panicking.rs:268:22
[INFO] [stdout]    9:     0x58912b20aee7 - std::panicking::default_hook::he5f8e3b203ccddba
[INFO] [stdout]                                at /rustc/202008a1b8de96d2e5b6bc02d379db03a877d34d/library/std/src/panicking.rs:292:9
[INFO] [stdout]   10:     0x58912ac618a7 - <alloc::boxed::Box<F,A> as core::ops::function::Fn<Args>>::call::h7a3c7b4a1ae77f2f
[INFO] [stdout]                                at /rustc/202008a1b8de96d2e5b6bc02d379db03a877d34d/library/alloc/src/boxed.rs:1986:9
[INFO] [stdout]   11:     0x58912ac618a7 - test::test_main::{{closure}}::hf0d3b69ae9b353d1
[INFO] [stdout]                                at /rustc/202008a1b8de96d2e5b6bc02d379db03a877d34d/library/test/src/lib.rs:134:21
[INFO] [stdout]   12:     0x58912b20b788 - <alloc::boxed::Box<F,A> as core::ops::function::Fn<Args>>::call::h6332e82e7b189abd
[INFO] [stdout]                                at /rustc/202008a1b8de96d2e5b6bc02d379db03a877d34d/library/alloc/src/boxed.rs:1986:9
[INFO] [stdout]   13:     0x58912b20b788 - std::panicking::rust_panic_with_hook::h53863d4e9018df39
[INFO] [stdout]                                at /rustc/202008a1b8de96d2e5b6bc02d379db03a877d34d/library/std/src/panicking.rs:809:13
[INFO] [stdout]   14:     0x58912b20b54a - std::panicking::begin_panic_handler::{{closure}}::h67280e6fa0757873
[INFO] [stdout]                                at /rustc/202008a1b8de96d2e5b6bc02d379db03a877d34d/library/std/src/panicking.rs:674:13
[INFO] [stdout]   15:     0x58912b20a139 - std::sys::backtrace::__rust_end_short_backtrace::h1dac3f54d6fbbeb2
[INFO] [stdout]                                at /rustc/202008a1b8de96d2e5b6bc02d379db03a877d34d/library/std/src/sys/backtrace.rs:170:18
[INFO] [stdout]   16:     0x58912b20b1dc - rust_begin_unwind
[INFO] [stdout]                                at /rustc/202008a1b8de96d2e5b6bc02d379db03a877d34d/library/std/src/panicking.rs:665:5
[INFO] [stdout]   17:     0x58912ac1a300 - core::panicking::panic_fmt::h6792bd1b2bf01041
[INFO] [stdout]                                at /rustc/202008a1b8de96d2e5b6bc02d379db03a877d34d/library/core/src/panicking.rs:76:14
[INFO] [stdout]   18:     0x58912ac1a7e6 - core::result::unwrap_failed::h05e0602ed34287c5
[INFO] [stdout]                                at /rustc/202008a1b8de96d2e5b6bc02d379db03a877d34d/library/core/src/result.rs:1699:5
[INFO] [stdout]   19:     0x58912ac215a1 - core::result::Result<T,E>::unwrap::h41a2b16c19b68bfb
[INFO] [stdout]                                at /rustc/202008a1b8de96d2e5b6bc02d379db03a877d34d/library/core/src/result.rs:1104:23
[INFO] [stdout]   20:     0x58912ac215a1 - r53_ddns::dns::unit::test_is_addr_current::{{closure}}::hc688261248e66946
[INFO] [stdout]                                at /opt/rustwide/workdir/src/dns.rs:48:13
[INFO] [stdout]   21:     0x58912ac1f222 - <core::pin::Pin<P> as core::future::future::Future>::poll::h8a4482b9df0954ae
[INFO] [stdout]                                at /rustc/202008a1b8de96d2e5b6bc02d379db03a877d34d/library/core/src/future/future.rs:124:9
[INFO] [stdout]   22:     0x58912ac1f29d - <core::pin::Pin<P> as core::future::future::Future>::poll::hf599f64d54a7b7b5
[INFO] [stdout]                                at /rustc/202008a1b8de96d2e5b6bc02d379db03a877d34d/library/core/src/future/future.rs:124:9
[INFO] [stdout]   23:     0x58912ac2802f - tokio::runtime::scheduler::current_thread::CoreGuard::block_on::{{closure}}::{{closure}}::{{closure}}::h628307d8e1caf236
[INFO] [stdout]                                at /opt/rustwide/cargo-home/registry/src/index.crates.io-6f17d22bba15001f/tokio-1.39.1/src/runtime/scheduler/current_thread/mod.rs:673:57
[INFO] [stdout]   24:     0x58912ac27f35 - tokio::runtime::coop::with_budget::h2fef1d8e24542773
[INFO] [stdout]                                at /opt/rustwide/cargo-home/registry/src/index.crates.io-6f17d22bba15001f/tokio-1.39.1/src/runtime/coop.rs:107:5
[INFO] [stdout]   25:     0x58912ac27f35 - tokio::runtime::coop::budget::hb4a58fdfe11681f7
[INFO] [stdout]                                at /opt/rustwide/cargo-home/registry/src/index.crates.io-6f17d22bba15001f/tokio-1.39.1/src/runtime/coop.rs:73:5
[INFO] [stdout]   26:     0x58912ac27f35 - tokio::runtime::scheduler::current_thread::CoreGuard::block_on::{{closure}}::{{closure}}::hbb39a32a5507909c
[INFO] [stdout]                                at /opt/rustwide/cargo-home/registry/src/index.crates.io-6f17d22bba15001f/tokio-1.39.1/src/runtime/scheduler/current_thread/mod.rs:673:25
[INFO] [stdout]   27:     0x58912ac25260 - tokio::runtime::scheduler::current_thread::Context::enter::h1049402f8538a1b2
[INFO] [stdout]                                at /opt/rustwide/cargo-home/registry/src/index.crates.io-6f17d22bba15001f/tokio-1.39.1/src/runtime/scheduler/current_thread/mod.rs:412:19
[INFO] [stdout]   28:     0x58912ac275de - tokio::runtime::scheduler::current_thread::CoreGuard::block_on::{{closure}}::ha5b200a987a6998f
[INFO] [stdout]                                at /opt/rustwide/cargo-home/registry/src/index.crates.io-6f17d22bba15001f/tokio-1.39.1/src/runtime/scheduler/current_thread/mod.rs:672:36
[INFO] [stdout]   29:     0x58912ac26a34 - tokio::runtime::scheduler::current_thread::CoreGuard::enter::{{closure}}::h349e5b7e891f4d7f
[INFO] [stdout]                                at /opt/rustwide/cargo-home/registry/src/index.crates.io-6f17d22bba15001f/tokio-1.39.1/src/runtime/scheduler/current_thread/mod.rs:751:68
[INFO] [stdout]   30:     0x58912ac1e36b - tokio::runtime::context::scoped::Scoped<T>::set::h061d10a705120a16
[INFO] [stdout]                                at /opt/rustwide/cargo-home/registry/src/index.crates.io-6f17d22bba15001f/tokio-1.39.1/src/runtime/context/scoped.rs:40:9
[INFO] [stdout]   31:     0x58912ac1e0a9 - tokio::runtime::context::set_scheduler::{{closure}}::hc6488a1a640f3552
[INFO] [stdout]                                at /opt/rustwide/cargo-home/registry/src/index.crates.io-6f17d22bba15001f/tokio-1.39.1/src/runtime/context.rs:180:26
[INFO] [stdout]   32:     0x58912ac1c30d - std::thread::local::LocalKey<T>::try_with::h555ff6c985b9e824
[INFO] [stdout]                                at /rustc/202008a1b8de96d2e5b6bc02d379db03a877d34d/library/std/src/thread/local.rs:283:12
[INFO] [stdout]   33:     0x58912ac1b9ea - std::thread::local::LocalKey<T>::with::h90fd1165381b73a6
[INFO] [stdout]                                at /rustc/202008a1b8de96d2e5b6bc02d379db03a877d34d/library/std/src/thread/local.rs:260:9
[INFO] [stdout]   34:     0x58912ac1e01d - tokio::runtime::context::set_scheduler::hc84b4b74ef4560cf
[INFO] [stdout]                                at /opt/rustwide/cargo-home/registry/src/index.crates.io-6f17d22bba15001f/tokio-1.39.1/src/runtime/context.rs:180:9
[INFO] [stdout]   35:     0x58912ac267e0 - tokio::runtime::scheduler::current_thread::CoreGuard::enter::h6138ebb6c8d23c90
[INFO] [stdout]                                at /opt/rustwide/cargo-home/registry/src/index.crates.io-6f17d22bba15001f/tokio-1.39.1/src/runtime/scheduler/current_thread/mod.rs:751:27
[INFO] [stdout]   36:     0x58912ac26ad3 - tokio::runtime::scheduler::current_thread::CoreGuard::block_on::haff4f80db826d9f0
[INFO] [stdout]                                at /opt/rustwide/cargo-home/registry/src/index.crates.io-6f17d22bba15001f/tokio-1.39.1/src/runtime/scheduler/current_thread/mod.rs:660:19
[INFO] [stdout]   37:     0x58912ac2482f - tokio::runtime::scheduler::current_thread::CurrentThread::block_on::{{closure}}::h0e7252a8781e1229
[INFO] [stdout]                                at /opt/rustwide/cargo-home/registry/src/index.crates.io-6f17d22bba15001f/tokio-1.39.1/src/runtime/scheduler/current_thread/mod.rs:180:28
[INFO] [stdout]   38:     0x58912ac23906 - tokio::runtime::context::runtime::enter_runtime::h1f6ac874c596b57c
[INFO] [stdout]                                at /opt/rustwide/cargo-home/registry/src/index.crates.io-6f17d22bba15001f/tokio-1.39.1/src/runtime/context/runtime.rs:65:16
[INFO] [stdout]   39:     0x58912ac24521 - tokio::runtime::scheduler::current_thread::CurrentThread::block_on::h4410c25c941d32a9
[INFO] [stdout]                                at /opt/rustwide/cargo-home/registry/src/index.crates.io-6f17d22bba15001f/tokio-1.39.1/src/runtime/scheduler/current_thread/mod.rs:168:9
[INFO] [stdout]   40:     0x58912ac1e90d - tokio::runtime::runtime::Runtime::block_on_inner::h7bc1e50a7faa57db
[INFO] [stdout]                                at /opt/rustwide/cargo-home/registry/src/index.crates.io-6f17d22bba15001f/tokio-1.39.1/src/runtime/runtime.rs:361:47
[INFO] [stdout]   41:     0x58912ac1ea25 - tokio::runtime::runtime::Runtime::block_on::h81983c142f77838b
[INFO] [stdout]                                at /opt/rustwide/cargo-home/registry/src/index.crates.io-6f17d22bba15001f/tokio-1.39.1/src/runtime/runtime.rs:335:13
[INFO] [stdout]   42:     0x58912ac211f5 - r53_ddns::dns::unit::test_is_addr_current::h22590e3221ccf867
[INFO] [stdout]                                at /opt/rustwide/workdir/src/dns.rs:47:9
[INFO] [stdout]   43:     0x58912ac21097 - r53_ddns::dns::unit::test_is_addr_current::{{closure}}::h0a306363eafbeb35
[INFO] [stdout]                                at /opt/rustwide/workdir/src/dns.rs:44:36
[INFO] [stdout]   44:     0x58912ac21ed6 - core::ops::function::FnOnce::call_once::hdb3cb31c2ea32a3b
[INFO] [stdout]                                at /rustc/202008a1b8de96d2e5b6bc02d379db03a877d34d/library/core/src/ops/function.rs:250:5
[INFO] [stdout]   45:     0x58912ac663cb - core::ops::function::FnOnce::call_once::h871bf86719ec9aa4
[INFO] [stdout]                                at /rustc/202008a1b8de96d2e5b6bc02d379db03a877d34d/library/core/src/ops/function.rs:250:5
[INFO] [stdout]   46:     0x58912ac663cb - test::__rust_begin_short_backtrace::h2167df1e2b7d76fd
[INFO] [stdout]                                at /rustc/202008a1b8de96d2e5b6bc02d379db03a877d34d/library/test/src/lib.rs:632:18
[INFO] [stdout]   47:     0x58912ac65db8 - test::run_test_in_process::{{closure}}::h15d92f75a3adfb79
[INFO] [stdout]                                at /rustc/202008a1b8de96d2e5b6bc02d379db03a877d34d/library/test/src/lib.rs:655:60
[INFO] [stdout]   48:     0x58912ac65db8 - <core::panic::unwind_safe::AssertUnwindSafe<F> as core::ops::function::FnOnce<()>>::call_once::hb6c8955835a8dbbb
[INFO] [stdout]                                at /rustc/202008a1b8de96d2e5b6bc02d379db03a877d34d/library/core/src/panic/unwind_safe.rs:272:9
[INFO] [stdout]   49:     0x58912ac65db8 - std::panicking::try::do_call::hc79d0fc888a0bd30
[INFO] [stdout]                                at /rustc/202008a1b8de96d2e5b6bc02d379db03a877d34d/library/std/src/panicking.rs:557:40
[INFO] [stdout]   50:     0x58912ac65db8 - std::panicking::try::hb8a7878e3a8589d6
[INFO] [stdout]                                at /rustc/202008a1b8de96d2e5b6bc02d379db03a877d34d/library/std/src/panicking.rs:520:19
[INFO] [stdout]   51:     0x58912ac65db8 - std::panic::catch_unwind::hb8e4600ff0ff5cfa
[INFO] [stdout]                                at /rustc/202008a1b8de96d2e5b6bc02d379db03a877d34d/library/std/src/panic.rs:358:14
[INFO] [stdout]   52:     0x58912ac65db8 - test::run_test_in_process::hc2900b0b18688dd6
[INFO] [stdout]                                at /rustc/202008a1b8de96d2e5b6bc02d379db03a877d34d/library/test/src/lib.rs:655:27
[INFO] [stdout]   53:     0x58912ac65db8 - test::run_test::{{closure}}::hac2a9cb07be3d48d
[INFO] [stdout]                                at /rustc/202008a1b8de96d2e5b6bc02d379db03a877d34d/library/test/src/lib.rs:576:43
[INFO] [stdout]   54:     0x58912ac2985a - test::run_test::{{closure}}::h4a5b729e66a38cd8
[INFO] [stdout]                                at /rustc/202008a1b8de96d2e5b6bc02d379db03a877d34d/library/test/src/lib.rs:606:41
[INFO] [stdout]   55:     0x58912ac2985a - std::sys::backtrace::__rust_begin_short_backtrace::h0496fb742492f573
[INFO] [stdout]                                at /rustc/202008a1b8de96d2e5b6bc02d379db03a877d34d/library/std/src/sys/backtrace.rs:154:18
[INFO] [stdout]   56:     0x58912ac2d1d4 - std::thread::Builder::spawn_unchecked_::{{closure}}::{{closure}}::hbb6d257c550a54bd
[INFO] [stdout]                                at /rustc/202008a1b8de96d2e5b6bc02d379db03a877d34d/library/std/src/thread/mod.rs:561:17
[INFO] [stdout]   57:     0x58912ac2d1d4 - <core::panic::unwind_safe::AssertUnwindSafe<F> as core::ops::function::FnOnce<()>>::call_once::h46696fe4a6832328
[INFO] [stdout]                                at /rustc/202008a1b8de96d2e5b6bc02d379db03a877d34d/library/core/src/panic/unwind_safe.rs:272:9
[INFO] [stdout]   58:     0x58912ac2d1d4 - std::panicking::try::do_call::h2625a51b667bfb64
[INFO] [stdout]                                at /rustc/202008a1b8de96d2e5b6bc02d379db03a877d34d/library/std/src/panicking.rs:557:40
[INFO] [stdout]   59:     0x58912ac2d1d4 - std::panicking::try::hb956a59a1973aa4c
[INFO] [stdout]                                at /rustc/202008a1b8de96d2e5b6bc02d379db03a877d34d/library/std/src/panicking.rs:520:19
[INFO] [stdout]   60:     0x58912ac2d1d4 - std::panic::catch_unwind::h64f3b9d1067ef6a0
[INFO] [stdout]                                at /rustc/202008a1b8de96d2e5b6bc02d379db03a877d34d/library/std/src/panic.rs:358:14
[INFO] [stdout]   61:     0x58912ac2d1d4 - std::thread::Builder::spawn_unchecked_::{{closure}}::h42b2841295b6c0b2
[INFO] [stdout]                                at /rustc/202008a1b8de96d2e5b6bc02d379db03a877d34d/library/std/src/thread/mod.rs:559:30
[INFO] [stdout]   62:     0x58912ac2d1d4 - core::ops::function::FnOnce::call_once{{vtable.shim}}::h6127de71b8124639
[INFO] [stdout]                                at /rustc/202008a1b8de96d2e5b6bc02d379db03a877d34d/library/core/src/ops/function.rs:250:5
[INFO] [stdout]   63:     0x58912b20fdab - <alloc::boxed::Box<F,A> as core::ops::function::FnOnce<Args>>::call_once::h42f0ba71002a1b2c
[INFO] [stdout]                                at /rustc/202008a1b8de96d2e5b6bc02d379db03a877d34d/library/alloc/src/boxed.rs:1972:9
[INFO] [stdout]   64:     0x58912b20fdab - <alloc::boxed::Box<F,A> as core::ops::function::FnOnce<Args>>::call_once::had9e47d7a3dcecb8
[INFO] [stdout]                                at /rustc/202008a1b8de96d2e5b6bc02d379db03a877d34d/library/alloc/src/boxed.rs:1972:9
[INFO] [stdout]   65:     0x58912b20fdab - std::sys::pal::unix::thread::Thread::new::thread_start::h48cf765408f6f5f2
[INFO] [stdout]                                at /rustc/202008a1b8de96d2e5b6bc02d379db03a877d34d/library/std/src/sys/pal/unix/thread.rs:105:17
[INFO] [stdout]   66:     0x7d28efaddac3 - <unknown>
[INFO] [stdout]   67:     0x7d28efb6ea04 - clone
[INFO] [stdout]   68:                0x0 - <unknown>
[INFO] [stdout] 
[INFO] [stdout] ---- unit::test_get_public_ip stdout ----
[INFO] [stdout] thread 'unit::test_get_public_ip' panicked at src/main.rs:59:43:
[INFO] [stdout] called `Result::unwrap()` on an `Err` value: reqwest::Error { kind: Request, url: Url { scheme: "http", cannot_be_a_base: false, username: "", password: None, host: Some(Domain("icanhazip.com")), port: None, path: "/", query: None, fragment: None }, source: hyper_util::client::legacy::Error(Connect, ConnectError("dns error", Custom { kind: Uncategorized, error: "failed to lookup address information: Temporary failure in name resolution" })) }
[INFO] [stdout] stack backtrace:
[INFO] [stdout]    0:     0x58912b209c5a - std::backtrace_rs::backtrace::libunwind::trace::h8810477743020387
[INFO] [stdout]                                at /rustc/202008a1b8de96d2e5b6bc02d379db03a877d34d/library/std/src/../../backtrace/src/backtrace/libunwind.rs:116:5
[INFO] [stdout]    1:     0x58912b209c5a - std::backtrace_rs::backtrace::trace_unsynchronized::h3aa55355dd6c54a6
[INFO] [stdout]                                at /rustc/202008a1b8de96d2e5b6bc02d379db03a877d34d/library/std/src/../../backtrace/src/backtrace/mod.rs:66:5
[INFO] [stdout]    2:     0x58912b209c5a - std::sys::backtrace::_print_fmt::h8588b0f62410823f
[INFO] [stdout]                                at /rustc/202008a1b8de96d2e5b6bc02d379db03a877d34d/library/std/src/sys/backtrace.rs:66:9
[INFO] [stdout]    3:     0x58912b209c5a - <std::sys::backtrace::BacktraceLock::print::DisplayBacktrace as core::fmt::Display>::fmt::h98c26ac25ffe89bb
[INFO] [stdout]                                at /rustc/202008a1b8de96d2e5b6bc02d379db03a877d34d/library/std/src/sys/backtrace.rs:39:26
[INFO] [stdout]    4:     0x58912b2336e3 - core::fmt::rt::Argument::fmt::hf95377f4aebd453b
[INFO] [stdout]                                at /rustc/202008a1b8de96d2e5b6bc02d379db03a877d34d/library/core/src/fmt/rt.rs:177:76
[INFO] [stdout]    5:     0x58912b2336e3 - core::fmt::write::h0dd5f6e2238c7982
[INFO] [stdout]                                at /rustc/202008a1b8de96d2e5b6bc02d379db03a877d34d/library/core/src/fmt/mod.rs:1189:21
[INFO] [stdout]    6:     0x58912b206213 - std::io::Write::write_fmt::h03bb0ca26e6faf8c
[INFO] [stdout]                                at /rustc/202008a1b8de96d2e5b6bc02d379db03a877d34d/library/std/src/io/mod.rs:1884:15
[INFO] [stdout]    7:     0x58912b209aa2 - std::sys::backtrace::BacktraceLock::print::h5c19c1c038ee186d
[INFO] [stdout]                                at /rustc/202008a1b8de96d2e5b6bc02d379db03a877d34d/library/std/src/sys/backtrace.rs:42:9
[INFO] [stdout]    8:     0x58912b20b0dd - std::panicking::default_hook::{{closure}}::h77172f079a1fcb13
[INFO] [stdout]                                at /rustc/202008a1b8de96d2e5b6bc02d379db03a877d34d/library/std/src/panicking.rs:268:22
[INFO] [stdout]    9:     0x58912b20aee7 - std::panicking::default_hook::he5f8e3b203ccddba
[INFO] [stdout]                                at /rustc/202008a1b8de96d2e5b6bc02d379db03a877d34d/library/std/src/panicking.rs:292:9
[INFO] [stdout]   10:     0x58912ac618a7 - <alloc::boxed::Box<F,A> as core::ops::function::Fn<Args>>::call::h7a3c7b4a1ae77f2f
[INFO] [stdout]                                at /rustc/202008a1b8de96d2e5b6bc02d379db03a877d34d/library/alloc/src/boxed.rs:1986:9
[INFO] [stdout]   11:     0x58912ac618a7 - test::test_main::{{closure}}::hf0d3b69ae9b353d1
[INFO] [stdout]                                at /rustc/202008a1b8de96d2e5b6bc02d379db03a877d34d/library/test/src/lib.rs:134:21
[INFO] [stdout]   12:     0x58912b20b788 - <alloc::boxed::Box<F,A> as core::ops::function::Fn<Args>>::call::h6332e82e7b189abd
[INFO] [stdout]                                at /rustc/202008a1b8de96d2e5b6bc02d379db03a877d34d/library/alloc/src/boxed.rs:1986:9
[INFO] [stdout]   13:     0x58912b20b788 - std::panicking::rust_panic_with_hook::h53863d4e9018df39
[INFO] [stdout]                                at /rustc/202008a1b8de96d2e5b6bc02d379db03a877d34d/library/std/src/panicking.rs:809:13
[INFO] [stdout]   14:     0x58912b20b54a - std::panicking::begin_panic_handler::{{closure}}::h67280e6fa0757873
[INFO] [stdout]                                at /rustc/202008a1b8de96d2e5b6bc02d379db03a877d34d/library/std/src/panicking.rs:674:13
[INFO] [stdout]   15:     0x58912b20a139 - std::sys::backtrace::__rust_end_short_backtrace::h1dac3f54d6fbbeb2
[INFO] [stdout]                                at /rustc/202008a1b8de96d2e5b6bc02d379db03a877d34d/library/std/src/sys/backtrace.rs:170:18
[INFO] [stdout]   16:     0x58912b20b1dc - rust_begin_unwind
[INFO] [stdout]                                at /rustc/202008a1b8de96d2e5b6bc02d379db03a877d34d/library/std/src/panicking.rs:665:5
[INFO] [stdout]   17:     0x58912ac1a300 - core::panicking::panic_fmt::h6792bd1b2bf01041
[INFO] [stdout]                                at /rustc/202008a1b8de96d2e5b6bc02d379db03a877d34d/library/core/src/panicking.rs:76:14
[INFO] [stdout]   18:     0x58912ac1a7e6 - core::result::unwrap_failed::h05e0602ed34287c5
[INFO] [stdout]                                at /rustc/202008a1b8de96d2e5b6bc02d379db03a877d34d/library/core/src/result.rs:1699:5
[INFO] [stdout]   19:     0x58912ac21ad7 - core::result::Result<T,E>::unwrap::hf36fa86f037be7af
[INFO] [stdout]                                at /rustc/202008a1b8de96d2e5b6bc02d379db03a877d34d/library/core/src/result.rs:1104:23
[INFO] [stdout]   20:     0x58912ac21ad7 - r53_ddns::unit::test_get_public_ip::{{closure}}::h0269483e8121f5f3
[INFO] [stdout]                                at /opt/rustwide/workdir/src/main.rs:59:14
[INFO] [stdout]   21:     0x58912ac1f222 - <core::pin::Pin<P> as core::future::future::Future>::poll::h8a4482b9df0954ae
[INFO] [stdout]                                at /rustc/202008a1b8de96d2e5b6bc02d379db03a877d34d/library/core/src/future/future.rs:124:9
[INFO] [stdout]   22:     0x58912ac1f29d - <core::pin::Pin<P> as core::future::future::Future>::poll::hf599f64d54a7b7b5
[INFO] [stdout]                                at /rustc/202008a1b8de96d2e5b6bc02d379db03a877d34d/library/core/src/future/future.rs:124:9
[INFO] [stdout]   23:     0x58912ac2802f - tokio::runtime::scheduler::current_thread::CoreGuard::block_on::{{closure}}::{{closure}}::{{closure}}::h628307d8e1caf236
[INFO] [stdout]                                at /opt/rustwide/cargo-home/registry/src/index.crates.io-6f17d22bba15001f/tokio-1.39.1/src/runtime/scheduler/current_thread/mod.rs:673:57
[INFO] [stdout]   24:     0x58912ac27f35 - tokio::runtime::coop::with_budget::h2fef1d8e24542773
[INFO] [stdout]                                at /opt/rustwide/cargo-home/registry/src/index.crates.io-6f17d22bba15001f/tokio-1.39.1/src/runtime/coop.rs:107:5
[INFO] [stdout]   25:     0x58912ac27f35 - tokio::runtime::coop::budget::hb4a58fdfe11681f7
[INFO] [stdout]                                at /opt/rustwide/cargo-home/registry/src/index.crates.io-6f17d22bba15001f/tokio-1.39.1/src/runtime/coop.rs:73:5
[INFO] [stdout]   26:     0x58912ac27f35 - tokio::runtime::scheduler::current_thread::CoreGuard::block_on::{{closure}}::{{closure}}::hbb39a32a5507909c
[INFO] [stdout]                                at /opt/rustwide/cargo-home/registry/src/index.crates.io-6f17d22bba15001f/tokio-1.39.1/src/runtime/scheduler/current_thread/mod.rs:673:25
[INFO] [stdout]   27:     0x58912ac25260 - tokio::runtime::scheduler::current_thread::Context::enter::h1049402f8538a1b2
[INFO] [stdout]                                at /opt/rustwide/cargo-home/registry/src/index.crates.io-6f17d22bba15001f/tokio-1.39.1/src/runtime/scheduler/current_thread/mod.rs:412:19
[INFO] [stdout]   28:     0x58912ac275de - tokio::runtime::scheduler::current_thread::CoreGuard::block_on::{{closure}}::ha5b200a987a6998f
[INFO] [stdout]                                at /opt/rustwide/cargo-home/registry/src/index.crates.io-6f17d22bba15001f/tokio-1.39.1/src/runtime/scheduler/current_thread/mod.rs:672:36
[INFO] [stdout]   29:     0x58912ac26a34 - tokio::runtime::scheduler::current_thread::CoreGuard::enter::{{closure}}::h349e5b7e891f4d7f
[INFO] [stdout]                                at /opt/rustwide/cargo-home/registry/src/index.crates.io-6f17d22bba15001f/tokio-1.39.1/src/runtime/scheduler/current_thread/mod.rs:751:68
[INFO] [stdout]   30:     0x58912ac1e36b - tokio::runtime::context::scoped::Scoped<T>::set::h061d10a705120a16
[INFO] [stdout]                                at /opt/rustwide/cargo-home/registry/src/index.crates.io-6f17d22bba15001f/tokio-1.39.1/src/runtime/context/scoped.rs:40:9
[INFO] [stdout]   31:     0x58912ac1e0a9 - tokio::runtime::context::set_scheduler::{{closure}}::hc6488a1a640f3552
[INFO] [stdout]                                at /opt/rustwide/cargo-home/registry/src/index.crates.io-6f17d22bba15001f/tokio-1.39.1/src/runtime/context.rs:180:26
[INFO] [stdout]   32:     0x58912ac1c30d - std::thread::local::LocalKey<T>::try_with::h555ff6c985b9e824
[INFO] [stdout]                                at /rustc/202008a1b8de96d2e5b6bc02d379db03a877d34d/library/std/src/thread/local.rs:283:12
[INFO] [stdout]   33:     0x58912ac1b9ea - std::thread::local::LocalKey<T>::with::h90fd1165381b73a6
[INFO] [stdout]                                at /rustc/202008a1b8de96d2e5b6bc02d379db03a877d34d/library/std/src/thread/local.rs:260:9
[INFO] [stdout]   34:     0x58912ac1e01d - tokio::runtime::context::set_scheduler::hc84b4b74ef4560cf
[INFO] [stdout]                                at /opt/rustwide/cargo-home/registry/src/index.crates.io-6f17d22bba15001f/tokio-1.39.1/src/runtime/context.rs:180:9
[INFO] [stdout]   35:     0x58912ac267e0 - tokio::runtime::scheduler::current_thread::CoreGuard::enter::h6138ebb6c8d23c90
[INFO] [stdout]                                at /opt/rustwide/cargo-home/registry/src/index.crates.io-6f17d22bba15001f/tokio-1.39.1/src/runtime/scheduler/current_thread/mod.rs:751:27
[INFO] [stdout]   36:     0x58912ac26ad3 - tokio::runtime::scheduler::current_thread::CoreGuard::block_on::haff4f80db826d9f0
[INFO] [stdout]                                at /opt/rustwide/cargo-home/registry/src/index.crates.io-6f17d22bba15001f/tokio-1.39.1/src/runtime/scheduler/current_thread/mod.rs:660:19
[INFO] [stdout]   37:     0x58912ac2482f - tokio::runtime::scheduler::current_thread::CurrentThread::block_on::{{closure}}::h0e7252a8781e1229
[INFO] [stdout]                                at /opt/rustwide/cargo-home/registry/src/index.crates.io-6f17d22bba15001f/tokio-1.39.1/src/runtime/scheduler/current_thread/mod.rs:180:28
[INFO] [stdout]   38:     0x58912ac23906 - tokio::runtime::context::runtime::enter_runtime::h1f6ac874c596b57c
[INFO] [stdout]                                at /opt/rustwide/cargo-home/registry/src/index.crates.io-6f17d22bba15001f/tokio-1.39.1/src/runtime/context/runtime.rs:65:16
[INFO] [stdout]   39:     0x58912ac24521 - tokio::runtime::scheduler::current_thread::CurrentThread::block_on::h4410c25c941d32a9
[INFO] [stdout]                                at /opt/rustwide/cargo-home/registry/src/index.crates.io-6f17d22bba15001f/tokio-1.39.1/src/runtime/scheduler/current_thread/mod.rs:168:9
[INFO] [stdout]   40:     0x58912ac1e90d - tokio::runtime::runtime::Runtime::block_on_inner::h7bc1e50a7faa57db
[INFO] [stdout]                                at /opt/rustwide/cargo-home/registry/src/index.crates.io-6f17d22bba15001f/tokio-1.39.1/src/runtime/runtime.rs:361:47
[INFO] [stdout]   41:     0x58912ac1ea25 - tokio::runtime::runtime::Runtime::block_on::h81983c142f77838b
[INFO] [stdout]                                at /opt/rustwide/cargo-home/registry/src/index.crates.io-6f17d22bba15001f/tokio-1.39.1/src/runtime/runtime.rs:335:13
[INFO] [stdout]   42:     0x58912ac21825 - r53_ddns::unit::test_get_public_ip::h28b643efe25234e5
[INFO] [stdout]                                at /opt/rustwide/workdir/src/main.rs:59:9
[INFO] [stdout]   43:     0x58912ac216c7 - r53_ddns::unit::test_get_public_ip::{{closure}}::haa73a4f61c2cb185
[INFO] [stdout]                                at /opt/rustwide/workdir/src/main.rs:58:34
[INFO] [stdout]   44:     0x58912ac21e96 - core::ops::function::FnOnce::call_once::hca980c0f85edca2e
[INFO] [stdout]                                at /rustc/202008a1b8de96d2e5b6bc02d379db03a877d34d/library/core/src/ops/function.rs:250:5
[INFO] [stdout]   45:     0x58912ac663cb - core::ops::function::FnOnce::call_once::h871bf86719ec9aa4
[INFO] [stdout]                                at /rustc/202008a1b8de96d2e5b6bc02d379db03a877d34d/library/core/src/ops/function.rs:250:5
[INFO] [stdout]   46:     0x58912ac663cb - test::__rust_begin_short_backtrace::h2167df1e2b7d76fd
[INFO] [stdout]                                at /rustc/202008a1b8de96d2e5b6bc02d379db03a877d34d/library/test/src/lib.rs:632:18
[INFO] [stdout]   47:     0x58912ac65db8 - test::run_test_in_process::{{closure}}::h15d92f75a3adfb79
[INFO] [stdout]                                at /rustc/202008a1b8de96d2e5b6bc02d379db03a877d34d/library/test/src/lib.rs:655:60
[INFO] [stdout]   48:     0x58912ac65db8 - <core::panic::unwind_safe::AssertUnwindSafe<F> as core::ops::function::FnOnce<()>>::call_once::hb6c8955835a8dbbb
[INFO] [stdout]                                at /rustc/202008a1b8de96d2e5b6bc02d379db03a877d34d/library/core/src/panic/unwind_safe.rs:272:9
[INFO] [stdout]   49:     0x58912ac65db8 - std::panicking::try::do_call::hc79d0fc888a0bd30
[INFO] [stdout]                                at /rustc/202008a1b8de96d2e5b6bc02d379db03a877d34d/library/std/src/panicking.rs:557:40
[INFO] [stdout]   50:     0x58912ac65db8 - std::panicking::try::hb8a7878e3a8589d6
[INFO] [stdout]                                at /rustc/202008a1b8de96d2e5b6bc02d379db03a877d34d/library/std/src/panicking.rs:520:19
[INFO] [stdout]   51:     0x58912ac65db8 - std::panic::catch_unwind::hb8e4600ff0ff5cfa
[INFO] [stdout]                                at /rustc/202008a1b8de96d2e5b6bc02d379db03a877d34d/library/std/src/panic.rs:358:14
[INFO] [stdout]   52:     0x58912ac65db8 - test::run_test_in_process::hc2900b0b18688dd6
[INFO] [stdout]                                at /rustc/202008a1b8de96d2e5b6bc02d379db03a877d34d/library/test/src/lib.rs:655:27
[INFO] [stdout]   53:     0x58912ac65db8 - test::run_test::{{closure}}::hac2a9cb07be3d48d
[INFO] [stdout]                                at /rustc/202008a1b8de96d2e5b6bc02d379db03a877d34d/library/test/src/lib.rs:576:43
[INFO] [stdout]   54:     0x58912ac2985a - test::run_test::{{closure}}::h4a5b729e66a38cd8
[INFO] [stdout]                                at /rustc/202008a1b8de96d2e5b6bc02d379db03a877d34d/library/test/src/lib.rs:606:41
[INFO] [stdout]   55:     0x58912ac2985a - std::sys::backtrace::__rust_begin_short_backtrace::h0496fb742492f573
[INFO] [stdout]                                at /rustc/202008a1b8de96d2e5b6bc02d379db03a877d34d/library/std/src/sys/backtrace.rs:154:18
[INFO] [stdout]   56:     0x58912ac2d1d4 - std::thread::Builder::spawn_unchecked_::{{closure}}::{{closure}}::hbb6d257c550a54bd
[INFO] [stdout]                                at /rustc/202008a1b8de96d2e5b6bc02d379db03a877d34d/library/std/src/thread/mod.rs:561:17
[INFO] [stdout]   57:     0x58912ac2d1d4 - <core::panic::unwind_safe::AssertUnwindSafe<F> as core::ops::function::FnOnce<()>>::call_once::h46696fe4a6832328
[INFO] [stdout]                                at /rustc/202008a1b8de96d2e5b6bc02d379db03a877d34d/library/core/src/panic/unwind_safe.rs:272:9
[INFO] [stdout]   58:     0x58912ac2d1d4 - std::panicking::try::do_call::h2625a51b667bfb64
[INFO] [stdout]                                at /rustc/202008a1b8de96d2e5b6bc02d379db03a877d34d/library/std/src/panicking.rs:557:40
[INFO] [stdout]   59:     0x58912ac2d1d4 - std::panicking::try::hb956a59a1973aa4c
[INFO] [stdout]                                at /rustc/202008a1b8de96d2e5b6bc02d379db03a877d34d/library/std/src/panicking.rs:520:19
[INFO] [stdout]   60:     0x58912ac2d1d4 - std::panic::catch_unwind::h64f3b9d1067ef6a0
[INFO] [stdout]                                at /rustc/202008a1b8de96d2e5b6bc02d379db03a877d34d/library/std/src/panic.rs:358:14
[INFO] [stdout]   61:     0x58912ac2d1d4 - std::thread::Builder::spawn_unchecked_::{{closure}}::h42b2841295b6c0b2
[INFO] [stdout]                                at /rustc/202008a1b8de96d2e5b6bc02d379db03a877d34d/library/std/src/thread/mod.rs:559:30
[INFO] [stdout]   62:     0x58912ac2d1d4 - core::ops::function::FnOnce::call_once{{vtable.shim}}::h6127de71b8124639
[INFO] [stdout]                                at /rustc/202008a1b8de96d2e5b6bc02d379db03a877d34d/library/core/src/ops/function.rs:250:5
[INFO] [stdout]   63:     0x58912b20fdab - <alloc::boxed::Box<F,A> as core::ops::function::FnOnce<Args>>::call_once::h42f0ba71002a1b2c
[INFO] [stdout]                                at /rustc/202008a1b8de96d2e5b6bc02d379db03a877d34d/library/alloc/src/boxed.rs:1972:9
[INFO] [stdout]   64:     0x58912b20fdab - <alloc::boxed::Box<F,A> as core::ops::function::FnOnce<Args>>::call_once::had9e47d7a3dcecb8
[INFO] [stdout]                                at /rustc/202008a1b8de96d2e5b6bc02d379db03a877d34d/library/alloc/src/boxed.rs:1972:9
[INFO] [stdout]   65:     0x58912b20fdab - std::sys::pal::unix::thread::Thread::new::thread_start::h48cf765408f6f5f2
[INFO] [stdout]                                at /rustc/202008a1b8de96d2e5b6bc02d379db03a877d34d/library/std/src/sys/pal/unix/thread.rs:105:17
[INFO] [stdout]   66:     0x7d28efaddac3 - <unknown>
[INFO] [stdout]   67:     0x7d28efb6ea04 - clone
[INFO] [stdout]   68:                0x0 - <unknown>
[INFO] [stdout] 
[INFO] [stdout] 
[INFO] [stdout] failures:
[INFO] [stdout]     dns::unit::test_is_addr_current
[INFO] [stdout]     unit::test_get_public_ip
[INFO] [stdout] 
[INFO] [stdout] test result: FAILED. 0 passed; 2 failed; 0 ignored; 0 measured; 0 filtered out; finished in 0.27s
[INFO] [stdout] 
[INFO] [stderr] error: test failed, to rerun pass `--bin r53-ddns`
[INFO] running `Command { std: "docker" "inspect" "8a4e4bc4ed70abe462bda7a5c999bc0ad3f1ea6312b1518759ae7c6d464c7b6a", kill_on_drop: false }`
[INFO] running `Command { std: "docker" "rm" "-f" "8a4e4bc4ed70abe462bda7a5c999bc0ad3f1ea6312b1518759ae7c6d464c7b6a", kill_on_drop: false }`
[INFO] [stdout] 8a4e4bc4ed70abe462bda7a5c999bc0ad3f1ea6312b1518759ae7c6d464c7b6a
