[INFO] cloning repository https://github.com/ross-weir/ergo-script-re
[INFO] running `Command { std: "git" "-c" "credential.helper=" "-c" "credential.helper=/workspace/cargo-home/bin/git-credential-null" "clone" "--bare" "https://github.com/ross-weir/ergo-script-re" "/workspace/cache/git-repos/https%3A%2F%2Fgithub.com%2Fross-weir%2Fergo-script-re", kill_on_drop: false }`
[INFO] [stderr] Cloning into bare repository '/workspace/cache/git-repos/https%3A%2F%2Fgithub.com%2Fross-weir%2Fergo-script-re'...
[INFO] running `Command { std: "git" "rev-parse" "HEAD", kill_on_drop: false }`
[INFO] [stdout] 3250dd90370a3377f8f8f576ab28ed294f70c5fe
[INFO] testing ross-weir/ergo-script-re against 1.83.0 for beta-1.84.0-4-retry
[INFO] running `Command { std: "git" "clone" "/workspace/cache/git-repos/https%3A%2F%2Fgithub.com%2Fross-weir%2Fergo-script-re" "/workspace/builds/worker-2-tc1/source", kill_on_drop: false }`
[INFO] [stderr] Cloning into '/workspace/builds/worker-2-tc1/source'...
[INFO] [stderr] done.
[INFO] validating manifest of git repo https://github.com/ross-weir/ergo-script-re on toolchain 1.83.0
[INFO] running `Command { std: CARGO_HOME="/workspace/cargo-home" RUSTUP_HOME="/workspace/rustup-home" "/workspace/cargo-home/bin/cargo" "+1.83.0" "metadata" "--manifest-path" "Cargo.toml" "--no-deps", kill_on_drop: false }`
[INFO] started tweaking git repo https://github.com/ross-weir/ergo-script-re
[INFO] finished tweaking git repo https://github.com/ross-weir/ergo-script-re
[INFO] tweaked toml for git repo https://github.com/ross-weir/ergo-script-re written to /workspace/builds/worker-2-tc1/source/Cargo.toml
[INFO] crate git repo https://github.com/ross-weir/ergo-script-re already has a lockfile, it will not be regenerated
[INFO] running `Command { std: CARGO_HOME="/workspace/cargo-home" RUSTUP_HOME="/workspace/rustup-home" "/workspace/cargo-home/bin/cargo" "+1.83.0" "fetch" "--manifest-path" "Cargo.toml", kill_on_drop: false }`
[INFO] [stderr] warning: virtual workspace defaulting to `resolver = "1"` despite one or more workspace members being on edition 2021 which implies `resolver = "2"`
[INFO] [stderr] note: to keep the current resolver, specify `workspace.resolver = "1"` in the workspace root's manifest
[INFO] [stderr] note: to use the edition 2021 resolver, specify `workspace.resolver = "2"` in the workspace root's manifest
[INFO] [stderr] note: for more details see https://doc.rust-lang.org/cargo/reference/resolver.html#resolver-versions
[INFO] [stderr]     Updating crates.io index
[INFO] [stderr]  Downloading crates ...
[INFO] [stderr]   Downloaded bounded-vec v0.7.1
[INFO] [stderr]   Downloaded base16 v0.2.1
[INFO] [stderr]   Downloaded num256 v0.3.5
[INFO] [stderr]   Downloaded sigma-util v0.9.1
[INFO] [stderr]   Downloaded ergo-chain-types v0.8.1
[INFO] [stderr]   Downloaded sigma-ser v0.10.1
[INFO] [stderr]   Downloaded ergotree-ir v0.21.1
[INFO] running `Command { std: "docker" "create" "-v" "/var/lib/crater-agent-workspace/builds/worker-2-tc1/target:/opt/rustwide/target:rw,Z" "-v" "/var/lib/crater-agent-workspace/builds/worker-2-tc1/source:/opt/rustwide/workdir:ro,Z" "-v" "/var/lib/crater-agent-workspace/cargo-home:/opt/rustwide/cargo-home:ro,Z" "-v" "/var/lib/crater-agent-workspace/rustup-home:/opt/rustwide/rustup-home:ro,Z" "-e" "SOURCE_DIR=/opt/rustwide/workdir" "-e" "CARGO_TARGET_DIR=/opt/rustwide/target" "-e" "CARGO_HOME=/opt/rustwide/cargo-home" "-e" "RUSTUP_HOME=/opt/rustwide/rustup-home" "-w" "/opt/rustwide/workdir" "-m" "1610612736" "--user" "0:0" "--network" "none" "ghcr.io/rust-lang/crates-build-env/linux@sha256:f3a9d4ad9d972b27faf3965f35b62e55ba32bbce8f20bc8fe909558a86702fde" "/opt/rustwide/cargo-home/bin/cargo" "+1.83.0" "metadata" "--no-deps" "--format-version=1", kill_on_drop: false }`
[INFO] [stdout] 1b1fbb09f4ed2b1e6c5442f9b8304976e7d680a33ac20d98cb2b9e1ca04ff053
[INFO] running `Command { std: "docker" "start" "-a" "1b1fbb09f4ed2b1e6c5442f9b8304976e7d680a33ac20d98cb2b9e1ca04ff053", kill_on_drop: false }`
[INFO] running `Command { std: "docker" "inspect" "1b1fbb09f4ed2b1e6c5442f9b8304976e7d680a33ac20d98cb2b9e1ca04ff053", kill_on_drop: false }`
[INFO] running `Command { std: "docker" "rm" "-f" "1b1fbb09f4ed2b1e6c5442f9b8304976e7d680a33ac20d98cb2b9e1ca04ff053", kill_on_drop: false }`
[INFO] [stdout] 1b1fbb09f4ed2b1e6c5442f9b8304976e7d680a33ac20d98cb2b9e1ca04ff053
[INFO] running `Command { std: "docker" "create" "-v" "/var/lib/crater-agent-workspace/builds/worker-2-tc1/target:/opt/rustwide/target:rw,Z" "-v" "/var/lib/crater-agent-workspace/builds/worker-2-tc1/source:/opt/rustwide/workdir:ro,Z" "-v" "/var/lib/crater-agent-workspace/cargo-home:/opt/rustwide/cargo-home:ro,Z" "-v" "/var/lib/crater-agent-workspace/rustup-home:/opt/rustwide/rustup-home:ro,Z" "-e" "SOURCE_DIR=/opt/rustwide/workdir" "-e" "CARGO_TARGET_DIR=/opt/rustwide/target" "-e" "CARGO_INCREMENTAL=0" "-e" "RUST_BACKTRACE=full" "-e" "RUSTFLAGS=--cap-lints=warn" "-e" "RUSTDOCFLAGS=--cap-lints=warn" "-e" "CARGO_HOME=/opt/rustwide/cargo-home" "-e" "RUSTUP_HOME=/opt/rustwide/rustup-home" "-w" "/opt/rustwide/workdir" "-m" "1610612736" "--user" "0:0" "--network" "none" "ghcr.io/rust-lang/crates-build-env/linux@sha256:f3a9d4ad9d972b27faf3965f35b62e55ba32bbce8f20bc8fe909558a86702fde" "/opt/rustwide/cargo-home/bin/cargo" "+1.83.0" "build" "--frozen" "--message-format=json", kill_on_drop: false }`
[INFO] [stdout] fef36777f2be56bf1ea3835d799842800458b84e499e5f4b7dc8c23bc493723e
[INFO] running `Command { std: "docker" "start" "-a" "fef36777f2be56bf1ea3835d799842800458b84e499e5f4b7dc8c23bc493723e", kill_on_drop: false }`
[INFO] [stderr] warning: virtual workspace defaulting to `resolver = "1"` despite one or more workspace members being on edition 2021 which implies `resolver = "2"`
[INFO] [stderr] note: to keep the current resolver, specify `workspace.resolver = "1"` in the workspace root's manifest
[INFO] [stderr] note: to use the edition 2021 resolver, specify `workspace.resolver = "2"` in the workspace root's manifest
[INFO] [stderr] note: for more details see https://doc.rust-lang.org/cargo/reference/resolver.html#resolver-versions
[INFO] [stderr]    Compiling proc-macro2 v1.0.47
[INFO] [stderr]    Compiling autocfg v1.1.0
[INFO] [stderr]    Compiling unicode-ident v1.0.5
[INFO] [stderr]    Compiling quote v1.0.21
[INFO] [stderr]    Compiling syn v1.0.105
[INFO] [stderr]    Compiling version_check v0.9.4
[INFO] [stderr]    Compiling typenum v1.16.0
[INFO] [stderr]    Compiling subtle v2.4.1
[INFO] [stderr]    Compiling cfg-if v1.0.0
[INFO] [stderr]    Compiling libc v0.2.138
[INFO] [stderr]    Compiling zeroize v1.5.7
[INFO] [stderr]    Compiling serde_derive v1.0.149
[INFO] [stderr]    Compiling generic-array v0.14.6
[INFO] [stderr]    Compiling const-oid v0.9.1
[INFO] [stderr]    Compiling num-traits v0.2.15
[INFO] [stderr]    Compiling num-integer v0.1.45
[INFO] [stderr]    Compiling serde v1.0.149
[INFO] [stderr]    Compiling der v0.6.0
[INFO] [stderr]    Compiling base64ct v1.5.3
[INFO] [stderr]    Compiling num-bigint v0.4.3
[INFO] [stderr]    Compiling fnv v1.0.7
[INFO] [stderr]    Compiling ident_case v1.0.1
[INFO] [stderr]    Compiling getrandom v0.2.8
[INFO] [stderr]    Compiling strsim v0.10.0
[INFO] [stderr]    Compiling rand_core v0.6.4
[INFO] [stderr]    Compiling radium v0.7.0
[INFO] [stderr]    Compiling ff v0.12.1
[INFO] [stderr]    Compiling thiserror v1.0.37
[INFO] [stderr]    Compiling base16ct v0.1.1
[INFO] [stderr]    Compiling tinyvec_macros v0.1.0
[INFO] [stderr]    Compiling tinyvec v1.6.0
[INFO] [stderr]    Compiling group v0.12.1
[INFO] [stderr]    Compiling num-rational v0.4.1
[INFO] [stderr]    Compiling num-iter v0.1.43
[INFO] [stderr]    Compiling serde_json v1.0.89
[INFO] [stderr]    Compiling crypto-common v0.1.6
[INFO] [stderr]    Compiling block-buffer v0.10.3
[INFO] [stderr]    Compiling spki v0.6.0
[INFO] [stderr]    Compiling crypto-bigint v0.4.9
[INFO] [stderr]    Compiling digest v0.10.6
[INFO] [stderr]    Compiling tap v1.0.1
[INFO] [stderr]    Compiling pkcs8 v0.9.0
[INFO] [stderr]    Compiling hmac v0.12.1
[INFO] [stderr]    Compiling sec1 v0.3.0
[INFO] [stderr]    Compiling cpufeatures v0.2.5
[INFO] [stderr]    Compiling sha2 v0.10.6
[INFO] [stderr]    Compiling signature v1.6.4
[INFO] [stderr]    Compiling wyz v0.5.1
[INFO] [stderr]    Compiling unicode-normalization v0.1.22
[INFO] [stderr]    Compiling percent-encoding v2.2.0
[INFO] [stderr]    Compiling ryu v1.0.11
[INFO] [stderr]    Compiling itoa v1.0.4
[INFO] [stderr]    Compiling unicode-bidi v0.3.8
[INFO] [stderr]    Compiling funty v2.0.0
[INFO] [stderr]    Compiling form_urlencoded v1.1.0
[INFO] [stderr]    Compiling blake2 v0.10.5
[INFO] [stderr]    Compiling num-complex v0.4.2
[INFO] [stderr]    Compiling elliptic-curve v0.12.3
[INFO] [stderr]    Compiling rfc6979 v0.3.1
[INFO] [stderr]    Compiling bitvec v1.0.1
[INFO] [stderr]    Compiling idna v0.3.0
[INFO] [stderr]    Compiling indexmap v1.9.2
[INFO] [stderr]    Compiling ecdsa v0.14.8
[INFO] [stderr]    Compiling unicode-segmentation v1.10.0
[INFO] [stderr]    Compiling convert_case v0.4.0
[INFO] [stderr]    Compiling k256 v0.11.6
[INFO] [stderr]    Compiling sigma-util v0.9.1
[INFO] [stderr]    Compiling heck v0.3.3
[INFO] [stderr]    Compiling url v2.3.1
[INFO] [stderr]    Compiling hashbrown v0.12.3
[INFO] [stderr]    Compiling base64 v0.13.1
[INFO] [stderr]    Compiling num v0.4.0
[INFO] [stderr]    Compiling byteorder v1.4.3
[INFO] [stderr]    Compiling lazy_static v1.4.0
[INFO] [stderr]    Compiling base16 v0.2.1
[INFO] [stderr]    Compiling bs58 v0.4.0
[INFO] [stderr]    Compiling strum v0.21.0
[INFO] [stderr]    Compiling darling_core v0.13.4
[INFO] [stderr]    Compiling thiserror-impl v1.0.37
[INFO] [stderr]    Compiling derive_more v0.99.17
[INFO] [stderr]    Compiling num-derive v0.3.3
[INFO] [stderr]    Compiling impl-trait-for-tuples v0.2.2
[INFO] [stderr]    Compiling strum_macros v0.21.1
[INFO] [stderr]    Compiling darling_macro v0.13.4
[INFO] [stderr]    Compiling darling v0.13.4
[INFO] [stderr]    Compiling serde_with_macros v1.5.2
[INFO] [stderr]    Compiling num256 v0.3.5
[INFO] [stderr]    Compiling bounded-vec v0.7.1
[INFO] [stderr]    Compiling sigma-ser v0.10.1
[INFO] [stderr]    Compiling serde_with v1.14.0
[INFO] [stderr]    Compiling ergo-chain-types v0.8.1
[INFO] [stderr]    Compiling ergotree-ir v0.21.1
[INFO] [stderr]    Compiling ergotree-pseudo-code v0.1.0 (/opt/rustwide/workdir/ergotree-pseudo-code)
[INFO] [stderr]     Finished `dev` profile [unoptimized + debuginfo] target(s) in 1m 13s
[INFO] running `Command { std: "docker" "inspect" "fef36777f2be56bf1ea3835d799842800458b84e499e5f4b7dc8c23bc493723e", kill_on_drop: false }`
[INFO] running `Command { std: "docker" "rm" "-f" "fef36777f2be56bf1ea3835d799842800458b84e499e5f4b7dc8c23bc493723e", kill_on_drop: false }`
[INFO] [stdout] fef36777f2be56bf1ea3835d799842800458b84e499e5f4b7dc8c23bc493723e
[INFO] running `Command { std: "docker" "create" "-v" "/var/lib/crater-agent-workspace/builds/worker-2-tc1/target:/opt/rustwide/target:rw,Z" "-v" "/var/lib/crater-agent-workspace/builds/worker-2-tc1/source:/opt/rustwide/workdir:ro,Z" "-v" "/var/lib/crater-agent-workspace/cargo-home:/opt/rustwide/cargo-home:ro,Z" "-v" "/var/lib/crater-agent-workspace/rustup-home:/opt/rustwide/rustup-home:ro,Z" "-e" "SOURCE_DIR=/opt/rustwide/workdir" "-e" "CARGO_TARGET_DIR=/opt/rustwide/target" "-e" "CARGO_INCREMENTAL=0" "-e" "RUST_BACKTRACE=full" "-e" "RUSTFLAGS=--cap-lints=warn" "-e" "RUSTDOCFLAGS=--cap-lints=warn" "-e" "CARGO_HOME=/opt/rustwide/cargo-home" "-e" "RUSTUP_HOME=/opt/rustwide/rustup-home" "-w" "/opt/rustwide/workdir" "-m" "1610612736" "--user" "0:0" "--network" "none" "ghcr.io/rust-lang/crates-build-env/linux@sha256:f3a9d4ad9d972b27faf3965f35b62e55ba32bbce8f20bc8fe909558a86702fde" "/opt/rustwide/cargo-home/bin/cargo" "+1.83.0" "test" "--frozen" "--no-run" "--message-format=json", kill_on_drop: false }`
[INFO] [stdout] 5f63b520bf471dbbc6e3ab51076c8ad858238c1953b54bc6dbc86ec67bf6dafb
[INFO] running `Command { std: "docker" "start" "-a" "5f63b520bf471dbbc6e3ab51076c8ad858238c1953b54bc6dbc86ec67bf6dafb", kill_on_drop: false }`
[INFO] [stderr] warning: virtual workspace defaulting to `resolver = "1"` despite one or more workspace members being on edition 2021 which implies `resolver = "2"`
[INFO] [stderr] note: to keep the current resolver, specify `workspace.resolver = "1"` in the workspace root's manifest
[INFO] [stderr] note: to use the edition 2021 resolver, specify `workspace.resolver = "2"` in the workspace root's manifest
[INFO] [stderr] note: for more details see https://doc.rust-lang.org/cargo/reference/resolver.html#resolver-versions
[INFO] [stderr]    Compiling yansi v0.5.1
[INFO] [stderr]    Compiling diff v0.1.13
[INFO] [stderr]    Compiling pretty_assertions v1.3.0
[INFO] [stderr]    Compiling ergotree-pseudo-code v0.1.0 (/opt/rustwide/workdir/ergotree-pseudo-code)
[INFO] [stderr]     Finished `test` profile [unoptimized + debuginfo] target(s) in 2.81s
[INFO] running `Command { std: "docker" "inspect" "5f63b520bf471dbbc6e3ab51076c8ad858238c1953b54bc6dbc86ec67bf6dafb", kill_on_drop: false }`
[INFO] running `Command { std: "docker" "rm" "-f" "5f63b520bf471dbbc6e3ab51076c8ad858238c1953b54bc6dbc86ec67bf6dafb", kill_on_drop: false }`
[INFO] [stdout] 5f63b520bf471dbbc6e3ab51076c8ad858238c1953b54bc6dbc86ec67bf6dafb
[INFO] running `Command { std: "docker" "create" "-v" "/var/lib/crater-agent-workspace/builds/worker-2-tc1/target:/opt/rustwide/target:rw,Z" "-v" "/var/lib/crater-agent-workspace/builds/worker-2-tc1/source:/opt/rustwide/workdir:ro,Z" "-v" "/var/lib/crater-agent-workspace/cargo-home:/opt/rustwide/cargo-home:ro,Z" "-v" "/var/lib/crater-agent-workspace/rustup-home:/opt/rustwide/rustup-home:ro,Z" "-e" "SOURCE_DIR=/opt/rustwide/workdir" "-e" "CARGO_TARGET_DIR=/opt/rustwide/target" "-e" "CARGO_INCREMENTAL=0" "-e" "RUST_BACKTRACE=full" "-e" "RUSTFLAGS=--cap-lints=warn" "-e" "RUSTDOCFLAGS=--cap-lints=warn" "-e" "CARGO_HOME=/opt/rustwide/cargo-home" "-e" "RUSTUP_HOME=/opt/rustwide/rustup-home" "-w" "/opt/rustwide/workdir" "-m" "1610612736" "--user" "0:0" "--network" "none" "ghcr.io/rust-lang/crates-build-env/linux@sha256:f3a9d4ad9d972b27faf3965f35b62e55ba32bbce8f20bc8fe909558a86702fde" "/opt/rustwide/cargo-home/bin/cargo" "+1.83.0" "test" "--frozen", kill_on_drop: false }`
[INFO] [stdout] f7ab2a3865d2f39ea44b588450e98d2c7addd5941f496cef3461c1368149b0c2
[INFO] running `Command { std: "docker" "start" "-a" "f7ab2a3865d2f39ea44b588450e98d2c7addd5941f496cef3461c1368149b0c2", kill_on_drop: false }`
[INFO] [stderr] warning: virtual workspace defaulting to `resolver = "1"` despite one or more workspace members being on edition 2021 which implies `resolver = "2"`
[INFO] [stderr] note: to keep the current resolver, specify `workspace.resolver = "1"` in the workspace root's manifest
[INFO] [stderr] note: to use the edition 2021 resolver, specify `workspace.resolver = "2"` in the workspace root's manifest
[INFO] [stderr] note: for more details see https://doc.rust-lang.org/cargo/reference/resolver.html#resolver-versions
[INFO] [stderr]     Finished `test` profile [unoptimized + debuginfo] target(s) in 0.13s
[INFO] [stderr]      Running unittests src/lib.rs (/opt/rustwide/target/debug/deps/ergotree_pseudo_code-43d02ef933781cf5)
[INFO] [stdout] 
[INFO] [stdout] running 15 tests
[INFO] [stdout] test data_flow_analyzer::tests::test_visiting_ergo_tree_adds_var ... ok
[INFO] [stdout] test generator::tests::test_atleast_with_constant_placeholders ... ok
[INFO] [stdout] test generator::tests::test_basic_bool_tree ... ok
[INFO] [stdout] test generator::tests::test_context_datainputs_pseudo_code ... ok
[INFO] [stdout] test generator::tests::test_min_max_pseudo_code ... ok
[INFO] [stdout] test generator::tests::test_script_pseudo_code3 ... ok
[INFO] [stdout] test generator::tests::test_script_pseudo_code4 ... ok
[INFO] [stdout] test generator::tests::test_inline_if_is_hoisted_to_var_decl_despite_no_block_ir ... ok
[INFO] [stdout] test generator::tests::test_script_pseudo_code5 ... ok
[INFO] [stdout] test mir::bool_to_sigma::tests::test_sigma_prop ... ok
[INFO] [stdout] test mir::constant::tests::test_constant_bool_true ... ok
[INFO] [stdout] test mir::constant::tests::test_constant_bool_false ... ok
[INFO] [stdout] test generator::tests::test_script_pseudo_code6 ... ok
[INFO] [stdout] test mir::bin_op::tests::test_and_bin_op ... ok
[INFO] [stdout] test generator::tests::test_script_pseudo_code7 ... FAILED
[INFO] [stdout] 
[INFO] [stdout] failures:
[INFO] [stdout] 
[INFO] [stdout] ---- generator::tests::test_script_pseudo_code7 stdout ----
[INFO] [stdout] thread 'generator::tests::test_script_pseudo_code7' panicked at ergotree-pseudo-code/src/mir/expr.rs:76:32:
[INFO] [stdout] not yet implemented
[INFO] [stdout] stack backtrace:
[INFO] [stdout]    0:     0x625c8194f08a - std::backtrace_rs::backtrace::libunwind::trace::h5a5b8284f2d0c266
[INFO] [stdout]                                at /rustc/90b35a6239c3d8bdabc530a6a0816f7ff89a0aaf/library/std/src/../../backtrace/src/backtrace/libunwind.rs:116:5
[INFO] [stdout]    1:     0x625c8194f08a - std::backtrace_rs::backtrace::trace_unsynchronized::h76d4f1c9b0b875e3
[INFO] [stdout]                                at /rustc/90b35a6239c3d8bdabc530a6a0816f7ff89a0aaf/library/std/src/../../backtrace/src/backtrace/mod.rs:66:5
[INFO] [stdout]    2:     0x625c8194f08a - std::sys::backtrace::_print_fmt::hc4546b8364a537c6
[INFO] [stdout]                                at /rustc/90b35a6239c3d8bdabc530a6a0816f7ff89a0aaf/library/std/src/sys/backtrace.rs:66:9
[INFO] [stdout]    3:     0x625c8194f08a - <std::sys::backtrace::BacktraceLock::print::DisplayBacktrace as core::fmt::Display>::fmt::h5b6bd5631a6d1f6b
[INFO] [stdout]                                at /rustc/90b35a6239c3d8bdabc530a6a0816f7ff89a0aaf/library/std/src/sys/backtrace.rs:39:26
[INFO] [stdout]    4:     0x625c81974573 - core::fmt::rt::Argument::fmt::h270f6602a2b96f62
[INFO] [stdout]                                at /rustc/90b35a6239c3d8bdabc530a6a0816f7ff89a0aaf/library/core/src/fmt/rt.rs:177:76
[INFO] [stdout]    5:     0x625c81974573 - core::fmt::write::h7550c97b06c86515
[INFO] [stdout]                                at /rustc/90b35a6239c3d8bdabc530a6a0816f7ff89a0aaf/library/core/src/fmt/mod.rs:1186:21
[INFO] [stdout]    6:     0x625c8194c253 - std::io::Write::write_fmt::h509ff860e5956e5e
[INFO] [stdout]                                at /rustc/90b35a6239c3d8bdabc530a6a0816f7ff89a0aaf/library/std/src/io/mod.rs:1839:15
[INFO] [stdout]    7:     0x625c8194eed2 - std::sys::backtrace::BacktraceLock::print::h2395ccd2c84ba3aa
[INFO] [stdout]                                at /rustc/90b35a6239c3d8bdabc530a6a0816f7ff89a0aaf/library/std/src/sys/backtrace.rs:42:9
[INFO] [stdout]    8:     0x625c819504ea - std::panicking::default_hook::{{closure}}::he19d4c7230e07961
[INFO] [stdout]                                at /rustc/90b35a6239c3d8bdabc530a6a0816f7ff89a0aaf/library/std/src/panicking.rs:268:22
[INFO] [stdout]    9:     0x625c819502f4 - std::panicking::default_hook::hf614597d3c67bbdb
[INFO] [stdout]                                at /rustc/90b35a6239c3d8bdabc530a6a0816f7ff89a0aaf/library/std/src/panicking.rs:292:9
[INFO] [stdout]   10:     0x625c817b6db9 - <alloc::boxed::Box<F,A> as core::ops::function::Fn<Args>>::call::h39b51ce4599c23d1
[INFO] [stdout]                                at /rustc/90b35a6239c3d8bdabc530a6a0816f7ff89a0aaf/library/alloc/src/boxed.rs:2468:9
[INFO] [stdout]   11:     0x625c817b6db9 - test::test_main::{{closure}}::he977ae839a582784
[INFO] [stdout]                                at /rustc/90b35a6239c3d8bdabc530a6a0816f7ff89a0aaf/library/test/src/lib.rs:133:21
[INFO] [stdout]   12:     0x625c81950b88 - <alloc::boxed::Box<F,A> as core::ops::function::Fn<Args>>::call::h9455091b6b06f9fb
[INFO] [stdout]                                at /rustc/90b35a6239c3d8bdabc530a6a0816f7ff89a0aaf/library/alloc/src/boxed.rs:2468:9
[INFO] [stdout]   13:     0x625c81950b88 - std::panicking::rust_panic_with_hook::h8942133a8b252070
[INFO] [stdout]                                at /rustc/90b35a6239c3d8bdabc530a6a0816f7ff89a0aaf/library/std/src/panicking.rs:809:13
[INFO] [stdout]   14:     0x625c81950916 - std::panicking::begin_panic_handler::{{closure}}::hb5f5963570096b29
[INFO] [stdout]                                at /rustc/90b35a6239c3d8bdabc530a6a0816f7ff89a0aaf/library/std/src/panicking.rs:667:13
[INFO] [stdout]   15:     0x625c8194f569 - std::sys::backtrace::__rust_end_short_backtrace::h6208cedc1922feda
[INFO] [stdout]                                at /rustc/90b35a6239c3d8bdabc530a6a0816f7ff89a0aaf/library/std/src/sys/backtrace.rs:170:18
[INFO] [stdout]   16:     0x625c819505dc - rust_begin_unwind
[INFO] [stdout]                                at /rustc/90b35a6239c3d8bdabc530a6a0816f7ff89a0aaf/library/std/src/panicking.rs:665:5
[INFO] [stdout]   17:     0x625c8175eb00 - core::panicking::panic_fmt::h0c3082644d1bf418
[INFO] [stdout]                                at /rustc/90b35a6239c3d8bdabc530a6a0816f7ff89a0aaf/library/core/src/panicking.rs:74:14
[INFO] [stdout]   18:     0x625c8175eb8c - core::panicking::panic::h957f98c65a3b3074
[INFO] [stdout]                                at /rustc/90b35a6239c3d8bdabc530a6a0816f7ff89a0aaf/library/core/src/panicking.rs:148:5
[INFO] [stdout]   19:     0x625c81765af4 - ergotree_pseudo_code::mir::expr::<impl ergotree_pseudo_code::PseudoCode for ergotree_ir::mir::expr::Expr>::pseudo_code::hd2b3c148e3a22363
[INFO] [stdout]                                at /opt/rustwide/workdir/ergotree-pseudo-code/src/mir/expr.rs:76:32
[INFO] [stdout]   20:     0x625c8177e226 - ergotree_pseudo_code::mir::option_get::<impl ergotree_pseudo_code::PseudoCode for ergotree_ir::mir::option_get::OptionGet>::pseudo_code::h21334f5e347543a4
[INFO] [stdout]                                at /opt/rustwide/workdir/ergotree-pseudo-code/src/mir/option_get.rs:15:26
[INFO] [stdout]   21:     0x625c8176576a - ergotree_pseudo_code::mir::expr::<impl ergotree_pseudo_code::PseudoCode for ergotree_ir::mir::expr::Expr>::pseudo_code::hd2b3c148e3a22363
[INFO] [stdout]                                at /opt/rustwide/workdir/ergotree-pseudo-code/src/mir/expr.rs:48:35
[INFO] [stdout]   22:     0x625c81776289 - ergotree_pseudo_code::mir::coll_by_index::<impl ergotree_pseudo_code::PseudoCode for ergotree_ir::mir::coll_by_index::ByIndex>::pseudo_code::h72616f54b0c3284a
[INFO] [stdout]                                at /opt/rustwide/workdir/ergotree-pseudo-code/src/mir/coll_by_index.rs:16:24
[INFO] [stdout]   23:     0x625c817658c3 - ergotree_pseudo_code::mir::expr::<impl ergotree_pseudo_code::PseudoCode for ergotree_ir::mir::expr::Expr>::pseudo_code::hd2b3c148e3a22363
[INFO] [stdout]                                at /opt/rustwide/workdir/ergotree-pseudo-code/src/mir/expr.rs:58:33
[INFO] [stdout]   24:     0x625c817712cc - ergotree_pseudo_code::mir::val_def::<impl ergotree_pseudo_code::PseudoCode for ergotree_ir::mir::val_def::ValDef>::pseudo_code::h25fcc3c02f7448f6
[INFO] [stdout]                                at /opt/rustwide/workdir/ergotree-pseudo-code/src/mir/val_def.rs:16:19
[INFO] [stdout]   25:     0x625c817655f5 - ergotree_pseudo_code::mir::expr::<impl ergotree_pseudo_code::PseudoCode for ergotree_ir::mir::expr::Expr>::pseudo_code::hd2b3c148e3a22363
[INFO] [stdout]                                at /opt/rustwide/workdir/ergotree-pseudo-code/src/mir/expr.rs:37:32
[INFO] [stdout]   26:     0x625c81764f36 - ergotree_pseudo_code::mir::block::<impl ergotree_pseudo_code::PseudoCode for ergotree_ir::mir::block::BlockValue>::pseudo_code::{{closure}}::h551126f9dec0a8b8
[INFO] [stdout]                                at /opt/rustwide/workdir/ergotree-pseudo-code/src/mir/block.rs:18:22
[INFO] [stdout]   27:     0x625c8176d17c - core::iter::adapters::map::map_fold::{{closure}}::hdcf96656ebbf49e9
[INFO] [stdout]                                at /rustc/90b35a6239c3d8bdabc530a6a0816f7ff89a0aaf/library/core/src/iter/adapters/map.rs:88:28
[INFO] [stdout]   28:     0x625c81763f9d - <core::slice::iter::Iter<T> as core::iter::traits::iterator::Iterator>::fold::hc3ed5126a7f612f2
[INFO] [stdout]                                at /rustc/90b35a6239c3d8bdabc530a6a0816f7ff89a0aaf/library/core/src/slice/iter/macros.rs:232:27
[INFO] [stdout]   29:     0x625c8176b761 - <core::iter::adapters::map::Map<I,F> as core::iter::traits::iterator::Iterator>::fold::hb826e69214b845cc
[INFO] [stdout]                                at /rustc/90b35a6239c3d8bdabc530a6a0816f7ff89a0aaf/library/core/src/iter/adapters/map.rs:128:9
[INFO] [stdout]   30:     0x625c8176cf05 - core::iter::traits::iterator::Iterator::for_each::hdf67b5b14abd956f
[INFO] [stdout]                                at /rustc/90b35a6239c3d8bdabc530a6a0816f7ff89a0aaf/library/core/src/iter/traits/iterator.rs:813:9
[INFO] [stdout]   31:     0x625c8177a95c - alloc::vec::Vec<T,A>::extend_trusted::h1fa78df0237940d6
[INFO] [stdout]                                at /rustc/90b35a6239c3d8bdabc530a6a0816f7ff89a0aaf/library/alloc/src/vec/mod.rs:3524:17
[INFO] [stdout]   32:     0x625c8177c39a - <alloc::vec::Vec<T,A> as alloc::vec::spec_extend::SpecExtend<T,I>>::spec_extend::hbad79d1d6d970eb5
[INFO] [stdout]                                at /rustc/90b35a6239c3d8bdabc530a6a0816f7ff89a0aaf/library/alloc/src/vec/spec_extend.rs:26:9
[INFO] [stdout]   33:     0x625c817780d8 - <alloc::vec::Vec<T> as alloc::vec::spec_from_iter_nested::SpecFromIterNested<T,I>>::from_iter::hd698f4763a0063a5
[INFO] [stdout]                                at /rustc/90b35a6239c3d8bdabc530a6a0816f7ff89a0aaf/library/alloc/src/vec/spec_from_iter_nested.rs:60:9
[INFO] [stdout]   34:     0x625c8177c3ed - <alloc::vec::Vec<T> as alloc::vec::spec_from_iter::SpecFromIter<T,I>>::from_iter::h3612cdeafc6a411f
[INFO] [stdout]                                at /rustc/90b35a6239c3d8bdabc530a6a0816f7ff89a0aaf/library/alloc/src/vec/spec_from_iter.rs:33:9
[INFO] [stdout]   35:     0x625c8177c2a7 - <alloc::vec::Vec<T> as core::iter::traits::collect::FromIterator<T>>::from_iter::h08b8090344adec6c
[INFO] [stdout]                                at /rustc/90b35a6239c3d8bdabc530a6a0816f7ff89a0aaf/library/alloc/src/vec/mod.rs:3388:9
[INFO] [stdout]   36:     0x625c8176ce2d - core::iter::traits::iterator::Iterator::collect::hefe3c4eb3fdc861a
[INFO] [stdout]                                at /rustc/90b35a6239c3d8bdabc530a6a0816f7ff89a0aaf/library/core/src/iter/traits/iterator.rs:2001:9
[INFO] [stdout]   37:     0x625c8177d993 - ergotree_pseudo_code::mir::block::<impl ergotree_pseudo_code::PseudoCode for ergotree_ir::mir::block::BlockValue>::pseudo_code::hb0a55283dc87eea1
[INFO] [stdout]                                at /opt/rustwide/workdir/ergotree-pseudo-code/src/mir/block.rs:15:34
[INFO] [stdout]   38:     0x625c817655cc - ergotree_pseudo_code::mir::expr::<impl ergotree_pseudo_code::PseudoCode for ergotree_ir::mir::expr::Expr>::pseudo_code::hd2b3c148e3a22363
[INFO] [stdout]                                at /opt/rustwide/workdir/ergotree-pseudo-code/src/mir/expr.rs:36:36
[INFO] [stdout]   39:     0x625c81775ce4 - ergotree_pseudo_code::generator::PseudoCodeGenerator::generate_for_ergotree::h799bd2540de74e3b
[INFO] [stdout]                                at /opt/rustwide/workdir/ergotree-pseudo-code/src/generator.rs:14:20
[INFO] [stdout]   40:     0x625c81764783 - ergotree_pseudo_code::generator::tests::check_gen::h4fd1b1d5ada3669c
[INFO] [stdout]                                at /opt/rustwide/workdir/ergotree-pseudo-code/src/generator.rs:57:20
[INFO] [stdout]   41:     0x625c81766e71 - ergotree_pseudo_code::generator::tests::test_script_pseudo_code7::h6c9256d1d51ce8f6
[INFO] [stdout]                                at /opt/rustwide/workdir/ergotree-pseudo-code/src/generator.rs:247:9
[INFO] [stdout]   42:     0x625c81766e27 - ergotree_pseudo_code::generator::tests::test_script_pseudo_code7::{{closure}}::h2acb512abdbdf874
[INFO] [stdout]                                at /opt/rustwide/workdir/ergotree-pseudo-code/src/generator.rs:243:34
[INFO] [stdout]   43:     0x625c81771e56 - core::ops::function::FnOnce::call_once::h2ccbe7e5aeb81a77
[INFO] [stdout]                                at /rustc/90b35a6239c3d8bdabc530a6a0816f7ff89a0aaf/library/core/src/ops/function.rs:250:5
[INFO] [stdout]   44:     0x625c817bb77b - core::ops::function::FnOnce::call_once::h109cf8051a59b34e
[INFO] [stdout]                                at /rustc/90b35a6239c3d8bdabc530a6a0816f7ff89a0aaf/library/core/src/ops/function.rs:250:5
[INFO] [stdout]   45:     0x625c817bb77b - test::__rust_begin_short_backtrace::hf4fff89d377446ba
[INFO] [stdout]                                at /rustc/90b35a6239c3d8bdabc530a6a0816f7ff89a0aaf/library/test/src/lib.rs:621:18
[INFO] [stdout]   46:     0x625c817bafb7 - test::run_test_in_process::{{closure}}::h0e39181dd7ee5a43
[INFO] [stdout]                                at /rustc/90b35a6239c3d8bdabc530a6a0816f7ff89a0aaf/library/test/src/lib.rs:644:60
[INFO] [stdout]   47:     0x625c817bafb7 - <core::panic::unwind_safe::AssertUnwindSafe<F> as core::ops::function::FnOnce<()>>::call_once::hc5a66a30f0bdfd1f
[INFO] [stdout]                                at /rustc/90b35a6239c3d8bdabc530a6a0816f7ff89a0aaf/library/core/src/panic/unwind_safe.rs:272:9
[INFO] [stdout]   48:     0x625c817bafb7 - std::panicking::try::do_call::h873b7cf639554a5e
[INFO] [stdout]                                at /rustc/90b35a6239c3d8bdabc530a6a0816f7ff89a0aaf/library/std/src/panicking.rs:557:40
[INFO] [stdout]   49:     0x625c817bafb7 - std::panicking::try::hdb19862fad9c8bd1
[INFO] [stdout]                                at /rustc/90b35a6239c3d8bdabc530a6a0816f7ff89a0aaf/library/std/src/panicking.rs:520:19
[INFO] [stdout]   50:     0x625c817bafb7 - std::panic::catch_unwind::h281fe732d236d260
[INFO] [stdout]                                at /rustc/90b35a6239c3d8bdabc530a6a0816f7ff89a0aaf/library/std/src/panic.rs:358:14
[INFO] [stdout]   51:     0x625c817bafb7 - test::run_test_in_process::h949b6df8457ed338
[INFO] [stdout]                                at /rustc/90b35a6239c3d8bdabc530a6a0816f7ff89a0aaf/library/test/src/lib.rs:644:27
[INFO] [stdout]   52:     0x625c817bafb7 - test::run_test::{{closure}}::h52c556a6d4740e10
[INFO] [stdout]                                at /rustc/90b35a6239c3d8bdabc530a6a0816f7ff89a0aaf/library/test/src/lib.rs:565:43
[INFO] [stdout]   53:     0x625c81780294 - test::run_test::{{closure}}::h4237f6381c45ccb9
[INFO] [stdout]                                at /rustc/90b35a6239c3d8bdabc530a6a0816f7ff89a0aaf/library/test/src/lib.rs:595:41
[INFO] [stdout]   54:     0x625c81780294 - std::sys::backtrace::__rust_begin_short_backtrace::h505c97a579eca628
[INFO] [stdout]                                at /rustc/90b35a6239c3d8bdabc530a6a0816f7ff89a0aaf/library/std/src/sys/backtrace.rs:154:18
[INFO] [stdout]   55:     0x625c8178395e - std::thread::Builder::spawn_unchecked_::{{closure}}::{{closure}}::h9e86b2e2bc107ea3
[INFO] [stdout]                                at /rustc/90b35a6239c3d8bdabc530a6a0816f7ff89a0aaf/library/std/src/thread/mod.rs:538:17
[INFO] [stdout]   56:     0x625c8178395e - <core::panic::unwind_safe::AssertUnwindSafe<F> as core::ops::function::FnOnce<()>>::call_once::h8b06ddb275ff4a25
[INFO] [stdout]                                at /rustc/90b35a6239c3d8bdabc530a6a0816f7ff89a0aaf/library/core/src/panic/unwind_safe.rs:272:9
[INFO] [stdout]   57:     0x625c8178395e - std::panicking::try::do_call::hb26ecd7cd9a9355d
[INFO] [stdout]                                at /rustc/90b35a6239c3d8bdabc530a6a0816f7ff89a0aaf/library/std/src/panicking.rs:557:40
[INFO] [stdout]   58:     0x625c8178395e - std::panicking::try::h8ddeca9d705f9069
[INFO] [stdout]                                at /rustc/90b35a6239c3d8bdabc530a6a0816f7ff89a0aaf/library/std/src/panicking.rs:520:19
[INFO] [stdout]   59:     0x625c8178395e - std::panic::catch_unwind::h49e1c33078844c46
[INFO] [stdout]                                at /rustc/90b35a6239c3d8bdabc530a6a0816f7ff89a0aaf/library/std/src/panic.rs:358:14
[INFO] [stdout]   60:     0x625c8178395e - std::thread::Builder::spawn_unchecked_::{{closure}}::h6073db6ff56ad35d
[INFO] [stdout]                                at /rustc/90b35a6239c3d8bdabc530a6a0816f7ff89a0aaf/library/std/src/thread/mod.rs:537:30
[INFO] [stdout]   61:     0x625c8178395e - core::ops::function::FnOnce::call_once{{vtable.shim}}::h2c5a5f3779c774f1
[INFO] [stdout]                                at /rustc/90b35a6239c3d8bdabc530a6a0816f7ff89a0aaf/library/core/src/ops/function.rs:250:5
[INFO] [stdout]   62:     0x625c819548db - <alloc::boxed::Box<F,A> as core::ops::function::FnOnce<Args>>::call_once::hf75717d9f28faebf
[INFO] [stdout]                                at /rustc/90b35a6239c3d8bdabc530a6a0816f7ff89a0aaf/library/alloc/src/boxed.rs:2454:9
[INFO] [stdout]   63:     0x625c819548db - <alloc::boxed::Box<F,A> as core::ops::function::FnOnce<Args>>::call_once::h7bd883a5f3c5f3c1
[INFO] [stdout]                                at /rustc/90b35a6239c3d8bdabc530a6a0816f7ff89a0aaf/library/alloc/src/boxed.rs:2454:9
[INFO] [stdout]   64:     0x625c819548db - std::sys::pal::unix::thread::Thread::new::thread_start::hcc78f3943333fa94
[INFO] [stdout]                                at /rustc/90b35a6239c3d8bdabc530a6a0816f7ff89a0aaf/library/std/src/sys/pal/unix/thread.rs:105:17
[INFO] [stdout]   65:     0x74bdbd6f9ac3 - <unknown>
[INFO] [stdout]   66:     0x74bdbd78aa04 - clone
[INFO] [stdout]   67:                0x0 - <unknown>
[INFO] [stdout] 
[INFO] [stdout] 
[INFO] [stdout] failures:
[INFO] [stdout]     generator::tests::test_script_pseudo_code7
[INFO] [stdout] 
[INFO] [stdout] test result: FAILED. 14 passed; 1 failed; 0 ignored; 0 measured; 0 filtered out; finished in 0.06s
[INFO] [stdout] 
[INFO] [stderr] error: test failed, to rerun pass `--lib`
[INFO] running `Command { std: "docker" "inspect" "f7ab2a3865d2f39ea44b588450e98d2c7addd5941f496cef3461c1368149b0c2", kill_on_drop: false }`
[INFO] running `Command { std: "docker" "rm" "-f" "f7ab2a3865d2f39ea44b588450e98d2c7addd5941f496cef3461c1368149b0c2", kill_on_drop: false }`
[INFO] [stdout] f7ab2a3865d2f39ea44b588450e98d2c7addd5941f496cef3461c1368149b0c2
