[INFO] cloning repository https://github.com/rohankumardubey/oSUS
[INFO] running `Command { std: "git" "-c" "credential.helper=" "-c" "credential.helper=/workspace/cargo-home/bin/git-credential-null" "clone" "--bare" "https://github.com/rohankumardubey/oSUS" "/workspace/cache/git-repos/https%3A%2F%2Fgithub.com%2Frohankumardubey%2FoSUS", kill_on_drop: false }`
[INFO] [stderr] Cloning into bare repository '/workspace/cache/git-repos/https%3A%2F%2Fgithub.com%2Frohankumardubey%2FoSUS'...
[INFO] running `Command { std: "git" "rev-parse" "HEAD", kill_on_drop: false }`
[INFO] [stdout] 3b0e109335710e3a339059c139872f857c7e2858
[INFO] testing rohankumardubey/oSUS against beta-2024-12-08 for beta-1.84.0-4-retry
[INFO] running `Command { std: "git" "clone" "/workspace/cache/git-repos/https%3A%2F%2Fgithub.com%2Frohankumardubey%2FoSUS" "/workspace/builds/worker-0-tc2/source", kill_on_drop: false }`
[INFO] [stderr] Cloning into '/workspace/builds/worker-0-tc2/source'...
[INFO] [stderr] done.
[INFO] validating manifest of git repo https://github.com/rohankumardubey/oSUS on toolchain beta-2024-12-08
[INFO] running `Command { std: CARGO_HOME="/workspace/cargo-home" RUSTUP_HOME="/workspace/rustup-home" "/workspace/cargo-home/bin/cargo" "+beta-2024-12-08" "metadata" "--manifest-path" "Cargo.toml" "--no-deps", kill_on_drop: false }`
[INFO] started tweaking git repo https://github.com/rohankumardubey/oSUS
[INFO] finished tweaking git repo https://github.com/rohankumardubey/oSUS
[INFO] tweaked toml for git repo https://github.com/rohankumardubey/oSUS written to /workspace/builds/worker-0-tc2/source/Cargo.toml
[INFO] crate git repo https://github.com/rohankumardubey/oSUS already has a lockfile, it will not be regenerated
[INFO] running `Command { std: CARGO_HOME="/workspace/cargo-home" RUSTUP_HOME="/workspace/rustup-home" "/workspace/cargo-home/bin/cargo" "+beta-2024-12-08" "fetch" "--manifest-path" "Cargo.toml", kill_on_drop: false }`
[INFO] [stderr] warning: profiles for the non root package will be ignored, specify profiles at the workspace root:
[INFO] [stderr] package:   /workspace/builds/worker-0-tc2/source/osus/Cargo.toml
[INFO] [stderr] workspace: /workspace/builds/worker-0-tc2/source/Cargo.toml
[INFO] [stderr] warning: profiles for the non root package will be ignored, specify profiles at the workspace root:
[INFO] [stderr] package:   /workspace/builds/worker-0-tc2/source/osus-cli/Cargo.toml
[INFO] [stderr] workspace: /workspace/builds/worker-0-tc2/source/Cargo.toml
[INFO] running `Command { std: "docker" "create" "-v" "/var/lib/crater-agent-workspace/builds/worker-0-tc2/target:/opt/rustwide/target:rw,Z" "-v" "/var/lib/crater-agent-workspace/builds/worker-0-tc2/source:/opt/rustwide/workdir:ro,Z" "-v" "/var/lib/crater-agent-workspace/cargo-home:/opt/rustwide/cargo-home:ro,Z" "-v" "/var/lib/crater-agent-workspace/rustup-home:/opt/rustwide/rustup-home:ro,Z" "-e" "SOURCE_DIR=/opt/rustwide/workdir" "-e" "CARGO_TARGET_DIR=/opt/rustwide/target" "-e" "CARGO_HOME=/opt/rustwide/cargo-home" "-e" "RUSTUP_HOME=/opt/rustwide/rustup-home" "-w" "/opt/rustwide/workdir" "-m" "1610612736" "--user" "0:0" "--network" "none" "ghcr.io/rust-lang/crates-build-env/linux@sha256:f3a9d4ad9d972b27faf3965f35b62e55ba32bbce8f20bc8fe909558a86702fde" "/opt/rustwide/cargo-home/bin/cargo" "+beta-2024-12-08" "metadata" "--no-deps" "--format-version=1", kill_on_drop: false }`
[INFO] [stdout] 3576b8506af7b6e6945f5682f8dbffe126a7cfcb122bb8e94f15ef7d41198863
[INFO] running `Command { std: "docker" "start" "-a" "3576b8506af7b6e6945f5682f8dbffe126a7cfcb122bb8e94f15ef7d41198863", kill_on_drop: false }`
[INFO] running `Command { std: "docker" "inspect" "3576b8506af7b6e6945f5682f8dbffe126a7cfcb122bb8e94f15ef7d41198863", kill_on_drop: false }`
[INFO] running `Command { std: "docker" "rm" "-f" "3576b8506af7b6e6945f5682f8dbffe126a7cfcb122bb8e94f15ef7d41198863", kill_on_drop: false }`
[INFO] [stdout] 3576b8506af7b6e6945f5682f8dbffe126a7cfcb122bb8e94f15ef7d41198863
[INFO] running `Command { std: "docker" "create" "-v" "/var/lib/crater-agent-workspace/builds/worker-0-tc2/target:/opt/rustwide/target:rw,Z" "-v" "/var/lib/crater-agent-workspace/builds/worker-0-tc2/source:/opt/rustwide/workdir:ro,Z" "-v" "/var/lib/crater-agent-workspace/cargo-home:/opt/rustwide/cargo-home:ro,Z" "-v" "/var/lib/crater-agent-workspace/rustup-home:/opt/rustwide/rustup-home:ro,Z" "-e" "SOURCE_DIR=/opt/rustwide/workdir" "-e" "CARGO_TARGET_DIR=/opt/rustwide/target" "-e" "CARGO_INCREMENTAL=0" "-e" "RUST_BACKTRACE=full" "-e" "RUSTFLAGS=--cap-lints=warn" "-e" "RUSTDOCFLAGS=--cap-lints=warn" "-e" "CARGO_HOME=/opt/rustwide/cargo-home" "-e" "RUSTUP_HOME=/opt/rustwide/rustup-home" "-w" "/opt/rustwide/workdir" "-m" "1610612736" "--user" "0:0" "--network" "none" "ghcr.io/rust-lang/crates-build-env/linux@sha256:f3a9d4ad9d972b27faf3965f35b62e55ba32bbce8f20bc8fe909558a86702fde" "/opt/rustwide/cargo-home/bin/cargo" "+beta-2024-12-08" "build" "--frozen" "--message-format=json", kill_on_drop: false }`
[INFO] [stdout] 48d6f5de1f1a063364ea38f2987cdfcc79da601f79388ac08d415c0282b6a246
[INFO] running `Command { std: "docker" "start" "-a" "48d6f5de1f1a063364ea38f2987cdfcc79da601f79388ac08d415c0282b6a246", kill_on_drop: false }`
[INFO] [stderr] warning: profiles for the non root package will be ignored, specify profiles at the workspace root:
[INFO] [stderr] package:   /opt/rustwide/workdir/osus/Cargo.toml
[INFO] [stderr] workspace: /opt/rustwide/workdir/Cargo.toml
[INFO] [stderr] warning: profiles for the non root package will be ignored, specify profiles at the workspace root:
[INFO] [stderr] package:   /opt/rustwide/workdir/osus-cli/Cargo.toml
[INFO] [stderr] workspace: /opt/rustwide/workdir/Cargo.toml
[INFO] [stderr]    Compiling proc-macro2 v1.0.76
[INFO] [stderr]    Compiling unicode-ident v1.0.12
[INFO] [stderr]    Compiling once_cell v1.19.0
[INFO] [stderr]    Compiling utf8parse v0.2.1
[INFO] [stderr]    Compiling colorchoice v1.0.0
[INFO] [stderr]    Compiling anstyle v1.0.4
[INFO] [stderr]    Compiling thiserror v1.0.56
[INFO] [stderr]    Compiling anstyle-query v1.0.2
[INFO] [stderr]    Compiling clap_lex v0.6.0
[INFO] [stderr]    Compiling cfg-if v1.0.0
[INFO] [stderr]    Compiling pin-project-lite v0.2.13
[INFO] [stderr]    Compiling heck v0.4.1
[INFO] [stderr]    Compiling overload v0.1.1
[INFO] [stderr]    Compiling strsim v0.10.0
[INFO] [stderr]    Compiling log v0.4.20
[INFO] [stderr]    Compiling lazy_static v1.4.0
[INFO] [stderr]    Compiling smallvec v1.11.2
[INFO] [stderr]    Compiling nu-ansi-term v0.46.0
[INFO] [stderr]    Compiling same-file v1.0.6
[INFO] [stderr]    Compiling anstyle-parse v0.2.3
[INFO] [stderr]    Compiling sharded-slab v0.1.7
[INFO] [stderr]    Compiling walkdir v2.4.0
[INFO] [stderr]    Compiling tracing-core v0.1.32
[INFO] [stderr]    Compiling thread_local v1.1.7
[INFO] [stderr]    Compiling anstream v0.6.7
[INFO] [stderr]    Compiling clap_builder v4.4.16
[INFO] [stderr]    Compiling tracing-log v0.2.0
[INFO] [stderr]    Compiling tracing-subscriber v0.3.18
[INFO] [stderr]    Compiling quote v1.0.35
[INFO] [stderr]    Compiling syn v2.0.48
[INFO] [stderr]    Compiling thiserror-impl v1.0.56
[INFO] [stderr]    Compiling tracing-attributes v0.1.27
[INFO] [stderr]    Compiling clap_derive v4.4.7
[INFO] [stderr]    Compiling tracing v0.1.40
[INFO] [stderr]    Compiling osus v0.1.0 (/opt/rustwide/workdir/osus)
[INFO] [stderr]    Compiling clap v4.4.16
[INFO] [stderr]    Compiling osus-cli v0.1.0 (/opt/rustwide/workdir/osus-cli)
[INFO] [stderr]     Finished `dev` profile [unoptimized + debuginfo] target(s) in 19.05s
[INFO] running `Command { std: "docker" "inspect" "48d6f5de1f1a063364ea38f2987cdfcc79da601f79388ac08d415c0282b6a246", kill_on_drop: false }`
[INFO] running `Command { std: "docker" "rm" "-f" "48d6f5de1f1a063364ea38f2987cdfcc79da601f79388ac08d415c0282b6a246", kill_on_drop: false }`
[INFO] [stdout] 48d6f5de1f1a063364ea38f2987cdfcc79da601f79388ac08d415c0282b6a246
[INFO] running `Command { std: "docker" "create" "-v" "/var/lib/crater-agent-workspace/builds/worker-0-tc2/target:/opt/rustwide/target:rw,Z" "-v" "/var/lib/crater-agent-workspace/builds/worker-0-tc2/source:/opt/rustwide/workdir:ro,Z" "-v" "/var/lib/crater-agent-workspace/cargo-home:/opt/rustwide/cargo-home:ro,Z" "-v" "/var/lib/crater-agent-workspace/rustup-home:/opt/rustwide/rustup-home:ro,Z" "-e" "SOURCE_DIR=/opt/rustwide/workdir" "-e" "CARGO_TARGET_DIR=/opt/rustwide/target" "-e" "CARGO_INCREMENTAL=0" "-e" "RUST_BACKTRACE=full" "-e" "RUSTFLAGS=--cap-lints=warn" "-e" "RUSTDOCFLAGS=--cap-lints=warn" "-e" "CARGO_HOME=/opt/rustwide/cargo-home" "-e" "RUSTUP_HOME=/opt/rustwide/rustup-home" "-w" "/opt/rustwide/workdir" "-m" "1610612736" "--user" "0:0" "--network" "none" "ghcr.io/rust-lang/crates-build-env/linux@sha256:f3a9d4ad9d972b27faf3965f35b62e55ba32bbce8f20bc8fe909558a86702fde" "/opt/rustwide/cargo-home/bin/cargo" "+beta-2024-12-08" "test" "--frozen" "--no-run" "--message-format=json", kill_on_drop: false }`
[INFO] [stdout] f4e1ddf8c738483bd5725636eb7091c5713f630a5fa625d99ea3b686ea9df060
[INFO] running `Command { std: "docker" "start" "-a" "f4e1ddf8c738483bd5725636eb7091c5713f630a5fa625d99ea3b686ea9df060", kill_on_drop: false }`
[INFO] [stderr] warning: profiles for the non root package will be ignored, specify profiles at the workspace root:
[INFO] [stderr] package:   /opt/rustwide/workdir/osus/Cargo.toml
[INFO] [stderr] workspace: /opt/rustwide/workdir/Cargo.toml
[INFO] [stderr] warning: profiles for the non root package will be ignored, specify profiles at the workspace root:
[INFO] [stderr] package:   /opt/rustwide/workdir/osus-cli/Cargo.toml
[INFO] [stderr] workspace: /opt/rustwide/workdir/Cargo.toml
[INFO] [stderr]    Compiling osus v0.1.0 (/opt/rustwide/workdir/osus)
[INFO] [stderr]    Compiling osus-cli v0.1.0 (/opt/rustwide/workdir/osus-cli)
[INFO] [stderr]     Finished `test` profile [unoptimized + debuginfo] target(s) in 1.22s
[INFO] running `Command { std: "docker" "inspect" "f4e1ddf8c738483bd5725636eb7091c5713f630a5fa625d99ea3b686ea9df060", kill_on_drop: false }`
[INFO] running `Command { std: "docker" "rm" "-f" "f4e1ddf8c738483bd5725636eb7091c5713f630a5fa625d99ea3b686ea9df060", kill_on_drop: false }`
[INFO] [stdout] f4e1ddf8c738483bd5725636eb7091c5713f630a5fa625d99ea3b686ea9df060
[INFO] running `Command { std: "docker" "create" "-v" "/var/lib/crater-agent-workspace/builds/worker-0-tc2/target:/opt/rustwide/target:rw,Z" "-v" "/var/lib/crater-agent-workspace/builds/worker-0-tc2/source:/opt/rustwide/workdir:ro,Z" "-v" "/var/lib/crater-agent-workspace/cargo-home:/opt/rustwide/cargo-home:ro,Z" "-v" "/var/lib/crater-agent-workspace/rustup-home:/opt/rustwide/rustup-home:ro,Z" "-e" "SOURCE_DIR=/opt/rustwide/workdir" "-e" "CARGO_TARGET_DIR=/opt/rustwide/target" "-e" "CARGO_INCREMENTAL=0" "-e" "RUST_BACKTRACE=full" "-e" "RUSTFLAGS=--cap-lints=warn" "-e" "RUSTDOCFLAGS=--cap-lints=warn" "-e" "CARGO_HOME=/opt/rustwide/cargo-home" "-e" "RUSTUP_HOME=/opt/rustwide/rustup-home" "-w" "/opt/rustwide/workdir" "-m" "1610612736" "--user" "0:0" "--network" "none" "ghcr.io/rust-lang/crates-build-env/linux@sha256:f3a9d4ad9d972b27faf3965f35b62e55ba32bbce8f20bc8fe909558a86702fde" "/opt/rustwide/cargo-home/bin/cargo" "+beta-2024-12-08" "test" "--frozen", kill_on_drop: false }`
[INFO] [stdout] 1907f65fc18faf8e5972f827ccca6c3e89860d506bb165ec3aeecb25a765f90a
[INFO] running `Command { std: "docker" "start" "-a" "1907f65fc18faf8e5972f827ccca6c3e89860d506bb165ec3aeecb25a765f90a", kill_on_drop: false }`
[INFO] [stderr] warning: profiles for the non root package will be ignored, specify profiles at the workspace root:
[INFO] [stderr] package:   /opt/rustwide/workdir/osus/Cargo.toml
[INFO] [stderr] workspace: /opt/rustwide/workdir/Cargo.toml
[INFO] [stderr] warning: profiles for the non root package will be ignored, specify profiles at the workspace root:
[INFO] [stderr] package:   /opt/rustwide/workdir/osus-cli/Cargo.toml
[INFO] [stderr] workspace: /opt/rustwide/workdir/Cargo.toml
[INFO] [stderr]     Finished `test` profile [unoptimized + debuginfo] target(s) in 0.05s
[INFO] [stderr]      Running unittests src/lib.rs (/opt/rustwide/target/debug/deps/osus-eb5343c05666777c)
[INFO] [stdout] 
[INFO] [stdout] running 0 tests
[INFO] [stdout] 
[INFO] [stdout] test result: ok. 0 passed; 0 failed; 0 ignored; 0 measured; 0 filtered out; finished in 0.00s
[INFO] [stderr]      Running unittests src/main.rs (/opt/rustwide/target/debug/deps/osus_cli-dbe5ed36098bbf3c)
[INFO] [stdout] 
[INFO] [stdout] 
[INFO] [stderr]    Doc-tests osus
[INFO] [stdout] running 0 tests
[INFO] [stdout] 
[INFO] [stdout] test result: ok. 0 passed; 0 failed; 0 ignored; 0 measured; 0 filtered out; finished in 0.00s
[INFO] [stdout] 
[INFO] [stdout] 
[INFO] [stdout] running 2 tests
[INFO] [stdout] test osus/src/file/beatmap.rs - file::beatmap::HitObjectParams::Slider::curve_points (line 473) - compile ... FAILED
[INFO] [stdout] test osus/src/file/beatmap.rs - file::beatmap::HitObjectParams::Slider::curve_points (line 482) - compile ... FAILED
[INFO] [stdout] 
[INFO] [stdout] failures:
[INFO] [stdout] 
[INFO] [stdout] ---- osus/src/file/beatmap.rs - file::beatmap::HitObjectParams::Slider::curve_points (line 473) stdout ----
[INFO] [stdout] error: expected one of `.`, `;`, `?`, `}`, or an operator, found `:`
[INFO] [stdout]  --> osus/src/file/beatmap.rs:474:6
[INFO] [stdout]   |
[INFO] [stdout] 3 | P|213:282|P|257:269|234:254|P|158:283|129:306|B|39:234|L|57:105|68:173
[INFO] [stdout]   |      ^ expected one of `.`, `;`, `?`, `}`, or an operator
[INFO] [stdout] 
[INFO] [stdout] error: aborting due to 1 previous error
[INFO] [stdout] 
[INFO] [stdout] Couldn't compile the test.
[INFO] [stdout] ---- osus/src/file/beatmap.rs - file::beatmap::HitObjectParams::Slider::curve_points (line 482) stdout ----
[INFO] [stdout] error: expected one of `.`, `;`, `?`, `}`, or an operator, found `:`
[INFO] [stdout]  --> osus/src/file/beatmap.rs:483:7
[INFO] [stdout]   |
[INFO] [stdout] 3 | L|P|12:392|24:369|76:331
[INFO] [stdout]   |       ^ expected one of `.`, `;`, `?`, `}`, or an operator
[INFO] [stdout] 
[INFO] [stdout] error: aborting due to 1 previous error
[INFO] [stdout] 
[INFO] [stdout] Couldn't compile the test.
[INFO] [stdout] 
[INFO] [stdout] failures:
[INFO] [stdout]     osus/src/file/beatmap.rs - file::beatmap::HitObjectParams::Slider::curve_points (line 473)
[INFO] [stdout]     osus/src/file/beatmap.rs - file::beatmap::HitObjectParams::Slider::curve_points (line 482)
[INFO] [stdout] 
[INFO] [stdout] test result: FAILED. 0 passed; 2 failed; 0 ignored; 0 measured; 0 filtered out; finished in 0.08s
[INFO] [stdout] 
[INFO] [stderr] error: doctest failed, to rerun pass `-p osus --doc`
[INFO] running `Command { std: "docker" "inspect" "1907f65fc18faf8e5972f827ccca6c3e89860d506bb165ec3aeecb25a765f90a", kill_on_drop: false }`
[INFO] running `Command { std: "docker" "rm" "-f" "1907f65fc18faf8e5972f827ccca6c3e89860d506bb165ec3aeecb25a765f90a", kill_on_drop: false }`
[INFO] [stdout] 1907f65fc18faf8e5972f827ccca6c3e89860d506bb165ec3aeecb25a765f90a
