[INFO] cloning repository https://github.com/rodmoioliveira/funes
[INFO] running `Command { std: "git" "-c" "credential.helper=" "-c" "credential.helper=/workspace/cargo-home/bin/git-credential-null" "clone" "--bare" "https://github.com/rodmoioliveira/funes" "/workspace/cache/git-repos/https%3A%2F%2Fgithub.com%2Frodmoioliveira%2Ffunes", kill_on_drop: false }`
[INFO] [stderr] Cloning into bare repository '/workspace/cache/git-repos/https%3A%2F%2Fgithub.com%2Frodmoioliveira%2Ffunes'...
[INFO] running `Command { std: "git" "rev-parse" "HEAD", kill_on_drop: false }`
[INFO] [stdout] b65007416029d893dd747548ec71395e3e51506d
[INFO] testing rodmoioliveira/funes against 1.83.0 for beta-1.84.0-4-retry
[INFO] running `Command { std: "git" "clone" "/workspace/cache/git-repos/https%3A%2F%2Fgithub.com%2Frodmoioliveira%2Ffunes" "/workspace/builds/worker-4-tc1/source", kill_on_drop: false }`
[INFO] [stderr] Cloning into '/workspace/builds/worker-4-tc1/source'...
[INFO] [stderr] done.
[INFO] validating manifest of git repo https://github.com/rodmoioliveira/funes on toolchain 1.83.0
[INFO] running `Command { std: CARGO_HOME="/workspace/cargo-home" RUSTUP_HOME="/workspace/rustup-home" "/workspace/cargo-home/bin/cargo" "+1.83.0" "metadata" "--manifest-path" "Cargo.toml" "--no-deps", kill_on_drop: false }`
[INFO] removed /workspace/builds/worker-4-tc1/source/rust-toolchain.toml
[INFO] started tweaking git repo https://github.com/rodmoioliveira/funes
[INFO] finished tweaking git repo https://github.com/rodmoioliveira/funes
[INFO] tweaked toml for git repo https://github.com/rodmoioliveira/funes written to /workspace/builds/worker-4-tc1/source/Cargo.toml
[INFO] crate git repo https://github.com/rodmoioliveira/funes already has a lockfile, it will not be regenerated
[INFO] running `Command { std: CARGO_HOME="/workspace/cargo-home" RUSTUP_HOME="/workspace/rustup-home" "/workspace/cargo-home/bin/cargo" "+1.83.0" "fetch" "--manifest-path" "Cargo.toml", kill_on_drop: false }`
[INFO] [stderr]  Downloading crates ...
[INFO] [stderr]   Downloaded actix-test v0.1.0-beta.3
[INFO] [stderr]   Downloaded actix-files v0.6.0-beta.6
[INFO] [stderr]   Downloaded ordered-float v2.5.1
[INFO] [stderr]   Downloaded http-range v0.1.4
[INFO] [stderr]   Downloaded actix-http v3.0.0-beta.8
[INFO] [stderr]   Downloaded actix-http-test v3.0.0-beta.4
[INFO] [stderr]   Downloaded awc v3.0.0-beta.6
[INFO] running `Command { std: "docker" "create" "-v" "/var/lib/crater-agent-workspace/builds/worker-4-tc1/target:/opt/rustwide/target:rw,Z" "-v" "/var/lib/crater-agent-workspace/builds/worker-4-tc1/source:/opt/rustwide/workdir:ro,Z" "-v" "/var/lib/crater-agent-workspace/cargo-home:/opt/rustwide/cargo-home:ro,Z" "-v" "/var/lib/crater-agent-workspace/rustup-home:/opt/rustwide/rustup-home:ro,Z" "-e" "SOURCE_DIR=/opt/rustwide/workdir" "-e" "CARGO_TARGET_DIR=/opt/rustwide/target" "-e" "CARGO_HOME=/opt/rustwide/cargo-home" "-e" "RUSTUP_HOME=/opt/rustwide/rustup-home" "-w" "/opt/rustwide/workdir" "-m" "1610612736" "--user" "0:0" "--network" "none" "ghcr.io/rust-lang/crates-build-env/linux@sha256:f3a9d4ad9d972b27faf3965f35b62e55ba32bbce8f20bc8fe909558a86702fde" "/opt/rustwide/cargo-home/bin/cargo" "+1.83.0" "metadata" "--no-deps" "--format-version=1", kill_on_drop: false }`
[INFO] [stdout] 754524d231f9618c250a2a3c4df1b970f8ed430d8c62ccfbfee672688e6f00b7
[INFO] running `Command { std: "docker" "start" "-a" "754524d231f9618c250a2a3c4df1b970f8ed430d8c62ccfbfee672688e6f00b7", kill_on_drop: false }`
[INFO] running `Command { std: "docker" "inspect" "754524d231f9618c250a2a3c4df1b970f8ed430d8c62ccfbfee672688e6f00b7", kill_on_drop: false }`
[INFO] running `Command { std: "docker" "rm" "-f" "754524d231f9618c250a2a3c4df1b970f8ed430d8c62ccfbfee672688e6f00b7", kill_on_drop: false }`
[INFO] [stdout] 754524d231f9618c250a2a3c4df1b970f8ed430d8c62ccfbfee672688e6f00b7
[INFO] running `Command { std: "docker" "create" "-v" "/var/lib/crater-agent-workspace/builds/worker-4-tc1/target:/opt/rustwide/target:rw,Z" "-v" "/var/lib/crater-agent-workspace/builds/worker-4-tc1/source:/opt/rustwide/workdir:ro,Z" "-v" "/var/lib/crater-agent-workspace/cargo-home:/opt/rustwide/cargo-home:ro,Z" "-v" "/var/lib/crater-agent-workspace/rustup-home:/opt/rustwide/rustup-home:ro,Z" "-e" "SOURCE_DIR=/opt/rustwide/workdir" "-e" "CARGO_TARGET_DIR=/opt/rustwide/target" "-e" "CARGO_INCREMENTAL=0" "-e" "RUST_BACKTRACE=full" "-e" "RUSTFLAGS=--cap-lints=warn" "-e" "RUSTDOCFLAGS=--cap-lints=warn" "-e" "CARGO_HOME=/opt/rustwide/cargo-home" "-e" "RUSTUP_HOME=/opt/rustwide/rustup-home" "-w" "/opt/rustwide/workdir" "-m" "1610612736" "--user" "0:0" "--network" "none" "ghcr.io/rust-lang/crates-build-env/linux@sha256:f3a9d4ad9d972b27faf3965f35b62e55ba32bbce8f20bc8fe909558a86702fde" "/opt/rustwide/cargo-home/bin/cargo" "+1.83.0" "build" "--frozen" "--message-format=json", kill_on_drop: false }`
[INFO] [stdout] 9eee4494a61a218c08ed943a9fb1cfcc616bb35aed1c9385a63a63bf8a1572c2
[INFO] running `Command { std: "docker" "start" "-a" "9eee4494a61a218c08ed943a9fb1cfcc616bb35aed1c9385a63a63bf8a1572c2", kill_on_drop: false }`
[INFO] [stderr]    Compiling libc v0.2.97
[INFO] [stderr]    Compiling version_check v0.9.3
[INFO] [stderr]    Compiling proc-macro2 v1.0.27
[INFO] [stderr]    Compiling unicode-xid v0.2.2
[INFO] [stderr]    Compiling syn v1.0.73
[INFO] [stderr]    Compiling cfg-if v1.0.0
[INFO] [stderr]    Compiling autocfg v1.0.1
[INFO] [stderr]    Compiling log v0.4.14
[INFO] [stderr]    Compiling pin-project-lite v0.2.6
[INFO] [stderr]    Compiling memchr v2.4.0
[INFO] [stderr]    Compiling futures-core v0.3.15
[INFO] [stderr]    Compiling once_cell v1.8.0
[INFO] [stderr]    Compiling bytes v1.0.1
[INFO] [stderr]    Compiling value-bag v1.0.0-alpha.7
[INFO] [stderr]    Compiling instant v0.1.9
[INFO] [stderr]    Compiling scopeguard v1.1.0
[INFO] [stderr]    Compiling smallvec v1.6.1
[INFO] [stderr]    Compiling lock_api v0.4.4
[INFO] [stderr]    Compiling tokio v1.7.1
[INFO] [stderr]    Compiling itoa v0.4.7
[INFO] [stderr]    Compiling futures-sink v0.3.15
[INFO] [stderr]    Compiling slab v0.4.3
[INFO] [stderr]    Compiling bitflags v1.2.1
[INFO] [stderr]    Compiling lazy_static v1.4.0
[INFO] [stderr]    Compiling fnv v1.0.7
[INFO] [stderr]    Compiling futures-task v0.3.15
[INFO] [stderr]    Compiling http v0.2.4
[INFO] [stderr]    Compiling futures-util v0.3.15
[INFO] [stderr]    Compiling pin-utils v0.1.0
[INFO] [stderr]    Compiling serde_derive v1.0.126
[INFO] [stderr]    Compiling quote v1.0.9
[INFO] [stderr]    Compiling jobserver v0.1.22
[INFO] [stderr]    Compiling parking_lot_core v0.8.3
[INFO] [stderr]    Compiling signal-hook-registry v1.4.0
[INFO] [stderr]    Compiling cc v1.0.68
[INFO] [stderr]    Compiling parking_lot v0.11.1
[INFO] [stderr]    Compiling indexmap v1.6.2
[INFO] [stderr]    Compiling standback v0.2.17
[INFO] [stderr]    Compiling serde v1.0.126
[INFO] [stderr]    Compiling typenum v1.13.0
[INFO] [stderr]    Compiling proc-macro-hack v0.5.19
[INFO] [stderr]    Compiling tracing-core v0.1.18
[INFO] [stderr]    Compiling generic-array v0.14.4
[INFO] [stderr]    Compiling httparse v1.4.1
[INFO] [stderr]    Compiling percent-encoding v2.1.0
[INFO] [stderr]    Compiling hashbrown v0.9.1
[INFO] [stderr]    Compiling matches v0.1.8
[INFO] [stderr]    Compiling zstd-sys v1.5.0+zstd.1.4.9
[INFO] [stderr]    Compiling tracing v0.1.26
[INFO] [stderr]    Compiling getrandom v0.2.3
[INFO] [stderr]    Compiling socket2 v0.4.0
[INFO] [stderr]    Compiling pkg-config v0.3.19
[INFO] [stderr]    Compiling ryu v1.0.5
[INFO] [stderr]    Compiling const_fn v0.4.8
[INFO] [stderr]    Compiling local-waker v0.1.1
[INFO] [stderr]    Compiling brotli-sys v0.3.2
[INFO] [stderr]    Compiling openssl-sys v0.9.65
[INFO] [stderr]    Compiling aho-corasick v0.7.18
[INFO] [stderr]    Compiling miniz_oxide v0.4.4
[INFO] [stderr]    Compiling time v0.2.27
[INFO] [stderr]    Compiling paste v1.0.5
[INFO] [stderr]    Compiling zstd-safe v3.1.0+zstd.1.4.9
[INFO] [stderr]    Compiling encoding_rs v0.8.28
[INFO] [stderr]    Compiling crc32fast v1.2.1
[INFO] [stderr]    Compiling regex-syntax v0.6.25
[INFO] [stderr]    Compiling actix-utils v3.0.0
[INFO] [stderr]    Compiling actix-service v2.0.0
[INFO] [stderr]    Compiling rand_core v0.6.3
[INFO] [stderr]    Compiling form_urlencoded v1.0.1
[INFO] [stderr]    Compiling ahash v0.7.4
[INFO] [stderr]    Compiling mime v0.3.16
[INFO] [stderr]    Compiling tinyvec_macros v0.1.0
[INFO] [stderr]    Compiling convert_case v0.4.0
[INFO] [stderr]    Compiling serde_json v1.0.64
[INFO] [stderr]    Compiling adler v1.0.2
[INFO] [stderr]    Compiling ppv-lite86 v0.2.10
[INFO] [stderr]    Compiling tinyvec v1.2.0
[INFO] [stderr]    Compiling block-buffer v0.9.0
[INFO] [stderr]    Compiling digest v0.9.0
[INFO] [stderr]    Compiling rand_chacha v0.3.1
[INFO] [stderr]    Compiling num_cpus v1.13.0
[INFO] [stderr]    Compiling bytestring v1.0.0
[INFO] [stderr]    Compiling cookie v0.15.0
[INFO] [stderr]    Compiling opaque-debug v0.3.0
[INFO] [stderr]    Compiling base64 v0.13.0
[INFO] [stderr]    Compiling cache-padded v1.1.1
[INFO] [stderr]    Compiling cpufeatures v0.1.4
[INFO] [stderr]    Compiling sha-1 v0.9.6
[INFO] [stderr]    Compiling concurrent-queue v1.2.2
[INFO] [stderr]    Compiling unicode-normalization v0.1.19
[INFO] [stderr]    Compiling rand v0.8.4
[INFO] [stderr]    Compiling flate2 v1.0.20
[INFO] [stderr]    Compiling local-channel v0.1.2
[INFO] [stderr]    Compiling unicode-bidi v0.3.5
[INFO] [stderr]    Compiling unicase v2.6.0
[INFO] [stderr]    Compiling regex v1.5.4
[INFO] [stderr]    Compiling language-tags v0.3.2
[INFO] [stderr]    Compiling fastrand v1.5.0
[INFO] [stderr]    Compiling openssl v0.10.35
[INFO] [stderr]    Compiling foreign-types-shared v0.1.1
[INFO] [stderr]    Compiling futures-io v0.3.17
[INFO] [stderr]    Compiling waker-fn v1.1.0
[INFO] [stderr]    Compiling parking v2.0.0
[INFO] [stderr]    Compiling event-listener v2.5.1
[INFO] [stderr]    Compiling foreign-types v0.3.2
[INFO] [stderr]    Compiling idna v0.2.3
[INFO] [stderr]    Compiling futures-lite v1.12.0
[INFO] [stderr]    Compiling futures-channel v0.3.15
[INFO] [stderr]    Compiling native-tls v0.2.7
[INFO] [stderr]    Compiling url v2.2.2
[INFO] [stderr]    Compiling openssl-probe v0.1.4
[INFO] [stderr]    Compiling async-task v4.0.3
[INFO] [stderr]    Compiling try-lock v0.2.3
[INFO] [stderr]    Compiling ctor v0.1.21
[INFO] [stderr]    Compiling actix-macros v0.2.1
[INFO] [stderr]    Compiling time-macros-impl v0.1.2
[INFO] [stderr]    Compiling pin-project-internal v1.0.7
[INFO] [stderr]    Compiling derive_more v0.99.14
[INFO] [stderr]    Compiling mime_guess v2.0.3
[INFO] [stderr]    Compiling time-macros v0.1.1
[INFO] [stderr]    Compiling actix-web-codegen v0.5.0-beta.3
[INFO] [stderr]    Compiling mio v0.7.13
[INFO] [stderr]    Compiling pin-project v1.0.7
[INFO] [stderr]    Compiling polling v2.1.0
[INFO] [stderr]    Compiling want v0.3.0
[INFO] [stderr]    Compiling async-channel v1.6.1
[INFO] [stderr]    Compiling http-body v0.4.2
[INFO] [stderr]    Compiling num-traits v0.2.14
[INFO] [stderr]    Compiling httpdate v1.0.1
[INFO] [stderr]    Compiling tower-service v0.3.1
[INFO] [stderr]    Compiling atomic-waker v1.0.0
[INFO] [stderr]    Compiling either v1.6.1
[INFO] [stderr]    Compiling crossbeam-utils v0.8.5
[INFO] [stderr]    Compiling blocking v1.0.2
[INFO] [stderr]    Compiling async-io v1.6.0
[INFO] [stderr]    Compiling async-executor v1.4.1
[INFO] [stderr]    Compiling async-mutex v1.4.0
[INFO] [stderr]    Compiling kv-log-macro v1.0.7
[INFO] [stderr]    Compiling async-global-executor v2.0.2
[INFO] [stderr]    Compiling async-lock v2.4.0
[INFO] [stderr]    Compiling atty v0.2.14
[INFO] [stderr]    Compiling dirs-sys v0.3.6
[INFO] [stderr]    Compiling humantime v2.1.0
[INFO] [stderr]    Compiling byteorder v1.4.3
[INFO] [stderr]    Compiling termcolor v1.1.2
[INFO] [stderr]    Compiling askama_escape v0.10.1
[INFO] [stderr]    Compiling http-range v0.1.4
[INFO] [stderr]    Compiling ipnet v2.3.1
[INFO] [stderr]    Compiling fxhash v0.2.1
[INFO] [stderr]    Compiling env_logger v0.8.4
[INFO] [stderr]    Compiling ordered-float v2.5.1
[INFO] [stderr]    Compiling dirs v3.0.2
[INFO] [stderr]    Compiling async-std v1.10.0
[INFO] [stderr]    Compiling dotenv v0.15.0
[INFO] [stderr]    Compiling tokio-util v0.6.7
[INFO] [stderr]    Compiling h2 v0.3.3
[INFO] [stderr]    Compiling actix-rt v2.2.0
[INFO] [stderr]    Compiling actix-codec v0.4.0
[INFO] [stderr]    Compiling actix-tls v3.0.0-beta.5
[INFO] [stderr]    Compiling actix-server v2.0.0-beta.5
[INFO] [stderr]    Compiling tokio-native-tls v0.3.0
[INFO] [stderr]    Compiling serde_urlencoded v0.7.0
[INFO] [stderr]    Compiling actix-router v0.2.7
[INFO] [stderr]    Compiling hyper v0.14.9
[INFO] [stderr]    Compiling brotli2 v0.3.2
[INFO] [stderr]    Compiling hyper-tls v0.5.0
[INFO] [stderr]    Compiling reqwest v0.11.4
[INFO] [stderr]    Compiling zstd v0.7.0+zstd.1.4.9
[INFO] [stderr]    Compiling actix-http v3.0.0-beta.8
[INFO] [stderr]    Compiling awc v3.0.0-beta.6
[INFO] [stderr]    Compiling actix-web v4.0.0-beta.8
[INFO] [stderr]    Compiling actix-http-test v3.0.0-beta.4
[INFO] [stderr]    Compiling actix-test v0.1.0-beta.3
[INFO] [stderr]    Compiling actix-files v0.6.0-beta.6
[INFO] [stderr]    Compiling funes v0.3.0 (/opt/rustwide/workdir)
[INFO] [stderr]     Finished `dev` profile [unoptimized + debuginfo] target(s) in 3m 18s
[INFO] running `Command { std: "docker" "inspect" "9eee4494a61a218c08ed943a9fb1cfcc616bb35aed1c9385a63a63bf8a1572c2", kill_on_drop: false }`
[INFO] running `Command { std: "docker" "rm" "-f" "9eee4494a61a218c08ed943a9fb1cfcc616bb35aed1c9385a63a63bf8a1572c2", kill_on_drop: false }`
[INFO] [stdout] 9eee4494a61a218c08ed943a9fb1cfcc616bb35aed1c9385a63a63bf8a1572c2
[INFO] running `Command { std: "docker" "create" "-v" "/var/lib/crater-agent-workspace/builds/worker-4-tc1/target:/opt/rustwide/target:rw,Z" "-v" "/var/lib/crater-agent-workspace/builds/worker-4-tc1/source:/opt/rustwide/workdir:ro,Z" "-v" "/var/lib/crater-agent-workspace/cargo-home:/opt/rustwide/cargo-home:ro,Z" "-v" "/var/lib/crater-agent-workspace/rustup-home:/opt/rustwide/rustup-home:ro,Z" "-e" "SOURCE_DIR=/opt/rustwide/workdir" "-e" "CARGO_TARGET_DIR=/opt/rustwide/target" "-e" "CARGO_INCREMENTAL=0" "-e" "RUST_BACKTRACE=full" "-e" "RUSTFLAGS=--cap-lints=warn" "-e" "RUSTDOCFLAGS=--cap-lints=warn" "-e" "CARGO_HOME=/opt/rustwide/cargo-home" "-e" "RUSTUP_HOME=/opt/rustwide/rustup-home" "-w" "/opt/rustwide/workdir" "-m" "1610612736" "--user" "0:0" "--network" "none" "ghcr.io/rust-lang/crates-build-env/linux@sha256:f3a9d4ad9d972b27faf3965f35b62e55ba32bbce8f20bc8fe909558a86702fde" "/opt/rustwide/cargo-home/bin/cargo" "+1.83.0" "test" "--frozen" "--no-run" "--message-format=json", kill_on_drop: false }`
[INFO] [stdout] 1d3c50564af03a98116404865a1b142cccd521d41ed31c86bab6e01c9e5d3e67
[INFO] running `Command { std: "docker" "start" "-a" "1d3c50564af03a98116404865a1b142cccd521d41ed31c86bab6e01c9e5d3e67", kill_on_drop: false }`
[INFO] [stderr]    Compiling funes v0.3.0 (/opt/rustwide/workdir)
[INFO] [stderr]     Finished `test` profile [unoptimized + debuginfo] target(s) in 12.12s
[INFO] running `Command { std: "docker" "inspect" "1d3c50564af03a98116404865a1b142cccd521d41ed31c86bab6e01c9e5d3e67", kill_on_drop: false }`
[INFO] running `Command { std: "docker" "rm" "-f" "1d3c50564af03a98116404865a1b142cccd521d41ed31c86bab6e01c9e5d3e67", kill_on_drop: false }`
[INFO] [stdout] 1d3c50564af03a98116404865a1b142cccd521d41ed31c86bab6e01c9e5d3e67
[INFO] running `Command { std: "docker" "create" "-v" "/var/lib/crater-agent-workspace/builds/worker-4-tc1/target:/opt/rustwide/target:rw,Z" "-v" "/var/lib/crater-agent-workspace/builds/worker-4-tc1/source:/opt/rustwide/workdir:ro,Z" "-v" "/var/lib/crater-agent-workspace/cargo-home:/opt/rustwide/cargo-home:ro,Z" "-v" "/var/lib/crater-agent-workspace/rustup-home:/opt/rustwide/rustup-home:ro,Z" "-e" "SOURCE_DIR=/opt/rustwide/workdir" "-e" "CARGO_TARGET_DIR=/opt/rustwide/target" "-e" "CARGO_INCREMENTAL=0" "-e" "RUST_BACKTRACE=full" "-e" "RUSTFLAGS=--cap-lints=warn" "-e" "RUSTDOCFLAGS=--cap-lints=warn" "-e" "CARGO_HOME=/opt/rustwide/cargo-home" "-e" "RUSTUP_HOME=/opt/rustwide/rustup-home" "-w" "/opt/rustwide/workdir" "-m" "1610612736" "--user" "0:0" "--network" "none" "ghcr.io/rust-lang/crates-build-env/linux@sha256:f3a9d4ad9d972b27faf3965f35b62e55ba32bbce8f20bc8fe909558a86702fde" "/opt/rustwide/cargo-home/bin/cargo" "+1.83.0" "test" "--frozen", kill_on_drop: false }`
[INFO] [stdout] 6dab91c2b261ecd23caf0b85e38c387883abed220c681d239211ea039f12e18b
[INFO] running `Command { std: "docker" "start" "-a" "6dab91c2b261ecd23caf0b85e38c387883abed220c681d239211ea039f12e18b", kill_on_drop: false }`
[INFO] [stderr]     Finished `test` profile [unoptimized + debuginfo] target(s) in 0.21s
[INFO] [stderr]      Running unittests src/lib.rs (/opt/rustwide/target/debug/deps/funes-d899e2e3567e59a2)
[INFO] [stdout] 
[INFO] [stdout] running 4 tests
[INFO] [stdout] test handlers::tests::test_health ... ok
[INFO] [stdout] test handlers::tests::test_resource_status ... ok
[INFO] [stdout] test handlers::tests::post_api ... FAILED
[INFO] [stdout] test handlers::tests::get_api ... FAILED
[INFO] [stdout] 
[INFO] [stdout] failures:
[INFO] [stdout] 
[INFO] [stdout] ---- handlers::tests::post_api stdout ----
[INFO] [stdout] thread 'handlers::tests::post_api' panicked at src/handlers.rs:195:9:
[INFO] [stdout] assertion `left == right` failed
[INFO] [stdout]   left: Object({})
[INFO] [stdout]  right: Object({"body": String("body"), "id": Number(101), "title": String("title"), "userId": Number(1)})
[INFO] [stdout] stack backtrace:
[INFO] [stdout]    0:     0x60a05f674cba - std::backtrace_rs::backtrace::libunwind::trace::h5a5b8284f2d0c266
[INFO] [stdout]                                at /rustc/90b35a6239c3d8bdabc530a6a0816f7ff89a0aaf/library/std/src/../../backtrace/src/backtrace/libunwind.rs:116:5
[INFO] [stdout]    1:     0x60a05f674cba - std::backtrace_rs::backtrace::trace_unsynchronized::h76d4f1c9b0b875e3
[INFO] [stdout]                                at /rustc/90b35a6239c3d8bdabc530a6a0816f7ff89a0aaf/library/std/src/../../backtrace/src/backtrace/mod.rs:66:5
[INFO] [stdout]    2:     0x60a05f674cba - std::sys::backtrace::_print_fmt::hc4546b8364a537c6
[INFO] [stdout]                                at /rustc/90b35a6239c3d8bdabc530a6a0816f7ff89a0aaf/library/std/src/sys/backtrace.rs:66:9
[INFO] [stdout]    3:     0x60a05f674cba - <std::sys::backtrace::BacktraceLock::print::DisplayBacktrace as core::fmt::Display>::fmt::h5b6bd5631a6d1f6b
[INFO] [stdout]                                at /rustc/90b35a6239c3d8bdabc530a6a0816f7ff89a0aaf/library/std/src/sys/backtrace.rs:39:26
[INFO] [stdout]    4:     0x60a05f69df03 - core::fmt::rt::Argument::fmt::h270f6602a2b96f62
[INFO] [stdout]                                at /rustc/90b35a6239c3d8bdabc530a6a0816f7ff89a0aaf/library/core/src/fmt/rt.rs:177:76
[INFO] [stdout]    5:     0x60a05f69df03 - core::fmt::write::h7550c97b06c86515
[INFO] [stdout]                                at /rustc/90b35a6239c3d8bdabc530a6a0816f7ff89a0aaf/library/core/src/fmt/mod.rs:1186:21
[INFO] [stdout]    6:     0x60a05f6712c3 - std::io::Write::write_fmt::h509ff860e5956e5e
[INFO] [stdout]                                at /rustc/90b35a6239c3d8bdabc530a6a0816f7ff89a0aaf/library/std/src/io/mod.rs:1839:15
[INFO] [stdout]    7:     0x60a05f674b02 - std::sys::backtrace::BacktraceLock::print::h2395ccd2c84ba3aa
[INFO] [stdout]                                at /rustc/90b35a6239c3d8bdabc530a6a0816f7ff89a0aaf/library/std/src/sys/backtrace.rs:42:9
[INFO] [stdout]    8:     0x60a05f67611a - std::panicking::default_hook::{{closure}}::he19d4c7230e07961
[INFO] [stdout]                                at /rustc/90b35a6239c3d8bdabc530a6a0816f7ff89a0aaf/library/std/src/panicking.rs:268:22
[INFO] [stdout]    9:     0x60a05f675f24 - std::panicking::default_hook::hf614597d3c67bbdb
[INFO] [stdout]                                at /rustc/90b35a6239c3d8bdabc530a6a0816f7ff89a0aaf/library/std/src/panicking.rs:292:9
[INFO] [stdout]   10:     0x60a05eedd0f9 - <alloc::boxed::Box<F,A> as core::ops::function::Fn<Args>>::call::h39b51ce4599c23d1
[INFO] [stdout]                                at /rustc/90b35a6239c3d8bdabc530a6a0816f7ff89a0aaf/library/alloc/src/boxed.rs:2468:9
[INFO] [stdout]   11:     0x60a05eedd0f9 - test::test_main::{{closure}}::he977ae839a582784
[INFO] [stdout]                                at /rustc/90b35a6239c3d8bdabc530a6a0816f7ff89a0aaf/library/test/src/lib.rs:133:21
[INFO] [stdout]   12:     0x60a05f6767b8 - <alloc::boxed::Box<F,A> as core::ops::function::Fn<Args>>::call::h9455091b6b06f9fb
[INFO] [stdout]                                at /rustc/90b35a6239c3d8bdabc530a6a0816f7ff89a0aaf/library/alloc/src/boxed.rs:2468:9
[INFO] [stdout]   13:     0x60a05f6767b8 - std::panicking::rust_panic_with_hook::h8942133a8b252070
[INFO] [stdout]                                at /rustc/90b35a6239c3d8bdabc530a6a0816f7ff89a0aaf/library/std/src/panicking.rs:809:13
[INFO] [stdout]   14:     0x60a05f67657a - std::panicking::begin_panic_handler::{{closure}}::hb5f5963570096b29
[INFO] [stdout]                                at /rustc/90b35a6239c3d8bdabc530a6a0816f7ff89a0aaf/library/std/src/panicking.rs:674:13
[INFO] [stdout]   15:     0x60a05f675199 - std::sys::backtrace::__rust_end_short_backtrace::h6208cedc1922feda
[INFO] [stdout]                                at /rustc/90b35a6239c3d8bdabc530a6a0816f7ff89a0aaf/library/std/src/sys/backtrace.rs:170:18
[INFO] [stdout]   16:     0x60a05f67620c - rust_begin_unwind
[INFO] [stdout]                                at /rustc/90b35a6239c3d8bdabc530a6a0816f7ff89a0aaf/library/std/src/panicking.rs:665:5
[INFO] [stdout]   17:     0x60a05ec7d380 - core::panicking::panic_fmt::h0c3082644d1bf418
[INFO] [stdout]                                at /rustc/90b35a6239c3d8bdabc530a6a0816f7ff89a0aaf/library/core/src/panicking.rs:74:14
[INFO] [stdout]   18:     0x60a05ec7d784 - core::panicking::assert_failed_inner::h2ddf1fcc067fa858
[INFO] [stdout]   19:     0x60a05eda25ef - core::panicking::assert_failed::h8ea556d97a21afbb
[INFO] [stdout]                                at /rustc/90b35a6239c3d8bdabc530a6a0816f7ff89a0aaf/library/core/src/panicking.rs:367:5
[INFO] [stdout]   20:     0x60a05ed262fe - funes::handlers::tests::post_api::{{closure}}::h7ddaa9cf5b6463c3
[INFO] [stdout]                                at /opt/rustwide/workdir/src/handlers.rs:195:9
[INFO] [stdout]   21:     0x60a05ed38f50 - <tokio::task::local::RunUntil<T> as core::future::future::Future>::poll::{{closure}}::{{closure}}::he685e8012aea27e7
[INFO] [stdout]                                at /opt/rustwide/cargo-home/registry/src/index.crates.io-6f17d22bba15001f/tokio-1.7.1/src/task/local.rs:634:65
[INFO] [stdout]   22:     0x60a05ed5a533 - tokio::coop::with_budget::{{closure}}::h37baa616d4bebd41
[INFO] [stdout]                                at /opt/rustwide/cargo-home/registry/src/index.crates.io-6f17d22bba15001f/tokio-1.7.1/src/coop.rs:106:9
[INFO] [stdout]   23:     0x60a05ed6a34a - std::thread::local::LocalKey<T>::try_with::h482541d01d115930
[INFO] [stdout]                                at /rustc/90b35a6239c3d8bdabc530a6a0816f7ff89a0aaf/library/std/src/thread/local.rs:283:12
[INFO] [stdout]   24:     0x60a05ed6852a - std::thread::local::LocalKey<T>::with::h3dc1718b7091a432
[INFO] [stdout]                                at /rustc/90b35a6239c3d8bdabc530a6a0816f7ff89a0aaf/library/std/src/thread/local.rs:260:9
[INFO] [stdout]   25:     0x60a05ed37d82 - tokio::coop::with_budget::h0e80308a09a0b118
[INFO] [stdout]                                at /opt/rustwide/cargo-home/registry/src/index.crates.io-6f17d22bba15001f/tokio-1.7.1/src/coop.rs:99:5
[INFO] [stdout]   26:     0x60a05ed37d82 - tokio::coop::budget::h67fc7b92278772ef
[INFO] [stdout]                                at /opt/rustwide/cargo-home/registry/src/index.crates.io-6f17d22bba15001f/tokio-1.7.1/src/coop.rs:76:5
[INFO] [stdout]   27:     0x60a05ed37d82 - <tokio::task::local::RunUntil<T> as core::future::future::Future>::poll::{{closure}}::h022e04db89b799d6
[INFO] [stdout]                                at /opt/rustwide/cargo-home/registry/src/index.crates.io-6f17d22bba15001f/tokio-1.7.1/src/task/local.rs:634:42
[INFO] [stdout]   28:     0x60a05ed839ad - tokio::macros::scoped_tls::ScopedKey<T>::set::h289607800cfca3a1
[INFO] [stdout]                                at /opt/rustwide/cargo-home/registry/src/index.crates.io-6f17d22bba15001f/tokio-1.7.1/src/macros/scoped_tls.rs:61:9
[INFO] [stdout]   29:     0x60a05ed34f47 - tokio::task::local::LocalSet::with::hbe0de1fe28a4d4f9
[INFO] [stdout]                                at /opt/rustwide/cargo-home/registry/src/index.crates.io-6f17d22bba15001f/tokio-1.7.1/src/task/local.rs:548:9
[INFO] [stdout]   30:     0x60a05ed37a6a - <tokio::task::local::RunUntil<T> as core::future::future::Future>::poll::h673d9a4eef174679
[INFO] [stdout]                                at /opt/rustwide/cargo-home/registry/src/index.crates.io-6f17d22bba15001f/tokio-1.7.1/src/task/local.rs:624:9
[INFO] [stdout]   31:     0x60a05ed35a85 - tokio::task::local::LocalSet::run_until::{{closure}}::h2c74a8c763395d9e
[INFO] [stdout]                                at /opt/rustwide/cargo-home/registry/src/index.crates.io-6f17d22bba15001f/tokio-1.7.1/src/task/local.rs:498:19
[INFO] [stdout]   32:     0x60a05ed5fccd - <core::pin::Pin<P> as core::future::future::Future>::poll::ha345286254bd9aa4
[INFO] [stdout]                                at /rustc/90b35a6239c3d8bdabc530a6a0816f7ff89a0aaf/library/core/src/future/future.rs:123:9
[INFO] [stdout]   33:     0x60a05ed9753f - tokio::runtime::basic_scheduler::Inner<P>::block_on::{{closure}}::{{closure}}::h7528a02eb91f29d9
[INFO] [stdout]                                at /opt/rustwide/cargo-home/registry/src/index.crates.io-6f17d22bba15001f/tokio-1.7.1/src/runtime/basic_scheduler.rs:213:62
[INFO] [stdout]   34:     0x60a05ed5a073 - tokio::coop::with_budget::{{closure}}::h087e005386aae2a2
[INFO] [stdout]                                at /opt/rustwide/cargo-home/registry/src/index.crates.io-6f17d22bba15001f/tokio-1.7.1/src/coop.rs:106:9
[INFO] [stdout]   35:     0x60a05ed6cffa - std::thread::local::LocalKey<T>::try_with::hd2971d1d0bcdf65f
[INFO] [stdout]                                at /rustc/90b35a6239c3d8bdabc530a6a0816f7ff89a0aaf/library/std/src/thread/local.rs:283:12
[INFO] [stdout]   36:     0x60a05ed6872a - std::thread::local::LocalKey<T>::with::h683a8cb2f37848cb
[INFO] [stdout]                                at /rustc/90b35a6239c3d8bdabc530a6a0816f7ff89a0aaf/library/std/src/thread/local.rs:260:9
[INFO] [stdout]   37:     0x60a05ed92678 - tokio::coop::with_budget::h306578b411f2d2cf
[INFO] [stdout]                                at /opt/rustwide/cargo-home/registry/src/index.crates.io-6f17d22bba15001f/tokio-1.7.1/src/coop.rs:99:5
[INFO] [stdout]   38:     0x60a05ed92678 - tokio::coop::budget::h9acd5a70821a9b76
[INFO] [stdout]                                at /opt/rustwide/cargo-home/registry/src/index.crates.io-6f17d22bba15001f/tokio-1.7.1/src/coop.rs:76:5
[INFO] [stdout]   39:     0x60a05ed92678 - tokio::runtime::basic_scheduler::Inner<P>::block_on::{{closure}}::h1c1b0a33d401d72d
[INFO] [stdout]                                at /opt/rustwide/cargo-home/registry/src/index.crates.io-6f17d22bba15001f/tokio-1.7.1/src/runtime/basic_scheduler.rs:213:39
[INFO] [stdout]   40:     0x60a05ed9be5a - tokio::runtime::basic_scheduler::enter::{{closure}}::h9dc576a35740ed63
[INFO] [stdout]                                at /opt/rustwide/cargo-home/registry/src/index.crates.io-6f17d22bba15001f/tokio-1.7.1/src/runtime/basic_scheduler.rs:323:29
[INFO] [stdout]   41:     0x60a05ed84635 - tokio::macros::scoped_tls::ScopedKey<T>::set::hd91ff2eb678b2314
[INFO] [stdout]                                at /opt/rustwide/cargo-home/registry/src/index.crates.io-6f17d22bba15001f/tokio-1.7.1/src/macros/scoped_tls.rs:61:9
[INFO] [stdout]   42:     0x60a05ed9a788 - tokio::runtime::basic_scheduler::enter::h3d42946f4f2ca242
[INFO] [stdout]                                at /opt/rustwide/cargo-home/registry/src/index.crates.io-6f17d22bba15001f/tokio-1.7.1/src/runtime/basic_scheduler.rs:323:5
[INFO] [stdout]   43:     0x60a05ed92313 - tokio::runtime::basic_scheduler::Inner<P>::block_on::h3b5961a71386695e
[INFO] [stdout]                                at /opt/rustwide/cargo-home/registry/src/index.crates.io-6f17d22bba15001f/tokio-1.7.1/src/runtime/basic_scheduler.rs:202:9
[INFO] [stdout]   44:     0x60a05ed97cf9 - tokio::runtime::basic_scheduler::InnerGuard<P>::block_on::habce15b1f3891232
[INFO] [stdout]                                at /opt/rustwide/cargo-home/registry/src/index.crates.io-6f17d22bba15001f/tokio-1.7.1/src/runtime/basic_scheduler.rs:516:9
[INFO] [stdout]   45:     0x60a05ed98a34 - tokio::runtime::basic_scheduler::BasicScheduler<P>::block_on::h467e419dc30ea60a
[INFO] [stdout]                                at /opt/rustwide/cargo-home/registry/src/index.crates.io-6f17d22bba15001f/tokio-1.7.1/src/runtime/basic_scheduler.rs:162:24
[INFO] [stdout]   46:     0x60a05ed86d97 - tokio::runtime::Runtime::block_on::h398c6b8e8598a3f1
[INFO] [stdout]                                at /opt/rustwide/cargo-home/registry/src/index.crates.io-6f17d22bba15001f/tokio-1.7.1/src/runtime/mod.rs:450:46
[INFO] [stdout]   47:     0x60a05ed3516b - tokio::task::local::LocalSet::block_on::hc150c7a2bd403c47
[INFO] [stdout]                                at /opt/rustwide/cargo-home/registry/src/index.crates.io-6f17d22bba15001f/tokio-1.7.1/src/task/local.rs:459:9
[INFO] [stdout]   48:     0x60a05edf8f84 - actix_rt::runtime::Runtime::block_on::h02ec9f921a1d3fdf
[INFO] [stdout]                                at /opt/rustwide/cargo-home/registry/src/index.crates.io-6f17d22bba15001f/actix-rt-2.2.0/src/runtime.rs:85:9
[INFO] [stdout]   49:     0x60a05ed0630e - actix_rt::system::SystemRunner::block_on::he0308db06b2fbe64
[INFO] [stdout]                                at /opt/rustwide/cargo-home/registry/src/index.crates.io-6f17d22bba15001f/actix-rt-2.2.0/src/system.rs:186:9
[INFO] [stdout]   50:     0x60a05ed256a2 - funes::handlers::tests::post_api::hca180062c59f581b
[INFO] [stdout]                                at /opt/rustwide/workdir/src/handlers.rs:159:5
[INFO] [stdout]   51:     0x60a05ed25657 - funes::handlers::tests::post_api::{{closure}}::hb5e027771aed5c3e
[INFO] [stdout]                                at /opt/rustwide/workdir/src/handlers.rs:160:24
[INFO] [stdout]   52:     0x60a05eccddb6 - core::ops::function::FnOnce::call_once::hc5c1aa5f70ed2cb4
[INFO] [stdout]                                at /rustc/90b35a6239c3d8bdabc530a6a0816f7ff89a0aaf/library/core/src/ops/function.rs:250:5
[INFO] [stdout]   53:     0x60a05eee1abb - core::ops::function::FnOnce::call_once::h109cf8051a59b34e
[INFO] [stdout]                                at /rustc/90b35a6239c3d8bdabc530a6a0816f7ff89a0aaf/library/core/src/ops/function.rs:250:5
[INFO] [stdout]   54:     0x60a05eee1abb - test::__rust_begin_short_backtrace::hf4fff89d377446ba
[INFO] [stdout]                                at /rustc/90b35a6239c3d8bdabc530a6a0816f7ff89a0aaf/library/test/src/lib.rs:621:18
[INFO] [stdout]   55:     0x60a05eee12f7 - test::run_test_in_process::{{closure}}::h0e39181dd7ee5a43
[INFO] [stdout]                                at /rustc/90b35a6239c3d8bdabc530a6a0816f7ff89a0aaf/library/test/src/lib.rs:644:60
[INFO] [stdout]   56:     0x60a05eee12f7 - <core::panic::unwind_safe::AssertUnwindSafe<F> as core::ops::function::FnOnce<()>>::call_once::hc5a66a30f0bdfd1f
[INFO] [stdout]                                at /rustc/90b35a6239c3d8bdabc530a6a0816f7ff89a0aaf/library/core/src/panic/unwind_safe.rs:272:9
[INFO] [stdout]   57:     0x60a05eee12f7 - std::panicking::try::do_call::h873b7cf639554a5e
[INFO] [stdout]                                at /rustc/90b35a6239c3d8bdabc530a6a0816f7ff89a0aaf/library/std/src/panicking.rs:557:40
[INFO] [stdout]   58:     0x60a05eee12f7 - std::panicking::try::hdb19862fad9c8bd1
[INFO] [stdout]                                at /rustc/90b35a6239c3d8bdabc530a6a0816f7ff89a0aaf/library/std/src/panicking.rs:520:19
[INFO] [stdout]   59:     0x60a05eee12f7 - std::panic::catch_unwind::h281fe732d236d260
[INFO] [stdout]                                at /rustc/90b35a6239c3d8bdabc530a6a0816f7ff89a0aaf/library/std/src/panic.rs:358:14
[INFO] [stdout]   60:     0x60a05eee12f7 - test::run_test_in_process::h949b6df8457ed338
[INFO] [stdout]                                at /rustc/90b35a6239c3d8bdabc530a6a0816f7ff89a0aaf/library/test/src/lib.rs:644:27
[INFO] [stdout]   61:     0x60a05eee12f7 - test::run_test::{{closure}}::h52c556a6d4740e10
[INFO] [stdout]                                at /rustc/90b35a6239c3d8bdabc530a6a0816f7ff89a0aaf/library/test/src/lib.rs:565:43
[INFO] [stdout]   62:     0x60a05eea65d4 - test::run_test::{{closure}}::h4237f6381c45ccb9
[INFO] [stdout]                                at /rustc/90b35a6239c3d8bdabc530a6a0816f7ff89a0aaf/library/test/src/lib.rs:595:41
[INFO] [stdout]   63:     0x60a05eea65d4 - std::sys::backtrace::__rust_begin_short_backtrace::h505c97a579eca628
[INFO] [stdout]                                at /rustc/90b35a6239c3d8bdabc530a6a0816f7ff89a0aaf/library/std/src/sys/backtrace.rs:154:18
[INFO] [stdout]   64:     0x60a05eea9c9e - std::thread::Builder::spawn_unchecked_::{{closure}}::{{closure}}::h9e86b2e2bc107ea3
[INFO] [stdout]                                at /rustc/90b35a6239c3d8bdabc530a6a0816f7ff89a0aaf/library/std/src/thread/mod.rs:538:17
[INFO] [stdout]   65:     0x60a05eea9c9e - <core::panic::unwind_safe::AssertUnwindSafe<F> as core::ops::function::FnOnce<()>>::call_once::h8b06ddb275ff4a25
[INFO] [stdout]                                at /rustc/90b35a6239c3d8bdabc530a6a0816f7ff89a0aaf/library/core/src/panic/unwind_safe.rs:272:9
[INFO] [stdout]   66:     0x60a05eea9c9e - std::panicking::try::do_call::hb26ecd7cd9a9355d
[INFO] [stdout]                                at /rustc/90b35a6239c3d8bdabc530a6a0816f7ff89a0aaf/library/std/src/panicking.rs:557:40
[INFO] [stdout]   67:     0x60a05eea9c9e - std::panicking::try::h8ddeca9d705f9069
[INFO] [stdout]                                at /rustc/90b35a6239c3d8bdabc530a6a0816f7ff89a0aaf/library/std/src/panicking.rs:520:19
[INFO] [stdout]   68:     0x60a05eea9c9e - std::panic::catch_unwind::h49e1c33078844c46
[INFO] [stdout]                                at /rustc/90b35a6239c3d8bdabc530a6a0816f7ff89a0aaf/library/std/src/panic.rs:358:14
[INFO] [stdout]   69:     0x60a05eea9c9e - std::thread::Builder::spawn_unchecked_::{{closure}}::h6073db6ff56ad35d
[INFO] [stdout]                                at /rustc/90b35a6239c3d8bdabc530a6a0816f7ff89a0aaf/library/std/src/thread/mod.rs:537:30
[INFO] [stdout]   70:     0x60a05eea9c9e - core::ops::function::FnOnce::call_once{{vtable.shim}}::h2c5a5f3779c774f1
[INFO] [stdout]                                at /rustc/90b35a6239c3d8bdabc530a6a0816f7ff89a0aaf/library/core/src/ops/function.rs:250:5
[INFO] [stdout]   71:     0x60a05f67aa5b - <alloc::boxed::Box<F,A> as core::ops::function::FnOnce<Args>>::call_once::hf75717d9f28faebf
[INFO] [stdout]                                at /rustc/90b35a6239c3d8bdabc530a6a0816f7ff89a0aaf/library/alloc/src/boxed.rs:2454:9
[INFO] [stdout]   72:     0x60a05f67aa5b - <alloc::boxed::Box<F,A> as core::ops::function::FnOnce<Args>>::call_once::h7bd883a5f3c5f3c1
[INFO] [stdout]                                at /rustc/90b35a6239c3d8bdabc530a6a0816f7ff89a0aaf/library/alloc/src/boxed.rs:2454:9
[INFO] [stdout]   73:     0x60a05f67aa5b - std::sys::pal::unix::thread::Thread::new::thread_start::hcc78f3943333fa94
[INFO] [stdout]                                at /rustc/90b35a6239c3d8bdabc530a6a0816f7ff89a0aaf/library/std/src/sys/pal/unix/thread.rs:105:17
[INFO] [stdout]   74:     0x7974e8006ac3 - <unknown>
[INFO] [stdout]   75:     0x7974e8097a04 - clone
[INFO] [stdout]   76:                0x0 - <unknown>
[INFO] [stdout] 
[INFO] [stdout] ---- handlers::tests::get_api stdout ----
[INFO] [stdout] thread 'handlers::tests::get_api' panicked at src/handlers.rs:156:9:
[INFO] [stdout] assertion `left == right` failed
[INFO] [stdout]   left: Object({})
[INFO] [stdout]  right: Object({"completed": Bool(false), "id": Number(1), "title": String("delectus aut autem"), "userId": Number(1)})
[INFO] [stdout] stack backtrace:
[INFO] [stdout]    0:     0x60a05f674cba - std::backtrace_rs::backtrace::libunwind::trace::h5a5b8284f2d0c266
[INFO] [stdout]                                at /rustc/90b35a6239c3d8bdabc530a6a0816f7ff89a0aaf/library/std/src/../../backtrace/src/backtrace/libunwind.rs:116:5
[INFO] [stdout]    1:     0x60a05f674cba - std::backtrace_rs::backtrace::trace_unsynchronized::h76d4f1c9b0b875e3
[INFO] [stdout]                                at /rustc/90b35a6239c3d8bdabc530a6a0816f7ff89a0aaf/library/std/src/../../backtrace/src/backtrace/mod.rs:66:5
[INFO] [stdout]    2:     0x60a05f674cba - std::sys::backtrace::_print_fmt::hc4546b8364a537c6
[INFO] [stdout]                                at /rustc/90b35a6239c3d8bdabc530a6a0816f7ff89a0aaf/library/std/src/sys/backtrace.rs:66:9
[INFO] [stdout]    3:     0x60a05f674cba - <std::sys::backtrace::BacktraceLock::print::DisplayBacktrace as core::fmt::Display>::fmt::h5b6bd5631a6d1f6b
[INFO] [stdout]                                at /rustc/90b35a6239c3d8bdabc530a6a0816f7ff89a0aaf/library/std/src/sys/backtrace.rs:39:26
[INFO] [stdout]    4:     0x60a05f69df03 - core::fmt::rt::Argument::fmt::h270f6602a2b96f62
[INFO] [stdout]                                at /rustc/90b35a6239c3d8bdabc530a6a0816f7ff89a0aaf/library/core/src/fmt/rt.rs:177:76
[INFO] [stdout]    5:     0x60a05f69df03 - core::fmt::write::h7550c97b06c86515
[INFO] [stdout]                                at /rustc/90b35a6239c3d8bdabc530a6a0816f7ff89a0aaf/library/core/src/fmt/mod.rs:1186:21
[INFO] [stdout]    6:     0x60a05f6712c3 - std::io::Write::write_fmt::h509ff860e5956e5e
[INFO] [stdout]                                at /rustc/90b35a6239c3d8bdabc530a6a0816f7ff89a0aaf/library/std/src/io/mod.rs:1839:15
[INFO] [stdout]    7:     0x60a05f674b02 - std::sys::backtrace::BacktraceLock::print::h2395ccd2c84ba3aa
[INFO] [stdout]                                at /rustc/90b35a6239c3d8bdabc530a6a0816f7ff89a0aaf/library/std/src/sys/backtrace.rs:42:9
[INFO] [stdout]    8:     0x60a05f67611a - std::panicking::default_hook::{{closure}}::he19d4c7230e07961
[INFO] [stdout]                                at /rustc/90b35a6239c3d8bdabc530a6a0816f7ff89a0aaf/library/std/src/panicking.rs:268:22
[INFO] [stdout]    9:     0x60a05f675f24 - std::panicking::default_hook::hf614597d3c67bbdb
[INFO] [stdout]                                at /rustc/90b35a6239c3d8bdabc530a6a0816f7ff89a0aaf/library/std/src/panicking.rs:292:9
[INFO] [stdout]   10:     0x60a05eedd0f9 - <alloc::boxed::Box<F,A> as core::ops::function::Fn<Args>>::call::h39b51ce4599c23d1
[INFO] [stdout]                                at /rustc/90b35a6239c3d8bdabc530a6a0816f7ff89a0aaf/library/alloc/src/boxed.rs:2468:9
[INFO] [stdout]   11:     0x60a05eedd0f9 - test::test_main::{{closure}}::he977ae839a582784
[INFO] [stdout]                                at /rustc/90b35a6239c3d8bdabc530a6a0816f7ff89a0aaf/library/test/src/lib.rs:133:21
[INFO] [stdout]   12:     0x60a05f6767b8 - <alloc::boxed::Box<F,A> as core::ops::function::Fn<Args>>::call::h9455091b6b06f9fb
[INFO] [stdout]                                at /rustc/90b35a6239c3d8bdabc530a6a0816f7ff89a0aaf/library/alloc/src/boxed.rs:2468:9
[INFO] [stdout]   13:     0x60a05f6767b8 - std::panicking::rust_panic_with_hook::h8942133a8b252070
[INFO] [stdout]                                at /rustc/90b35a6239c3d8bdabc530a6a0816f7ff89a0aaf/library/std/src/panicking.rs:809:13
[INFO] [stdout]   14:     0x60a05f67657a - std::panicking::begin_panic_handler::{{closure}}::hb5f5963570096b29
[INFO] [stdout]                                at /rustc/90b35a6239c3d8bdabc530a6a0816f7ff89a0aaf/library/std/src/panicking.rs:674:13
[INFO] [stdout]   15:     0x60a05f675199 - std::sys::backtrace::__rust_end_short_backtrace::h6208cedc1922feda
[INFO] [stdout]                                at /rustc/90b35a6239c3d8bdabc530a6a0816f7ff89a0aaf/library/std/src/sys/backtrace.rs:170:18
[INFO] [stdout]   16:     0x60a05f67620c - rust_begin_unwind
[INFO] [stdout]                                at /rustc/90b35a6239c3d8bdabc530a6a0816f7ff89a0aaf/library/std/src/panicking.rs:665:5
[INFO] [stdout]   17:     0x60a05ec7d380 - core::panicking::panic_fmt::h0c3082644d1bf418
[INFO] [stdout]                                at /rustc/90b35a6239c3d8bdabc530a6a0816f7ff89a0aaf/library/core/src/panicking.rs:74:14
[INFO] [stdout]   18:     0x60a05ec7d784 - core::panicking::assert_failed_inner::h2ddf1fcc067fa858
[INFO] [stdout]   19:     0x60a05eda25ef - core::panicking::assert_failed::h8ea556d97a21afbb
[INFO] [stdout]                                at /rustc/90b35a6239c3d8bdabc530a6a0816f7ff89a0aaf/library/core/src/panicking.rs:367:5
[INFO] [stdout]   20:     0x60a05ed24f27 - funes::handlers::tests::get_api::{{closure}}::h96a71c475ece7b11
[INFO] [stdout]                                at /opt/rustwide/workdir/src/handlers.rs:156:9
[INFO] [stdout]   21:     0x60a05ed38e60 - <tokio::task::local::RunUntil<T> as core::future::future::Future>::poll::{{closure}}::{{closure}}::h5ab6bc4fdebf2abc
[INFO] [stdout]                                at /opt/rustwide/cargo-home/registry/src/index.crates.io-6f17d22bba15001f/tokio-1.7.1/src/task/local.rs:634:65
[INFO] [stdout]   22:     0x60a05ed5a403 - tokio::coop::with_budget::{{closure}}::h324451d2b82408a2
[INFO] [stdout]                                at /opt/rustwide/cargo-home/registry/src/index.crates.io-6f17d22bba15001f/tokio-1.7.1/src/coop.rs:106:9
[INFO] [stdout]   23:     0x60a05ed6926a - std::thread::local::LocalKey<T>::try_with::h0955ac00f1a072d4
[INFO] [stdout]                                at /rustc/90b35a6239c3d8bdabc530a6a0816f7ff89a0aaf/library/std/src/thread/local.rs:283:12
[INFO] [stdout]   24:     0x60a05ed682ca - std::thread::local::LocalKey<T>::with::h1c184db156492cab
[INFO] [stdout]                                at /rustc/90b35a6239c3d8bdabc530a6a0816f7ff89a0aaf/library/std/src/thread/local.rs:260:9
[INFO] [stdout]   25:     0x60a05ed38642 - tokio::coop::with_budget::h3c8af5bedc51a767
[INFO] [stdout]                                at /opt/rustwide/cargo-home/registry/src/index.crates.io-6f17d22bba15001f/tokio-1.7.1/src/coop.rs:99:5
[INFO] [stdout]   26:     0x60a05ed38642 - tokio::coop::budget::h24b664447a2c59ca
[INFO] [stdout]                                at /opt/rustwide/cargo-home/registry/src/index.crates.io-6f17d22bba15001f/tokio-1.7.1/src/coop.rs:76:5
[INFO] [stdout]   27:     0x60a05ed38642 - <tokio::task::local::RunUntil<T> as core::future::future::Future>::poll::{{closure}}::h4402a89ea2132ca8
[INFO] [stdout]                                at /opt/rustwide/cargo-home/registry/src/index.crates.io-6f17d22bba15001f/tokio-1.7.1/src/task/local.rs:634:42
[INFO] [stdout]   28:     0x60a05ed83e7d - tokio::macros::scoped_tls::ScopedKey<T>::set::h6eb99df0eba1de89
[INFO] [stdout]                                at /opt/rustwide/cargo-home/registry/src/index.crates.io-6f17d22bba15001f/tokio-1.7.1/src/macros/scoped_tls.rs:61:9
[INFO] [stdout]   29:     0x60a05ed34e87 - tokio::task::local::LocalSet::with::h134d795c7f5b30d7
[INFO] [stdout]                                at /opt/rustwide/cargo-home/registry/src/index.crates.io-6f17d22bba15001f/tokio-1.7.1/src/task/local.rs:548:9
[INFO] [stdout]   30:     0x60a05ed37b2a - <tokio::task::local::RunUntil<T> as core::future::future::Future>::poll::hb7293d2b1b252b7b
[INFO] [stdout]                                at /opt/rustwide/cargo-home/registry/src/index.crates.io-6f17d22bba15001f/tokio-1.7.1/src/task/local.rs:624:9
[INFO] [stdout]   31:     0x60a05ed36385 - tokio::task::local::LocalSet::run_until::{{closure}}::h92b997a493f5131b
[INFO] [stdout]                                at /opt/rustwide/cargo-home/registry/src/index.crates.io-6f17d22bba15001f/tokio-1.7.1/src/task/local.rs:498:19
[INFO] [stdout]   32:     0x60a05ed5f8ad - <core::pin::Pin<P> as core::future::future::Future>::poll::h1c8876d15d5e0e50
[INFO] [stdout]                                at /rustc/90b35a6239c3d8bdabc530a6a0816f7ff89a0aaf/library/core/src/future/future.rs:123:9
[INFO] [stdout]   33:     0x60a05ed9725f - tokio::runtime::basic_scheduler::Inner<P>::block_on::{{closure}}::{{closure}}::h1b12a4eade02a32d
[INFO] [stdout]                                at /opt/rustwide/cargo-home/registry/src/index.crates.io-6f17d22bba15001f/tokio-1.7.1/src/runtime/basic_scheduler.rs:213:62
[INFO] [stdout]   34:     0x60a05ed5bf53 - tokio::coop::with_budget::{{closure}}::hbaa365171274dd8f
[INFO] [stdout]                                at /opt/rustwide/cargo-home/registry/src/index.crates.io-6f17d22bba15001f/tokio-1.7.1/src/coop.rs:106:9
[INFO] [stdout]   35:     0x60a05ed6c6ba - std::thread::local::LocalKey<T>::try_with::hbe58a92e19839d9a
[INFO] [stdout]                                at /rustc/90b35a6239c3d8bdabc530a6a0816f7ff89a0aaf/library/std/src/thread/local.rs:283:12
[INFO] [stdout]   36:     0x60a05ed6881a - std::thread::local::LocalKey<T>::with::h75195119425ee421
[INFO] [stdout]                                at /rustc/90b35a6239c3d8bdabc530a6a0816f7ff89a0aaf/library/std/src/thread/local.rs:260:9
[INFO] [stdout]   37:     0x60a05ed92ff8 - tokio::coop::with_budget::hbfdb30fe9382813f
[INFO] [stdout]                                at /opt/rustwide/cargo-home/registry/src/index.crates.io-6f17d22bba15001f/tokio-1.7.1/src/coop.rs:99:5
[INFO] [stdout]   38:     0x60a05ed92ff8 - tokio::coop::budget::h325eac2175e34a3d
[INFO] [stdout]                                at /opt/rustwide/cargo-home/registry/src/index.crates.io-6f17d22bba15001f/tokio-1.7.1/src/coop.rs:76:5
[INFO] [stdout]   39:     0x60a05ed92ff8 - tokio::runtime::basic_scheduler::Inner<P>::block_on::{{closure}}::h4c1ef0a9566dc15d
[INFO] [stdout]                                at /opt/rustwide/cargo-home/registry/src/index.crates.io-6f17d22bba15001f/tokio-1.7.1/src/runtime/basic_scheduler.rs:213:39
[INFO] [stdout]   40:     0x60a05ed9bdda - tokio::runtime::basic_scheduler::enter::{{closure}}::h28b8ee8b143e1c93
[INFO] [stdout]                                at /opt/rustwide/cargo-home/registry/src/index.crates.io-6f17d22bba15001f/tokio-1.7.1/src/runtime/basic_scheduler.rs:323:29
[INFO] [stdout]   41:     0x60a05ed84265 - tokio::macros::scoped_tls::ScopedKey<T>::set::ha7f22e7e0fabf029
[INFO] [stdout]                                at /opt/rustwide/cargo-home/registry/src/index.crates.io-6f17d22bba15001f/tokio-1.7.1/src/macros/scoped_tls.rs:61:9
[INFO] [stdout]   42:     0x60a05ed9b9a8 - tokio::runtime::basic_scheduler::enter::hcafd1399e764d733
[INFO] [stdout]                                at /opt/rustwide/cargo-home/registry/src/index.crates.io-6f17d22bba15001f/tokio-1.7.1/src/runtime/basic_scheduler.rs:323:5
[INFO] [stdout]   43:     0x60a05ed92353 - tokio::runtime::basic_scheduler::Inner<P>::block_on::h69947114835175a5
[INFO] [stdout]                                at /opt/rustwide/cargo-home/registry/src/index.crates.io-6f17d22bba15001f/tokio-1.7.1/src/runtime/basic_scheduler.rs:202:9
[INFO] [stdout]   44:     0x60a05ed97ae9 - tokio::runtime::basic_scheduler::InnerGuard<P>::block_on::h5ebc23344a6c3a89
[INFO] [stdout]                                at /opt/rustwide/cargo-home/registry/src/index.crates.io-6f17d22bba15001f/tokio-1.7.1/src/runtime/basic_scheduler.rs:516:9
[INFO] [stdout]   45:     0x60a05ed97fe4 - tokio::runtime::basic_scheduler::BasicScheduler<P>::block_on::h03ca854b14658957
[INFO] [stdout]                                at /opt/rustwide/cargo-home/registry/src/index.crates.io-6f17d22bba15001f/tokio-1.7.1/src/runtime/basic_scheduler.rs:162:24
[INFO] [stdout]   46:     0x60a05ed86ea7 - tokio::runtime::Runtime::block_on::h4550c6847baa31c2
[INFO] [stdout]                                at /opt/rustwide/cargo-home/registry/src/index.crates.io-6f17d22bba15001f/tokio-1.7.1/src/runtime/mod.rs:450:46
[INFO] [stdout]   47:     0x60a05ed350cb - tokio::task::local::LocalSet::block_on::h3c78ea0a4b6e4de2
[INFO] [stdout]                                at /opt/rustwide/cargo-home/registry/src/index.crates.io-6f17d22bba15001f/tokio-1.7.1/src/task/local.rs:459:9
[INFO] [stdout]   48:     0x60a05edf9044 - actix_rt::runtime::Runtime::block_on::he9db7fe303228e0a
[INFO] [stdout]                                at /opt/rustwide/cargo-home/registry/src/index.crates.io-6f17d22bba15001f/actix-rt-2.2.0/src/runtime.rs:85:9
[INFO] [stdout]   49:     0x60a05ed062ce - actix_rt::system::SystemRunner::block_on::h3138cc9939c63992
[INFO] [stdout]                                at /opt/rustwide/cargo-home/registry/src/index.crates.io-6f17d22bba15001f/actix-rt-2.2.0/src/system.rs:186:9
[INFO] [stdout]   50:     0x60a05ed24292 - funes::handlers::tests::get_api::hcaecc5f329b71615
[INFO] [stdout]                                at /opt/rustwide/workdir/src/handlers.rs:122:5
[INFO] [stdout]   51:     0x60a05ed24247 - funes::handlers::tests::get_api::{{closure}}::h30f769a9026b0f1b
[INFO] [stdout]                                at /opt/rustwide/workdir/src/handlers.rs:123:23
[INFO] [stdout]   52:     0x60a05eccdcd6 - core::ops::function::FnOnce::call_once::hadd24acdb9b4aac8
[INFO] [stdout]                                at /rustc/90b35a6239c3d8bdabc530a6a0816f7ff89a0aaf/library/core/src/ops/function.rs:250:5
[INFO] [stdout]   53:     0x60a05eee1abb - core::ops::function::FnOnce::call_once::h109cf8051a59b34e
[INFO] [stdout]                                at /rustc/90b35a6239c3d8bdabc530a6a0816f7ff89a0aaf/library/core/src/ops/function.rs:250:5
[INFO] [stdout]   54:     0x60a05eee1abb - test::__rust_begin_short_backtrace::hf4fff89d377446ba
[INFO] [stdout]                                at /rustc/90b35a6239c3d8bdabc530a6a0816f7ff89a0aaf/library/test/src/lib.rs:621:18
[INFO] [stdout]   55:     0x60a05eee12f7 - test::run_test_in_process::{{closure}}::h0e39181dd7ee5a43
[INFO] [stdout]                                at /rustc/90b35a6239c3d8bdabc530a6a0816f7ff89a0aaf/library/test/src/lib.rs:644:60
[INFO] [stdout]   56:     0x60a05eee12f7 - <core::panic::unwind_safe::AssertUnwindSafe<F> as core::ops::function::FnOnce<()>>::call_once::hc5a66a30f0bdfd1f
[INFO] [stdout]                                at /rustc/90b35a6239c3d8bdabc530a6a0816f7ff89a0aaf/library/core/src/panic/unwind_safe.rs:272:9
[INFO] [stdout]   57:     0x60a05eee12f7 - std::panicking::try::do_call::h873b7cf639554a5e
[INFO] [stdout]                                at /rustc/90b35a6239c3d8bdabc530a6a0816f7ff89a0aaf/library/std/src/panicking.rs:557:40
[INFO] [stdout]   58:     0x60a05eee12f7 - std::panicking::try::hdb19862fad9c8bd1
[INFO] [stdout]                                at /rustc/90b35a6239c3d8bdabc530a6a0816f7ff89a0aaf/library/std/src/panicking.rs:520:19
[INFO] [stdout]   59:     0x60a05eee12f7 - std::panic::catch_unwind::h281fe732d236d260
[INFO] [stdout]                                at /rustc/90b35a6239c3d8bdabc530a6a0816f7ff89a0aaf/library/std/src/panic.rs:358:14
[INFO] [stdout]   60:     0x60a05eee12f7 - test::run_test_in_process::h949b6df8457ed338
[INFO] [stdout]                                at /rustc/90b35a6239c3d8bdabc530a6a0816f7ff89a0aaf/library/test/src/lib.rs:644:27
[INFO] [stdout]   61:     0x60a05eee12f7 - test::run_test::{{closure}}::h52c556a6d4740e10
[INFO] [stdout]                                at /rustc/90b35a6239c3d8bdabc530a6a0816f7ff89a0aaf/library/test/src/lib.rs:565:43
[INFO] [stdout]   62:     0x60a05eea65d4 - test::run_test::{{closure}}::h4237f6381c45ccb9
[INFO] [stdout]                                at /rustc/90b35a6239c3d8bdabc530a6a0816f7ff89a0aaf/library/test/src/lib.rs:595:41
[INFO] [stdout]   63:     0x60a05eea65d4 - std::sys::backtrace::__rust_begin_short_backtrace::h505c97a579eca628
[INFO] [stdout]                                at /rustc/90b35a6239c3d8bdabc530a6a0816f7ff89a0aaf/library/std/src/sys/backtrace.rs:154:18
[INFO] [stdout]   64:     0x60a05eea9c9e - std::thread::Builder::spawn_unchecked_::{{closure}}::{{closure}}::h9e86b2e2bc107ea3
[INFO] [stdout]                                at /rustc/90b35a6239c3d8bdabc530a6a0816f7ff89a0aaf/library/std/src/thread/mod.rs:538:17
[INFO] [stdout]   65:     0x60a05eea9c9e - <core::panic::unwind_safe::AssertUnwindSafe<F> as core::ops::function::FnOnce<()>>::call_once::h8b06ddb275ff4a25
[INFO] [stdout]                                at /rustc/90b35a6239c3d8bdabc530a6a0816f7ff89a0aaf/library/core/src/panic/unwind_safe.rs:272:9
[INFO] [stdout]   66:     0x60a05eea9c9e - std::panicking::try::do_call::hb26ecd7cd9a9355d
[INFO] [stdout]                                at /rustc/90b35a6239c3d8bdabc530a6a0816f7ff89a0aaf/library/std/src/panicking.rs:557:40
[INFO] [stdout]   67:     0x60a05eea9c9e - std::panicking::try::h8ddeca9d705f9069
[INFO] [stdout]                                at /rustc/90b35a6239c3d8bdabc530a6a0816f7ff89a0aaf/library/std/src/panicking.rs:520:19
[INFO] [stdout]   68:     0x60a05eea9c9e - std::panic::catch_unwind::h49e1c33078844c46
[INFO] [stdout]                                at /rustc/90b35a6239c3d8bdabc530a6a0816f7ff89a0aaf/library/std/src/panic.rs:358:14
[INFO] [stdout]   69:     0x60a05eea9c9e - std::thread::Builder::spawn_unchecked_::{{closure}}::h6073db6ff56ad35d
[INFO] [stdout]                                at /rustc/90b35a6239c3d8bdabc530a6a0816f7ff89a0aaf/library/std/src/thread/mod.rs:537:30
[INFO] [stdout]   70:     0x60a05eea9c9e - core::ops::function::FnOnce::call_once{{vtable.shim}}::h2c5a5f3779c774f1
[INFO] [stdout]                                at /rustc/90b35a6239c3d8bdabc530a6a0816f7ff89a0aaf/library/core/src/ops/function.rs:250:5
[INFO] [stdout]   71:     0x60a05f67aa5b - <alloc::boxed::Box<F,A> as core::ops::function::FnOnce<Args>>::call_once::hf75717d9f28faebf
[INFO] [stdout]                                at /rustc/90b35a6239c3d8bdabc530a6a0816f7ff89a0aaf/library/alloc/src/boxed.rs:2454:9
[INFO] [stdout]   72:     0x60a05f67aa5b - <alloc::boxed::Box<F,A> as core::ops::function::FnOnce<Args>>::call_once::h7bd883a5f3c5f3c1
[INFO] [stdout]                                at /rustc/90b35a6239c3d8bdabc530a6a0816f7ff89a0aaf/library/alloc/src/boxed.rs:2454:9
[INFO] [stdout]   73:     0x60a05f67aa5b - std::sys::pal::unix::thread::Thread::new::thread_start::hcc78f3943333fa94
[INFO] [stdout]                                at /rustc/90b35a6239c3d8bdabc530a6a0816f7ff89a0aaf/library/std/src/sys/pal/unix/thread.rs:105:17
[INFO] [stdout]   74:     0x7974e8006ac3 - <unknown>
[INFO] [stdout]   75:     0x7974e8097a04 - clone
[INFO] [stdout]   76:                0x0 - <unknown>
[INFO] [stdout] 
[INFO] [stdout] 
[INFO] [stdout] failures:
[INFO] [stdout]     handlers::tests::get_api
[INFO] [stdout]     handlers::tests::post_api
[INFO] [stdout] 
[INFO] [stdout] test result: FAILED. 2 passed; 2 failed; 0 ignored; 0 measured; 0 filtered out; finished in 0.31s
[INFO] [stdout] 
[INFO] [stderr] error: test failed, to rerun pass `--lib`
[INFO] running `Command { std: "docker" "inspect" "6dab91c2b261ecd23caf0b85e38c387883abed220c681d239211ea039f12e18b", kill_on_drop: false }`
[INFO] running `Command { std: "docker" "rm" "-f" "6dab91c2b261ecd23caf0b85e38c387883abed220c681d239211ea039f12e18b", kill_on_drop: false }`
[INFO] [stdout] 6dab91c2b261ecd23caf0b85e38c387883abed220c681d239211ea039f12e18b
