[INFO] cloning repository https://github.com/roan-paulus/jsonparser
[INFO] running `Command { std: "git" "-c" "credential.helper=" "-c" "credential.helper=/workspace/cargo-home/bin/git-credential-null" "clone" "--bare" "https://github.com/roan-paulus/jsonparser" "/workspace/cache/git-repos/https%3A%2F%2Fgithub.com%2Froan-paulus%2Fjsonparser", kill_on_drop: false }`
[INFO] [stderr] Cloning into bare repository '/workspace/cache/git-repos/https%3A%2F%2Fgithub.com%2Froan-paulus%2Fjsonparser'...
[INFO] running `Command { std: "git" "rev-parse" "HEAD", kill_on_drop: false }`
[INFO] [stdout] 1f9861db9929ede98e7ac33ed65403d7927b951f
[INFO] testing roan-paulus/jsonparser against 1.83.0 for beta-1.84.0-4-retry
[INFO] running `Command { std: "git" "clone" "/workspace/cache/git-repos/https%3A%2F%2Fgithub.com%2Froan-paulus%2Fjsonparser" "/workspace/builds/worker-3-tc1/source", kill_on_drop: false }`
[INFO] [stderr] Cloning into '/workspace/builds/worker-3-tc1/source'...
[INFO] [stderr] done.
[INFO] validating manifest of git repo https://github.com/roan-paulus/jsonparser on toolchain 1.83.0
[INFO] running `Command { std: CARGO_HOME="/workspace/cargo-home" RUSTUP_HOME="/workspace/rustup-home" "/workspace/cargo-home/bin/cargo" "+1.83.0" "metadata" "--manifest-path" "Cargo.toml" "--no-deps", kill_on_drop: false }`
[INFO] started tweaking git repo https://github.com/roan-paulus/jsonparser
[INFO] finished tweaking git repo https://github.com/roan-paulus/jsonparser
[INFO] tweaked toml for git repo https://github.com/roan-paulus/jsonparser written to /workspace/builds/worker-3-tc1/source/Cargo.toml
[INFO] crate git repo https://github.com/roan-paulus/jsonparser already has a lockfile, it will not be regenerated
[INFO] running `Command { std: CARGO_HOME="/workspace/cargo-home" RUSTUP_HOME="/workspace/rustup-home" "/workspace/cargo-home/bin/cargo" "+1.83.0" "fetch" "--manifest-path" "Cargo.toml", kill_on_drop: false }`
[INFO] running `Command { std: "docker" "create" "-v" "/var/lib/crater-agent-workspace/builds/worker-3-tc1/target:/opt/rustwide/target:rw,Z" "-v" "/var/lib/crater-agent-workspace/builds/worker-3-tc1/source:/opt/rustwide/workdir:ro,Z" "-v" "/var/lib/crater-agent-workspace/cargo-home:/opt/rustwide/cargo-home:ro,Z" "-v" "/var/lib/crater-agent-workspace/rustup-home:/opt/rustwide/rustup-home:ro,Z" "-e" "SOURCE_DIR=/opt/rustwide/workdir" "-e" "CARGO_TARGET_DIR=/opt/rustwide/target" "-e" "CARGO_HOME=/opt/rustwide/cargo-home" "-e" "RUSTUP_HOME=/opt/rustwide/rustup-home" "-w" "/opt/rustwide/workdir" "-m" "1610612736" "--user" "0:0" "--network" "none" "ghcr.io/rust-lang/crates-build-env/linux@sha256:f3a9d4ad9d972b27faf3965f35b62e55ba32bbce8f20bc8fe909558a86702fde" "/opt/rustwide/cargo-home/bin/cargo" "+1.83.0" "metadata" "--no-deps" "--format-version=1", kill_on_drop: false }`
[INFO] [stdout] 5efd6ed93296fa3720b6b1bb527dec5f2b5097abc6a6e2a858b3816fdf4dec98
[INFO] running `Command { std: "docker" "start" "-a" "5efd6ed93296fa3720b6b1bb527dec5f2b5097abc6a6e2a858b3816fdf4dec98", kill_on_drop: false }`
[INFO] running `Command { std: "docker" "inspect" "5efd6ed93296fa3720b6b1bb527dec5f2b5097abc6a6e2a858b3816fdf4dec98", kill_on_drop: false }`
[INFO] running `Command { std: "docker" "rm" "-f" "5efd6ed93296fa3720b6b1bb527dec5f2b5097abc6a6e2a858b3816fdf4dec98", kill_on_drop: false }`
[INFO] [stdout] 5efd6ed93296fa3720b6b1bb527dec5f2b5097abc6a6e2a858b3816fdf4dec98
[INFO] running `Command { std: "docker" "create" "-v" "/var/lib/crater-agent-workspace/builds/worker-3-tc1/target:/opt/rustwide/target:rw,Z" "-v" "/var/lib/crater-agent-workspace/builds/worker-3-tc1/source:/opt/rustwide/workdir:ro,Z" "-v" "/var/lib/crater-agent-workspace/cargo-home:/opt/rustwide/cargo-home:ro,Z" "-v" "/var/lib/crater-agent-workspace/rustup-home:/opt/rustwide/rustup-home:ro,Z" "-e" "SOURCE_DIR=/opt/rustwide/workdir" "-e" "CARGO_TARGET_DIR=/opt/rustwide/target" "-e" "CARGO_INCREMENTAL=0" "-e" "RUST_BACKTRACE=full" "-e" "RUSTFLAGS=--cap-lints=warn" "-e" "RUSTDOCFLAGS=--cap-lints=warn" "-e" "CARGO_HOME=/opt/rustwide/cargo-home" "-e" "RUSTUP_HOME=/opt/rustwide/rustup-home" "-w" "/opt/rustwide/workdir" "-m" "1610612736" "--user" "0:0" "--network" "none" "ghcr.io/rust-lang/crates-build-env/linux@sha256:f3a9d4ad9d972b27faf3965f35b62e55ba32bbce8f20bc8fe909558a86702fde" "/opt/rustwide/cargo-home/bin/cargo" "+1.83.0" "build" "--frozen" "--message-format=json", kill_on_drop: false }`
[INFO] [stdout] f52f9dfb2a48fba0a6dcb89135a34f301d8f18f7d198f6283fa392328d846f9b
[INFO] running `Command { std: "docker" "start" "-a" "f52f9dfb2a48fba0a6dcb89135a34f301d8f18f7d198f6283fa392328d846f9b", kill_on_drop: false }`
[INFO] [stderr]    Compiling jsonparser v0.1.0 (/opt/rustwide/workdir)
[INFO] [stdout] warning: elided lifetime has a name
[INFO] [stdout]   --> src/parser.rs:55:31
[INFO] [stdout]    |
[INFO] [stdout] 40 | impl<'t> Parser<'t> {
[INFO] [stdout]    |      -- lifetime `'t` declared here
[INFO] [stdout] ...
[INFO] [stdout] 55 |     fn value(&'t mut self) -> ValueResult {
[INFO] [stdout]    |                               ^^^^^^^^^^^ this elided lifetime gets resolved as `'t`
[INFO] [stdout]    |
[INFO] [stdout]    = note: `#[warn(elided_named_lifetimes)]` on by default
[INFO] [stdout] 
[INFO] [stdout] 
[INFO] [stdout] warning: elided lifetime has a name
[INFO] [stdout]   --> src/parser.rs:82:31
[INFO] [stdout]    |
[INFO] [stdout] 40 | impl<'t> Parser<'t> {
[INFO] [stdout]    |      -- lifetime `'t` declared here
[INFO] [stdout] ...
[INFO] [stdout] 82 |     fn array(&'t mut self) -> ValueResult {
[INFO] [stdout]    |                               ^^^^^^^^^^^ this elided lifetime gets resolved as `'t`
[INFO] [stdout] 
[INFO] [stdout] 
[INFO] [stderr]     Finished `dev` profile [unoptimized + debuginfo] target(s) in 0.73s
[INFO] running `Command { std: "docker" "inspect" "f52f9dfb2a48fba0a6dcb89135a34f301d8f18f7d198f6283fa392328d846f9b", kill_on_drop: false }`
[INFO] running `Command { std: "docker" "rm" "-f" "f52f9dfb2a48fba0a6dcb89135a34f301d8f18f7d198f6283fa392328d846f9b", kill_on_drop: false }`
[INFO] [stdout] f52f9dfb2a48fba0a6dcb89135a34f301d8f18f7d198f6283fa392328d846f9b
[INFO] running `Command { std: "docker" "create" "-v" "/var/lib/crater-agent-workspace/builds/worker-3-tc1/target:/opt/rustwide/target:rw,Z" "-v" "/var/lib/crater-agent-workspace/builds/worker-3-tc1/source:/opt/rustwide/workdir:ro,Z" "-v" "/var/lib/crater-agent-workspace/cargo-home:/opt/rustwide/cargo-home:ro,Z" "-v" "/var/lib/crater-agent-workspace/rustup-home:/opt/rustwide/rustup-home:ro,Z" "-e" "SOURCE_DIR=/opt/rustwide/workdir" "-e" "CARGO_TARGET_DIR=/opt/rustwide/target" "-e" "CARGO_INCREMENTAL=0" "-e" "RUST_BACKTRACE=full" "-e" "RUSTFLAGS=--cap-lints=warn" "-e" "RUSTDOCFLAGS=--cap-lints=warn" "-e" "CARGO_HOME=/opt/rustwide/cargo-home" "-e" "RUSTUP_HOME=/opt/rustwide/rustup-home" "-w" "/opt/rustwide/workdir" "-m" "1610612736" "--user" "0:0" "--network" "none" "ghcr.io/rust-lang/crates-build-env/linux@sha256:f3a9d4ad9d972b27faf3965f35b62e55ba32bbce8f20bc8fe909558a86702fde" "/opt/rustwide/cargo-home/bin/cargo" "+1.83.0" "test" "--frozen" "--no-run" "--message-format=json", kill_on_drop: false }`
[INFO] [stdout] 1a52520e294bfc600c5890806cf8a661639bf9456f5d391f1b1defb5cee643a9
[INFO] running `Command { std: "docker" "start" "-a" "1a52520e294bfc600c5890806cf8a661639bf9456f5d391f1b1defb5cee643a9", kill_on_drop: false }`
[INFO] [stderr]    Compiling jsonparser v0.1.0 (/opt/rustwide/workdir)
[INFO] [stdout] warning: elided lifetime has a name
[INFO] [stdout]   --> src/parser.rs:55:31
[INFO] [stdout]    |
[INFO] [stdout] 40 | impl<'t> Parser<'t> {
[INFO] [stdout]    |      -- lifetime `'t` declared here
[INFO] [stdout] ...
[INFO] [stdout] 55 |     fn value(&'t mut self) -> ValueResult {
[INFO] [stdout]    |                               ^^^^^^^^^^^ this elided lifetime gets resolved as `'t`
[INFO] [stdout]    |
[INFO] [stdout]    = note: `#[warn(elided_named_lifetimes)]` on by default
[INFO] [stdout] 
[INFO] [stdout] 
[INFO] [stdout] warning: elided lifetime has a name
[INFO] [stdout]   --> src/parser.rs:82:31
[INFO] [stdout]    |
[INFO] [stdout] 40 | impl<'t> Parser<'t> {
[INFO] [stdout]    |      -- lifetime `'t` declared here
[INFO] [stdout] ...
[INFO] [stdout] 82 |     fn array(&'t mut self) -> ValueResult {
[INFO] [stdout]    |                               ^^^^^^^^^^^ this elided lifetime gets resolved as `'t`
[INFO] [stdout] 
[INFO] [stdout] 
[INFO] [stderr]     Finished `test` profile [unoptimized + debuginfo] target(s) in 0.84s
[INFO] running `Command { std: "docker" "inspect" "1a52520e294bfc600c5890806cf8a661639bf9456f5d391f1b1defb5cee643a9", kill_on_drop: false }`
[INFO] running `Command { std: "docker" "rm" "-f" "1a52520e294bfc600c5890806cf8a661639bf9456f5d391f1b1defb5cee643a9", kill_on_drop: false }`
[INFO] [stdout] 1a52520e294bfc600c5890806cf8a661639bf9456f5d391f1b1defb5cee643a9
[INFO] running `Command { std: "docker" "create" "-v" "/var/lib/crater-agent-workspace/builds/worker-3-tc1/target:/opt/rustwide/target:rw,Z" "-v" "/var/lib/crater-agent-workspace/builds/worker-3-tc1/source:/opt/rustwide/workdir:ro,Z" "-v" "/var/lib/crater-agent-workspace/cargo-home:/opt/rustwide/cargo-home:ro,Z" "-v" "/var/lib/crater-agent-workspace/rustup-home:/opt/rustwide/rustup-home:ro,Z" "-e" "SOURCE_DIR=/opt/rustwide/workdir" "-e" "CARGO_TARGET_DIR=/opt/rustwide/target" "-e" "CARGO_INCREMENTAL=0" "-e" "RUST_BACKTRACE=full" "-e" "RUSTFLAGS=--cap-lints=warn" "-e" "RUSTDOCFLAGS=--cap-lints=warn" "-e" "CARGO_HOME=/opt/rustwide/cargo-home" "-e" "RUSTUP_HOME=/opt/rustwide/rustup-home" "-w" "/opt/rustwide/workdir" "-m" "1610612736" "--user" "0:0" "--network" "none" "ghcr.io/rust-lang/crates-build-env/linux@sha256:f3a9d4ad9d972b27faf3965f35b62e55ba32bbce8f20bc8fe909558a86702fde" "/opt/rustwide/cargo-home/bin/cargo" "+1.83.0" "test" "--frozen", kill_on_drop: false }`
[INFO] [stdout] fc82538eecdaf78ed58213684ddc93a81d5e240bcd01993f897e836e2cd2ce8a
[INFO] running `Command { std: "docker" "start" "-a" "fc82538eecdaf78ed58213684ddc93a81d5e240bcd01993f897e836e2cd2ce8a", kill_on_drop: false }`
[INFO] [stderr] warning: elided lifetime has a name
[INFO] [stderr]   --> src/parser.rs:55:31
[INFO] [stderr]    |
[INFO] [stderr] 40 | impl<'t> Parser<'t> {
[INFO] [stderr]    |      -- lifetime `'t` declared here
[INFO] [stderr] ...
[INFO] [stderr] 55 |     fn value(&'t mut self) -> ValueResult {
[INFO] [stderr]    |                               ^^^^^^^^^^^ this elided lifetime gets resolved as `'t`
[INFO] [stderr]    |
[INFO] [stderr]    = note: `#[warn(elided_named_lifetimes)]` on by default
[INFO] [stderr] 
[INFO] [stderr] warning: elided lifetime has a name
[INFO] [stderr]   --> src/parser.rs:82:31
[INFO] [stderr]    |
[INFO] [stderr] 40 | impl<'t> Parser<'t> {
[INFO] [stderr]    |      -- lifetime `'t` declared here
[INFO] [stderr] ...
[INFO] [stderr] 82 |     fn array(&'t mut self) -> ValueResult {
[INFO] [stderr]    |                               ^^^^^^^^^^^ this elided lifetime gets resolved as `'t`
[INFO] [stderr] 
[INFO] [stderr] warning: `jsonparser` (bin "jsonparser" test) generated 2 warnings
[INFO] [stderr]     Finished `test` profile [unoptimized + debuginfo] target(s) in 0.01s
[INFO] [stderr]      Running unittests src/lib.rs (/opt/rustwide/target/debug/deps/jsonparser-9691ae5ccbede333)
[INFO] [stdout] 
[INFO] [stdout] running 0 tests
[INFO] [stdout] 
[INFO] [stdout] test result: ok. 0 passed; 0 failed; 0 ignored; 0 measured; 0 filtered out; finished in 0.00s
[INFO] [stdout] 
[INFO] [stderr]      Running unittests src/main.rs (/opt/rustwide/target/debug/deps/jsonparser-9e7dd5b5f6304ed8)
[INFO] [stdout] 
[INFO] [stdout] running 10 tests
[INFO] [stdout] test parser::tests::empty_array ... ok
[INFO] [stdout] test parser::tests::only_one_bool ... ok
[INFO] [stdout] test parser::tests::only_one_null ... ok
[INFO] [stdout] test scan::tests::all_valid_tokens ... ok
[INFO] [stdout] test scan::tests::json_string_does_not_consume_too_much_chars ... ok
[INFO] [stdout] test scan::tests::json_alphanumeric_does_not_consume_too_much_chars ... ok
[INFO] [stdout] test scan::tests::correct_lineno_for_unterminted_str ... ok
[INFO] [stdout] test parser::tests::only_one_number ... ok
[INFO] [stdout] test scan::tests::unterminated_str - should panic ... ok
[INFO] [stdout] test parser::tests::array_with_one_null_value ... FAILED
[INFO] [stdout] 
[INFO] [stdout] failures:
[INFO] [stdout] 
[INFO] [stdout] ---- parser::tests::array_with_one_null_value stdout ----
[INFO] [stdout] thread 'parser::tests::array_with_one_null_value' panicked at src/parser.rs:78:18:
[INFO] [stdout] not yet implemented: Implement the other tokens
[INFO] [stdout] stack backtrace:
[INFO] [stdout]    0:     0x60c39d3a4b4a - std::backtrace_rs::backtrace::libunwind::trace::h5a5b8284f2d0c266
[INFO] [stdout]                                at /rustc/90b35a6239c3d8bdabc530a6a0816f7ff89a0aaf/library/std/src/../../backtrace/src/backtrace/libunwind.rs:116:5
[INFO] [stdout]    1:     0x60c39d3a4b4a - std::backtrace_rs::backtrace::trace_unsynchronized::h76d4f1c9b0b875e3
[INFO] [stdout]                                at /rustc/90b35a6239c3d8bdabc530a6a0816f7ff89a0aaf/library/std/src/../../backtrace/src/backtrace/mod.rs:66:5
[INFO] [stdout]    2:     0x60c39d3a4b4a - std::sys::backtrace::_print_fmt::hc4546b8364a537c6
[INFO] [stdout]                                at /rustc/90b35a6239c3d8bdabc530a6a0816f7ff89a0aaf/library/std/src/sys/backtrace.rs:66:9
[INFO] [stdout]    3:     0x60c39d3a4b4a - <std::sys::backtrace::BacktraceLock::print::DisplayBacktrace as core::fmt::Display>::fmt::h5b6bd5631a6d1f6b
[INFO] [stdout]                                at /rustc/90b35a6239c3d8bdabc530a6a0816f7ff89a0aaf/library/std/src/sys/backtrace.rs:39:26
[INFO] [stdout]    4:     0x60c39d3ca2c3 - core::fmt::rt::Argument::fmt::h270f6602a2b96f62
[INFO] [stdout]                                at /rustc/90b35a6239c3d8bdabc530a6a0816f7ff89a0aaf/library/core/src/fmt/rt.rs:177:76
[INFO] [stdout]    5:     0x60c39d3ca2c3 - core::fmt::write::h7550c97b06c86515
[INFO] [stdout]                                at /rustc/90b35a6239c3d8bdabc530a6a0816f7ff89a0aaf/library/core/src/fmt/mod.rs:1186:21
[INFO] [stdout]    6:     0x60c39d3a1d13 - std::io::Write::write_fmt::h509ff860e5956e5e
[INFO] [stdout]                                at /rustc/90b35a6239c3d8bdabc530a6a0816f7ff89a0aaf/library/std/src/io/mod.rs:1839:15
[INFO] [stdout]    7:     0x60c39d3a4992 - std::sys::backtrace::BacktraceLock::print::h2395ccd2c84ba3aa
[INFO] [stdout]                                at /rustc/90b35a6239c3d8bdabc530a6a0816f7ff89a0aaf/library/std/src/sys/backtrace.rs:42:9
[INFO] [stdout]    8:     0x60c39d3a5faa - std::panicking::default_hook::{{closure}}::he19d4c7230e07961
[INFO] [stdout]                                at /rustc/90b35a6239c3d8bdabc530a6a0816f7ff89a0aaf/library/std/src/panicking.rs:268:22
[INFO] [stdout]    9:     0x60c39d3a5db4 - std::panicking::default_hook::hf614597d3c67bbdb
[INFO] [stdout]                                at /rustc/90b35a6239c3d8bdabc530a6a0816f7ff89a0aaf/library/std/src/panicking.rs:292:9
[INFO] [stdout]   10:     0x60c39d36f649 - <alloc::boxed::Box<F,A> as core::ops::function::Fn<Args>>::call::h39b51ce4599c23d1
[INFO] [stdout]                                at /rustc/90b35a6239c3d8bdabc530a6a0816f7ff89a0aaf/library/alloc/src/boxed.rs:2468:9
[INFO] [stdout]   11:     0x60c39d36f649 - test::test_main::{{closure}}::he977ae839a582784
[INFO] [stdout]                                at /rustc/90b35a6239c3d8bdabc530a6a0816f7ff89a0aaf/library/test/src/lib.rs:133:21
[INFO] [stdout]   12:     0x60c39d3a6648 - <alloc::boxed::Box<F,A> as core::ops::function::Fn<Args>>::call::h9455091b6b06f9fb
[INFO] [stderr] error: test failed, to rerun pass `--bin jsonparser`
[INFO] [stdout]                                at /rustc/90b35a6239c3d8bdabc530a6a0816f7ff89a0aaf/library/alloc/src/boxed.rs:2468:9
[INFO] [stdout]   13:     0x60c39d3a6648 - std::panicking::rust_panic_with_hook::h8942133a8b252070
[INFO] [stdout]                                at /rustc/90b35a6239c3d8bdabc530a6a0816f7ff89a0aaf/library/std/src/panicking.rs:809:13
[INFO] [stdout]   14:     0x60c39d3a63d6 - std::panicking::begin_panic_handler::{{closure}}::hb5f5963570096b29
[INFO] [stdout]                                at /rustc/90b35a6239c3d8bdabc530a6a0816f7ff89a0aaf/library/std/src/panicking.rs:667:13
[INFO] [stdout]   15:     0x60c39d3a5029 - std::sys::backtrace::__rust_end_short_backtrace::h6208cedc1922feda
[INFO] [stdout]                                at /rustc/90b35a6239c3d8bdabc530a6a0816f7ff89a0aaf/library/std/src/sys/backtrace.rs:170:18
[INFO] [stdout]   16:     0x60c39d3a609c - rust_begin_unwind
[INFO] [stdout]                                at /rustc/90b35a6239c3d8bdabc530a6a0816f7ff89a0aaf/library/std/src/panicking.rs:665:5
[INFO] [stdout]   17:     0x60c39d329a60 - core::panicking::panic_fmt::h0c3082644d1bf418
[INFO] [stdout]                                at /rustc/90b35a6239c3d8bdabc530a6a0816f7ff89a0aaf/library/core/src/panicking.rs:74:14
[INFO] [stdout]   18:     0x60c39d331f60 - jsonparser::parser::Parser::value::h8a89791f34b5216f
[INFO] [stdout]                                at /opt/rustwide/workdir/src/parser.rs:78:18
[INFO] [stdout]   19:     0x60c39d3321f1 - jsonparser::parser::Parser::array::h16c35f4484b2ca6b
[INFO] [stdout]                                at /opt/rustwide/workdir/src/parser.rs:95:29
[INFO] [stdout]   20:     0x60c39d331f72 - jsonparser::parser::Parser::value::h8a89791f34b5216f
[INFO] [stdout]                                at /opt/rustwide/workdir/src/parser.rs:77:43
[INFO] [stdout]   21:     0x60c39d331d76 - jsonparser::parser::Parser::parse::h5e0c6e859f9dde51
[INFO] [stdout]                                at /opt/rustwide/workdir/src/parser.rs:44:22
[INFO] [stdout]   22:     0x60c39d332476 - jsonparser::parser::tests::test::parse::h5dad7677750e5064
[INFO] [stdout]                                at /opt/rustwide/workdir/src/parser.rs:146:13
[INFO] [stdout]   23:     0x60c39d32f54d - jsonparser::parser::tests::array_with_one_null_value::hb60859106d331cf7
[INFO] [stdout]                                at /opt/rustwide/workdir/src/parser.rs:139:20
[INFO] [stdout]   24:     0x60c39d32f517 - jsonparser::parser::tests::array_with_one_null_value::{{closure}}::h1136c2185d112220
[INFO] [stdout]                                at /opt/rustwide/workdir/src/parser.rs:138:35
[INFO] [stdout]   25:     0x60c39d32b3a6 - core::ops::function::FnOnce::call_once::hc10591f571729d90
[INFO] [stdout]                                at /rustc/90b35a6239c3d8bdabc530a6a0816f7ff89a0aaf/library/core/src/ops/function.rs:250:5
[INFO] [stdout]   26:     0x60c39d37400b - core::ops::function::FnOnce::call_once::h109cf8051a59b34e
[INFO] [stdout]                                at /rustc/90b35a6239c3d8bdabc530a6a0816f7ff89a0aaf/library/core/src/ops/function.rs:250:5
[INFO] [stdout]   27:     0x60c39d37400b - test::__rust_begin_short_backtrace::hf4fff89d377446ba
[INFO] [stdout]                                at /rustc/90b35a6239c3d8bdabc530a6a0816f7ff89a0aaf/library/test/src/lib.rs:621:18
[INFO] [stdout]   28:     0x60c39d373847 - test::run_test_in_process::{{closure}}::h0e39181dd7ee5a43
[INFO] [stdout]                                at /rustc/90b35a6239c3d8bdabc530a6a0816f7ff89a0aaf/library/test/src/lib.rs:644:60
[INFO] [stdout]   29:     0x60c39d373847 - <core::panic::unwind_safe::AssertUnwindSafe<F> as core::ops::function::FnOnce<()>>::call_once::hc5a66a30f0bdfd1f
[INFO] [stdout]                                at /rustc/90b35a6239c3d8bdabc530a6a0816f7ff89a0aaf/library/core/src/panic/unwind_safe.rs:272:9
[INFO] [stdout]   30:     0x60c39d373847 - std::panicking::try::do_call::h873b7cf639554a5e
[INFO] [stdout]                                at /rustc/90b35a6239c3d8bdabc530a6a0816f7ff89a0aaf/library/std/src/panicking.rs:557:40
[INFO] [stdout]   31:     0x60c39d373847 - std::panicking::try::hdb19862fad9c8bd1
[INFO] [stdout]                                at /rustc/90b35a6239c3d8bdabc530a6a0816f7ff89a0aaf/library/std/src/panicking.rs:520:19
[INFO] [stdout]   32:     0x60c39d373847 - std::panic::catch_unwind::h281fe732d236d260
[INFO] [stdout]                                at /rustc/90b35a6239c3d8bdabc530a6a0816f7ff89a0aaf/library/std/src/panic.rs:358:14
[INFO] [stdout]   33:     0x60c39d373847 - test::run_test_in_process::h949b6df8457ed338
[INFO] [stdout]                                at /rustc/90b35a6239c3d8bdabc530a6a0816f7ff89a0aaf/library/test/src/lib.rs:644:27
[INFO] [stdout]   34:     0x60c39d373847 - test::run_test::{{closure}}::h52c556a6d4740e10
[INFO] [stdout]                                at /rustc/90b35a6239c3d8bdabc530a6a0816f7ff89a0aaf/library/test/src/lib.rs:565:43
[INFO] [stdout]   35:     0x60c39d338b24 - test::run_test::{{closure}}::h4237f6381c45ccb9
[INFO] [stdout]                                at /rustc/90b35a6239c3d8bdabc530a6a0816f7ff89a0aaf/library/test/src/lib.rs:595:41
[INFO] [stdout]   36:     0x60c39d338b24 - std::sys::backtrace::__rust_begin_short_backtrace::h505c97a579eca628
[INFO] [stdout]                                at /rustc/90b35a6239c3d8bdabc530a6a0816f7ff89a0aaf/library/std/src/sys/backtrace.rs:154:18
[INFO] [stdout]   37:     0x60c39d33c1ee - std::thread::Builder::spawn_unchecked_::{{closure}}::{{closure}}::h9e86b2e2bc107ea3
[INFO] [stdout]                                at /rustc/90b35a6239c3d8bdabc530a6a0816f7ff89a0aaf/library/std/src/thread/mod.rs:538:17
[INFO] [stdout]   38:     0x60c39d33c1ee - <core::panic::unwind_safe::AssertUnwindSafe<F> as core::ops::function::FnOnce<()>>::call_once::h8b06ddb275ff4a25
[INFO] [stdout]                                at /rustc/90b35a6239c3d8bdabc530a6a0816f7ff89a0aaf/library/core/src/panic/unwind_safe.rs:272:9
[INFO] [stdout]   39:     0x60c39d33c1ee - std::panicking::try::do_call::hb26ecd7cd9a9355d
[INFO] [stdout]                                at /rustc/90b35a6239c3d8bdabc530a6a0816f7ff89a0aaf/library/std/src/panicking.rs:557:40
[INFO] [stdout]   40:     0x60c39d33c1ee - std::panicking::try::h8ddeca9d705f9069
[INFO] [stdout]                                at /rustc/90b35a6239c3d8bdabc530a6a0816f7ff89a0aaf/library/std/src/panicking.rs:520:19
[INFO] [stdout]   41:     0x60c39d33c1ee - std::panic::catch_unwind::h49e1c33078844c46
[INFO] [stdout]                                at /rustc/90b35a6239c3d8bdabc530a6a0816f7ff89a0aaf/library/std/src/panic.rs:358:14
[INFO] [stdout]   42:     0x60c39d33c1ee - std::thread::Builder::spawn_unchecked_::{{closure}}::h6073db6ff56ad35d
[INFO] [stdout]                                at /rustc/90b35a6239c3d8bdabc530a6a0816f7ff89a0aaf/library/std/src/thread/mod.rs:537:30
[INFO] [stdout]   43:     0x60c39d33c1ee - core::ops::function::FnOnce::call_once{{vtable.shim}}::h2c5a5f3779c774f1
[INFO] [stdout]                                at /rustc/90b35a6239c3d8bdabc530a6a0816f7ff89a0aaf/library/core/src/ops/function.rs:250:5
[INFO] [stdout]   44:     0x60c39d3aa3ab - <alloc::boxed::Box<F,A> as core::ops::function::FnOnce<Args>>::call_once::hf75717d9f28faebf
[INFO] [stdout]                                at /rustc/90b35a6239c3d8bdabc530a6a0816f7ff89a0aaf/library/alloc/src/boxed.rs:2454:9
[INFO] [stdout]   45:     0x60c39d3aa3ab - <alloc::boxed::Box<F,A> as core::ops::function::FnOnce<Args>>::call_once::h7bd883a5f3c5f3c1
[INFO] [stdout]                                at /rustc/90b35a6239c3d8bdabc530a6a0816f7ff89a0aaf/library/alloc/src/boxed.rs:2454:9
[INFO] [stdout]   46:     0x60c39d3aa3ab - std::sys::pal::unix::thread::Thread::new::thread_start::hcc78f3943333fa94
[INFO] [stdout]                                at /rustc/90b35a6239c3d8bdabc530a6a0816f7ff89a0aaf/library/std/src/sys/pal/unix/thread.rs:105:17
[INFO] [stdout]   47:     0x71121bc81ac3 - <unknown>
[INFO] [stdout]   48:     0x71121bd12a04 - clone
[INFO] [stdout]   49:                0x0 - <unknown>
[INFO] [stdout] 
[INFO] [stdout] 
[INFO] [stdout] failures:
[INFO] [stdout]     parser::tests::array_with_one_null_value
[INFO] [stdout] 
[INFO] [stdout] test result: FAILED. 9 passed; 1 failed; 0 ignored; 0 measured; 0 filtered out; finished in 0.04s
[INFO] [stdout] 
[INFO] running `Command { std: "docker" "inspect" "fc82538eecdaf78ed58213684ddc93a81d5e240bcd01993f897e836e2cd2ce8a", kill_on_drop: false }`
[INFO] running `Command { std: "docker" "rm" "-f" "fc82538eecdaf78ed58213684ddc93a81d5e240bcd01993f897e836e2cd2ce8a", kill_on_drop: false }`
[INFO] [stdout] fc82538eecdaf78ed58213684ddc93a81d5e240bcd01993f897e836e2cd2ce8a
