[INFO] cloning repository https://github.com/rklaehn/inplace-vec-builder
[INFO] running `Command { std: "git" "-c" "credential.helper=" "-c" "credential.helper=/workspace/cargo-home/bin/git-credential-null" "clone" "--bare" "https://github.com/rklaehn/inplace-vec-builder" "/workspace/cache/git-repos/https%3A%2F%2Fgithub.com%2Frklaehn%2Finplace-vec-builder", kill_on_drop: false }`
[INFO] [stderr] Cloning into bare repository '/workspace/cache/git-repos/https%3A%2F%2Fgithub.com%2Frklaehn%2Finplace-vec-builder'...
[INFO] running `Command { std: "git" "rev-parse" "HEAD", kill_on_drop: false }`
[INFO] [stdout] af53b724809d406806322c4c386c8a99722fe816
[INFO] testing rklaehn/inplace-vec-builder against 1.83.0 for beta-1.84.0-4-retry
[INFO] running `Command { std: "git" "clone" "/workspace/cache/git-repos/https%3A%2F%2Fgithub.com%2Frklaehn%2Finplace-vec-builder" "/workspace/builds/worker-2-tc1/source", kill_on_drop: false }`
[INFO] [stderr] Cloning into '/workspace/builds/worker-2-tc1/source'...
[INFO] [stderr] done.
[INFO] validating manifest of git repo https://github.com/rklaehn/inplace-vec-builder on toolchain 1.83.0
[INFO] running `Command { std: CARGO_HOME="/workspace/cargo-home" RUSTUP_HOME="/workspace/rustup-home" "/workspace/cargo-home/bin/cargo" "+1.83.0" "metadata" "--manifest-path" "Cargo.toml" "--no-deps", kill_on_drop: false }`
[INFO] started tweaking git repo https://github.com/rklaehn/inplace-vec-builder
[INFO] finished tweaking git repo https://github.com/rklaehn/inplace-vec-builder
[INFO] tweaked toml for git repo https://github.com/rklaehn/inplace-vec-builder written to /workspace/builds/worker-2-tc1/source/Cargo.toml
[INFO] crate git repo https://github.com/rklaehn/inplace-vec-builder already has a lockfile, it will not be regenerated
[INFO] running `Command { std: CARGO_HOME="/workspace/cargo-home" RUSTUP_HOME="/workspace/rustup-home" "/workspace/cargo-home/bin/cargo" "+1.83.0" "fetch" "--manifest-path" "Cargo.toml", kill_on_drop: false }`
[INFO] [stderr]     Updating crates.io index
[INFO] [stderr]  Downloading crates ...
[INFO] [stderr]   Downloaded testdrop v0.1.2
[INFO] running `Command { std: "docker" "create" "-v" "/var/lib/crater-agent-workspace/builds/worker-2-tc1/target:/opt/rustwide/target:rw,Z" "-v" "/var/lib/crater-agent-workspace/builds/worker-2-tc1/source:/opt/rustwide/workdir:ro,Z" "-v" "/var/lib/crater-agent-workspace/cargo-home:/opt/rustwide/cargo-home:ro,Z" "-v" "/var/lib/crater-agent-workspace/rustup-home:/opt/rustwide/rustup-home:ro,Z" "-e" "SOURCE_DIR=/opt/rustwide/workdir" "-e" "CARGO_TARGET_DIR=/opt/rustwide/target" "-e" "CARGO_HOME=/opt/rustwide/cargo-home" "-e" "RUSTUP_HOME=/opt/rustwide/rustup-home" "-w" "/opt/rustwide/workdir" "-m" "1610612736" "--user" "0:0" "--network" "none" "ghcr.io/rust-lang/crates-build-env/linux@sha256:f3a9d4ad9d972b27faf3965f35b62e55ba32bbce8f20bc8fe909558a86702fde" "/opt/rustwide/cargo-home/bin/cargo" "+1.83.0" "metadata" "--no-deps" "--format-version=1", kill_on_drop: false }`
[INFO] [stdout] 6e3727e5b33c43b21b3f5e6ab9833d9f01e3fd50849a68569834fe04fa3b0ebd
[INFO] running `Command { std: "docker" "start" "-a" "6e3727e5b33c43b21b3f5e6ab9833d9f01e3fd50849a68569834fe04fa3b0ebd", kill_on_drop: false }`
[INFO] running `Command { std: "docker" "inspect" "6e3727e5b33c43b21b3f5e6ab9833d9f01e3fd50849a68569834fe04fa3b0ebd", kill_on_drop: false }`
[INFO] running `Command { std: "docker" "rm" "-f" "6e3727e5b33c43b21b3f5e6ab9833d9f01e3fd50849a68569834fe04fa3b0ebd", kill_on_drop: false }`
[INFO] [stdout] 6e3727e5b33c43b21b3f5e6ab9833d9f01e3fd50849a68569834fe04fa3b0ebd
[INFO] running `Command { std: "docker" "create" "-v" "/var/lib/crater-agent-workspace/builds/worker-2-tc1/target:/opt/rustwide/target:rw,Z" "-v" "/var/lib/crater-agent-workspace/builds/worker-2-tc1/source:/opt/rustwide/workdir:ro,Z" "-v" "/var/lib/crater-agent-workspace/cargo-home:/opt/rustwide/cargo-home:ro,Z" "-v" "/var/lib/crater-agent-workspace/rustup-home:/opt/rustwide/rustup-home:ro,Z" "-e" "SOURCE_DIR=/opt/rustwide/workdir" "-e" "CARGO_TARGET_DIR=/opt/rustwide/target" "-e" "CARGO_INCREMENTAL=0" "-e" "RUST_BACKTRACE=full" "-e" "RUSTFLAGS=--cap-lints=warn" "-e" "RUSTDOCFLAGS=--cap-lints=warn" "-e" "CARGO_HOME=/opt/rustwide/cargo-home" "-e" "RUSTUP_HOME=/opt/rustwide/rustup-home" "-w" "/opt/rustwide/workdir" "-m" "1610612736" "--user" "0:0" "--network" "none" "ghcr.io/rust-lang/crates-build-env/linux@sha256:f3a9d4ad9d972b27faf3965f35b62e55ba32bbce8f20bc8fe909558a86702fde" "/opt/rustwide/cargo-home/bin/cargo" "+1.83.0" "build" "--frozen" "--message-format=json", kill_on_drop: false }`
[INFO] [stdout] 60a9bed35e4db37d1566da58514f20cf8f22834c180e984a0f237b0b93296c2f
[INFO] running `Command { std: "docker" "start" "-a" "60a9bed35e4db37d1566da58514f20cf8f22834c180e984a0f237b0b93296c2f", kill_on_drop: false }`
[INFO] [stderr]    Compiling inplace-vec-builder v0.1.1 (/opt/rustwide/workdir)
[INFO] [stderr]     Finished `dev` profile [unoptimized + debuginfo] target(s) in 0.11s
[INFO] running `Command { std: "docker" "inspect" "60a9bed35e4db37d1566da58514f20cf8f22834c180e984a0f237b0b93296c2f", kill_on_drop: false }`
[INFO] running `Command { std: "docker" "rm" "-f" "60a9bed35e4db37d1566da58514f20cf8f22834c180e984a0f237b0b93296c2f", kill_on_drop: false }`
[INFO] [stdout] 60a9bed35e4db37d1566da58514f20cf8f22834c180e984a0f237b0b93296c2f
[INFO] running `Command { std: "docker" "create" "-v" "/var/lib/crater-agent-workspace/builds/worker-2-tc1/target:/opt/rustwide/target:rw,Z" "-v" "/var/lib/crater-agent-workspace/builds/worker-2-tc1/source:/opt/rustwide/workdir:ro,Z" "-v" "/var/lib/crater-agent-workspace/cargo-home:/opt/rustwide/cargo-home:ro,Z" "-v" "/var/lib/crater-agent-workspace/rustup-home:/opt/rustwide/rustup-home:ro,Z" "-e" "SOURCE_DIR=/opt/rustwide/workdir" "-e" "CARGO_TARGET_DIR=/opt/rustwide/target" "-e" "CARGO_INCREMENTAL=0" "-e" "RUST_BACKTRACE=full" "-e" "RUSTFLAGS=--cap-lints=warn" "-e" "RUSTDOCFLAGS=--cap-lints=warn" "-e" "CARGO_HOME=/opt/rustwide/cargo-home" "-e" "RUSTUP_HOME=/opt/rustwide/rustup-home" "-w" "/opt/rustwide/workdir" "-m" "1610612736" "--user" "0:0" "--network" "none" "ghcr.io/rust-lang/crates-build-env/linux@sha256:f3a9d4ad9d972b27faf3965f35b62e55ba32bbce8f20bc8fe909558a86702fde" "/opt/rustwide/cargo-home/bin/cargo" "+1.83.0" "test" "--frozen" "--no-run" "--message-format=json", kill_on_drop: false }`
[INFO] [stdout] 5a26f64fa252e4f0a729415d422dca04e432cb3d00b1e0ca017da3b51afaf726
[INFO] running `Command { std: "docker" "start" "-a" "5a26f64fa252e4f0a729415d422dca04e432cb3d00b1e0ca017da3b51afaf726", kill_on_drop: false }`
[INFO] [stderr]    Compiling testdrop v0.1.2
[INFO] [stderr]    Compiling inplace-vec-builder v0.1.1 (/opt/rustwide/workdir)
[INFO] [stderr]     Finished `test` profile [unoptimized + debuginfo] target(s) in 0.71s
[INFO] running `Command { std: "docker" "inspect" "5a26f64fa252e4f0a729415d422dca04e432cb3d00b1e0ca017da3b51afaf726", kill_on_drop: false }`
[INFO] running `Command { std: "docker" "rm" "-f" "5a26f64fa252e4f0a729415d422dca04e432cb3d00b1e0ca017da3b51afaf726", kill_on_drop: false }`
[INFO] [stdout] 5a26f64fa252e4f0a729415d422dca04e432cb3d00b1e0ca017da3b51afaf726
[INFO] running `Command { std: "docker" "create" "-v" "/var/lib/crater-agent-workspace/builds/worker-2-tc1/target:/opt/rustwide/target:rw,Z" "-v" "/var/lib/crater-agent-workspace/builds/worker-2-tc1/source:/opt/rustwide/workdir:ro,Z" "-v" "/var/lib/crater-agent-workspace/cargo-home:/opt/rustwide/cargo-home:ro,Z" "-v" "/var/lib/crater-agent-workspace/rustup-home:/opt/rustwide/rustup-home:ro,Z" "-e" "SOURCE_DIR=/opt/rustwide/workdir" "-e" "CARGO_TARGET_DIR=/opt/rustwide/target" "-e" "CARGO_INCREMENTAL=0" "-e" "RUST_BACKTRACE=full" "-e" "RUSTFLAGS=--cap-lints=warn" "-e" "RUSTDOCFLAGS=--cap-lints=warn" "-e" "CARGO_HOME=/opt/rustwide/cargo-home" "-e" "RUSTUP_HOME=/opt/rustwide/rustup-home" "-w" "/opt/rustwide/workdir" "-m" "1610612736" "--user" "0:0" "--network" "none" "ghcr.io/rust-lang/crates-build-env/linux@sha256:f3a9d4ad9d972b27faf3965f35b62e55ba32bbce8f20bc8fe909558a86702fde" "/opt/rustwide/cargo-home/bin/cargo" "+1.83.0" "test" "--frozen", kill_on_drop: false }`
[INFO] [stdout] 5562c20668c9b866821f03fa1c674291cc5463d29cf2c2228e1c1bb8ef6d805e
[INFO] running `Command { std: "docker" "start" "-a" "5562c20668c9b866821f03fa1c674291cc5463d29cf2c2228e1c1bb8ef6d805e", kill_on_drop: false }`
[INFO] [stderr]     Finished `test` profile [unoptimized + debuginfo] target(s) in 0.01s
[INFO] [stderr]      Running unittests src/lib.rs (/opt/rustwide/target/debug/deps/inplace_vec_builder-3eb42b448875771c)
[INFO] [stdout] 
[INFO] [stdout] running 7 tests
[INFO] [stdout] test vec_builder::tests::source_drop_some ... ok
[INFO] [stdout] test vec_builder::tests::source_pop_some ... ok
[INFO] [stdout] test vec_builder::tests::drop_just_source ... ok
[INFO] [stdout] test vec_builder::tests::source_move_all ... ok
[INFO] [stdout] test vec_builder::tests::target_push_gap ... ok
[INFO] [stdout] test vec_builder::tests::source_drop_all ... ok
[INFO] [stdout] test vec_builder::tests::source_move_some ... ok
[INFO] [stdout] 
[INFO] [stdout] test result: ok. 7 passed; 0 failed; 0 ignored; 0 measured; 0 filtered out; finished in 0.01s
[INFO] [stdout] 
[INFO] [stderr]    Doc-tests inplace_vec_builder
[INFO] [stdout] 
[INFO] [stdout] running 2 tests
[INFO] [stdout] test src/../README.md - (line 12) ... FAILED
[INFO] [stdout] test src/../README.md - (line 31) ... FAILED
[INFO] [stdout] 
[INFO] [stdout] failures:
[INFO] [stdout] 
[INFO] [stdout] ---- src/../README.md - (line 12) stdout ----
[INFO] [stdout] error[E0424]: expected value, found module `self`
[INFO] [stdout]  --> src/../README.md:13:15
[INFO] [stdout]   |
[INFO] [stdout] 2 | fn main() { #[allow(non_snake_case)] fn _doctest_main_src____README_md_12_0() {
[INFO] [stdout]   |                                         ----------------------------------- this function can't have a `self` parameter
[INFO] [stdout] 3 | let mut res = self
[INFO] [stdout]   |               ^^^^ `self` value is a keyword only available in methods with a `self` parameter
[INFO] [stdout] 
[INFO] [stdout] error[E0424]: expected value, found module `self`
[INFO] [stdout]   --> src/../README.md:20:29
[INFO] [stdout]    |
[INFO] [stdout] 2  | fn main() { #[allow(non_snake_case)] fn _doctest_main_src____README_md_12_0() {
[INFO] [stdout]    |                                         ----------------------------------- this function can't have a `self` parameter
[INFO] [stdout] ...
[INFO] [stdout] 10 |         std::mem::swap(&mut self.elements, &mut res);
[INFO] [stdout]    |                             ^^^^ `self` value is a keyword only available in methods with a `self` parameter
[INFO] [stdout] 
[INFO] [stdout] error: aborting due to 2 previous errors
[INFO] [stdout] 
[INFO] [stdout] For more information about this error, try `rustc --explain E0424`.
[INFO] [stdout] Couldn't compile the test.
[INFO] [stdout] ---- src/../README.md - (line 31) stdout ----
[INFO] [stdout] error[E0433]: failed to resolve: use of undeclared type `InPlaceVecBuilder`
[INFO] [stdout]  --> src/../README.md:32:13
[INFO] [stdout]   |
[INFO] [stdout] 3 | let mut t = InPlaceVecBuilder::from(&mut self.elements);
[INFO] [stdout]   |             ^^^^^^^^^^^^^^^^^ use of undeclared type `InPlaceVecBuilder`
[INFO] [stdout]   |
[INFO] [stdout] help: consider importing this struct
[INFO] [stdout]   |
[INFO] [stdout] 2 + use inplace_vec_builder::InPlaceVecBuilder;
[INFO] [stdout]   |
[INFO] [stdout] 
[INFO] [stdout] error[E0424]: expected value, found module `self`
[INFO] [stdout]  --> src/../README.md:32:42
[INFO] [stdout]   |
[INFO] [stdout] 2 | fn main() { #[allow(non_snake_case)] fn _doctest_main_src____README_md_31_0() {
[INFO] [stdout]   |                                         ----------------------------------- this function can't have a `self` parameter
[INFO] [stdout] 3 | let mut t = InPlaceVecBuilder::from(&mut self.elements);
[INFO] [stdout]   |                                          ^^^^ `self` value is a keyword only available in methods with a `self` parameter
[INFO] [stdout] 
[INFO] [stdout] error: aborting due to 2 previous errors
[INFO] [stdout] 
[INFO] [stdout] Some errors have detailed explanations: E0424, E0433.
[INFO] [stdout] For more information about an error, try `rustc --explain E0424`.
[INFO] [stdout] Couldn't compile the test.
[INFO] [stdout] 
[INFO] [stdout] failures:
[INFO] [stdout]     src/../README.md - (line 12)
[INFO] [stdout]     src/../README.md - (line 31)
[INFO] [stdout] 
[INFO] [stdout] test result: FAILED. 0 passed; 2 failed; 0 ignored; 0 measured; 0 filtered out; finished in 0.09s
[INFO] [stdout] 
[INFO] [stderr] error: doctest failed, to rerun pass `--doc`
[INFO] running `Command { std: "docker" "inspect" "5562c20668c9b866821f03fa1c674291cc5463d29cf2c2228e1c1bb8ef6d805e", kill_on_drop: false }`
[INFO] running `Command { std: "docker" "rm" "-f" "5562c20668c9b866821f03fa1c674291cc5463d29cf2c2228e1c1bb8ef6d805e", kill_on_drop: false }`
[INFO] [stdout] 5562c20668c9b866821f03fa1c674291cc5463d29cf2c2228e1c1bb8ef6d805e
