[INFO] cloning repository https://github.com/riyad/quadlet-rs
[INFO] running `Command { std: "git" "-c" "credential.helper=" "-c" "credential.helper=/workspace/cargo-home/bin/git-credential-null" "clone" "--bare" "https://github.com/riyad/quadlet-rs" "/workspace/cache/git-repos/https%3A%2F%2Fgithub.com%2Friyad%2Fquadlet-rs", kill_on_drop: false }`
[INFO] [stderr] Cloning into bare repository '/workspace/cache/git-repos/https%3A%2F%2Fgithub.com%2Friyad%2Fquadlet-rs'...
[INFO] running `Command { std: "git" "rev-parse" "HEAD", kill_on_drop: false }`
[INFO] [stdout] 59818f2252c135af15b7c9da261857c5313d0165
[INFO] testing riyad/quadlet-rs against 1.83.0 for beta-1.84.0-4-retry
[INFO] running `Command { std: "git" "clone" "/workspace/cache/git-repos/https%3A%2F%2Fgithub.com%2Friyad%2Fquadlet-rs" "/workspace/builds/worker-1-tc1/source", kill_on_drop: false }`
[INFO] [stderr] Cloning into '/workspace/builds/worker-1-tc1/source'...
[INFO] [stderr] done.
[INFO] validating manifest of git repo https://github.com/riyad/quadlet-rs on toolchain 1.83.0
[INFO] running `Command { std: CARGO_HOME="/workspace/cargo-home" RUSTUP_HOME="/workspace/rustup-home" "/workspace/cargo-home/bin/cargo" "+1.83.0" "metadata" "--manifest-path" "Cargo.toml" "--no-deps", kill_on_drop: false }`
[INFO] started tweaking git repo https://github.com/riyad/quadlet-rs
[INFO] finished tweaking git repo https://github.com/riyad/quadlet-rs
[INFO] tweaked toml for git repo https://github.com/riyad/quadlet-rs written to /workspace/builds/worker-1-tc1/source/Cargo.toml
[INFO] crate git repo https://github.com/riyad/quadlet-rs already has a lockfile, it will not be regenerated
[INFO] running `Command { std: CARGO_HOME="/workspace/cargo-home" RUSTUP_HOME="/workspace/rustup-home" "/workspace/cargo-home/bin/cargo" "+1.83.0" "fetch" "--manifest-path" "Cargo.toml", kill_on_drop: false }`
[INFO] [stderr] warning: `default_features` is deprecated in favor of `default-features` and will not work in the 2024 edition
[INFO] [stderr] (in the `serial_test` dependency)
[INFO] [stderr] warning: unused manifest key: profile.release.inline-threshold
[INFO] [stderr]  Downloading crates ...
[INFO] [stderr]   Downloaded ordered-multimap v0.7.3
[INFO] [stderr]   Downloaded thiserror-impl v2.0.6
[INFO] [stderr]   Downloaded thiserror v2.0.6
[INFO] [stderr]   Downloaded sdd v3.0.4
[INFO] [stderr]   Downloaded serial_test_derive v3.2.0
[INFO] [stderr]   Downloaded serial_test v3.2.0
[INFO] [stderr]   Downloaded scc v2.2.5
[INFO] running `Command { std: "docker" "create" "-v" "/var/lib/crater-agent-workspace/builds/worker-1-tc1/target:/opt/rustwide/target:rw,Z" "-v" "/var/lib/crater-agent-workspace/builds/worker-1-tc1/source:/opt/rustwide/workdir:ro,Z" "-v" "/var/lib/crater-agent-workspace/cargo-home:/opt/rustwide/cargo-home:ro,Z" "-v" "/var/lib/crater-agent-workspace/rustup-home:/opt/rustwide/rustup-home:ro,Z" "-e" "SOURCE_DIR=/opt/rustwide/workdir" "-e" "CARGO_TARGET_DIR=/opt/rustwide/target" "-e" "CARGO_HOME=/opt/rustwide/cargo-home" "-e" "RUSTUP_HOME=/opt/rustwide/rustup-home" "-w" "/opt/rustwide/workdir" "-m" "1610612736" "--user" "0:0" "--network" "none" "ghcr.io/rust-lang/crates-build-env/linux@sha256:f3a9d4ad9d972b27faf3965f35b62e55ba32bbce8f20bc8fe909558a86702fde" "/opt/rustwide/cargo-home/bin/cargo" "+1.83.0" "metadata" "--no-deps" "--format-version=1", kill_on_drop: false }`
[INFO] [stdout] ef4d05bb38c9d079f0f8b67979e5d0db84f5901419374b89de817f46684d1446
[INFO] running `Command { std: "docker" "start" "-a" "ef4d05bb38c9d079f0f8b67979e5d0db84f5901419374b89de817f46684d1446", kill_on_drop: false }`
[INFO] running `Command { std: "docker" "inspect" "ef4d05bb38c9d079f0f8b67979e5d0db84f5901419374b89de817f46684d1446", kill_on_drop: false }`
[INFO] running `Command { std: "docker" "rm" "-f" "ef4d05bb38c9d079f0f8b67979e5d0db84f5901419374b89de817f46684d1446", kill_on_drop: false }`
[INFO] [stdout] ef4d05bb38c9d079f0f8b67979e5d0db84f5901419374b89de817f46684d1446
[INFO] running `Command { std: "docker" "create" "-v" "/var/lib/crater-agent-workspace/builds/worker-1-tc1/target:/opt/rustwide/target:rw,Z" "-v" "/var/lib/crater-agent-workspace/builds/worker-1-tc1/source:/opt/rustwide/workdir:ro,Z" "-v" "/var/lib/crater-agent-workspace/cargo-home:/opt/rustwide/cargo-home:ro,Z" "-v" "/var/lib/crater-agent-workspace/rustup-home:/opt/rustwide/rustup-home:ro,Z" "-e" "SOURCE_DIR=/opt/rustwide/workdir" "-e" "CARGO_TARGET_DIR=/opt/rustwide/target" "-e" "CARGO_INCREMENTAL=0" "-e" "RUST_BACKTRACE=full" "-e" "RUSTFLAGS=--cap-lints=warn" "-e" "RUSTDOCFLAGS=--cap-lints=warn" "-e" "CARGO_HOME=/opt/rustwide/cargo-home" "-e" "RUSTUP_HOME=/opt/rustwide/rustup-home" "-w" "/opt/rustwide/workdir" "-m" "1610612736" "--user" "0:0" "--network" "none" "ghcr.io/rust-lang/crates-build-env/linux@sha256:f3a9d4ad9d972b27faf3965f35b62e55ba32bbce8f20bc8fe909558a86702fde" "/opt/rustwide/cargo-home/bin/cargo" "+1.83.0" "build" "--frozen" "--message-format=json", kill_on_drop: false }`
[INFO] [stdout] 846d4d6e95528791f4acc91073345b6444d1de675cf3917c85be23a13505d395
[INFO] running `Command { std: "docker" "start" "-a" "846d4d6e95528791f4acc91073345b6444d1de675cf3917c85be23a13505d395", kill_on_drop: false }`
[INFO] [stderr] warning: `default_features` is deprecated in favor of `default-features` and will not work in the 2024 edition
[INFO] [stderr] (in the `serial_test` dependency)
[INFO] [stderr] warning: unused manifest key: profile.release.inline-threshold
[INFO] [stderr]    Compiling crunchy v0.2.2
[INFO] [stderr]    Compiling libc v0.2.168
[INFO] [stderr]    Compiling proc-macro2 v1.0.92
[INFO] [stderr]    Compiling tiny-keccak v2.0.2
[INFO] [stderr]    Compiling unicode-ident v1.0.14
[INFO] [stderr]    Compiling cfg-if v1.0.0
[INFO] [stderr]    Compiling once_cell v1.20.2
[INFO] [stderr]    Compiling serde v1.0.216
[INFO] [stderr]    Compiling option-ext v0.2.0
[INFO] [stderr]    Compiling memchr v2.7.4
[INFO] [stderr]    Compiling thiserror v2.0.6
[INFO] [stderr]    Compiling hashbrown v0.14.5
[INFO] [stderr]    Compiling log v0.4.22
[INFO] [stderr]    Compiling same-file v1.0.6
[INFO] [stderr]    Compiling ryu v1.0.18
[INFO] [stderr]    Compiling itoa v1.0.14
[INFO] [stderr]    Compiling regex-lite v0.1.6
[INFO] [stderr]    Compiling walkdir v2.5.0
[INFO] [stderr]    Compiling csv-core v0.1.11
[INFO] [stderr]    Compiling dirs-sys v0.4.1
[INFO] [stderr]    Compiling users v0.11.0
[INFO] [stderr]    Compiling quote v1.0.37
[INFO] [stderr]    Compiling dirs v5.0.1
[INFO] [stderr]    Compiling syn v2.0.90
[INFO] [stderr]    Compiling getrandom v0.2.15
[INFO] [stderr]    Compiling const-random-macro v0.1.16
[INFO] [stderr]    Compiling const-random v0.1.18
[INFO] [stderr]    Compiling dlv-list v0.5.2
[INFO] [stderr]    Compiling ordered-multimap v0.7.3
[INFO] [stderr]    Compiling thiserror-impl v2.0.6
[INFO] [stderr]    Compiling csv v1.3.1
[INFO] [stderr]    Compiling quadlet-rs v0.3.0 (/opt/rustwide/workdir)
[INFO] [stdout] warning: static `SUPPORTED_SERVICE_KEYS` is never used
[INFO] [stdout]    --> src/quadlet/constants.rs:234:12
[INFO] [stdout]     |
[INFO] [stdout] 234 | pub static SUPPORTED_SERVICE_KEYS: [&str; 1] = ["WorkingDirectory"];
[INFO] [stdout]     |            ^^^^^^^^^^^^^^^^^^^^^^
[INFO] [stdout]     |
[INFO] [stdout]     = note: `#[warn(dead_code)]` on by default
[INFO] [stdout] 
[INFO] [stdout] 
[INFO] [stdout] warning: associated function `new` is never used
[INFO] [stdout]   --> src/quadlet/iterators.rs:96:19
[INFO] [stdout]    |
[INFO] [stdout] 64 | impl UnitSearchDirs {
[INFO] [stdout]    | ------------------- associated function in this implementation
[INFO] [stdout] ...
[INFO] [stdout] 96 |     pub(crate) fn new(dirs: Vec<PathBuf>) -> UnitSearchDirsBuilder {
[INFO] [stdout]    |                   ^^^
[INFO] [stdout] 
[INFO] [stdout] 
[INFO] [stdout] warning: methods `has_section`, `len`, and `set_raw` are never used
[INFO] [stdout]    --> src/systemd_unit/unit.rs:58:19
[INFO] [stdout]     |
[INFO] [stdout] 12  | impl SystemdUnit {
[INFO] [stdout]     | ---------------- methods in this implementation
[INFO] [stdout] ...
[INFO] [stdout] 58  |     pub(crate) fn has_section(&self, name: &str) -> bool {
[INFO] [stdout]     |                   ^^^^^^^^^^^
[INFO] [stdout] ...
[INFO] [stdout] 63  |     pub fn len(&self) -> usize {
[INFO] [stdout]     |            ^^^
[INFO] [stdout] ...
[INFO] [stdout] 262 |     pub(crate) fn set_raw<S, K>(
[INFO] [stdout]     |                   ^^^^^^^
[INFO] [stdout] 
[INFO] [stdout] 
[INFO] [stderr]     Finished `dev` profile [unoptimized + debuginfo] target(s) in 13.49s
[INFO] running `Command { std: "docker" "inspect" "846d4d6e95528791f4acc91073345b6444d1de675cf3917c85be23a13505d395", kill_on_drop: false }`
[INFO] running `Command { std: "docker" "rm" "-f" "846d4d6e95528791f4acc91073345b6444d1de675cf3917c85be23a13505d395", kill_on_drop: false }`
[INFO] [stdout] 846d4d6e95528791f4acc91073345b6444d1de675cf3917c85be23a13505d395
[INFO] running `Command { std: "docker" "create" "-v" "/var/lib/crater-agent-workspace/builds/worker-1-tc1/target:/opt/rustwide/target:rw,Z" "-v" "/var/lib/crater-agent-workspace/builds/worker-1-tc1/source:/opt/rustwide/workdir:ro,Z" "-v" "/var/lib/crater-agent-workspace/cargo-home:/opt/rustwide/cargo-home:ro,Z" "-v" "/var/lib/crater-agent-workspace/rustup-home:/opt/rustwide/rustup-home:ro,Z" "-e" "SOURCE_DIR=/opt/rustwide/workdir" "-e" "CARGO_TARGET_DIR=/opt/rustwide/target" "-e" "CARGO_INCREMENTAL=0" "-e" "RUST_BACKTRACE=full" "-e" "RUSTFLAGS=--cap-lints=warn" "-e" "RUSTDOCFLAGS=--cap-lints=warn" "-e" "CARGO_HOME=/opt/rustwide/cargo-home" "-e" "RUSTUP_HOME=/opt/rustwide/rustup-home" "-w" "/opt/rustwide/workdir" "-m" "1610612736" "--user" "0:0" "--network" "none" "ghcr.io/rust-lang/crates-build-env/linux@sha256:f3a9d4ad9d972b27faf3965f35b62e55ba32bbce8f20bc8fe909558a86702fde" "/opt/rustwide/cargo-home/bin/cargo" "+1.83.0" "test" "--frozen" "--no-run" "--message-format=json", kill_on_drop: false }`
[INFO] [stdout] edee7695bfb35fba56f94a4d46c387333eddab8d0192a5197cedaef80702434c
[INFO] running `Command { std: "docker" "start" "-a" "edee7695bfb35fba56f94a4d46c387333eddab8d0192a5197cedaef80702434c", kill_on_drop: false }`
[INFO] [stderr] warning: `default_features` is deprecated in favor of `default-features` and will not work in the 2024 edition
[INFO] [stderr] (in the `serial_test` dependency)
[INFO] [stderr] warning: unused manifest key: profile.release.inline-threshold
[INFO] [stderr]    Compiling cfg-if v1.0.0
[INFO] [stderr]    Compiling autocfg v1.4.0
[INFO] [stderr]    Compiling parking_lot_core v0.9.10
[INFO] [stderr]    Compiling smallvec v1.13.2
[INFO] [stderr]    Compiling scopeguard v1.2.0
[INFO] [stderr]    Compiling rustix v0.38.42
[INFO] [stderr]    Compiling linux-raw-sys v0.4.14
[INFO] [stderr]    Compiling once_cell v1.20.2
[INFO] [stderr]    Compiling bitflags v2.6.0
[INFO] [stderr]    Compiling sdd v3.0.4
[INFO] [stderr]    Compiling fastrand v2.3.0
[INFO] [stderr]    Compiling syn v2.0.90
[INFO] [stderr]    Compiling getrandom v0.2.15
[INFO] [stderr]    Compiling scc v2.2.5
[INFO] [stderr]    Compiling const-random-macro v0.1.16
[INFO] [stderr]    Compiling lock_api v0.4.12
[INFO] [stderr]    Compiling const-random v0.1.18
[INFO] [stderr]    Compiling dlv-list v0.5.2
[INFO] [stderr]    Compiling ordered-multimap v0.7.3
[INFO] [stderr]    Compiling parking_lot v0.12.3
[INFO] [stderr]    Compiling tempfile v3.14.0
[INFO] [stderr]    Compiling thiserror-impl v2.0.6
[INFO] [stderr]    Compiling serial_test_derive v3.2.0
[INFO] [stderr]    Compiling serial_test v3.2.0
[INFO] [stderr]    Compiling thiserror v2.0.6
[INFO] [stderr]    Compiling quadlet-rs v0.3.0 (/opt/rustwide/workdir)
[INFO] [stdout] warning: unused import: `super::*`
[INFO] [stdout]     --> src/quadlet/convert.rs:2154:9
[INFO] [stdout]      |
[INFO] [stdout] 2154 |     use super::*;
[INFO] [stdout]      |         ^^^^^^^^
[INFO] [stdout]      |
[INFO] [stdout]      = note: `#[warn(unused_imports)]` on by default
[INFO] [stdout] 
[INFO] [stdout] 
[INFO] [stdout] warning: unused import: `super::*`
[INFO] [stdout]    --> src/systemd_unit/unit.rs:961:17
[INFO] [stdout]     |
[INFO] [stdout] 961 |             use super::*;
[INFO] [stdout]     |                 ^^^^^^^^
[INFO] [stdout] 
[INFO] [stdout] 
[INFO] [stdout] warning: unused import: `super::*`
[INFO] [stdout]    --> src/systemd_unit/unit.rs:971:17
[INFO] [stdout]     |
[INFO] [stdout] 971 |             use super::*;
[INFO] [stdout]     |                 ^^^^^^^^
[INFO] [stdout] 
[INFO] [stdout] 
[INFO] [stdout] warning: unused import: `super::*`
[INFO] [stdout]    --> src/systemd_unit/unit.rs:981:17
[INFO] [stdout]     |
[INFO] [stdout] 981 |             use super::*;
[INFO] [stdout]     |                 ^^^^^^^^
[INFO] [stdout] 
[INFO] [stdout] 
[INFO] [stdout] warning: unused import: `super::*`
[INFO] [stdout]    --> src/systemd_unit/unit.rs:991:17
[INFO] [stdout]     |
[INFO] [stdout] 991 |             use super::*;
[INFO] [stdout]     |                 ^^^^^^^^
[INFO] [stdout] 
[INFO] [stdout] 
[INFO] [stdout] warning: static `SUPPORTED_SERVICE_KEYS` is never used
[INFO] [stdout]    --> src/quadlet/constants.rs:234:12
[INFO] [stdout]     |
[INFO] [stdout] 234 | pub static SUPPORTED_SERVICE_KEYS: [&str; 1] = ["WorkingDirectory"];
[INFO] [stdout]     |            ^^^^^^^^^^^^^^^^^^^^^^
[INFO] [stdout]     |
[INFO] [stdout]     = note: `#[warn(dead_code)]` on by default
[INFO] [stdout] 
[INFO] [stdout] 
[INFO] [stderr]     Finished `test` profile [unoptimized + debuginfo] target(s) in 13.18s
[INFO] running `Command { std: "docker" "inspect" "edee7695bfb35fba56f94a4d46c387333eddab8d0192a5197cedaef80702434c", kill_on_drop: false }`
[INFO] running `Command { std: "docker" "rm" "-f" "edee7695bfb35fba56f94a4d46c387333eddab8d0192a5197cedaef80702434c", kill_on_drop: false }`
[INFO] [stdout] edee7695bfb35fba56f94a4d46c387333eddab8d0192a5197cedaef80702434c
[INFO] running `Command { std: "docker" "create" "-v" "/var/lib/crater-agent-workspace/builds/worker-1-tc1/target:/opt/rustwide/target:rw,Z" "-v" "/var/lib/crater-agent-workspace/builds/worker-1-tc1/source:/opt/rustwide/workdir:ro,Z" "-v" "/var/lib/crater-agent-workspace/cargo-home:/opt/rustwide/cargo-home:ro,Z" "-v" "/var/lib/crater-agent-workspace/rustup-home:/opt/rustwide/rustup-home:ro,Z" "-e" "SOURCE_DIR=/opt/rustwide/workdir" "-e" "CARGO_TARGET_DIR=/opt/rustwide/target" "-e" "CARGO_INCREMENTAL=0" "-e" "RUST_BACKTRACE=full" "-e" "RUSTFLAGS=--cap-lints=warn" "-e" "RUSTDOCFLAGS=--cap-lints=warn" "-e" "CARGO_HOME=/opt/rustwide/cargo-home" "-e" "RUSTUP_HOME=/opt/rustwide/rustup-home" "-w" "/opt/rustwide/workdir" "-m" "1610612736" "--user" "0:0" "--network" "none" "ghcr.io/rust-lang/crates-build-env/linux@sha256:f3a9d4ad9d972b27faf3965f35b62e55ba32bbce8f20bc8fe909558a86702fde" "/opt/rustwide/cargo-home/bin/cargo" "+1.83.0" "test" "--frozen", kill_on_drop: false }`
[INFO] [stdout] 7fd70028a64aac8d469e7159289602b05c3bf2cbdb3751686ea00004aa839949
[INFO] running `Command { std: "docker" "start" "-a" "7fd70028a64aac8d469e7159289602b05c3bf2cbdb3751686ea00004aa839949", kill_on_drop: false }`
[INFO] [stderr] warning: `default_features` is deprecated in favor of `default-features` and will not work in the 2024 edition
[INFO] [stderr] (in the `serial_test` dependency)
[INFO] [stderr] warning: unused manifest key: profile.release.inline-threshold
[INFO] [stderr] warning: unused import: `super::*`
[INFO] [stderr]     --> src/quadlet/convert.rs:2154:9
[INFO] [stderr]      |
[INFO] [stderr] 2154 |     use super::*;
[INFO] [stderr]      |         ^^^^^^^^
[INFO] [stderr]      |
[INFO] [stderr]      = note: `#[warn(unused_imports)]` on by default
[INFO] [stderr] 
[INFO] [stderr] warning: unused import: `super::*`
[INFO] [stderr]    --> src/systemd_unit/unit.rs:961:17
[INFO] [stderr]     |
[INFO] [stderr] 961 |             use super::*;
[INFO] [stderr]     |                 ^^^^^^^^
[INFO] [stderr] 
[INFO] [stderr] warning: unused import: `super::*`
[INFO] [stderr]    --> src/systemd_unit/unit.rs:971:17
[INFO] [stderr]     |
[INFO] [stderr] 971 |             use super::*;
[INFO] [stderr]     |                 ^^^^^^^^
[INFO] [stderr] 
[INFO] [stderr] warning: unused import: `super::*`
[INFO] [stderr]    --> src/systemd_unit/unit.rs:981:17
[INFO] [stderr]     |
[INFO] [stderr] 981 |             use super::*;
[INFO] [stderr]     |                 ^^^^^^^^
[INFO] [stderr] 
[INFO] [stderr] warning: unused import: `super::*`
[INFO] [stderr]    --> src/systemd_unit/unit.rs:991:17
[INFO] [stderr]     |
[INFO] [stderr] 991 |             use super::*;
[INFO] [stderr]     |                 ^^^^^^^^
[INFO] [stderr] 
[INFO] [stderr] warning: static `SUPPORTED_SERVICE_KEYS` is never used
[INFO] [stderr]    --> src/quadlet/constants.rs:234:12
[INFO] [stderr]     |
[INFO] [stderr] 234 | pub static SUPPORTED_SERVICE_KEYS: [&str; 1] = ["WorkingDirectory"];
[INFO] [stderr]     |            ^^^^^^^^^^^^^^^^^^^^^^
[INFO] [stderr]     |
[INFO] [stderr]     = note: `#[warn(dead_code)]` on by default
[INFO] [stderr] 
[INFO] [stderr] warning: `quadlet-rs` (bin "quadlet-rs" test) generated 6 warnings (run `cargo fix --bin "quadlet-rs" --tests` to apply 5 suggestions)
[INFO] [stderr]     Finished `test` profile [unoptimized + debuginfo] target(s) in 0.14s
[INFO] [stderr]      Running unittests src/main.rs (/opt/rustwide/target/debug/deps/quadlet_rs-156e4e60aad550d7)
[INFO] [stdout] 
[INFO] [stdout] running 220 tests
[INFO] [stdout] test quadlet::iterators::tests::unit_search_dirs::from_env::rootful ... ignored, fails when run as ordinary user, because /run/containers is only root-accessible
[INFO] [stdout] test quadlet::iterators::tests::unit_search_dirs::new::specify_dirs ... ok
[INFO] [stdout] test quadlet::iterators::tests::unit_search_dirs::from_env::use_dirs_from_env_var ... ok
[INFO] [stdout] test quadlet::tests::is_url::fails_with_absolute_path ... ok
[INFO] [stdout] test quadlet::tests::is_url::fails_with_empty_string ... ok
[INFO] [stdout] test quadlet::tests::is_url::fails_with_relative_path ... ok
[INFO] [stdout] test quadlet::iterators::tests::unit_search_dirs::new::should_follow_symlinks ... ok
[INFO] [stdout] test quadlet::tests::is_url::fails_with_basic_string ... ok
[INFO] [stdout] test quadlet::tests::is_url::succeeds_with_github_url ... ok
[INFO] [stdout] test quadlet::tests::is_url::succeeds_with_just_domain ... ok
[INFO] [stdout] test quadlet::tests::get_quadlet_service_name::use_only_file_name_for_service_name ... ok
[INFO] [stdout] test systemd_unit::parser::tests::parse_comment::fails_with_unexpected_character ... ok
[INFO] [stdout] test systemd_unit::parser::tests::parse_comment::test_success_consumes_token ... ok
[INFO] [stdout] test systemd_unit::parser::tests::parse_entry::test_with_no_value_succeeds ... ok
[INFO] [stdout] test systemd_unit::parser::tests::parse_key::test_success_consumes_tokens ... ok
[INFO] [stdout] test systemd_unit::parser::tests::parse_key::test_with_illegal_character_fails ... ok
[INFO] [stdout] test systemd_unit::parser::tests::parse_section::test_success_consumes_tokens ... ok
[INFO] [stdout] test systemd_unit::parser::tests::parse_section::test_with_interspersed_comments_succeeds ... ok
[INFO] [stdout] test systemd_unit::parser::tests::parse_section::test_with_multiple_entries_succeeds ... ok
[INFO] [stdout] test systemd_unit::parser::tests::parse_section::test_with_multiple_entries_with_same_key_succeeds ... ok
[INFO] [stdout] test systemd_unit::parser::tests::parse_section::test_without_kv_separator_fails ... ok
[INFO] [stdout] test systemd_unit::parser::tests::parse_section_header::test_early_eof_after_1 ... ok
[INFO] [stdout] test systemd_unit::parser::tests::parse_section_header::test_early_eof_after_2 ... ok
[INFO] [stdout] test systemd_unit::parser::tests::parse_section_header::test_needs_section_header_end ... ok
[INFO] [stdout] test systemd_unit::parser::tests::parse_section_header::test_needs_section_header_start ... ok
[INFO] [stdout] test systemd_unit::parser::tests::parse_unit::test_only_comments_should_create_empty_unit ... ok
[INFO] [stdout] test systemd_unit::parser::tests::parse_unit::test_with_empty_section_succeeds ... ok
[INFO] [stdout] test systemd_unit::parser::tests::parse_section_header::test_section_header_cannot_be_empty ... ok
[INFO] [stdout] test quadlet::tests::get_quadlet_service_name::looks_up_service_name_from_unit ... ok
[INFO] [stdout] test systemd_unit::parser::tests::parse_section_header::test_success_consumes_tokens ... ok
[INFO] [stdout] test quadlet::tests::is_unambiguous_name::with_ambiguous_names ... ok
[INFO] [stdout] test systemd_unit::parser::tests::parse_unit::test_with_multiple_sections_succeeds ... ok
[INFO] [stdout] test systemd_unit::parser::tests::parse_unit::test_with_same_section_occuring_mutlimple_times_succeeds ... ok
[INFO] [stdout] test systemd_unit::parser::tests::parse_value::test_continuation_with_kv_style_line_succeeds ... ok
[INFO] [stdout] test systemd_unit::parser::tests::parse_unit::test_with_section_with_entries_succeeds ... ok
[INFO] [stdout] test quadlet::tests::is_url::succeeds_with_git_schema ... ok
[INFO] [stdout] test systemd_unit::parser::tests::parse_value::test_leniency_with_space_after_line_continuation_succeeds ... ok
[INFO] [stdout] test systemd_unit::parser::tests::parse_value::test_success_consumes_tokens ... ok
[INFO] [stdout] test systemd_unit::parser::tests::parse_section::test_with_extra_line_fails ... ok
[INFO] [stdout] test quadlet::tests::is_unambiguous_name::with_unambiguous_names ... ok
[INFO] [stdout] test systemd_unit::parser::tests::parse_value::test_last_line_with_spaces_at_the_end_gets_trimmed ... ok
[INFO] [stdout] test systemd_unit::parser::tests::parse_value::test_turn_continuation_into_space ... ok
[INFO] [stdout] test systemd_unit::parser::tests::parse_value::test_with_empty_text_succeeds ... ok
[INFO] [stdout] test systemd_unit::parser::tests::parse_entry::test_success_consumes_tokens ... ok
[INFO] [stdout] test systemd_unit::parser::tests::parse_value::test_with_empty_line_continuations_succeeds ... ok
[INFO] [stdout] test quadlet::tests::is_url::succeeds_with_domain_and_path ... ok
[INFO] [stdout] test systemd_unit::parser::tests::parse_value::test_with_multiple_spaces_succeeds ... ok
[INFO] [stdout] test systemd_unit::parser::tests::parse_value::test_with_line_continuation_in_comment_succeeds ... ok
[INFO] [stdout] test systemd_unit::path_buf_ext::tests::file_name_template_parts::must_have_a_base_template_path ... ok
[INFO] [stdout] test systemd_unit::path_buf_ext::tests::absolute_from::with_empty_target_path ... ok
[INFO] [stdout] test systemd_unit::parser::tests::parse_value::test_with_interspersed_comments_suceeds ... ok
[INFO] [stdout] test systemd_unit::path_buf_ext::tests::file_name_template_parts::with_base_template_path ... ok
[INFO] [stdout] test systemd_unit::parser::tests::parse_value::test_with_missing_line_after_contiuation_succeeds ... ok
[INFO] [stdout] test systemd_unit::parser::tests::parse_value::test_with_new_section_after_continuation_succeeds ... ok
[INFO] [stdout] test systemd_unit::path_buf_ext::tests::absolute_from::with_absolute_target_path ... ok
[INFO] [stdout] test systemd_unit::path_buf_ext::tests::absolute_from::with_relative_target_path ... ok
[INFO] [stdout] test systemd_unit::path_buf_ext::tests::file_name_template_parts::with_default_path ... ok
[INFO] [stdout] test systemd_unit::path_buf_ext::tests::absolute_from_unit::with_absolute_path_targets_parent ... ok
[INFO] [stdout] test systemd_unit::path_buf_ext::tests::absolute_from_unit::with_no_path_targets_current_dir ... ok
[INFO] [stdout] test systemd_unit::path_buf_ext::tests::absolute_from_unit::with_only_file_name_targets_current_dir ... ok
[INFO] [stdout] test systemd_unit::path_buf_ext::tests::cleaned::test_cases ... ok
[INFO] [stdout] test systemd_unit::path_buf_ext::tests::absolute_from_unit::with_empty_path_targets_current_dir ... ok
[INFO] [stdout] test systemd_unit::quoted::tests::quote_words::keeps_words_that_do_not_need_quoting ... ok
[INFO] [stdout] test systemd_unit::quoted::tests::quote_value::escape_ascii_whitespace ... ok
[INFO] [stdout] test systemd_unit::quoted::tests::quote_value::escapes_ascii_control_characters ... ok
[INFO] [stdout] test systemd_unit::quoted::tests::quote_value::escapes_backslash ... ok
[INFO] [stdout] test systemd_unit::path_buf_ext::tests::file_name_template_parts::with_simple_path ... ok
[INFO] [stdout] test systemd_unit::path_buf_ext::tests::absolute_from_unit::with_relative_path_targets_parent ... ok
[INFO] [stdout] test systemd_unit::quoted::tests::unquote_value::fails_with_escaped_null ... ok
[INFO] [stdout] test systemd_unit::path_buf_ext::tests::file_name_template_parts::with_instance_template_path ... ok
[INFO] [stdout] test systemd_unit::path_buf_ext::tests::starts_with_systemd_specifier::test_cases ... ok
[INFO] [stdout] test systemd_unit::quoted::tests::quote_value::does_not_escape_printable_ascii_characters ... ok
[INFO] [stdout] test systemd_unit::quoted::tests::quote_value::does_not_escape_single_quotes ... ok
[INFO] [stdout] test systemd_unit::quoted::tests::quote_value::escapes_double_quotes ... ok
[INFO] [stdout] test systemd_unit::quoted::tests::quote_words::adds_quotes_around_words_that_need_quoting ... ok
[INFO] [stdout] test systemd_unit::quoted::tests::quote_words::joins_words_with_space ... ok
[INFO] [stdout] test systemd_unit::quoted::tests::quote_value::does_not_escape_non_ascii_characters ... ok
[INFO] [stdout] test systemd_unit::quoted::tests::unquote_value::fails_with_illegal_digit ... ok
[INFO] [stdout] test systemd_unit::quoted::tests::unquote_value::fails_with_illegal_octal_digit ... ok
[INFO] [stdout] test systemd_unit::quoted::tests::unquote_value::fails_with_incomplete_sequence ... ok
[INFO] [stdout] test systemd_unit::quoted::tests::unquote_value::fails_with_unknown_escape_char ... ok
[INFO] [stdout] test systemd_unit::quoted::tests::unquote_value::fails_with_incomplete_unicode_sequence ... ok
[INFO] [stdout] test systemd_unit::quoted::tests::unquote_value::keeps_spaces_inside_quotes ... ok
[INFO] [stdout] test systemd_unit::quoted::tests::unquote_value::keeps_quotes_inside_words ... ok
[INFO] [stdout] test systemd_unit::quoted::tests::unquote_value::unescapes_unicode_sequences ... ok
[INFO] [stdout] test systemd_unit::quoted::tests::unquote_value::unescapes_single_character_sequences ... ok
[INFO] [stdout] test systemd_unit::split::tests::split_strv::next::keeps_escape_sequences_inside_quotes ... ok
[INFO] [stdout] test systemd_unit::quoted::tests::unquote_value::keeps_nested_quotes ... ok
[INFO] [stdout] test systemd_unit::split::tests::split_strv::next::none_with_only_whitespace ... ok
[INFO] [stdout] test systemd_unit::split::tests::split_strv::next::removes_quotes_arround_words ... ok
[INFO] [stdout] test systemd_unit::split::tests::split_strv::next::some_with_empty_word ... ignored, doesn't seem to work yet
[INFO] [stdout] test systemd_unit::split::tests::split_strv::next::some_with_multiple_words ... ok
[INFO] [stdout] test systemd_unit::split::tests::split_strv::next::removes_quotes_inside_words ... ok
[INFO] [stdout] test systemd_unit::split::tests::split_strv::next::some_with_simple_text ... ok
[INFO] [stdout] test systemd_unit::split::tests::split_word::next::eats_up_trailing_backslash ... ok
[INFO] [stdout] test systemd_unit::split::tests::split_strv::next::unmatched_quote_matches_till_end_of_line ... ok
[INFO] [stdout] test systemd_unit::split::tests::split_word::next::keeps_escaped_whitespace ... ok
[INFO] [stdout] test systemd_unit::split::tests::split_word::next::keeps_nested_quotes ... ok
[INFO] [stdout] test systemd_unit::split::tests::split_word::next::keeps_spaces_inside_quotes ... ok
[INFO] [stdout] test systemd_unit::split::tests::split_word::next::none_with_only_whitespace ... ok
[INFO] [stdout] test systemd_unit::split::tests::split_word::next::removes_quotes_arround_words ... ok
[INFO] [stdout] test systemd_unit::split::tests::split_strv::next::keeps_nested_quotes ... ok
[INFO] [stdout] test systemd_unit::split::tests::split_strv::next::keeps_spaces_inside_quotes ... ok
[INFO] [stdout] test systemd_unit::split::tests::split_word::next::some_with_empty_word ... ignored, doesn't seem to work yet
[INFO] [stdout] test systemd_unit::split::tests::split_word::next::removes_quotes_inside_words ... ok
[INFO] [stdout] test systemd_unit::split::tests::split_word::next::some_with_simple_text ... ok
[INFO] [stdout] test systemd_unit::split::tests::split_word::next::some_with_multiple_words ... ok
[INFO] [stdout] test systemd_unit::split::tests::split_word::next::unescapes_escape_sequences ... ok
[INFO] [stdout] test systemd_unit::split::tests::split_word::next::unmatched_quote_matches_till_end_of_line ... ok
[INFO] [stdout] test systemd_unit::split::tests::split_word::next::unescapes_spaces_inside_quotes ... ok
[INFO] [stdout] test systemd_unit::tests::parse_bool::fails_with_empty_input ... ok
[INFO] [stdout] test systemd_unit::split::tests::split_strv::next::none_with_empty_input ... ok
[INFO] [stdout] test systemd_unit::split::tests::split_strv::next::escaped_whitespace_is_part_of_word ... ok
[INFO] [stdout] test systemd_unit::split::tests::split_word::next::none_with_empty_input ... ok
[INFO] [stdout] test quadlet::iterators::tests::unit_search_dirs::from_env::rootless ... FAILED
[INFO] [stdout] test quadlet::iterators::tests::unit_search_dirs::from_env::should_follow_symlinks ... ok
[INFO] [stdout] test systemd_unit::unit::tests::systemd_unit::has_key::true_for_key_in_section ... ok
[INFO] [stdout] test systemd_unit::unit::tests::systemd_unit::add::should_add_entry_to_known_section ... ok
[INFO] [stdout] test systemd_unit::unit::tests::systemd_unit::add::should_add_entry_to_last_instance_of_a_section ... ok
[INFO] [stdout] test systemd_unit::tests::parse_bool::fails_with_non_boolean_input ... ok
[INFO] [stdout] test systemd_unit::tests::parse_bool::false_with_falsy_input ... ok
[INFO] [stdout] test systemd_unit::tests::parse_bool::true_with_truthy_input ... ok
[INFO] [stdout] test systemd_unit::unit::tests::systemd_unit::has_key::false_for_unknown_section ... ok
[INFO] [stdout] test systemd_unit::unit::tests::systemd_unit::has_key::false_for_key_in_wrong_section ... ok
[INFO] [stdout] test systemd_unit::unit::tests::systemd_unit::add::should_create_new_section_if_necessary ... ok
[INFO] [stdout] test systemd_unit::unit::tests::systemd_unit::add_raw::fails_with_unqouted_value ... ok
[INFO] [stdout] test systemd_unit::unit::tests::systemd_unit::has_key::false_for_unknown_key ... ok
[INFO] [stdout] test systemd_unit::unit::tests::systemd_unit::has_section::true_for_non_empty_section ... ok
[INFO] [stdout] test systemd_unit::unit::tests::systemd_unit::has_section::true_for_empty_section ... ok
[INFO] [stdout] test systemd_unit::unit::tests::systemd_unit::len::with_empty_file ... ok
[INFO] [stdout] test systemd_unit::unit::tests::impl_default::values ... ok
[INFO] [stdout] test systemd_unit::unit::tests::systemd_unit::len::with_non_empty_sections ... ok
[INFO] [stdout] test systemd_unit::unit::tests::systemd_unit::load_from_str::adapted_quadlet_escapes_container_case_succeeds ... ok
[INFO] [stdout] test systemd_unit::unit::tests::systemd_unit::load_from_str::parse_escape_sequences::fails_with_illegal_digit ... ok
[INFO] [stdout] test systemd_unit::unit::tests::systemd_unit::load_from_str::parse_escape_sequences::fails_with_escaped_null ... ok
[INFO] [stdout] test systemd_unit::unit::tests::systemd_unit::load_from_str::parse_escape_sequences::fails_with_illegal_octal_digit ... ok
[INFO] [stdout] test systemd_unit::unit::tests::systemd_unit::has_section::false_for_unknown_section ... ok
[INFO] [stdout] test systemd_unit::unit::tests::systemd_unit::load_from_str::parse_escape_sequences::fails_with_incomplete_sequence ... ok
[INFO] [stdout] test systemd_unit::unit::tests::systemd_unit::load_from_str::parse_escape_sequences::fails_with_unknown_escape_char ... ok
[INFO] [stdout] test systemd_unit::unit::tests::systemd_unit::load_from_str::parse_escape_sequences::unescapes_unicode_sequences ... ok
[INFO] [stdout] test systemd_unit::unit::tests::systemd_unit::len::repeated_empty_sections_are_not_counted ... ok
[INFO] [stdout] test systemd_unit::unit::tests::systemd_unit::load_from_str::test_parsing_ignores_comments ... ok
[INFO] [stdout] test systemd_unit::unit::tests::systemd_unit::load_from_str::test_key_without_section_should_fail ... ok
[INFO] [stdout] test systemd_unit::unit::tests::systemd_unit::load_from_str::parse_escape_sequences::unescapes_single_character_sequences ... ok
[INFO] [stdout] test systemd_unit::unit::tests::systemd_unit::load_from_str::trims_whitespace_around_but_not_inside_quoted_values ... ok
[INFO] [stdout] test systemd_unit::unit::tests::systemd_unit::load_from_str::trims_whitespace_around_unquoted_values ... ok
[INFO] [stdout] test systemd_unit::unit::tests::systemd_unit::load_from_str::trims_whitespace_before_key ... ok
[INFO] [stdout] test systemd_unit::unit::tests::systemd_unit::lookup_all::finds_all_across_different_instances_of_the_section ... ok
[INFO] [stdout] test systemd_unit::unit::tests::systemd_unit::load_from_str::trims_whitespace_after_key ... ok
[INFO] [stdout] test systemd_unit::unit::tests::systemd_unit::lookup_all::finds_all_across_different_instances_of_the_section_with_reset ... ok
[INFO] [stdout] test systemd_unit::unit::tests::systemd_unit::load_from_str::quotes_dont_start_in_words ... ok
[INFO] [stdout] test systemd_unit::unit::tests::systemd_unit::len::same_section_following_itself_is_only_counted_once ... ok
[INFO] [stdout] test systemd_unit::unit::tests::systemd_unit::lookup_all_args::todo ... ignored
[INFO] [stdout] test systemd_unit::unit::tests::systemd_unit::lookup_all_key_val::todo ... ignored
[INFO] [stdout] test systemd_unit::unit::tests::systemd_unit::lookup_all_strv::todo ... ignored
[INFO] [stdout] test systemd_unit::unit::tests::systemd_unit::lookup_bool::todo ... ignored
[INFO] [stdout] test systemd_unit::unit::tests::systemd_unit::load_from_str::parse_escape_sequences::fails_with_incomplete_unicode_sequence ... ok
[INFO] [stdout] test systemd_unit::unit::tests::systemd_unit::len::with_empty_section ... ok
[INFO] [stdout] test systemd_unit::unit::tests::systemd_unit::load_from_str::test_systemd_syntax_example_1_succeeds ... ok
[INFO] [stdout] test systemd_unit::unit::tests::systemd_unit::lookup_last::finds_last_when_the_last_instance_of_the_section_does_not_have_the_key ... ok
[INFO] [stdout] test systemd_unit::unit::tests::systemd_unit::lookup_last::finds_last_of_multiple_values ... ok
[INFO] [stdout] test systemd_unit::unit::tests::systemd_unit::merge_from::merging_overlapping_sections_appends_entries ... ok
[INFO] [stdout] test systemd_unit::unit::tests::systemd_unit::load_from_str::unquotes_mutiple_quotes_in_value ... ok
[INFO] [stdout] test systemd_unit::unit::tests::systemd_unit::merge_from::merging_non_overlapping_section_succeeds ... ok
[INFO] [stdout] test systemd_unit::unit::tests::systemd_unit::prepend::should_add_entry_to_last_instance_of_a_section ... ok
[INFO] [stdout] test systemd_unit::unit::tests::systemd_unit::prepend::should_create_new_section_if_necessary ... ok
[INFO] [stdout] test systemd_unit::unit::tests::systemd_unit::rename_section::keeps_entries_already_present_in_destination_section ... ok
[INFO] [stdout] test systemd_unit::unit::tests::systemd_unit::set::replaces_last_entry_with_same_key_in_section ... ok
[INFO] [stdout] test systemd_unit::unit::tests::systemd_unit::section_entries::test_with_same_section_occuring_multiple_times ... ok
[INFO] [stdout] test systemd_unit::unit::tests::systemd_unit::to_string::with_basic_entries ... ok
[INFO] [stdout] test systemd_unit::unit::tests::systemd_unit::rename_section::with_unknown_section_should_do_anything ... ok
[INFO] [stdout] test systemd_unit::unit::tests::systemd_unit::to_string::with_raw_entries ... ok
[INFO] [stdout] test systemd_unit::unit::tests::systemd_unit::round_trip::with_word_splitting_and_setting_constructed_command ... ok
[INFO] [stdout] test systemd_unit::unit::tests::systemd_unit::section_entries::with_one_section ... ok
[INFO] [stdout] test systemd_unit::unit::tests::systemd_unit::set::adds_entry_to_new_section ... ok
[INFO] [stdout] test systemd_unit::unit::tests::systemd_unit::set::adds_entry_with_new_key ... ok
[INFO] [stdout] test systemd_unit::unit::tests::systemd_unit::prepend::should_add_entry_to_known_section ... ok
[INFO] [stdout] test systemd_unit::unit::tests::systemd_unit::round_trip::read_write_round_trip_without_modifications ... ok
[INFO] [stdout] test systemd_unit::unit::tests::systemd_unit::rename_section::with_multiple_instances_of_a_section ... ok
[INFO] [stdout] test systemd_unit::unit_file::tests::file_name::with_empty_path - should panic ... ok
[INFO] [stdout] test systemd_unit::unit::tests::systemd_unit::rename_section::with_single_instance_of_the_section ... ok
[INFO] [stdout] test systemd_unit::unit::tests::systemd_unit::set::replaces_entry_with_same_key_in_section ... ok
[INFO] [stdout] test systemd_unit::unit_file::tests::file_name::with_simple_path ... ok
[INFO] [stdout] test systemd_unit::unit_file::tests::impl_default::values ... ok
[INFO] [stdout] test systemd_unit::unit_file::tests::is_template_unit::with_empty_path ... ok
[INFO] [stdout] test systemd_unit::unit_file::tests::is_template_unit::with_simple_path ... ok
[INFO] [stdout] test systemd_unit::unit_file::tests::is_template_unit::with_template_base_path ... ok
[INFO] [stdout] test systemd_unit::unit_file::tests::is_template_unit::with_template_instance_path ... ok
[INFO] [stdout] test systemd_unit::unit_file::tests::unit_type::is_same_as_extension ... ok
[INFO] [stdout] test systemd_unit::unit::tests::systemd_unit::to_string::with_empty_unit ... ok
[INFO] [stdout] test systemd_unit::unit_file::tests::file_name::with_long_path ... ok
[INFO] [stdout] test systemd_unit::value::tests::entry_value::new::value_gets_quoted ... ok
[INFO] [stdout] test systemd_unit::unit_file::tests::unit_type::with_empty_path - should panic ... ok
[INFO] [stdout] test systemd_unit::value::tests::entry_value::to_bool::error_for_non_bool_value ... ok
[INFO] [stdout] test systemd_unit::value::tests::entry_value::to_bool::error_for_whitespace_value ... ok
[INFO] [stdout] test systemd_unit::value::tests::entry_value::to_bool::error_for_empty_value ... ok
[INFO] [stdout] test systemd_unit::value::tests::entry_value::to_bool::known_false_values_are_false ... ok
[INFO] [stdout] test systemd_unit::value::tests::entry_value::to_bool::known_true_values_are_true ... ok
[INFO] [stdout] test systemd_unit::value::tests::entry_value::try_from_raw::value_gets_unquoted ... ok
[INFO] [stdout] test systemd_unit::value::tests::entry_value::try_unquote::error_for_invalid_value ... ok
[INFO] [stdout] test systemd_unit::value::tests::from_ref_str_for_entry_value::value_gets_quoted ... ok
[INFO] [stdout] test systemd_unit::value::tests::from_str_for_entry_value::value_gets_unquoted ... ok
[INFO] [stdout] test systemd_unit::value::tests::entry_value::try_unquote::unquotes_value ... ok
[INFO] [stdout] test tests::parse_args::accepts_single_dash_verbose_for_quadlet_compat ... ok
[INFO] [stdout] test tests::parse_args::accepts_user ... ok
[INFO] [stdout] test tests::parse_args::fails_with_no_arguments ... ok
[INFO] [stdout] test tests::parse_args::picks_first_of_multiple_output_dirs ... ok
[INFO] [stdout] test tests::parse_args::requires_output_dir ... ok
[INFO] [stdout] test tests::parse_args::accepts_no_kmsg_log ... ok
[INFO] [stdout] test systemd_unit::value::tests::from_string_for_entry_value::value_gets_quoted ... ok
[INFO] [stdout] test tests::parse_args::accepts_single_dash_no_kmsg_log_for_quadlet_compat ... ok
[INFO] [stdout] test tests::parse_args::accepts_dry_run ... ok
[INFO] [stdout] test tests::parse_args::accepts_short_verbose ... ok
[INFO] [stdout] test tests::parse_args::accepts_single_dash_dry_run_for_quadlet_compat ... ok
[INFO] [stdout] test tests::parse_args::accepts_verbose ... ok
[INFO] [stdout] test tests::parse_args::accepts_version ... ok
[INFO] [stdout] test tests::parse_args::parses_user_invocation_from_arg_0 ... ok
[INFO] [stdout] test systemd_unit::value::tests::entry_value::unquote::panics_on_parse_error - should panic ... ok
[INFO] [stdout] test tests::parse_args::accepts_single_dash_user_for_quadlet_compat ... ok
[INFO] [stdout] test tests::parse_args::accepts_one_output_dir ... ok
[INFO] [stdout] 
[INFO] [stdout] failures:
[INFO] [stdout] 
[INFO] [stdout] ---- quadlet::iterators::tests::unit_search_dirs::from_env::rootless stdout ----
[INFO] [stdout] thread 'quadlet::iterators::tests::unit_search_dirs::from_env::rootless' panicked at src/quadlet/iterators.rs:402:30:
[INFO] [stdout] could not determine runtime dir
[INFO] [stdout] stack backtrace:
[INFO] [stdout]    0:     0x63679b8e377a - std::backtrace_rs::backtrace::libunwind::trace::h5a5b8284f2d0c266
[INFO] [stdout]                                at /rustc/90b35a6239c3d8bdabc530a6a0816f7ff89a0aaf/library/std/src/../../backtrace/src/backtrace/libunwind.rs:116:5
[INFO] [stdout]    1:     0x63679b8e377a - std::backtrace_rs::backtrace::trace_unsynchronized::h76d4f1c9b0b875e3
[INFO] [stdout]                                at /rustc/90b35a6239c3d8bdabc530a6a0816f7ff89a0aaf/library/std/src/../../backtrace/src/backtrace/mod.rs:66:5
[INFO] [stdout]    2:     0x63679b8e377a - std::sys::backtrace::_print_fmt::hc4546b8364a537c6
[INFO] [stdout]                                at /rustc/90b35a6239c3d8bdabc530a6a0816f7ff89a0aaf/library/std/src/sys/backtrace.rs:66:9
[INFO] [stdout]    3:     0x63679b8e377a - <std::sys::backtrace::BacktraceLock::print::DisplayBacktrace as core::fmt::Display>::fmt::h5b6bd5631a6d1f6b
[INFO] [stdout]                                at /rustc/90b35a6239c3d8bdabc530a6a0816f7ff89a0aaf/library/std/src/sys/backtrace.rs:39:26
[INFO] [stdout]    4:     0x63679b90a6f3 - core::fmt::rt::Argument::fmt::h270f6602a2b96f62
[INFO] [stdout]                                at /rustc/90b35a6239c3d8bdabc530a6a0816f7ff89a0aaf/library/core/src/fmt/rt.rs:177:76
[INFO] [stdout]    5:     0x63679b90a6f3 - core::fmt::write::h7550c97b06c86515
[INFO] [stdout]                                at /rustc/90b35a6239c3d8bdabc530a6a0816f7ff89a0aaf/library/core/src/fmt/mod.rs:1186:21
[INFO] [stdout]    6:     0x63679b8e0113 - std::io::Write::write_fmt::h509ff860e5956e5e
[INFO] [stdout]                                at /rustc/90b35a6239c3d8bdabc530a6a0816f7ff89a0aaf/library/std/src/io/mod.rs:1839:15
[INFO] [stdout]    7:     0x63679b8e35c2 - std::sys::backtrace::BacktraceLock::print::h2395ccd2c84ba3aa
[INFO] [stdout]                                at /rustc/90b35a6239c3d8bdabc530a6a0816f7ff89a0aaf/library/std/src/sys/backtrace.rs:42:9
[INFO] [stdout]    8:     0x63679b8e4bda - std::panicking::default_hook::{{closure}}::he19d4c7230e07961
[INFO] [stdout]                                at /rustc/90b35a6239c3d8bdabc530a6a0816f7ff89a0aaf/library/std/src/panicking.rs:268:22
[INFO] [stdout]    9:     0x63679b8e49e4 - std::panicking::default_hook::hf614597d3c67bbdb
[INFO] [stdout]                                at /rustc/90b35a6239c3d8bdabc530a6a0816f7ff89a0aaf/library/std/src/panicking.rs:292:9
[INFO] [stdout]   10:     0x63679b85a969 - <alloc::boxed::Box<F,A> as core::ops::function::Fn<Args>>::call::h39b51ce4599c23d1
[INFO] [stdout]                                at /rustc/90b35a6239c3d8bdabc530a6a0816f7ff89a0aaf/library/alloc/src/boxed.rs:2468:9
[INFO] [stdout]   11:     0x63679b85a969 - test::test_main::{{closure}}::he977ae839a582784
[INFO] [stdout]                                at /rustc/90b35a6239c3d8bdabc530a6a0816f7ff89a0aaf/library/test/src/lib.rs:133:21
[INFO] [stdout]   12:     0x63679b8e5278 - <alloc::boxed::Box<F,A> as core::ops::function::Fn<Args>>::call::h9455091b6b06f9fb
[INFO] [stdout]                                at /rustc/90b35a6239c3d8bdabc530a6a0816f7ff89a0aaf/library/alloc/src/boxed.rs:2468:9
[INFO] [stdout]   13:     0x63679b8e5278 - std::panicking::rust_panic_with_hook::h8942133a8b252070
[INFO] [stdout]                                at /rustc/90b35a6239c3d8bdabc530a6a0816f7ff89a0aaf/library/std/src/panicking.rs:809:13
[INFO] [stdout]   14:     0x63679b8e503a - std::panicking::begin_panic_handler::{{closure}}::hb5f5963570096b29
[INFO] [stdout]                                at /rustc/90b35a6239c3d8bdabc530a6a0816f7ff89a0aaf/library/std/src/panicking.rs:674:13
[INFO] [stdout]   15:     0x63679b8e3c59 - std::sys::backtrace::__rust_end_short_backtrace::h6208cedc1922feda
[INFO] [stdout]                                at /rustc/90b35a6239c3d8bdabc530a6a0816f7ff89a0aaf/library/std/src/sys/backtrace.rs:170:18
[INFO] [stdout]   16:     0x63679b8e4ccc - rust_begin_unwind
[INFO] [stdout]                                at /rustc/90b35a6239c3d8bdabc530a6a0816f7ff89a0aaf/library/std/src/panicking.rs:665:5
[INFO] [stdout]   17:     0x63679b768d60 - core::panicking::panic_fmt::h0c3082644d1bf418
[INFO] [stdout]                                at /rustc/90b35a6239c3d8bdabc530a6a0816f7ff89a0aaf/library/core/src/panicking.rs:74:14
[INFO] [stdout]   18:     0x63679b768d3b - core::panicking::panic_display::h735d9af8bded520c
[INFO] [stdout]                                at /rustc/90b35a6239c3d8bdabc530a6a0816f7ff89a0aaf/library/core/src/panicking.rs:264:5
[INFO] [stdout]   19:     0x63679b768d3b - core::option::expect_failed::h95d2432053ef5ebb
[INFO] [stdout]                                at /rustc/90b35a6239c3d8bdabc530a6a0816f7ff89a0aaf/library/core/src/option.rs:2021:5
[INFO] [stdout]   20:     0x63679b7d57b2 - core::option::Option<T>::expect::ha049544754001ee6
[INFO] [stdout]                                at /rustc/90b35a6239c3d8bdabc530a6a0816f7ff89a0aaf/library/core/src/option.rs:933:21
[INFO] [stdout]   21:     0x63679b783328 - quadlet_rs::quadlet::iterators::tests::unit_search_dirs::from_env::rootless::{{closure}}::hf1dae5b4edfd2fba
[INFO] [stdout]                                at /opt/rustwide/workdir/src/quadlet/iterators.rs:401:25
[INFO] [stdout]   22:     0x63679b788bbe - core::ops::function::FnOnce::call_once::h57eb8ef850675d75
[INFO] [stdout]                                at /rustc/90b35a6239c3d8bdabc530a6a0816f7ff89a0aaf/library/core/src/ops/function.rs:250:5
[INFO] [stdout]   23:     0x63679b803b5b - serial_test::parallel_code_lock::local_parallel_core::{{closure}}::h7da384087f580345
[INFO] [stdout]                                at /opt/rustwide/cargo-home/registry/src/index.crates.io-6f17d22bba15001f/serial_test-3.2.0/src/parallel_code_lock.rs:46:9
[INFO] [stdout]   24:     0x63679b7fcbc5 - std::panicking::try::do_call::h2f915efcdb51bb0d
[INFO] [stdout]                                at /rustc/90b35a6239c3d8bdabc530a6a0816f7ff89a0aaf/library/std/src/panicking.rs:557:40
[INFO] [stdout]   25:     0x63679b8054db - __rust_try
[INFO] [stdout]   26:     0x63679b801dd0 - std::panicking::try::he671267d8e99358b
[INFO] [stdout]                                at /rustc/90b35a6239c3d8bdabc530a6a0816f7ff89a0aaf/library/std/src/panicking.rs:520:19
[INFO] [stdout]   27:     0x63679b801dd0 - std::panic::catch_unwind::h2e9abf2301e7f684
[INFO] [stdout]                                at /rustc/90b35a6239c3d8bdabc530a6a0816f7ff89a0aaf/library/std/src/panic.rs:358:14
[INFO] [stdout]   28:     0x63679b8039a2 - serial_test::parallel_code_lock::local_parallel_core::h97409009394591d6
[INFO] [stdout]                                at /opt/rustwide/cargo-home/registry/src/index.crates.io-6f17d22bba15001f/serial_test-3.2.0/src/parallel_code_lock.rs:45:15
[INFO] [stdout]   29:     0x63679b7832ab - quadlet_rs::quadlet::iterators::tests::unit_search_dirs::from_env::rootless::ha42cee06b3824778
[INFO] [stdout]                                at /opt/rustwide/workdir/src/quadlet/iterators.rs:396:13
[INFO] [stdout]   30:     0x63679b783227 - quadlet_rs::quadlet::iterators::tests::unit_search_dirs::from_env::rootless::{{closure}}::hd4c937515d76fe0f
[INFO] [stdout]                                at /opt/rustwide/workdir/src/quadlet/iterators.rs:397:26
[INFO] [stdout]   31:     0x63679b788c76 - core::ops::function::FnOnce::call_once::h5d3de4e180ded990
[INFO] [stdout]                                at /rustc/90b35a6239c3d8bdabc530a6a0816f7ff89a0aaf/library/core/src/ops/function.rs:250:5
[INFO] [stdout]   32:     0x63679b85f32b - core::ops::function::FnOnce::call_once::h109cf8051a59b34e
[INFO] [stdout]                                at /rustc/90b35a6239c3d8bdabc530a6a0816f7ff89a0aaf/library/core/src/ops/function.rs:250:5
[INFO] [stdout]   33:     0x63679b85f32b - test::__rust_begin_short_backtrace::hf4fff89d377446ba
[INFO] [stdout]                                at /rustc/90b35a6239c3d8bdabc530a6a0816f7ff89a0aaf/library/test/src/lib.rs:621:18
[INFO] [stdout]   34:     0x63679b85eb67 - test::run_test_in_process::{{closure}}::h0e39181dd7ee5a43
[INFO] [stdout]                                at /rustc/90b35a6239c3d8bdabc530a6a0816f7ff89a0aaf/library/test/src/lib.rs:644:60
[INFO] [stdout]   35:     0x63679b85eb67 - <core::panic::unwind_safe::AssertUnwindSafe<F> as core::ops::function::FnOnce<()>>::call_once::hc5a66a30f0bdfd1f
[INFO] [stdout]                                at /rustc/90b35a6239c3d8bdabc530a6a0816f7ff89a0aaf/library/core/src/panic/unwind_safe.rs:272:9
[INFO] [stdout]   36:     0x63679b85eb67 - std::panicking::try::do_call::h873b7cf639554a5e
[INFO] [stdout]                                at /rustc/90b35a6239c3d8bdabc530a6a0816f7ff89a0aaf/library/std/src/panicking.rs:557:40
[INFO] [stdout]   37:     0x63679b85eb67 - std::panicking::try::hdb19862fad9c8bd1
[INFO] [stdout]                                at /rustc/90b35a6239c3d8bdabc530a6a0816f7ff89a0aaf/library/std/src/panicking.rs:520:19
[INFO] [stdout]   38:     0x63679b85eb67 - std::panic::catch_unwind::h281fe732d236d260
[INFO] [stdout]                                at /rustc/90b35a6239c3d8bdabc530a6a0816f7ff89a0aaf/library/std/src/panic.rs:358:14
[INFO] [stdout]   39:     0x63679b85eb67 - test::run_test_in_process::h949b6df8457ed338
[INFO] [stdout]                                at /rustc/90b35a6239c3d8bdabc530a6a0816f7ff89a0aaf/library/test/src/lib.rs:644:27
[INFO] [stdout]   40:     0x63679b85eb67 - test::run_test::{{closure}}::h52c556a6d4740e10
[INFO] [stdout]                                at /rustc/90b35a6239c3d8bdabc530a6a0816f7ff89a0aaf/library/test/src/lib.rs:565:43
[INFO] [stdout]   41:     0x63679b823e44 - test::run_test::{{closure}}::h4237f6381c45ccb9
[INFO] [stdout]                                at /rustc/90b35a6239c3d8bdabc530a6a0816f7ff89a0aaf/library/test/src/lib.rs:595:41
[INFO] [stdout]   42:     0x63679b823e44 - std::sys::backtrace::__rust_begin_short_backtrace::h505c97a579eca628
[INFO] [stdout]                                at /rustc/90b35a6239c3d8bdabc530a6a0816f7ff89a0aaf/library/std/src/sys/backtrace.rs:154:18
[INFO] [stdout]   43:     0x63679b82750e - std::thread::Builder::spawn_unchecked_::{{closure}}::{{closure}}::h9e86b2e2bc107ea3
[INFO] [stdout]                                at /rustc/90b35a6239c3d8bdabc530a6a0816f7ff89a0aaf/library/std/src/thread/mod.rs:538:17
[INFO] [stdout]   44:     0x63679b82750e - <core::panic::unwind_safe::AssertUnwindSafe<F> as core::ops::function::FnOnce<()>>::call_once::h8b06ddb275ff4a25
[INFO] [stdout]                                at /rustc/90b35a6239c3d8bdabc530a6a0816f7ff89a0aaf/library/core/src/panic/unwind_safe.rs:272:9
[INFO] [stdout]   45:     0x63679b82750e - std::panicking::try::do_call::hb26ecd7cd9a9355d
[INFO] [stdout]                                at /rustc/90b35a6239c3d8bdabc530a6a0816f7ff89a0aaf/library/std/src/panicking.rs:557:40
[INFO] [stdout]   46:     0x63679b82750e - std::panicking::try::h8ddeca9d705f9069
[INFO] [stdout]                                at /rustc/90b35a6239c3d8bdabc530a6a0816f7ff89a0aaf/library/std/src/panicking.rs:520:19
[INFO] [stdout]   47:     0x63679b82750e - std::panic::catch_unwind::h49e1c33078844c46
[INFO] [stdout]                                at /rustc/90b35a6239c3d8bdabc530a6a0816f7ff89a0aaf/library/std/src/panic.rs:358:14
[INFO] [stdout]   48:     0x63679b82750e - std::thread::Builder::spawn_unchecked_::{{closure}}::h6073db6ff56ad35d
[INFO] [stdout]                                at /rustc/90b35a6239c3d8bdabc530a6a0816f7ff89a0aaf/library/std/src/thread/mod.rs:537:30
[INFO] [stdout]   49:     0x63679b82750e - core::ops::function::FnOnce::call_once{{vtable.shim}}::h2c5a5f3779c774f1
[INFO] [stdout]                                at /rustc/90b35a6239c3d8bdabc530a6a0816f7ff89a0aaf/library/core/src/ops/function.rs:250:5
[INFO] [stdout]   50:     0x63679b8ea5bb - <alloc::boxed::Box<F,A> as core::ops::function::FnOnce<Args>>::call_once::hf75717d9f28faebf
[INFO] [stdout]                                at /rustc/90b35a6239c3d8bdabc530a6a0816f7ff89a0aaf/library/alloc/src/boxed.rs:2454:9
[INFO] [stdout]   51:     0x63679b8ea5bb - <alloc::boxed::Box<F,A> as core::ops::function::FnOnce<Args>>::call_once::h7bd883a5f3c5f3c1
[INFO] [stdout]                                at /rustc/90b35a6239c3d8bdabc530a6a0816f7ff89a0aaf/library/alloc/src/boxed.rs:2454:9
[INFO] [stdout]   52:     0x63679b8ea5bb - std::sys::pal::unix::thread::Thread::new::thread_start::hcc78f3943333fa94
[INFO] [stdout]                                at /rustc/90b35a6239c3d8bdabc530a6a0816f7ff89a0aaf/library/std/src/sys/pal/unix/thread.rs:105:17
[INFO] [stdout]   53:     0x7561bf04cac3 - <unknown>
[INFO] [stdout]   54:     0x7561bf0dda04 - clone
[INFO] [stdout]   55:                0x0 - <unknown>
[INFO] [stdout] 
[INFO] [stdout] 
[INFO] [stdout] failures:
[INFO] [stdout]     quadlet::iterators::tests::unit_search_dirs::from_env::rootless
[INFO] [stdout] 
[INFO] [stdout] test result: FAILED. 212 passed; 1 failed; 7 ignored; 0 measured; 0 filtered out; finished in 0.16s
[INFO] [stdout] 
[INFO] [stderr] error: test failed, to rerun pass `--bin quadlet-rs`
[INFO] running `Command { std: "docker" "inspect" "7fd70028a64aac8d469e7159289602b05c3bf2cbdb3751686ea00004aa839949", kill_on_drop: false }`
[INFO] running `Command { std: "docker" "rm" "-f" "7fd70028a64aac8d469e7159289602b05c3bf2cbdb3751686ea00004aa839949", kill_on_drop: false }`
[INFO] [stdout] 7fd70028a64aac8d469e7159289602b05c3bf2cbdb3751686ea00004aa839949
