[INFO] cloning repository https://github.com/ricardombiot/book-tsp-machine-rust
[INFO] running `Command { std: "git" "-c" "credential.helper=" "-c" "credential.helper=/workspace/cargo-home/bin/git-credential-null" "clone" "--bare" "https://github.com/ricardombiot/book-tsp-machine-rust" "/workspace/cache/git-repos/https%3A%2F%2Fgithub.com%2Fricardombiot%2Fbook-tsp-machine-rust", kill_on_drop: false }`
[INFO] [stderr] Cloning into bare repository '/workspace/cache/git-repos/https%3A%2F%2Fgithub.com%2Fricardombiot%2Fbook-tsp-machine-rust'...
[INFO] running `Command { std: "git" "rev-parse" "HEAD", kill_on_drop: false }`
[INFO] [stdout] 34855573b3c507d4e4cb9f51a3315b49e0e32da2
[INFO] testing ricardombiot/book-tsp-machine-rust against 1.83.0 for beta-1.84.0-4-retry
[INFO] running `Command { std: "git" "clone" "/workspace/cache/git-repos/https%3A%2F%2Fgithub.com%2Fricardombiot%2Fbook-tsp-machine-rust" "/workspace/builds/worker-4-tc1/source", kill_on_drop: false }`
[INFO] [stderr] Cloning into '/workspace/builds/worker-4-tc1/source'...
[INFO] [stderr] done.
[INFO] validating manifest of git repo https://github.com/ricardombiot/book-tsp-machine-rust on toolchain 1.83.0
[INFO] running `Command { std: CARGO_HOME="/workspace/cargo-home" RUSTUP_HOME="/workspace/rustup-home" "/workspace/cargo-home/bin/cargo" "+1.83.0" "metadata" "--manifest-path" "Cargo.toml" "--no-deps", kill_on_drop: false }`
[INFO] started tweaking git repo https://github.com/ricardombiot/book-tsp-machine-rust
[INFO] finished tweaking git repo https://github.com/ricardombiot/book-tsp-machine-rust
[INFO] tweaked toml for git repo https://github.com/ricardombiot/book-tsp-machine-rust written to /workspace/builds/worker-4-tc1/source/Cargo.toml
[INFO] crate git repo https://github.com/ricardombiot/book-tsp-machine-rust already has a lockfile, it will not be regenerated
[INFO] running `Command { std: CARGO_HOME="/workspace/cargo-home" RUSTUP_HOME="/workspace/rustup-home" "/workspace/cargo-home/bin/cargo" "+1.83.0" "fetch" "--manifest-path" "Cargo.toml", kill_on_drop: false }`
[INFO] running `Command { std: "docker" "create" "-v" "/var/lib/crater-agent-workspace/builds/worker-4-tc1/target:/opt/rustwide/target:rw,Z" "-v" "/var/lib/crater-agent-workspace/builds/worker-4-tc1/source:/opt/rustwide/workdir:ro,Z" "-v" "/var/lib/crater-agent-workspace/cargo-home:/opt/rustwide/cargo-home:ro,Z" "-v" "/var/lib/crater-agent-workspace/rustup-home:/opt/rustwide/rustup-home:ro,Z" "-e" "SOURCE_DIR=/opt/rustwide/workdir" "-e" "CARGO_TARGET_DIR=/opt/rustwide/target" "-e" "CARGO_HOME=/opt/rustwide/cargo-home" "-e" "RUSTUP_HOME=/opt/rustwide/rustup-home" "-w" "/opt/rustwide/workdir" "-m" "1610612736" "--user" "0:0" "--network" "none" "ghcr.io/rust-lang/crates-build-env/linux@sha256:f3a9d4ad9d972b27faf3965f35b62e55ba32bbce8f20bc8fe909558a86702fde" "/opt/rustwide/cargo-home/bin/cargo" "+1.83.0" "metadata" "--no-deps" "--format-version=1", kill_on_drop: false }`
[INFO] [stdout] 57f9acc13e2273acf41bb3ded14f334f0796dac817b33297d11ed750186cdfa0
[INFO] running `Command { std: "docker" "start" "-a" "57f9acc13e2273acf41bb3ded14f334f0796dac817b33297d11ed750186cdfa0", kill_on_drop: false }`
[INFO] running `Command { std: "docker" "inspect" "57f9acc13e2273acf41bb3ded14f334f0796dac817b33297d11ed750186cdfa0", kill_on_drop: false }`
[INFO] running `Command { std: "docker" "rm" "-f" "57f9acc13e2273acf41bb3ded14f334f0796dac817b33297d11ed750186cdfa0", kill_on_drop: false }`
[INFO] [stdout] 57f9acc13e2273acf41bb3ded14f334f0796dac817b33297d11ed750186cdfa0
[INFO] running `Command { std: "docker" "create" "-v" "/var/lib/crater-agent-workspace/builds/worker-4-tc1/target:/opt/rustwide/target:rw,Z" "-v" "/var/lib/crater-agent-workspace/builds/worker-4-tc1/source:/opt/rustwide/workdir:ro,Z" "-v" "/var/lib/crater-agent-workspace/cargo-home:/opt/rustwide/cargo-home:ro,Z" "-v" "/var/lib/crater-agent-workspace/rustup-home:/opt/rustwide/rustup-home:ro,Z" "-e" "SOURCE_DIR=/opt/rustwide/workdir" "-e" "CARGO_TARGET_DIR=/opt/rustwide/target" "-e" "CARGO_INCREMENTAL=0" "-e" "RUST_BACKTRACE=full" "-e" "RUSTFLAGS=--cap-lints=warn" "-e" "RUSTDOCFLAGS=--cap-lints=warn" "-e" "CARGO_HOME=/opt/rustwide/cargo-home" "-e" "RUSTUP_HOME=/opt/rustwide/rustup-home" "-w" "/opt/rustwide/workdir" "-m" "1610612736" "--user" "0:0" "--network" "none" "ghcr.io/rust-lang/crates-build-env/linux@sha256:f3a9d4ad9d972b27faf3965f35b62e55ba32bbce8f20bc8fe909558a86702fde" "/opt/rustwide/cargo-home/bin/cargo" "+1.83.0" "build" "--frozen" "--message-format=json", kill_on_drop: false }`
[INFO] [stdout] d9cfb2ac332d423e9d4deb9b4639669cab56e47603ca9176847ff1e4a2e9af43
[INFO] running `Command { std: "docker" "start" "-a" "d9cfb2ac332d423e9d4deb9b4639669cab56e47603ca9176847ff1e4a2e9af43", kill_on_drop: false }`
[INFO] [stderr]    Compiling libc v0.2.123
[INFO] [stderr]    Compiling cfg-if v1.0.0
[INFO] [stderr]    Compiling ppv-lite86 v0.2.16
[INFO] [stderr]    Compiling getrandom v0.2.6
[INFO] [stderr]    Compiling rand_core v0.6.3
[INFO] [stderr]    Compiling rand_chacha v0.3.1
[INFO] [stderr]    Compiling rand v0.8.5
[INFO] [stderr]    Compiling tsp_machine v0.1.0 (/opt/rustwide/workdir)
[INFO] [stdout] warning: unused import: `Color`
[INFO] [stdout]  --> src/tsp/machine/machines/tsp_machine/tsp_machine_execute.rs:3:32
[INFO] [stdout]   |
[INFO] [stdout] 3 | use crate::tsp::utils::alias::{Color, Km};
[INFO] [stdout]   |                                ^^^^^
[INFO] [stdout]   |
[INFO] [stdout]   = note: `#[warn(unused_imports)]` on by default
[INFO] [stdout] 
[INFO] [stdout] 
[INFO] [stdout] warning: field `valid` is never read
[INFO] [stdout]   --> src/tsp/machine/components/timeline/timeline_cell.rs:12:5
[INFO] [stdout]    |
[INFO] [stdout] 7  | pub struct TimelineCell {
[INFO] [stdout]    |            ------------ field in this struct
[INFO] [stdout] ...
[INFO] [stdout] 12 |     valid : bool
[INFO] [stdout]    |     ^^^^^
[INFO] [stdout]    |
[INFO] [stdout]    = note: `TimelineCell` has derived impls for the traits `Debug` and `Clone`, but these are intentionally ignored during dead code analysis
[INFO] [stdout]    = note: `#[warn(dead_code)]` on by default
[INFO] [stdout] 
[INFO] [stdout] 
[INFO] [stdout] warning: method `check_if_solution_recived` is never used
[INFO] [stdout]   --> src/tsp/machine/machines/tsp_machine/tsp_machine_send_destines.rs:58:8
[INFO] [stdout]    |
[INFO] [stdout] 6  | impl TSPMachine {
[INFO] [stdout]    | --------------- method in this implementation
[INFO] [stdout] ...
[INFO] [stdout] 58 |     fn check_if_solution_recived(&mut self, destine : Color, km_destine : Km) {
[INFO] [stdout]    |        ^^^^^^^^^^^^^^^^^^^^^^^^^
[INFO] [stdout] 
[INFO] [stdout] 
[INFO] [stderr]     Finished `dev` profile [unoptimized + debuginfo] target(s) in 5.42s
[INFO] running `Command { std: "docker" "inspect" "d9cfb2ac332d423e9d4deb9b4639669cab56e47603ca9176847ff1e4a2e9af43", kill_on_drop: false }`
[INFO] running `Command { std: "docker" "rm" "-f" "d9cfb2ac332d423e9d4deb9b4639669cab56e47603ca9176847ff1e4a2e9af43", kill_on_drop: false }`
[INFO] [stdout] d9cfb2ac332d423e9d4deb9b4639669cab56e47603ca9176847ff1e4a2e9af43
[INFO] running `Command { std: "docker" "create" "-v" "/var/lib/crater-agent-workspace/builds/worker-4-tc1/target:/opt/rustwide/target:rw,Z" "-v" "/var/lib/crater-agent-workspace/builds/worker-4-tc1/source:/opt/rustwide/workdir:ro,Z" "-v" "/var/lib/crater-agent-workspace/cargo-home:/opt/rustwide/cargo-home:ro,Z" "-v" "/var/lib/crater-agent-workspace/rustup-home:/opt/rustwide/rustup-home:ro,Z" "-e" "SOURCE_DIR=/opt/rustwide/workdir" "-e" "CARGO_TARGET_DIR=/opt/rustwide/target" "-e" "CARGO_INCREMENTAL=0" "-e" "RUST_BACKTRACE=full" "-e" "RUSTFLAGS=--cap-lints=warn" "-e" "RUSTDOCFLAGS=--cap-lints=warn" "-e" "CARGO_HOME=/opt/rustwide/cargo-home" "-e" "RUSTUP_HOME=/opt/rustwide/rustup-home" "-w" "/opt/rustwide/workdir" "-m" "1610612736" "--user" "0:0" "--network" "none" "ghcr.io/rust-lang/crates-build-env/linux@sha256:f3a9d4ad9d972b27faf3965f35b62e55ba32bbce8f20bc8fe909558a86702fde" "/opt/rustwide/cargo-home/bin/cargo" "+1.83.0" "test" "--frozen" "--no-run" "--message-format=json", kill_on_drop: false }`
[INFO] [stdout] 85536c1cfe978eb9287b6dfd9f021653a0aa3fbfaea3a8b7afbbf05f11cebe60
[INFO] running `Command { std: "docker" "start" "-a" "85536c1cfe978eb9287b6dfd9f021653a0aa3fbfaea3a8b7afbbf05f11cebe60", kill_on_drop: false }`
[INFO] [stderr]    Compiling tsp_machine v0.1.0 (/opt/rustwide/workdir)
[INFO] [stdout] warning: unused import: `Color`
[INFO] [stdout]  --> src/tsp/machine/machines/tsp_machine/tsp_machine_execute.rs:3:32
[INFO] [stdout]   |
[INFO] [stdout] 3 | use crate::tsp::utils::alias::{Color, Km};
[INFO] [stdout]   |                                ^^^^^
[INFO] [stdout]   |
[INFO] [stdout]   = note: `#[warn(unused_imports)]` on by default
[INFO] [stdout] 
[INFO] [stdout] 
[INFO] [stdout] warning: unused import: `crate::tsp::machine::components::graf::Grafo`
[INFO] [stdout]  --> src/tsp_tests/machine/machines/hal_machine_test.rs:1:5
[INFO] [stdout]   |
[INFO] [stdout] 1 | use crate::tsp::machine::components::graf::Grafo;
[INFO] [stdout]   |     ^^^^^^^^^^^^^^^^^^^^^^^^^^^^^^^^^^^^^^^^^^^^
[INFO] [stdout] 
[INFO] [stdout] 
[INFO] [stdout] warning: unused import: `crate::tsp::machine::machines::hal_machine::HamiltonianMachine`
[INFO] [stdout]  --> src/tsp_tests/machine/machines/hal_machine_test.rs:2:5
[INFO] [stdout]   |
[INFO] [stdout] 2 | use crate::tsp::machine::machines::hal_machine::HamiltonianMachine;
[INFO] [stdout]   |     ^^^^^^^^^^^^^^^^^^^^^^^^^^^^^^^^^^^^^^^^^^^^^^^^^^^^^^^^^^^^^^
[INFO] [stdout] 
[INFO] [stdout] 
[INFO] [stdout] warning: unused imports: `Color`, `Km`, and `Weight`
[INFO] [stdout]  --> src/tsp_tests/machine/machines/hal_machine_test.rs:3:32
[INFO] [stdout]   |
[INFO] [stdout] 3 | use crate::tsp::utils::alias::{Color, Weight, Km};
[INFO] [stdout]   |                                ^^^^^  ^^^^^^  ^^
[INFO] [stdout] 
[INFO] [stdout] 
[INFO] [stdout] warning: unused import: `crate::tsp::pathset::readers::path_reader::PathSolutionReader`
[INFO] [stdout]  --> src/tsp_tests/machine/machines/hal_machine_test.rs:5:5
[INFO] [stdout]   |
[INFO] [stdout] 5 | use crate::tsp::pathset::readers::path_reader::PathSolutionReader;
[INFO] [stdout]   |     ^^^^^^^^^^^^^^^^^^^^^^^^^^^^^^^^^^^^^^^^^^^^^^^^^^^^^^^^^^^^^
[INFO] [stdout] 
[INFO] [stdout] 
[INFO] [stdout] warning: unused import: `NodesIdSet`
[INFO] [stdout]  --> src/tsp_tests/path_graph/path_graph_test.rs:2:62
[INFO] [stdout]   |
[INFO] [stdout] 2 | use crate::tsp::pathset::components::nodes::node_id::{NodeId,NodesIdSet};
[INFO] [stdout]   |                                                              ^^^^^^^^^^
[INFO] [stdout] 
[INFO] [stdout] 
[INFO] [stdout] warning: unused import: `crate::tsp::pathset::components::edges::edge_id::EdgeId`
[INFO] [stdout]  --> src/tsp_tests/path_graph/path_graph_test.rs:3:5
[INFO] [stdout]   |
[INFO] [stdout] 3 | use crate::tsp::pathset::components::edges::edge_id::EdgeId;
[INFO] [stdout]   |     ^^^^^^^^^^^^^^^^^^^^^^^^^^^^^^^^^^^^^^^^^^^^^^^^^^^^^^^
[INFO] [stdout] 
[INFO] [stdout] 
[INFO] [stdout] warning: unused import: `check_dict_edges_by_nodeid`
[INFO] [stdout]  --> src/tsp_tests/path_graph/path_graph_join_test.rs:8:65
[INFO] [stdout]   |
[INFO] [stdout] 8 | use crate::tsp_tests::path_graph::test_utils::{check_set_nodes, check_dict_edges_by_nodeid, check_list_by_nodeid, check_have_owners};
[INFO] [stdout]   |                                                                 ^^^^^^^^^^^^^^^^^^^^^^^^^^
[INFO] [stdout] 
[INFO] [stdout] 
[INFO] [stdout] warning: unused import: `Step`
[INFO] [stdout]  --> src/tsp_tests/path_graph/path_graph_multijoin_test.rs:1:43
[INFO] [stdout]   |
[INFO] [stdout] 1 | use crate::tsp::utils::alias::{Color, Km, Step};
[INFO] [stdout]   |                                           ^^^^
[INFO] [stdout] 
[INFO] [stdout] 
[INFO] [stdout] warning: unused import: `NodeId`
[INFO] [stdout]  --> src/tsp_tests/path_graph/path_graph_multijoin_test.rs:2:55
[INFO] [stdout]   |
[INFO] [stdout] 2 | use crate::tsp::pathset::components::nodes::node_id::{NodeId};
[INFO] [stdout]   |                                                       ^^^^^^
[INFO] [stdout] 
[INFO] [stdout] 
[INFO] [stdout] warning: unused import: `crate::tsp::utils::inmutable_dict::InmutableDictCommons`
[INFO] [stdout]  --> src/tsp_tests/path_graph/path_graph_multijoin_test.rs:4:5
[INFO] [stdout]   |
[INFO] [stdout] 4 | use crate::tsp::utils::inmutable_dict::InmutableDictCommons;
[INFO] [stdout]   |     ^^^^^^^^^^^^^^^^^^^^^^^^^^^^^^^^^^^^^^^^^^^^^^^^^^^^^^^
[INFO] [stdout] 
[INFO] [stdout] 
[INFO] [stdout] warning: unused imports: `check_dict_edges_by_nodeid`, `check_have_owners`, and `check_set_nodes`
[INFO] [stdout]  --> src/tsp_tests/path_graph/path_graph_multijoin_test.rs:6:48
[INFO] [stdout]   |
[INFO] [stdout] 6 | use crate::tsp_tests::path_graph::test_utils::{check_set_nodes, check_dict_edges_by_nodeid, check_have_owners};
[INFO] [stdout]   |                                                ^^^^^^^^^^^^^^^  ^^^^^^^^^^^^^^^^^^^^^^^^^^  ^^^^^^^^^^^^^^^^^
[INFO] [stdout] 
[INFO] [stdout] 
[INFO] [stdout] warning: unused import: `crate::tsp::pathset::graph::path_graph::PathGraph`
[INFO] [stdout]  --> src/tsp_tests/path_graph/test_utils.rs:6:5
[INFO] [stdout]   |
[INFO] [stdout] 6 | use crate::tsp::pathset::graph::path_graph::PathGraph;
[INFO] [stdout]   |     ^^^^^^^^^^^^^^^^^^^^^^^^^^^^^^^^^^^^^^^^^^^^^^^^^
[INFO] [stdout] 
[INFO] [stdout] 
[INFO] [stdout] warning: unused import: `crate::tsp::utils::generator_ids`
[INFO] [stdout]  --> src/tsp_tests/path_graph/test_utils.rs:9:5
[INFO] [stdout]   |
[INFO] [stdout] 9 | use crate::tsp::utils::generator_ids;
[INFO] [stdout]   |     ^^^^^^^^^^^^^^^^^^^^^^^^^^^^^^^^
[INFO] [stdout] 
[INFO] [stdout] 
[INFO] [stdout] warning: unused variable: `graph_join`
[INFO] [stdout]   --> src/tsp_tests/path_graph/path_graph_multijoin_test.rs:11:9
[INFO] [stdout]    |
[INFO] [stdout] 11 |     let graph_join = build_multijoin();
[INFO] [stdout]    |         ^^^^^^^^^^ help: if this is intentional, prefix it with an underscore: `_graph_join`
[INFO] [stdout]    |
[INFO] [stdout]    = note: `#[warn(unused_variables)]` on by default
[INFO] [stdout] 
[INFO] [stdout] 
[INFO] [stdout] warning: field `valid` is never read
[INFO] [stdout]   --> src/tsp/machine/components/timeline/timeline_cell.rs:12:5
[INFO] [stdout]    |
[INFO] [stdout] 7  | pub struct TimelineCell {
[INFO] [stdout]    |            ------------ field in this struct
[INFO] [stdout] ...
[INFO] [stdout] 12 |     valid : bool
[INFO] [stdout]    |     ^^^^^
[INFO] [stdout]    |
[INFO] [stdout]    = note: `TimelineCell` has derived impls for the traits `Debug` and `Clone`, but these are intentionally ignored during dead code analysis
[INFO] [stdout]    = note: `#[warn(dead_code)]` on by default
[INFO] [stdout] 
[INFO] [stdout] 
[INFO] [stdout] warning: method `check_if_solution_recived` is never used
[INFO] [stdout]   --> src/tsp/machine/machines/tsp_machine/tsp_machine_send_destines.rs:58:8
[INFO] [stdout]    |
[INFO] [stdout] 6  | impl TSPMachine {
[INFO] [stdout]    | --------------- method in this implementation
[INFO] [stdout] ...
[INFO] [stdout] 58 |     fn check_if_solution_recived(&mut self, destine : Color, km_destine : Km) {
[INFO] [stdout]    |        ^^^^^^^^^^^^^^^^^^^^^^^^^
[INFO] [stdout] 
[INFO] [stdout] 
[INFO] [stdout] warning: function `check_dict_edges_by_nodeid` is never used
[INFO] [stdout]   --> src/tsp_tests/path_graph/test_utils.rs:55:8
[INFO] [stdout]    |
[INFO] [stdout] 55 | pub fn check_dict_edges_by_nodeid(dict : &DictEdgeIdByNodeId, list_keys : Vec<(&NodeId, &EdgeId)>){
[INFO] [stdout]    |        ^^^^^^^^^^^^^^^^^^^^^^^^^^
[INFO] [stdout] 
[INFO] [stdout] 
[INFO] [stderr]     Finished `test` profile [unoptimized + debuginfo] target(s) in 2.35s
[INFO] running `Command { std: "docker" "inspect" "85536c1cfe978eb9287b6dfd9f021653a0aa3fbfaea3a8b7afbbf05f11cebe60", kill_on_drop: false }`
[INFO] running `Command { std: "docker" "rm" "-f" "85536c1cfe978eb9287b6dfd9f021653a0aa3fbfaea3a8b7afbbf05f11cebe60", kill_on_drop: false }`
[INFO] [stdout] 85536c1cfe978eb9287b6dfd9f021653a0aa3fbfaea3a8b7afbbf05f11cebe60
[INFO] running `Command { std: "docker" "create" "-v" "/var/lib/crater-agent-workspace/builds/worker-4-tc1/target:/opt/rustwide/target:rw,Z" "-v" "/var/lib/crater-agent-workspace/builds/worker-4-tc1/source:/opt/rustwide/workdir:ro,Z" "-v" "/var/lib/crater-agent-workspace/cargo-home:/opt/rustwide/cargo-home:ro,Z" "-v" "/var/lib/crater-agent-workspace/rustup-home:/opt/rustwide/rustup-home:ro,Z" "-e" "SOURCE_DIR=/opt/rustwide/workdir" "-e" "CARGO_TARGET_DIR=/opt/rustwide/target" "-e" "CARGO_INCREMENTAL=0" "-e" "RUST_BACKTRACE=full" "-e" "RUSTFLAGS=--cap-lints=warn" "-e" "RUSTDOCFLAGS=--cap-lints=warn" "-e" "CARGO_HOME=/opt/rustwide/cargo-home" "-e" "RUSTUP_HOME=/opt/rustwide/rustup-home" "-w" "/opt/rustwide/workdir" "-m" "1610612736" "--user" "0:0" "--network" "none" "ghcr.io/rust-lang/crates-build-env/linux@sha256:f3a9d4ad9d972b27faf3965f35b62e55ba32bbce8f20bc8fe909558a86702fde" "/opt/rustwide/cargo-home/bin/cargo" "+1.83.0" "test" "--frozen", kill_on_drop: false }`
[INFO] [stdout] 3e438878f26ba0e7c5f6ebca2262dcff6ba2565c77f1bedb496efecfe6f5b9d7
[INFO] running `Command { std: "docker" "start" "-a" "3e438878f26ba0e7c5f6ebca2262dcff6ba2565c77f1bedb496efecfe6f5b9d7", kill_on_drop: false }`
[INFO] [stderr] warning: unused import: `Color`
[INFO] [stderr]  --> src/tsp/machine/machines/tsp_machine/tsp_machine_execute.rs:3:32
[INFO] [stderr]   |
[INFO] [stderr] 3 | use crate::tsp::utils::alias::{Color, Km};
[INFO] [stderr]   |                                ^^^^^
[INFO] [stderr]   |
[INFO] [stderr]   = note: `#[warn(unused_imports)]` on by default
[INFO] [stderr] 
[INFO] [stderr] warning: unused import: `crate::tsp::machine::components::graf::Grafo`
[INFO] [stderr]  --> src/tsp_tests/machine/machines/hal_machine_test.rs:1:5
[INFO] [stderr]   |
[INFO] [stderr] 1 | use crate::tsp::machine::components::graf::Grafo;
[INFO] [stderr]   |     ^^^^^^^^^^^^^^^^^^^^^^^^^^^^^^^^^^^^^^^^^^^^
[INFO] [stderr] 
[INFO] [stderr] warning: unused import: `crate::tsp::machine::machines::hal_machine::HamiltonianMachine`
[INFO] [stderr]  --> src/tsp_tests/machine/machines/hal_machine_test.rs:2:5
[INFO] [stderr]   |
[INFO] [stderr] 2 | use crate::tsp::machine::machines::hal_machine::HamiltonianMachine;
[INFO] [stderr]   |     ^^^^^^^^^^^^^^^^^^^^^^^^^^^^^^^^^^^^^^^^^^^^^^^^^^^^^^^^^^^^^^
[INFO] [stderr] 
[INFO] [stderr] warning: unused imports: `Color`, `Km`, and `Weight`
[INFO] [stderr]  --> src/tsp_tests/machine/machines/hal_machine_test.rs:3:32
[INFO] [stderr]   |
[INFO] [stderr] 3 | use crate::tsp::utils::alias::{Color, Weight, Km};
[INFO] [stderr]   |                                ^^^^^  ^^^^^^  ^^
[INFO] [stderr] 
[INFO] [stderr] warning: unused import: `crate::tsp::pathset::readers::path_reader::PathSolutionReader`
[INFO] [stderr]  --> src/tsp_tests/machine/machines/hal_machine_test.rs:5:5
[INFO] [stderr]   |
[INFO] [stderr] 5 | use crate::tsp::pathset::readers::path_reader::PathSolutionReader;
[INFO] [stderr]   |     ^^^^^^^^^^^^^^^^^^^^^^^^^^^^^^^^^^^^^^^^^^^^^^^^^^^^^^^^^^^^^
[INFO] [stderr] 
[INFO] [stderr] warning: unused import: `NodesIdSet`
[INFO] [stderr]  --> src/tsp_tests/path_graph/path_graph_test.rs:2:62
[INFO] [stderr]   |
[INFO] [stderr] 2 | use crate::tsp::pathset::components::nodes::node_id::{NodeId,NodesIdSet};
[INFO] [stderr]   |                                                              ^^^^^^^^^^
[INFO] [stderr] 
[INFO] [stderr] warning: unused import: `crate::tsp::pathset::components::edges::edge_id::EdgeId`
[INFO] [stderr]  --> src/tsp_tests/path_graph/path_graph_test.rs:3:5
[INFO] [stderr]   |
[INFO] [stderr] 3 | use crate::tsp::pathset::components::edges::edge_id::EdgeId;
[INFO] [stderr]   |     ^^^^^^^^^^^^^^^^^^^^^^^^^^^^^^^^^^^^^^^^^^^^^^^^^^^^^^^
[INFO] [stderr] 
[INFO] [stderr] warning: unused import: `check_dict_edges_by_nodeid`
[INFO] [stderr]  --> src/tsp_tests/path_graph/path_graph_join_test.rs:8:65
[INFO] [stderr]   |
[INFO] [stderr] 8 | use crate::tsp_tests::path_graph::test_utils::{check_set_nodes, check_dict_edges_by_nodeid, check_list_by_nodeid, check_have_owners};
[INFO] [stderr]   |                                                                 ^^^^^^^^^^^^^^^^^^^^^^^^^^
[INFO] [stderr] 
[INFO] [stderr] warning: unused import: `Step`
[INFO] [stderr]  --> src/tsp_tests/path_graph/path_graph_multijoin_test.rs:1:43
[INFO] [stderr]   |
[INFO] [stderr] 1 | use crate::tsp::utils::alias::{Color, Km, Step};
[INFO] [stderr]   |                                           ^^^^
[INFO] [stderr] 
[INFO] [stderr] warning: unused import: `NodeId`
[INFO] [stderr]  --> src/tsp_tests/path_graph/path_graph_multijoin_test.rs:2:55
[INFO] [stderr]   |
[INFO] [stderr] 2 | use crate::tsp::pathset::components::nodes::node_id::{NodeId};
[INFO] [stderr]   |                                                       ^^^^^^
[INFO] [stderr] 
[INFO] [stderr] warning: unused import: `crate::tsp::utils::inmutable_dict::InmutableDictCommons`
[INFO] [stderr]  --> src/tsp_tests/path_graph/path_graph_multijoin_test.rs:4:5
[INFO] [stderr]   |
[INFO] [stderr] 4 | use crate::tsp::utils::inmutable_dict::InmutableDictCommons;
[INFO] [stderr]   |     ^^^^^^^^^^^^^^^^^^^^^^^^^^^^^^^^^^^^^^^^^^^^^^^^^^^^^^^
[INFO] [stderr] 
[INFO] [stderr] warning: unused imports: `check_dict_edges_by_nodeid`, `check_have_owners`, and `check_set_nodes`
[INFO] [stderr]  --> src/tsp_tests/path_graph/path_graph_multijoin_test.rs:6:48
[INFO] [stderr]   |
[INFO] [stderr] 6 | use crate::tsp_tests::path_graph::test_utils::{check_set_nodes, check_dict_edges_by_nodeid, check_have_owners};
[INFO] [stderr]   |                                                ^^^^^^^^^^^^^^^  ^^^^^^^^^^^^^^^^^^^^^^^^^^  ^^^^^^^^^^^^^^^^^
[INFO] [stderr] 
[INFO] [stderr] warning: unused import: `crate::tsp::pathset::graph::path_graph::PathGraph`
[INFO] [stderr]  --> src/tsp_tests/path_graph/test_utils.rs:6:5
[INFO] [stderr]   |
[INFO] [stderr] 6 | use crate::tsp::pathset::graph::path_graph::PathGraph;
[INFO] [stderr]   |     ^^^^^^^^^^^^^^^^^^^^^^^^^^^^^^^^^^^^^^^^^^^^^^^^^
[INFO] [stderr] 
[INFO] [stderr] warning: unused import: `crate::tsp::utils::generator_ids`
[INFO] [stderr]  --> src/tsp_tests/path_graph/test_utils.rs:9:5
[INFO] [stderr]   |
[INFO] [stderr] 9 | use crate::tsp::utils::generator_ids;
[INFO] [stderr]   |     ^^^^^^^^^^^^^^^^^^^^^^^^^^^^^^^^
[INFO] [stderr] 
[INFO] [stderr] warning: unused variable: `graph_join`
[INFO] [stderr]   --> src/tsp_tests/path_graph/path_graph_multijoin_test.rs:11:9
[INFO] [stderr]    |
[INFO] [stderr] 11 |     let graph_join = build_multijoin();
[INFO] [stderr]    |         ^^^^^^^^^^ help: if this is intentional, prefix it with an underscore: `_graph_join`
[INFO] [stderr]    |
[INFO] [stderr]    = note: `#[warn(unused_variables)]` on by default
[INFO] [stderr] 
[INFO] [stderr] warning: field `valid` is never read
[INFO] [stderr]   --> src/tsp/machine/components/timeline/timeline_cell.rs:12:5
[INFO] [stderr]    |
[INFO] [stderr] 7  | pub struct TimelineCell {
[INFO] [stderr]    |            ------------ field in this struct
[INFO] [stderr] ...
[INFO] [stderr] 12 |     valid : bool
[INFO] [stderr]    |     ^^^^^
[INFO] [stderr]    |
[INFO] [stderr]    = note: `TimelineCell` has derived impls for the traits `Debug` and `Clone`, but these are intentionally ignored during dead code analysis
[INFO] [stderr]    = note: `#[warn(dead_code)]` on by default
[INFO] [stderr] 
[INFO] [stderr] warning: method `check_if_solution_recived` is never used
[INFO] [stderr]   --> src/tsp/machine/machines/tsp_machine/tsp_machine_send_destines.rs:58:8
[INFO] [stderr]    |
[INFO] [stderr] 6  | impl TSPMachine {
[INFO] [stderr]    | --------------- method in this implementation
[INFO] [stderr] ...
[INFO] [stderr] 58 |     fn check_if_solution_recived(&mut self, destine : Color, km_destine : Km) {
[INFO] [stderr]    |        ^^^^^^^^^^^^^^^^^^^^^^^^^
[INFO] [stderr] 
[INFO] [stderr] warning: function `check_dict_edges_by_nodeid` is never used
[INFO] [stderr]   --> src/tsp_tests/path_graph/test_utils.rs:55:8
[INFO] [stderr]    |
[INFO] [stderr] 55 | pub fn check_dict_edges_by_nodeid(dict : &DictEdgeIdByNodeId, list_keys : Vec<(&NodeId, &EdgeId)>){
[INFO] [stderr]    |        ^^^^^^^^^^^^^^^^^^^^^^^^^^
[INFO] [stderr] 
[INFO] [stderr] warning: `tsp_machine` (bin "tsp_machine" test) generated 18 warnings (run `cargo fix --bin "tsp_machine" --tests` to apply 14 suggestions)
[INFO] [stderr]     Finished `test` profile [unoptimized + debuginfo] target(s) in 0.03s
[INFO] [stderr]      Running unittests src/main.rs (/opt/rustwide/target/debug/deps/tsp_machine-a1b539e885dc71a4)
[INFO] [stdout] 
[INFO] [stdout] running 36 tests
[INFO] [stdout] test tsp_tests::actions::action_test::new_up_test ... ok
[INFO] [stdout] test tsp_tests::actions::database_actions_test::register_up_database_actions ... ok
[INFO] [stdout] test tsp_tests::actions::db_controller_test::test_db_controller ... ok
[INFO] [stdout] test tsp_tests::actions::db_controller_test::test_db_controller_masive_reserve_and_use ... ok
[INFO] [stdout] test tsp_tests::machine::components::graf_test::add_arist ... ok
[INFO] [stdout] test tsp_tests::machine::components::graf_test::test_update_weight ... ok
[INFO] [stdout] test tsp_tests::machine::components::graf_test::test_update_weight_bidirectional ... ok
[INFO] [stdout] test tsp_tests::path_graph::components::nodes::node_id_test::test_get_info_node_id_root ... ok
[INFO] [stdout] test tsp_tests::actions::database_actions_test::init_database_actions ... ok
[INFO] [stdout] test tsp_tests::path_graph::components::edges::edge_test::test_create_edge_checking_ids ... ok
[INFO] [stdout] test tsp_tests::actions::action_test::new_init_test ... ok
[INFO] [stdout] test tsp_tests::path_graph::components::nodes::node_id_test::test_get_info_node_id ... ok
[INFO] [stdout] test tsp_tests::path_graph::components::owners::owners_test::test_operations_owner ... ok
[INFO] [stdout] test tsp_tests::path_graph::components::owners::owners_test::test_owners_push_and_pop_key_by_step ... ok
[INFO] [stdout] test tsp_tests::path_graph::path_graph_delete_test::test_graph_lazy_deleting ... ok
[INFO] [stdout] test tsp_tests::path_graph::components::nodes::node_test::test_node_root ... ok
[INFO] [stdout] test tsp_tests::machine::components::graf_test::init_graf ... ok
[INFO] [stdout] test tsp_tests::path_graph::path_graph_join_test::test_join ... ok
[INFO] [stdout] test tsp_tests::path_graph::path_graph_join_test::test_build_join ... ok
[INFO] [stdout] test tsp_tests::path_graph::path_graph_join_test::test_up_invalid_by_repeted_color ... ok
[INFO] [stdout] test tsp_tests::path_graph::path_graph_test::test_graph_make_second_up ... ok
[INFO] [stdout] test tsp_tests::path_graph::path_graph_test::test_graph_make_up ... ok
[INFO] [stdout] test tsp_tests::utils::generator_ids_test::test_create_id ... ok
[INFO] [stdout] test tsp_tests::path_graph::path_graph_multijoin_test::test_multijoin ... ok
[INFO] [stdout] test tsp_tests::path_graph::path_graph_test::test_graph_init ... ok
[INFO] [stdout] test tsp_tests::path_graph::path_graph_delete_test::test_lazy_delete_nodes_by_color ... ok
[INFO] [stdout] test tsp_tests::utils::generator_ids_test::test_get_info_id ... ok
[INFO] [stdout] test tsp_tests::utils::generator_ids_test::test_matriz_ids_for_tsp ... ok
[INFO] [stdout] test tsp_tests::path_graph::components::nodes::node_id_test::test_node_ids_for_tsp ... ok
[INFO] [stdout] test tsp_tests::utils::generator_ids_test::test_matriz_ids ... ok
[INFO] [stdout] test tsp_tests::utils::inmutable_dict_test::test_inmutable_dict ... ok
[INFO] [stdout] test tsp_tests::utils::mutable_test::test_mutable ... ok
[INFO] [stdout] test tsp_tests::path_graph::components::nodes::node_test::test_node_add_parent_and_son ... ok
[INFO] [stdout] test tsp_tests::utils::generator_node_key_test::test_hamiltonian_colisions_keys ... ok
[INFO] [stdout] test tsp_tests::machine::machines::tsp_machine_test::test_tsp_machine_example ... ok
[INFO] [stdout] test tsp_tests::machine::machines::tsp_machine_test::test_tsp_machine_complete_random ... FAILED
[INFO] [stdout] 
[INFO] [stdout] failures:
[INFO] [stdout] 
[INFO] [stdout] ---- tsp_tests::machine::machines::tsp_machine_test::test_tsp_machine_complete_random stdout ----
[INFO] [stdout] Execute test_tsp_machine_example...
[INFO] [stdout] Execute...
[INFO] [stdout] Step without cells...
[INFO] [stdout] KM: 2/70
[INFO] [stdout] Execute...
[INFO] [stdout] Step without cells...
[INFO] [stdout] KM: 3/70
[INFO] [stdout] Execute...
[INFO] [stdout] Step without cells...
[INFO] [stdout] KM: 4/70
[INFO] [stdout] Execute...
[INFO] [stdout] KM: 5/70
[INFO] [stdout] Execute...
[INFO] [stdout] KM: 6/70
[INFO] [stdout] Execute...
[INFO] [stdout] KM: 7/70
[INFO] [stdout] Execute...
[INFO] [stdout] KM: 8/70
[INFO] [stdout] Execute...
[INFO] [stdout] KM: 9/70
[INFO] [stdout] Execute...
[INFO] [stdout] KM: 10/70
[INFO] [stdout] Execute...
[INFO] [stdout] KM: 11/70
[INFO] [stdout] Execute...
[INFO] [stdout] KM: 12/70
[INFO] [stdout] Execute...
[INFO] [stdout] KM: 13/70
[INFO] [stdout] Execute...
[INFO] [stdout] KM: 14/70
[INFO] [stdout] Execute...
[INFO] [stdout] KM: 15/70
[INFO] [stdout] Execute...
[INFO] [stdout] KM: 16/70
[INFO] [stdout] Execute...
[INFO] [stdout] KM: 17/70
[INFO] [stdout] Execute...
[INFO] [stdout] KM: 18/70
[INFO] [stdout] Execute...
[INFO] [stdout] KM: 19/70
[INFO] [stdout] Execute...
[INFO] [stdout] KM: 20/70
[INFO] [stdout] Execute...
[INFO] [stdout] KM: 21/70
[INFO] [stdout] Execute...
[INFO] [stdout] KM: 22/70
[INFO] [stdout] Execute...
[INFO] [stdout] KM: 23/70
[INFO] [stdout] Execute...
[INFO] [stdout] KM: 24/70
[INFO] [stdout] Execute...
[INFO] [stdout] KM: 25/70
[INFO] [stdout] Execute...
[INFO] [stdout] KM: 26/70
[INFO] [stdout] Execute...
[INFO] [stdout] KM: 27/70
[INFO] [stdout] Execute...
[INFO] [stdout] KM: 28/70
[INFO] [stdout] Execute...
[INFO] [stdout] KM: 29/70
[INFO] [stdout] Execute...
[INFO] [stdout] Some(39)
[INFO] [stdout] Some(36)
[INFO] [stdout] KM: 30/36
[INFO] [stdout] Execute...
[INFO] [stdout] Some(36)
[INFO] [stdout] Some(36)
[INFO] [stdout] Some(36)
[INFO] [stdout] KM: 31/36
[INFO] [stdout] Execute...
[INFO] [stdout] Some(36)
[INFO] [stdout] Some(36)
[INFO] [stdout] Some(36)
[INFO] [stdout] Some(36)
[INFO] [stdout] KM: 32/36
[INFO] [stdout] Execute...
[INFO] [stdout] Some(36)
[INFO] [stdout] Some(36)
[INFO] [stdout] Some(36)
[INFO] [stdout] Some(36)
[INFO] [stdout] Some(36)
[INFO] [stdout] Some(36)
[INFO] [stdout] KM: 33/36
[INFO] [stdout] Execute...
[INFO] [stdout] Some(36)
[INFO] [stdout] Some(36)
[INFO] [stdout] Some(36)
[INFO] [stdout] Some(36)
[INFO] [stdout] Some(36)
[INFO] [stdout] Some(36)
[INFO] [stdout] KM: 34/36
[INFO] [stdout] Execute...
[INFO] [stdout] Some(36)
[INFO] [stdout] Some(36)
[INFO] [stdout] Some(36)
[INFO] [stdout] Some(36)
[INFO] [stdout] Some(36)
[INFO] [stdout] Some(36)
[INFO] [stdout] KM: 35/36
[INFO] [stdout] Execute...
[INFO] [stdout] Some(36)
[INFO] [stdout] Some(36)
[INFO] [stdout] Some(36)
[INFO] [stdout] Some(36)
[INFO] [stdout] Some(36)
[INFO] [stdout] Some(36)
[INFO] [stdout] KM: 36/36
[INFO] [stdout] Execute...
[INFO] [stdout] thread 'tsp_tests::machine::machines::tsp_machine_test::test_tsp_machine_complete_random' panicked at src/tsp_tests/machine/machines/tsp_machine_test.rs:78:5:
[INFO] [stdout] assertion failed: optimal <= min_optimal
[INFO] [stdout] stack backtrace:
[INFO] [stdout]    0:     0x579e68ca763a - std::backtrace_rs::backtrace::libunwind::trace::h5a5b8284f2d0c266
[INFO] [stdout]                                at /rustc/90b35a6239c3d8bdabc530a6a0816f7ff89a0aaf/library/std/src/../../backtrace/src/backtrace/libunwind.rs:116:5
[INFO] [stdout]    1:     0x579e68ca763a - std::backtrace_rs::backtrace::trace_unsynchronized::h76d4f1c9b0b875e3
[INFO] [stdout]                                at /rustc/90b35a6239c3d8bdabc530a6a0816f7ff89a0aaf/library/std/src/../../backtrace/src/backtrace/mod.rs:66:5
[INFO] [stdout]    2:     0x579e68ca763a - std::sys::backtrace::_print_fmt::hc4546b8364a537c6
[INFO] [stdout]                                at /rustc/90b35a6239c3d8bdabc530a6a0816f7ff89a0aaf/library/std/src/sys/backtrace.rs:66:9
[INFO] [stdout]    3:     0x579e68ca763a - <std::sys::backtrace::BacktraceLock::print::DisplayBacktrace as core::fmt::Display>::fmt::h5b6bd5631a6d1f6b
[INFO] [stdout]                                at /rustc/90b35a6239c3d8bdabc530a6a0816f7ff89a0aaf/library/std/src/sys/backtrace.rs:39:26
[INFO] [stdout]    4:     0x579e68ccca73 - core::fmt::rt::Argument::fmt::h270f6602a2b96f62
[INFO] [stdout]                                at /rustc/90b35a6239c3d8bdabc530a6a0816f7ff89a0aaf/library/core/src/fmt/rt.rs:177:76
[INFO] [stdout]    5:     0x579e68ccca73 - core::fmt::write::h7550c97b06c86515
[INFO] [stdout]                                at /rustc/90b35a6239c3d8bdabc530a6a0816f7ff89a0aaf/library/core/src/fmt/mod.rs:1186:21
[INFO] [stdout]    6:     0x579e68ca4803 - std::io::Write::write_fmt::h509ff860e5956e5e
[INFO] [stdout]                                at /rustc/90b35a6239c3d8bdabc530a6a0816f7ff89a0aaf/library/std/src/io/mod.rs:1839:15
[INFO] [stdout]    7:     0x579e68ca7482 - std::sys::backtrace::BacktraceLock::print::h2395ccd2c84ba3aa
[INFO] [stdout]                                at /rustc/90b35a6239c3d8bdabc530a6a0816f7ff89a0aaf/library/std/src/sys/backtrace.rs:42:9
[INFO] [stdout]    8:     0x579e68ca8a9a - std::panicking::default_hook::{{closure}}::he19d4c7230e07961
[INFO] [stdout]                                at /rustc/90b35a6239c3d8bdabc530a6a0816f7ff89a0aaf/library/std/src/panicking.rs:268:22
[INFO] [stdout]    9:     0x579e68ca88a4 - std::panicking::default_hook::hf614597d3c67bbdb
[INFO] [stdout]                                at /rustc/90b35a6239c3d8bdabc530a6a0816f7ff89a0aaf/library/std/src/panicking.rs:292:9
[INFO] [stdout]   10:     0x579e68c3ac79 - <alloc::boxed::Box<F,A> as core::ops::function::Fn<Args>>::call::h39b51ce4599c23d1
[INFO] [stdout]                                at /rustc/90b35a6239c3d8bdabc530a6a0816f7ff89a0aaf/library/alloc/src/boxed.rs:2468:9
[INFO] [stdout]   11:     0x579e68c3ac79 - test::test_main::{{closure}}::he977ae839a582784
[INFO] [stdout]                                at /rustc/90b35a6239c3d8bdabc530a6a0816f7ff89a0aaf/library/test/src/lib.rs:133:21
[INFO] [stdout]   12:     0x579e68ca9138 - <alloc::boxed::Box<F,A> as core::ops::function::Fn<Args>>::call::h9455091b6b06f9fb
[INFO] [stdout]                                at /rustc/90b35a6239c3d8bdabc530a6a0816f7ff89a0aaf/library/alloc/src/boxed.rs:2468:9
[INFO] [stdout]   13:     0x579e68ca9138 - std::panicking::rust_panic_with_hook::h8942133a8b252070
[INFO] [stdout]                                at /rustc/90b35a6239c3d8bdabc530a6a0816f7ff89a0aaf/library/std/src/panicking.rs:809:13
[INFO] [stdout]   14:     0x579e68ca8ec6 - std::panicking::begin_panic_handler::{{closure}}::hb5f5963570096b29
[INFO] [stdout]                                at /rustc/90b35a6239c3d8bdabc530a6a0816f7ff89a0aaf/library/std/src/panicking.rs:667:13
[INFO] [stdout]   15:     0x579e68ca7b19 - std::sys::backtrace::__rust_end_short_backtrace::h6208cedc1922feda
[INFO] [stdout]                                at /rustc/90b35a6239c3d8bdabc530a6a0816f7ff89a0aaf/library/std/src/sys/backtrace.rs:170:18
[INFO] [stdout]   16:     0x579e68ca8b8c - rust_begin_unwind
[INFO] [stdout]                                at /rustc/90b35a6239c3d8bdabc530a6a0816f7ff89a0aaf/library/std/src/panicking.rs:665:5
[INFO] [stdout]   17:     0x579e68b99020 - core::panicking::panic_fmt::h0c3082644d1bf418
[INFO] [stdout]                                at /rustc/90b35a6239c3d8bdabc530a6a0816f7ff89a0aaf/library/core/src/panicking.rs:74:14
[INFO] [stdout]   18:     0x579e68b990ac - core::panicking::panic::h957f98c65a3b3074
[INFO] [stdout]                                at /rustc/90b35a6239c3d8bdabc530a6a0816f7ff89a0aaf/library/core/src/panicking.rs:148:5
[INFO] [stdout]   19:     0x579e68be7aa2 - tsp_machine::tsp_tests::machine::machines::tsp_machine_test::test_tsp_machine_complete_random::h9bb3c0e80f68103b
[INFO] [stdout]                                at /opt/rustwide/workdir/src/tsp_tests/machine/machines/tsp_machine_test.rs:78:5
[INFO] [stdout]   20:     0x579e68be77e7 - tsp_machine::tsp_tests::machine::machines::tsp_machine_test::test_tsp_machine_complete_random::{{closure}}::hcd9be469ac3e4c5c
[INFO] [stdout]                                at /opt/rustwide/workdir/src/tsp_tests/machine/machines/tsp_machine_test.rs:57:42
[INFO] [stdout]   21:     0x579e68bfbd76 - core::ops::function::FnOnce::call_once::h9ff817b0b83dfb2d
[INFO] [stdout]                                at /rustc/90b35a6239c3d8bdabc530a6a0816f7ff89a0aaf/library/core/src/ops/function.rs:250:5
[INFO] [stdout]   22:     0x579e68c3f63b - core::ops::function::FnOnce::call_once::h109cf8051a59b34e
[INFO] [stdout]                                at /rustc/90b35a6239c3d8bdabc530a6a0816f7ff89a0aaf/library/core/src/ops/function.rs:250:5
[INFO] [stdout]   23:     0x579e68c3f63b - test::__rust_begin_short_backtrace::hf4fff89d377446ba
[INFO] [stdout]                                at /rustc/90b35a6239c3d8bdabc530a6a0816f7ff89a0aaf/library/test/src/lib.rs:621:18
[INFO] [stdout]   24:     0x579e68c3ee77 - test::run_test_in_process::{{closure}}::h0e39181dd7ee5a43
[INFO] [stdout]                                at /rustc/90b35a6239c3d8bdabc530a6a0816f7ff89a0aaf/library/test/src/lib.rs:644:60
[INFO] [stdout]   25:     0x579e68c3ee77 - <core::panic::unwind_safe::AssertUnwindSafe<F> as core::ops::function::FnOnce<()>>::call_once::hc5a66a30f0bdfd1f
[INFO] [stdout]                                at /rustc/90b35a6239c3d8bdabc530a6a0816f7ff89a0aaf/library/core/src/panic/unwind_safe.rs:272:9
[INFO] [stdout]   26:     0x579e68c3ee77 - std::panicking::try::do_call::h873b7cf639554a5e
[INFO] [stdout]                                at /rustc/90b35a6239c3d8bdabc530a6a0816f7ff89a0aaf/library/std/src/panicking.rs:557:40
[INFO] [stdout]   27:     0x579e68c3ee77 - std::panicking::try::hdb19862fad9c8bd1
[INFO] [stdout]                                at /rustc/90b35a6239c3d8bdabc530a6a0816f7ff89a0aaf/library/std/src/panicking.rs:520:19
[INFO] [stdout]   28:     0x579e68c3ee77 - std::panic::catch_unwind::h281fe732d236d260
[INFO] [stdout]                                at /rustc/90b35a6239c3d8bdabc530a6a0816f7ff89a0aaf/library/std/src/panic.rs:358:14
[INFO] [stdout]   29:     0x579e68c3ee77 - test::run_test_in_process::h949b6df8457ed338
[INFO] [stdout]                                at /rustc/90b35a6239c3d8bdabc530a6a0816f7ff89a0aaf/library/test/src/lib.rs:644:27
[INFO] [stdout]   30:     0x579e68c3ee77 - test::run_test::{{closure}}::h52c556a6d4740e10
[INFO] [stdout]                                at /rustc/90b35a6239c3d8bdabc530a6a0816f7ff89a0aaf/library/test/src/lib.rs:565:43
[INFO] [stdout]   31:     0x579e68c04154 - test::run_test::{{closure}}::h4237f6381c45ccb9
[INFO] [stdout]                                at /rustc/90b35a6239c3d8bdabc530a6a0816f7ff89a0aaf/library/test/src/lib.rs:595:41
[INFO] [stdout]   32:     0x579e68c04154 - std::sys::backtrace::__rust_begin_short_backtrace::h505c97a579eca628
[INFO] [stdout]                                at /rustc/90b35a6239c3d8bdabc530a6a0816f7ff89a0aaf/library/std/src/sys/backtrace.rs:154:18
[INFO] [stdout]   33:     0x579e68c0781e - std::thread::Builder::spawn_unchecked_::{{closure}}::{{closure}}::h9e86b2e2bc107ea3
[INFO] [stdout]                                at /rustc/90b35a6239c3d8bdabc530a6a0816f7ff89a0aaf/library/std/src/thread/mod.rs:538:17
[INFO] [stdout]   34:     0x579e68c0781e - <core::panic::unwind_safe::AssertUnwindSafe<F> as core::ops::function::FnOnce<()>>::call_once::h8b06ddb275ff4a25
[INFO] [stdout]                                at /rustc/90b35a6239c3d8bdabc530a6a0816f7ff89a0aaf/library/core/src/panic/unwind_safe.rs:272:9
[INFO] [stdout]   35:     0x579e68c0781e - std::panicking::try::do_call::hb26ecd7cd9a9355d
[INFO] [stdout]                                at /rustc/90b35a6239c3d8bdabc530a6a0816f7ff89a0aaf/library/std/src/panicking.rs:557:40
[INFO] [stdout]   36:     0x579e68c0781e - std::panicking::try::h8ddeca9d705f9069
[INFO] [stdout]                                at /rustc/90b35a6239c3d8bdabc530a6a0816f7ff89a0aaf/library/std/src/panicking.rs:520:19
[INFO] [stdout]   37:     0x579e68c0781e - std::panic::catch_unwind::h49e1c33078844c46
[INFO] [stdout]                                at /rustc/90b35a6239c3d8bdabc530a6a0816f7ff89a0aaf/library/std/src/panic.rs:358:14
[INFO] [stdout]   38:     0x579e68c0781e - std::thread::Builder::spawn_unchecked_::{{closure}}::h6073db6ff56ad35d
[INFO] [stdout]                                at /rustc/90b35a6239c3d8bdabc530a6a0816f7ff89a0aaf/library/std/src/thread/mod.rs:537:30
[INFO] [stdout]   39:     0x579e68c0781e - core::ops::function::FnOnce::call_once{{vtable.shim}}::h2c5a5f3779c774f1
[INFO] [stdout]                                at /rustc/90b35a6239c3d8bdabc530a6a0816f7ff89a0aaf/library/core/src/ops/function.rs:250:5
[INFO] [stdout]   40:     0x579e68cace8b - <alloc::boxed::Box<F,A> as core::ops::function::FnOnce<Args>>::call_once::hf75717d9f28faebf
[INFO] [stdout]                                at /rustc/90b35a6239c3d8bdabc530a6a0816f7ff89a0aaf/library/alloc/src/boxed.rs:2454:9
[INFO] [stdout]   41:     0x579e68cace8b - <alloc::boxed::Box<F,A> as core::ops::function::FnOnce<Args>>::call_once::h7bd883a5f3c5f3c1
[INFO] [stdout]                                at /rustc/90b35a6239c3d8bdabc530a6a0816f7ff89a0aaf/library/alloc/src/boxed.rs:2454:9
[INFO] [stdout]   42:     0x579e68cace8b - std::sys::pal::unix::thread::Thread::new::thread_start::hcc78f3943333fa94
[INFO] [stdout]                                at /rustc/90b35a6239c3d8bdabc530a6a0816f7ff89a0aaf/library/std/src/sys/pal/unix/thread.rs:105:17
[INFO] [stdout]   43:     0x7a14426dfac3 - <unknown>
[INFO] [stdout]   44:     0x7a1442770a04 - clone
[INFO] [stdout]   45:                0x0 - <unknown>
[INFO] [stdout] 
[INFO] [stdout] 
[INFO] [stdout] failures:
[INFO] [stdout]     tsp_tests::machine::machines::tsp_machine_test::test_tsp_machine_complete_random
[INFO] [stdout] 
[INFO] [stdout] test result: FAILED. 35 passed; 1 failed; 0 ignored; 0 measured; 0 filtered out; finished in 0.65s
[INFO] [stdout] 
[INFO] [stderr] error: test failed, to rerun pass `--bin tsp_machine`
[INFO] running `Command { std: "docker" "inspect" "3e438878f26ba0e7c5f6ebca2262dcff6ba2565c77f1bedb496efecfe6f5b9d7", kill_on_drop: false }`
[INFO] running `Command { std: "docker" "rm" "-f" "3e438878f26ba0e7c5f6ebca2262dcff6ba2565c77f1bedb496efecfe6f5b9d7", kill_on_drop: false }`
[INFO] [stdout] 3e438878f26ba0e7c5f6ebca2262dcff6ba2565c77f1bedb496efecfe6f5b9d7
