[INFO] cloning repository https://github.com/rhit99900/unilang
[INFO] running `Command { std: "git" "-c" "credential.helper=" "-c" "credential.helper=/workspace/cargo-home/bin/git-credential-null" "clone" "--bare" "https://github.com/rhit99900/unilang" "/workspace/cache/git-repos/https%3A%2F%2Fgithub.com%2Frhit99900%2Funilang", kill_on_drop: false }`
[INFO] [stderr] Cloning into bare repository '/workspace/cache/git-repos/https%3A%2F%2Fgithub.com%2Frhit99900%2Funilang'...
[INFO] running `Command { std: "git" "rev-parse" "HEAD", kill_on_drop: false }`
[INFO] [stdout] 7119530d0799f3d2efbf58b0da802043b0e0af9c
[INFO] testing rhit99900/unilang against beta-2024-12-08 for beta-1.84.0-4-retry
[INFO] running `Command { std: "git" "clone" "/workspace/cache/git-repos/https%3A%2F%2Fgithub.com%2Frhit99900%2Funilang" "/workspace/builds/worker-0-tc2/source", kill_on_drop: false }`
[INFO] [stderr] Cloning into '/workspace/builds/worker-0-tc2/source'...
[INFO] [stderr] done.
[INFO] validating manifest of git repo https://github.com/rhit99900/unilang on toolchain beta-2024-12-08
[INFO] running `Command { std: CARGO_HOME="/workspace/cargo-home" RUSTUP_HOME="/workspace/rustup-home" "/workspace/cargo-home/bin/cargo" "+beta-2024-12-08" "metadata" "--manifest-path" "Cargo.toml" "--no-deps", kill_on_drop: false }`
[INFO] started tweaking git repo https://github.com/rhit99900/unilang
[INFO] finished tweaking git repo https://github.com/rhit99900/unilang
[INFO] tweaked toml for git repo https://github.com/rhit99900/unilang written to /workspace/builds/worker-0-tc2/source/Cargo.toml
[INFO] crate git repo https://github.com/rhit99900/unilang already has a lockfile, it will not be regenerated
[INFO] running `Command { std: CARGO_HOME="/workspace/cargo-home" RUSTUP_HOME="/workspace/rustup-home" "/workspace/cargo-home/bin/cargo" "+beta-2024-12-08" "fetch" "--manifest-path" "Cargo.toml", kill_on_drop: false }`
[INFO] running `Command { std: "docker" "create" "-v" "/var/lib/crater-agent-workspace/builds/worker-0-tc2/target:/opt/rustwide/target:rw,Z" "-v" "/var/lib/crater-agent-workspace/builds/worker-0-tc2/source:/opt/rustwide/workdir:ro,Z" "-v" "/var/lib/crater-agent-workspace/cargo-home:/opt/rustwide/cargo-home:ro,Z" "-v" "/var/lib/crater-agent-workspace/rustup-home:/opt/rustwide/rustup-home:ro,Z" "-e" "SOURCE_DIR=/opt/rustwide/workdir" "-e" "CARGO_TARGET_DIR=/opt/rustwide/target" "-e" "CARGO_HOME=/opt/rustwide/cargo-home" "-e" "RUSTUP_HOME=/opt/rustwide/rustup-home" "-w" "/opt/rustwide/workdir" "-m" "1610612736" "--user" "0:0" "--network" "none" "ghcr.io/rust-lang/crates-build-env/linux@sha256:f3a9d4ad9d972b27faf3965f35b62e55ba32bbce8f20bc8fe909558a86702fde" "/opt/rustwide/cargo-home/bin/cargo" "+beta-2024-12-08" "metadata" "--no-deps" "--format-version=1", kill_on_drop: false }`
[INFO] [stdout] e5e731dd1493ba4453d33f9ac07b6f13d170eea7224292b31543a4ef3b84dd43
[INFO] running `Command { std: "docker" "start" "-a" "e5e731dd1493ba4453d33f9ac07b6f13d170eea7224292b31543a4ef3b84dd43", kill_on_drop: false }`
[INFO] running `Command { std: "docker" "inspect" "e5e731dd1493ba4453d33f9ac07b6f13d170eea7224292b31543a4ef3b84dd43", kill_on_drop: false }`
[INFO] running `Command { std: "docker" "rm" "-f" "e5e731dd1493ba4453d33f9ac07b6f13d170eea7224292b31543a4ef3b84dd43", kill_on_drop: false }`
[INFO] [stdout] e5e731dd1493ba4453d33f9ac07b6f13d170eea7224292b31543a4ef3b84dd43
[INFO] running `Command { std: "docker" "create" "-v" "/var/lib/crater-agent-workspace/builds/worker-0-tc2/target:/opt/rustwide/target:rw,Z" "-v" "/var/lib/crater-agent-workspace/builds/worker-0-tc2/source:/opt/rustwide/workdir:ro,Z" "-v" "/var/lib/crater-agent-workspace/cargo-home:/opt/rustwide/cargo-home:ro,Z" "-v" "/var/lib/crater-agent-workspace/rustup-home:/opt/rustwide/rustup-home:ro,Z" "-e" "SOURCE_DIR=/opt/rustwide/workdir" "-e" "CARGO_TARGET_DIR=/opt/rustwide/target" "-e" "CARGO_INCREMENTAL=0" "-e" "RUST_BACKTRACE=full" "-e" "RUSTFLAGS=--cap-lints=warn" "-e" "RUSTDOCFLAGS=--cap-lints=warn" "-e" "CARGO_HOME=/opt/rustwide/cargo-home" "-e" "RUSTUP_HOME=/opt/rustwide/rustup-home" "-w" "/opt/rustwide/workdir" "-m" "1610612736" "--user" "0:0" "--network" "none" "ghcr.io/rust-lang/crates-build-env/linux@sha256:f3a9d4ad9d972b27faf3965f35b62e55ba32bbce8f20bc8fe909558a86702fde" "/opt/rustwide/cargo-home/bin/cargo" "+beta-2024-12-08" "build" "--frozen" "--message-format=json", kill_on_drop: false }`
[INFO] [stdout] e3701c26faf89073dd38424e9180a535946d967e344c07cd069921eb493f8b53
[INFO] running `Command { std: "docker" "start" "-a" "e3701c26faf89073dd38424e9180a535946d967e344c07cd069921eb493f8b53", kill_on_drop: false }`
[INFO] [stderr]    Compiling utf8parse v0.2.1
[INFO] [stderr]    Compiling colorchoice v1.0.0
[INFO] [stderr]    Compiling anstyle-query v1.0.2
[INFO] [stderr]    Compiling anstyle v1.0.6
[INFO] [stderr]    Compiling libc v0.2.153
[INFO] [stderr]    Compiling clap_lex v0.7.0
[INFO] [stderr]    Compiling strsim v0.11.0
[INFO] [stderr]    Compiling numtoa v0.1.0
[INFO] [stderr]    Compiling anstyle-parse v0.2.3
[INFO] [stderr]    Compiling anstream v0.6.12
[INFO] [stderr]    Compiling clap_builder v4.5.1
[INFO] [stderr]    Compiling termion v3.0.0
[INFO] [stderr]    Compiling clap v4.5.1
[INFO] [stderr]    Compiling unilang v0.1.0 (/opt/rustwide/workdir)
[INFO] [stdout] warning: unused import: `write`
[INFO] [stdout]  --> src/syntax/lexer.rs:3:36
[INFO] [stdout]   |
[INFO] [stdout] 3 | use std::fmt::{Display, Formatter, write};
[INFO] [stdout]   |                                    ^^^^^
[INFO] [stdout]   |
[INFO] [stdout]   = note: `#[warn(unused_imports)]` on by default
[INFO] [stdout] 
[INFO] [stdout] 
[INFO] [stdout] warning: unreachable pattern
[INFO] [stdout]   --> src/syntax/lexer.rs:44:7
[INFO] [stdout]    |
[INFO] [stdout] 41 |       TokenType::BackSlash => write!(f, "\\"),
[INFO] [stdout]    |       -------------------- matches all the relevant values
[INFO] [stdout] ...
[INFO] [stdout] 44 |       TokenType::BackSlash => write!(f, "\\"),
[INFO] [stdout]    |       ^^^^^^^^^^^^^^^^^^^^ no value can reach this
[INFO] [stdout]    |
[INFO] [stdout]    = note: `#[warn(unreachable_patterns)]` on by default
[INFO] [stdout] 
[INFO] [stdout] 
[INFO] [stdout] warning: value assigned to `kind` is never read
[INFO] [stdout]    --> src/syntax/lexer.rs:118:15
[INFO] [stdout]     |
[INFO] [stdout] 118 |       let mut kind = TokenType::BadChar;
[INFO] [stdout]     |               ^^^^
[INFO] [stdout]     |
[INFO] [stdout]     = help: maybe it is overwritten before being read?
[INFO] [stdout]     = note: `#[warn(unused_assignments)]` on by default
[INFO] [stdout] 
[INFO] [stdout] 
[INFO] [stdout] warning: unused variable: `span`
[INFO] [stdout]   --> src/syntax/evaluator.rs:50:29
[INFO] [stdout]    |
[INFO] [stdout] 50 |   fn visit_error(&mut self, span: &TextSpan) {
[INFO] [stdout]    |                             ^^^^ help: if this is intentional, prefix it with an underscore: `_span`
[INFO] [stdout]    |
[INFO] [stdout]    = note: `#[warn(unused_variables)]` on by default
[INFO] [stdout] 
[INFO] [stdout] 
[INFO] [stdout] warning: methods `parse_unary_operator` and `parse_unary_expression` are never used
[INFO] [stdout]    --> src/syntax/parser.rs:137:6
[INFO] [stdout]     |
[INFO] [stdout] 46  | impl Parser {
[INFO] [stdout]     | ----------- methods in this implementation
[INFO] [stdout] ...
[INFO] [stdout] 137 |   fn parse_unary_operator(&mut self) -> Option<UnaryOperator> {
[INFO] [stdout]     |      ^^^^^^^^^^^^^^^^^^^^
[INFO] [stdout] ...
[INFO] [stdout] 153 |   fn parse_unary_expression(&mut self) -> SyntaxTreeExpression {
[INFO] [stdout]     |      ^^^^^^^^^^^^^^^^^^^^^^
[INFO] [stdout]     |
[INFO] [stdout]     = note: `#[warn(dead_code)]` on by default
[INFO] [stdout] 
[INFO] [stdout] 
[INFO] [stdout] warning: variant `Unary` is never constructed
[INFO] [stdout]   --> src/syntax/expression.rs:24:3
[INFO] [stdout]    |
[INFO] [stdout] 21 | pub enum SyntaxTreeExpressionKind {
[INFO] [stdout]    |          ------------------------ variant in this enum
[INFO] [stdout] ...
[INFO] [stdout] 24 |   Unary(UnaryExpression),
[INFO] [stdout]    |   ^^^^^
[INFO] [stdout] 
[INFO] [stdout] 
[INFO] [stdout] warning: associated function `unary` is never used
[INFO] [stdout]   --> src/syntax/expression.rs:59:10
[INFO] [stdout]    |
[INFO] [stdout] 34 | impl SyntaxTreeExpression {
[INFO] [stdout]    | ------------------------- associated function in this implementation
[INFO] [stdout] ...
[INFO] [stdout] 59 |   pub fn unary(operator: UnaryOperator, operand: SyntaxTreeExpression) -> Self {
[INFO] [stdout]    |          ^^^^^
[INFO] [stdout] 
[INFO] [stdout] 
[INFO] [stdout] warning: method `identifier` is never used
[INFO] [stdout]  --> src/syntax/types/_variable.rs:8:10
[INFO] [stdout]   |
[INFO] [stdout] 7 | impl VariableExpression {
[INFO] [stdout]   | ----------------------- method in this implementation
[INFO] [stdout] 8 |   pub fn identifier(&self) -> &str {
[INFO] [stdout]   |          ^^^^^^^^^^
[INFO] [stdout] 
[INFO] [stdout] 
[INFO] [stdout] warning: variants `Power`, `BitwiseAnd`, `BitwiseOr`, and `BitwiseXor` are never constructed
[INFO] [stdout]   --> src/syntax/types/_binary.rs:9:3
[INFO] [stdout]    |
[INFO] [stdout] 4  | pub enum BinaryOperatorKind {
[INFO] [stdout]    |          ------------------ variants in this enum
[INFO] [stdout] ...
[INFO] [stdout] 9  |   Power,
[INFO] [stdout]    |   ^^^^^
[INFO] [stdout] 10 |   BitwiseAnd,
[INFO] [stdout]    |   ^^^^^^^^^^
[INFO] [stdout] 11 |   BitwiseOr,
[INFO] [stdout]    |   ^^^^^^^^^
[INFO] [stdout] 12 |   BitwiseXor
[INFO] [stdout]    |   ^^^^^^^^^^
[INFO] [stdout]    |
[INFO] [stdout]    = note: `BinaryOperatorKind` has a derived impl for the trait `Debug`, but this is intentionally ignored during dead code analysis
[INFO] [stdout] 
[INFO] [stdout] 
[INFO] [stdout] warning: variants `Minus` and `BitwiseNot` are never constructed
[INFO] [stdout]  --> src/syntax/types/_unary.rs:8:3
[INFO] [stdout]   |
[INFO] [stdout] 7 | pub enum UnaryOperatorKind {
[INFO] [stdout]   |          ----------------- variants in this enum
[INFO] [stdout] 8 |   Minus,
[INFO] [stdout]   |   ^^^^^
[INFO] [stdout] 9 |   BitwiseNot
[INFO] [stdout]   |   ^^^^^^^^^^
[INFO] [stdout]   |
[INFO] [stdout]   = note: `UnaryOperatorKind` has a derived impl for the trait `Debug`, but this is intentionally ignored during dead code analysis
[INFO] [stdout] 
[INFO] [stdout] 
[INFO] [stdout] warning: associated function `new` is never used
[INFO] [stdout]   --> src/syntax/types/_unary.rs:17:10
[INFO] [stdout]    |
[INFO] [stdout] 16 | impl UnaryOperator {
[INFO] [stdout]    | ------------------ associated function in this implementation
[INFO] [stdout] 17 |   pub fn new(kind: UnaryOperatorKind, token: Token) -> Self {
[INFO] [stdout]    |          ^^^
[INFO] [stdout] 
[INFO] [stdout] 
[INFO] [stdout] warning: field `indent` is never read
[INFO] [stdout]   --> src/syntax/printer.rs:19:7
[INFO] [stdout]    |
[INFO] [stdout] 18 | pub struct SyntaxTreePrinter {
[INFO] [stdout]    |            ----------------- field in this struct
[INFO] [stdout] 19 |   pub indent: usize,
[INFO] [stdout]    |       ^^^^^^
[INFO] [stdout] 
[INFO] [stdout] 
[INFO] [stdout] warning: methods `add_new_line` and `print_with_indent` are never used
[INFO] [stdout]   --> src/syntax/printer.rs:37:6
[INFO] [stdout]    |
[INFO] [stdout] 23 | impl SyntaxTreePrinter {
[INFO] [stdout]    | ---------------------- methods in this implementation
[INFO] [stdout] ...
[INFO] [stdout] 37 |   fn add_new_line(&mut self) {
[INFO] [stdout]    |      ^^^^^^^^^^^^
[INFO] [stdout] ...
[INFO] [stdout] 42 |   fn print_with_indent(&mut self, text: &str) {
[INFO] [stdout]    |      ^^^^^^^^^^^^^^^^^
[INFO] [stdout] 
[INFO] [stdout] 
[INFO] [stdout] warning: variant `Warning` is never constructed
[INFO] [stdout]   --> src/diagnostics/mod.rs:10:3
[INFO] [stdout]    |
[INFO] [stdout] 8  | pub enum DiagnosticKind {
[INFO] [stdout]    |          -------------- variant in this enum
[INFO] [stdout] 9  |   Error,
[INFO] [stdout] 10 |   Warning
[INFO] [stdout]    |   ^^^^^^^
[INFO] [stdout]    |
[INFO] [stdout]    = note: `DiagnosticKind` has derived impls for the traits `Debug` and `Clone`, but these are intentionally ignored during dead code analysis
[INFO] [stdout] 
[INFO] [stdout] 
[INFO] [stdout] warning: field `kind` is never read
[INFO] [stdout]   --> src/diagnostics/mod.rs:17:7
[INFO] [stdout]    |
[INFO] [stdout] 14 | pub struct Diagnostic {
[INFO] [stdout]    |            ---------- field in this struct
[INFO] [stdout] ...
[INFO] [stdout] 17 |   pub kind: DiagnosticKind
[INFO] [stdout]    |       ^^^^
[INFO] [stdout]    |
[INFO] [stdout]    = note: `Diagnostic` has derived impls for the traits `Debug` and `Clone`, but these are intentionally ignored during dead code analysis
[INFO] [stdout] 
[INFO] [stdout] 
[INFO] [stdout] warning: method `report_warning` is never used
[INFO] [stdout]   --> src/diagnostics/mod.rs:42:10
[INFO] [stdout]    |
[INFO] [stdout] 32 | impl DiagnosticGlossary {
[INFO] [stdout]    | ----------------------- method in this implementation
[INFO] [stdout] ...
[INFO] [stdout] 42 |   pub fn report_warning(&mut self, message: String, span: TextSpan) {
[INFO] [stdout]    |          ^^^^^^^^^^^^^^
[INFO] [stdout] 
[INFO] [stdout] 
[INFO] [stderr]     Finished `dev` profile [unoptimized + debuginfo] target(s) in 10.13s
[INFO] running `Command { std: "docker" "inspect" "e3701c26faf89073dd38424e9180a535946d967e344c07cd069921eb493f8b53", kill_on_drop: false }`
[INFO] running `Command { std: "docker" "rm" "-f" "e3701c26faf89073dd38424e9180a535946d967e344c07cd069921eb493f8b53", kill_on_drop: false }`
[INFO] [stdout] e3701c26faf89073dd38424e9180a535946d967e344c07cd069921eb493f8b53
[INFO] running `Command { std: "docker" "create" "-v" "/var/lib/crater-agent-workspace/builds/worker-0-tc2/target:/opt/rustwide/target:rw,Z" "-v" "/var/lib/crater-agent-workspace/builds/worker-0-tc2/source:/opt/rustwide/workdir:ro,Z" "-v" "/var/lib/crater-agent-workspace/cargo-home:/opt/rustwide/cargo-home:ro,Z" "-v" "/var/lib/crater-agent-workspace/rustup-home:/opt/rustwide/rustup-home:ro,Z" "-e" "SOURCE_DIR=/opt/rustwide/workdir" "-e" "CARGO_TARGET_DIR=/opt/rustwide/target" "-e" "CARGO_INCREMENTAL=0" "-e" "RUST_BACKTRACE=full" "-e" "RUSTFLAGS=--cap-lints=warn" "-e" "RUSTDOCFLAGS=--cap-lints=warn" "-e" "CARGO_HOME=/opt/rustwide/cargo-home" "-e" "RUSTUP_HOME=/opt/rustwide/rustup-home" "-w" "/opt/rustwide/workdir" "-m" "1610612736" "--user" "0:0" "--network" "none" "ghcr.io/rust-lang/crates-build-env/linux@sha256:f3a9d4ad9d972b27faf3965f35b62e55ba32bbce8f20bc8fe909558a86702fde" "/opt/rustwide/cargo-home/bin/cargo" "+beta-2024-12-08" "test" "--frozen" "--no-run" "--message-format=json", kill_on_drop: false }`
[INFO] [stdout] 8a411a8cfcbf76f330dff27c76b51f747b9a9f41832c47da3296aa1dcbd82321
[INFO] running `Command { std: "docker" "start" "-a" "8a411a8cfcbf76f330dff27c76b51f747b9a9f41832c47da3296aa1dcbd82321", kill_on_drop: false }`
[INFO] [stderr]    Compiling unilang v0.1.0 (/opt/rustwide/workdir)
[INFO] [stdout] warning: unused import: `write`
[INFO] [stdout]  --> src/syntax/lexer.rs:3:36
[INFO] [stdout]   |
[INFO] [stdout] 3 | use std::fmt::{Display, Formatter, write};
[INFO] [stdout]   |                                    ^^^^^
[INFO] [stdout]   |
[INFO] [stdout]   = note: `#[warn(unused_imports)]` on by default
[INFO] [stdout] 
[INFO] [stdout] 
[INFO] [stdout] warning: unreachable pattern
[INFO] [stdout]   --> src/syntax/lexer.rs:44:7
[INFO] [stdout]    |
[INFO] [stdout] 41 |       TokenType::BackSlash => write!(f, "\\"),
[INFO] [stdout]    |       -------------------- matches all the relevant values
[INFO] [stdout] ...
[INFO] [stdout] 44 |       TokenType::BackSlash => write!(f, "\\"),
[INFO] [stdout]    |       ^^^^^^^^^^^^^^^^^^^^ no value can reach this
[INFO] [stdout]    |
[INFO] [stdout]    = note: `#[warn(unreachable_patterns)]` on by default
[INFO] [stdout] 
[INFO] [stdout] 
[INFO] [stdout] warning: value assigned to `kind` is never read
[INFO] [stdout]    --> src/syntax/lexer.rs:118:15
[INFO] [stdout]     |
[INFO] [stdout] 118 |       let mut kind = TokenType::BadChar;
[INFO] [stdout]     |               ^^^^
[INFO] [stdout]     |
[INFO] [stdout]     = help: maybe it is overwritten before being read?
[INFO] [stdout]     = note: `#[warn(unused_assignments)]` on by default
[INFO] [stdout] 
[INFO] [stdout] 
[INFO] [stdout] warning: unused variable: `span`
[INFO] [stdout]   --> src/syntax/evaluator.rs:50:29
[INFO] [stdout]    |
[INFO] [stdout] 50 |   fn visit_error(&mut self, span: &TextSpan) {
[INFO] [stdout]    |                             ^^^^ help: if this is intentional, prefix it with an underscore: `_span`
[INFO] [stdout]    |
[INFO] [stdout]    = note: `#[warn(unused_variables)]` on by default
[INFO] [stdout] 
[INFO] [stdout] 
[INFO] [stdout] warning: unused variable: `span`
[INFO] [stdout]   --> src/syntax/test.rs:73:31
[INFO] [stdout]    |
[INFO] [stdout] 73 |     fn visit_error(&mut self, span: &TextSpan) {
[INFO] [stdout]    |                               ^^^^ help: if this is intentional, prefix it with an underscore: `_span`
[INFO] [stdout] 
[INFO] [stdout] 
[INFO] [stdout] warning: methods `parse_unary_operator` and `parse_unary_expression` are never used
[INFO] [stdout]    --> src/syntax/parser.rs:137:6
[INFO] [stdout]     |
[INFO] [stdout] 46  | impl Parser {
[INFO] [stdout]     | ----------- methods in this implementation
[INFO] [stdout] ...
[INFO] [stdout] 137 |   fn parse_unary_operator(&mut self) -> Option<UnaryOperator> {
[INFO] [stdout]     |      ^^^^^^^^^^^^^^^^^^^^
[INFO] [stdout] ...
[INFO] [stdout] 153 |   fn parse_unary_expression(&mut self) -> SyntaxTreeExpression {
[INFO] [stdout]     |      ^^^^^^^^^^^^^^^^^^^^^^
[INFO] [stdout]     |
[INFO] [stdout]     = note: `#[warn(dead_code)]` on by default
[INFO] [stdout] 
[INFO] [stdout] 
[INFO] [stdout] warning: variant `Unary` is never constructed
[INFO] [stdout]   --> src/syntax/expression.rs:24:3
[INFO] [stdout]    |
[INFO] [stdout] 21 | pub enum SyntaxTreeExpressionKind {
[INFO] [stdout]    |          ------------------------ variant in this enum
[INFO] [stdout] ...
[INFO] [stdout] 24 |   Unary(UnaryExpression),
[INFO] [stdout]    |   ^^^^^
[INFO] [stdout] 
[INFO] [stdout] 
[INFO] [stdout] warning: associated function `unary` is never used
[INFO] [stdout]   --> src/syntax/expression.rs:59:10
[INFO] [stdout]    |
[INFO] [stdout] 34 | impl SyntaxTreeExpression {
[INFO] [stdout]    | ------------------------- associated function in this implementation
[INFO] [stdout] ...
[INFO] [stdout] 59 |   pub fn unary(operator: UnaryOperator, operand: SyntaxTreeExpression) -> Self {
[INFO] [stdout]    |          ^^^^^
[INFO] [stdout] 
[INFO] [stdout] 
[INFO] [stdout] warning: variants `Power`, `BitwiseAnd`, `BitwiseOr`, and `BitwiseXor` are never constructed
[INFO] [stdout]   --> src/syntax/types/_binary.rs:9:3
[INFO] [stdout]    |
[INFO] [stdout] 4  | pub enum BinaryOperatorKind {
[INFO] [stdout]    |          ------------------ variants in this enum
[INFO] [stdout] ...
[INFO] [stdout] 9  |   Power,
[INFO] [stdout]    |   ^^^^^
[INFO] [stdout] 10 |   BitwiseAnd,
[INFO] [stdout]    |   ^^^^^^^^^^
[INFO] [stdout] 11 |   BitwiseOr,
[INFO] [stdout]    |   ^^^^^^^^^
[INFO] [stdout] 12 |   BitwiseXor
[INFO] [stdout]    |   ^^^^^^^^^^
[INFO] [stdout]    |
[INFO] [stdout]    = note: `BinaryOperatorKind` has a derived impl for the trait `Debug`, but this is intentionally ignored during dead code analysis
[INFO] [stdout] 
[INFO] [stdout] 
[INFO] [stdout] warning: variants `Minus` and `BitwiseNot` are never constructed
[INFO] [stdout]  --> src/syntax/types/_unary.rs:8:3
[INFO] [stdout]   |
[INFO] [stdout] 7 | pub enum UnaryOperatorKind {
[INFO] [stdout]   |          ----------------- variants in this enum
[INFO] [stdout] 8 |   Minus,
[INFO] [stdout]   |   ^^^^^
[INFO] [stdout] 9 |   BitwiseNot
[INFO] [stdout]   |   ^^^^^^^^^^
[INFO] [stdout]   |
[INFO] [stdout]   = note: `UnaryOperatorKind` has a derived impl for the trait `Debug`, but this is intentionally ignored during dead code analysis
[INFO] [stdout] 
[INFO] [stdout] 
[INFO] [stdout] warning: associated function `new` is never used
[INFO] [stdout]   --> src/syntax/types/_unary.rs:17:10
[INFO] [stdout]    |
[INFO] [stdout] 16 | impl UnaryOperator {
[INFO] [stdout]    | ------------------ associated function in this implementation
[INFO] [stdout] 17 |   pub fn new(kind: UnaryOperatorKind, token: Token) -> Self {
[INFO] [stdout]    |          ^^^
[INFO] [stdout] 
[INFO] [stdout] 
[INFO] [stdout] warning: field `indent` is never read
[INFO] [stdout]   --> src/syntax/printer.rs:19:7
[INFO] [stdout]    |
[INFO] [stdout] 18 | pub struct SyntaxTreePrinter {
[INFO] [stdout]    |            ----------------- field in this struct
[INFO] [stdout] 19 |   pub indent: usize,
[INFO] [stdout]    |       ^^^^^^
[INFO] [stdout] 
[INFO] [stdout] 
[INFO] [stdout] warning: methods `add_new_line` and `print_with_indent` are never used
[INFO] [stdout]   --> src/syntax/printer.rs:37:6
[INFO] [stdout]    |
[INFO] [stdout] 23 | impl SyntaxTreePrinter {
[INFO] [stdout]    | ---------------------- methods in this implementation
[INFO] [stdout] ...
[INFO] [stdout] 37 |   fn add_new_line(&mut self) {
[INFO] [stdout]    |      ^^^^^^^^^^^^
[INFO] [stdout] ...
[INFO] [stdout] 42 |   fn print_with_indent(&mut self, text: &str) {
[INFO] [stdout]    |      ^^^^^^^^^^^^^^^^^
[INFO] [stdout] 
[INFO] [stdout] 
[INFO] [stdout] warning: variant `Warning` is never constructed
[INFO] [stdout]   --> src/diagnostics/mod.rs:10:3
[INFO] [stdout]    |
[INFO] [stdout] 8  | pub enum DiagnosticKind {
[INFO] [stdout]    |          -------------- variant in this enum
[INFO] [stdout] 9  |   Error,
[INFO] [stdout] 10 |   Warning
[INFO] [stdout]    |   ^^^^^^^
[INFO] [stdout]    |
[INFO] [stdout]    = note: `DiagnosticKind` has derived impls for the traits `Debug` and `Clone`, but these are intentionally ignored during dead code analysis
[INFO] [stdout] 
[INFO] [stdout] 
[INFO] [stdout] warning: field `kind` is never read
[INFO] [stdout]   --> src/diagnostics/mod.rs:17:7
[INFO] [stdout]    |
[INFO] [stdout] 14 | pub struct Diagnostic {
[INFO] [stdout]    |            ---------- field in this struct
[INFO] [stdout] ...
[INFO] [stdout] 17 |   pub kind: DiagnosticKind
[INFO] [stdout]    |       ^^^^
[INFO] [stdout]    |
[INFO] [stdout]    = note: `Diagnostic` has derived impls for the traits `Debug` and `Clone`, but these are intentionally ignored during dead code analysis
[INFO] [stdout] 
[INFO] [stdout] 
[INFO] [stdout] warning: method `report_warning` is never used
[INFO] [stdout]   --> src/diagnostics/mod.rs:42:10
[INFO] [stdout]    |
[INFO] [stdout] 32 | impl DiagnosticGlossary {
[INFO] [stdout]    | ----------------------- method in this implementation
[INFO] [stdout] ...
[INFO] [stdout] 42 |   pub fn report_warning(&mut self, message: String, span: TextSpan) {
[INFO] [stdout]    |          ^^^^^^^^^^^^^^
[INFO] [stdout] 
[INFO] [stdout] 
[INFO] [stderr]     Finished `test` profile [unoptimized + debuginfo] target(s) in 1.39s
[INFO] running `Command { std: "docker" "inspect" "8a411a8cfcbf76f330dff27c76b51f747b9a9f41832c47da3296aa1dcbd82321", kill_on_drop: false }`
[INFO] running `Command { std: "docker" "rm" "-f" "8a411a8cfcbf76f330dff27c76b51f747b9a9f41832c47da3296aa1dcbd82321", kill_on_drop: false }`
[INFO] [stdout] 8a411a8cfcbf76f330dff27c76b51f747b9a9f41832c47da3296aa1dcbd82321
[INFO] running `Command { std: "docker" "create" "-v" "/var/lib/crater-agent-workspace/builds/worker-0-tc2/target:/opt/rustwide/target:rw,Z" "-v" "/var/lib/crater-agent-workspace/builds/worker-0-tc2/source:/opt/rustwide/workdir:ro,Z" "-v" "/var/lib/crater-agent-workspace/cargo-home:/opt/rustwide/cargo-home:ro,Z" "-v" "/var/lib/crater-agent-workspace/rustup-home:/opt/rustwide/rustup-home:ro,Z" "-e" "SOURCE_DIR=/opt/rustwide/workdir" "-e" "CARGO_TARGET_DIR=/opt/rustwide/target" "-e" "CARGO_INCREMENTAL=0" "-e" "RUST_BACKTRACE=full" "-e" "RUSTFLAGS=--cap-lints=warn" "-e" "RUSTDOCFLAGS=--cap-lints=warn" "-e" "CARGO_HOME=/opt/rustwide/cargo-home" "-e" "RUSTUP_HOME=/opt/rustwide/rustup-home" "-w" "/opt/rustwide/workdir" "-m" "1610612736" "--user" "0:0" "--network" "none" "ghcr.io/rust-lang/crates-build-env/linux@sha256:f3a9d4ad9d972b27faf3965f35b62e55ba32bbce8f20bc8fe909558a86702fde" "/opt/rustwide/cargo-home/bin/cargo" "+beta-2024-12-08" "test" "--frozen", kill_on_drop: false }`
[INFO] [stdout] fbb001638265a8ae696c0c40deedf90aecbbc5f3936bf5b2c61eaf78a1426c85
[INFO] running `Command { std: "docker" "start" "-a" "fbb001638265a8ae696c0c40deedf90aecbbc5f3936bf5b2c61eaf78a1426c85", kill_on_drop: false }`
[INFO] [stderr] warning: unused import: `write`
[INFO] [stderr]  --> src/syntax/lexer.rs:3:36
[INFO] [stderr]   |
[INFO] [stderr] 3 | use std::fmt::{Display, Formatter, write};
[INFO] [stderr]   |                                    ^^^^^
[INFO] [stderr]   |
[INFO] [stderr]   = note: `#[warn(unused_imports)]` on by default
[INFO] [stderr] 
[INFO] [stderr] warning: unreachable pattern
[INFO] [stderr]   --> src/syntax/lexer.rs:44:7
[INFO] [stderr]    |
[INFO] [stderr] 41 |       TokenType::BackSlash => write!(f, "\\"),
[INFO] [stderr]    |       -------------------- matches all the relevant values
[INFO] [stderr] ...
[INFO] [stderr] 44 |       TokenType::BackSlash => write!(f, "\\"),
[INFO] [stderr]    |       ^^^^^^^^^^^^^^^^^^^^ no value can reach this
[INFO] [stderr]    |
[INFO] [stderr]    = note: `#[warn(unreachable_patterns)]` on by default
[INFO] [stderr] 
[INFO] [stderr] warning: value assigned to `kind` is never read
[INFO] [stderr]    --> src/syntax/lexer.rs:118:15
[INFO] [stderr]     |
[INFO] [stderr] 118 |       let mut kind = TokenType::BadChar;
[INFO] [stderr]     |               ^^^^
[INFO] [stderr]     |
[INFO] [stderr]     = help: maybe it is overwritten before being read?
[INFO] [stderr]     = note: `#[warn(unused_assignments)]` on by default
[INFO] [stderr] 
[INFO] [stderr] warning: unused variable: `span`
[INFO] [stderr]   --> src/syntax/evaluator.rs:50:29
[INFO] [stderr]    |
[INFO] [stderr] 50 |   fn visit_error(&mut self, span: &TextSpan) {
[INFO] [stderr]    |                             ^^^^ help: if this is intentional, prefix it with an underscore: `_span`
[INFO] [stderr]    |
[INFO] [stderr]    = note: `#[warn(unused_variables)]` on by default
[INFO] [stderr] 
[INFO] [stderr] warning: unused variable: `span`
[INFO] [stderr]   --> src/syntax/test.rs:73:31
[INFO] [stderr]    |
[INFO] [stderr] 73 |     fn visit_error(&mut self, span: &TextSpan) {
[INFO] [stderr]    |                               ^^^^ help: if this is intentional, prefix it with an underscore: `_span`
[INFO] [stderr] 
[INFO] [stderr] warning: methods `parse_unary_operator` and `parse_unary_expression` are never used
[INFO] [stderr]    --> src/syntax/parser.rs:137:6
[INFO] [stderr]     |
[INFO] [stderr] 46  | impl Parser {
[INFO] [stderr]     | ----------- methods in this implementation
[INFO] [stderr] ...
[INFO] [stderr] 137 |   fn parse_unary_operator(&mut self) -> Option<UnaryOperator> {
[INFO] [stderr]     |      ^^^^^^^^^^^^^^^^^^^^
[INFO] [stderr] ...
[INFO] [stderr] 153 |   fn parse_unary_expression(&mut self) -> SyntaxTreeExpression {
[INFO] [stderr]     |      ^^^^^^^^^^^^^^^^^^^^^^
[INFO] [stderr]     |
[INFO] [stderr]     = note: `#[warn(dead_code)]` on by default
[INFO] [stderr] 
[INFO] [stderr] warning: variant `Unary` is never constructed
[INFO] [stderr]   --> src/syntax/expression.rs:24:3
[INFO] [stderr]    |
[INFO] [stderr] 21 | pub enum SyntaxTreeExpressionKind {
[INFO] [stderr]    |          ------------------------ variant in this enum
[INFO] [stderr] ...
[INFO] [stderr] 24 |   Unary(UnaryExpression),
[INFO] [stderr]    |   ^^^^^
[INFO] [stderr] 
[INFO] [stderr] warning: associated function `unary` is never used
[INFO] [stderr]   --> src/syntax/expression.rs:59:10
[INFO] [stderr]    |
[INFO] [stderr] 34 | impl SyntaxTreeExpression {
[INFO] [stderr]    | ------------------------- associated function in this implementation
[INFO] [stderr] ...
[INFO] [stderr] 59 |   pub fn unary(operator: UnaryOperator, operand: SyntaxTreeExpression) -> Self {
[INFO] [stderr]    |          ^^^^^
[INFO] [stderr] 
[INFO] [stderr] warning: variants `Power`, `BitwiseAnd`, `BitwiseOr`, and `BitwiseXor` are never constructed
[INFO] [stderr]   --> src/syntax/types/_binary.rs:9:3
[INFO] [stderr]    |
[INFO] [stderr] 4  | pub enum BinaryOperatorKind {
[INFO] [stderr]    |          ------------------ variants in this enum
[INFO] [stderr] ...
[INFO] [stderr] 9  |   Power,
[INFO] [stderr]    |   ^^^^^
[INFO] [stderr] 10 |   BitwiseAnd,
[INFO] [stderr]    |   ^^^^^^^^^^
[INFO] [stderr] 11 |   BitwiseOr,
[INFO] [stderr]    |   ^^^^^^^^^
[INFO] [stderr] 12 |   BitwiseXor
[INFO] [stderr]    |   ^^^^^^^^^^
[INFO] [stderr]    |
[INFO] [stderr]    = note: `BinaryOperatorKind` has a derived impl for the trait `Debug`, but this is intentionally ignored during dead code analysis
[INFO] [stderr] 
[INFO] [stderr] warning: variants `Minus` and `BitwiseNot` are never constructed
[INFO] [stderr]  --> src/syntax/types/_unary.rs:8:3
[INFO] [stderr]   |
[INFO] [stderr] 7 | pub enum UnaryOperatorKind {
[INFO] [stderr]   |          ----------------- variants in this enum
[INFO] [stderr] 8 |   Minus,
[INFO] [stderr]   |   ^^^^^
[INFO] [stderr] 9 |   BitwiseNot
[INFO] [stderr]   |   ^^^^^^^^^^
[INFO] [stderr]   |
[INFO] [stderr]   = note: `UnaryOperatorKind` has a derived impl for the trait `Debug`, but this is intentionally ignored during dead code analysis
[INFO] [stderr] 
[INFO] [stderr] warning: associated function `new` is never used
[INFO] [stderr]   --> src/syntax/types/_unary.rs:17:10
[INFO] [stderr]    |
[INFO] [stderr] 16 | impl UnaryOperator {
[INFO] [stderr]    | ------------------ associated function in this implementation
[INFO] [stderr] 17 |   pub fn new(kind: UnaryOperatorKind, token: Token) -> Self {
[INFO] [stderr]    |          ^^^
[INFO] [stderr] 
[INFO] [stderr] warning: field `indent` is never read
[INFO] [stderr]   --> src/syntax/printer.rs:19:7
[INFO] [stderr]    |
[INFO] [stderr] 18 | pub struct SyntaxTreePrinter {
[INFO] [stderr]    |            ----------------- field in this struct
[INFO] [stderr] 19 |   pub indent: usize,
[INFO] [stderr]    |       ^^^^^^
[INFO] [stderr] 
[INFO] [stderr] warning: methods `add_new_line` and `print_with_indent` are never used
[INFO] [stderr]   --> src/syntax/printer.rs:37:6
[INFO] [stderr]    |
[INFO] [stderr] 23 | impl SyntaxTreePrinter {
[INFO] [stderr]    | ---------------------- methods in this implementation
[INFO] [stderr] ...
[INFO] [stderr] 37 |   fn add_new_line(&mut self) {
[INFO] [stderr]    |      ^^^^^^^^^^^^
[INFO] [stderr] ...
[INFO] [stderr] 42 |   fn print_with_indent(&mut self, text: &str) {
[INFO] [stderr]    |      ^^^^^^^^^^^^^^^^^
[INFO] [stderr] 
[INFO] [stderr] warning: variant `Warning` is never constructed
[INFO] [stderr]   --> src/diagnostics/mod.rs:10:3
[INFO] [stderr]    |
[INFO] [stderr] 8  | pub enum DiagnosticKind {
[INFO] [stderr]    |          -------------- variant in this enum
[INFO] [stderr] 9  |   Error,
[INFO] [stderr] 10 |   Warning
[INFO] [stderr]    |   ^^^^^^^
[INFO] [stderr]    |
[INFO] [stderr]    = note: `DiagnosticKind` has derived impls for the traits `Debug` and `Clone`, but these are intentionally ignored during dead code analysis
[INFO] [stderr] 
[INFO] [stderr] warning: field `kind` is never read
[INFO] [stderr]   --> src/diagnostics/mod.rs:17:7
[INFO] [stderr]    |
[INFO] [stderr] 14 | pub struct Diagnostic {
[INFO] [stderr]    |            ---------- field in this struct
[INFO] [stderr] ...
[INFO] [stderr] 17 |   pub kind: DiagnosticKind
[INFO] [stderr]    |       ^^^^
[INFO] [stderr]    |
[INFO] [stderr]    = note: `Diagnostic` has derived impls for the traits `Debug` and `Clone`, but these are intentionally ignored during dead code analysis
[INFO] [stderr] 
[INFO] [stderr] warning: method `report_warning` is never used
[INFO] [stderr]   --> src/diagnostics/mod.rs:42:10
[INFO] [stderr]    |
[INFO] [stderr] 32 | impl DiagnosticGlossary {
[INFO] [stderr]    | ----------------------- method in this implementation
[INFO] [stderr] ...
[INFO] [stderr] 42 |   pub fn report_warning(&mut self, message: String, span: TextSpan) {
[INFO] [stderr]    |          ^^^^^^^^^^^^^^
[INFO] [stderr] 
[INFO] [stderr] warning: `unilang` (bin "unilang" test) generated 16 warnings (run `cargo fix --bin "unilang" --tests` to apply 1 suggestion)
[INFO] [stderr]     Finished `test` profile [unoptimized + debuginfo] target(s) in 0.04s
[INFO] [stderr]      Running unittests src/main.rs (/opt/rustwide/target/debug/deps/unilang-f4e2ccb89f94dea1)
[INFO] [stdout] 
[INFO] [stdout] running 12 tests
[INFO] [stdout] test diagnostics::test::test::should_report_expected_expression ... ok
[INFO] [stdout] test syntax::test::test::should_parse_basic_binary_expression ... ok
[INFO] [stdout] test syntax::test::test::should_parse_basic_parenthesised_expression ... ok
[INFO] [stdout] test diagnostics::test::test::should_report_undeclared_variable ... ok
[INFO] [stdout] test diagnostics::test::test::should_report_bad_token ... ok
[INFO] [stdout] test syntax::test::test::should_parse_bitwise_and ... FAILED
[INFO] [stdout] test syntax::test::test::should_parse_basic_binary_expression_with_variable ... FAILED
[INFO] [stdout] test syntax::test::test::should_parse_binary_exprssion_with_variable_and_number ... FAILED
[INFO] [stdout] test syntax::test::test::should_parse_bitwise_or ... FAILED
[INFO] [stdout] test syntax::test::test::should_parse_bitwise_xor ... FAILED
[INFO] [stdout] test syntax::test::test::should_parse_negation ... FAILED
[INFO] [stdout] test syntax::test::test::should_parse_power ... FAILED
[INFO] [stdout] 
[INFO] [stdout] failures:
[INFO] [stdout] 
[INFO] [stdout] ---- syntax::test::test::should_parse_bitwise_and stdout ----
[INFO] [stdout] Token { kind: Let, span: TextSpan { start: 0, end: 3, literal: "let" } }
[INFO] [stdout] Token { kind: WhiteSpace, span: TextSpan { start: 3, end: 4, literal: " " } }
[INFO] [stdout] Token { kind: Identifier, span: TextSpan { start: 4, end: 5, literal: "a" } }
[INFO] [stdout] Token { kind: WhiteSpace, span: TextSpan { start: 5, end: 6, literal: " " } }
[INFO] [stdout] Token { kind: Equal, span: TextSpan { start: 6, end: 7, literal: "=" } }
[INFO] [stdout] Token { kind: WhiteSpace, span: TextSpan { start: 7, end: 8, literal: " " } }
[INFO] [stdout] Token { kind: Number(1), span: TextSpan { start: 8, end: 9, literal: "1" } }
[INFO] [stdout] Token { kind: WhiteSpace, span: TextSpan { start: 9, end: 10, literal: " " } }
[INFO] [stdout] Token { kind: Ampersand, span: TextSpan { start: 10, end: 11, literal: "&" } }
[INFO] [stdout] Token { kind: WhiteSpace, span: TextSpan { start: 11, end: 12, literal: " " } }
[INFO] [stdout] Token { kind: Number(2), span: TextSpan { start: 12, end: 13, literal: "2" } }
[INFO] [stdout] Token { kind: Eof, span: TextSpan { start: 0, end: 0, literal: "\0" } }
[INFO] [stdout] [38;5;5mlet [38;5;15ma [38;5;15m= [38;5;6m1[39m
[INFO] [stdout] [38;5;15m&[39m
[INFO] [stdout] [38;5;6m2[39m
[INFO] [stdout] 
[INFO] [stdout] t a = 1 [38;5;1m&[39m 2
[INFO] [stdout]         ^
[INFO] [stdout]         |
[INFO] [stdout]         +-- Expected expression, found <&> (Ln:1, Col:11)
[INFO] [stdout] thread 'syntax::test::test::should_parse_bitwise_and' panicked at src/syntax/test.rs:34:7:
[INFO] [stdout] assertion `left == right` failed: Expected no diagnostics, got [Diagnostic { message: "Expected expression, found <&>", span: TextSpan { start: 10, end: 11, literal: "&" }, kind: Error }] instead
[INFO] [stdout]   left: 1
[INFO] [stdout]  right: 0
[INFO] [stdout] stack backtrace:
[INFO] [stdout]    0:     0x632cb4285b7a - std::backtrace_rs::backtrace::libunwind::trace::h8810477743020387
[INFO] [stdout]                                at /rustc/202008a1b8de96d2e5b6bc02d379db03a877d34d/library/std/src/../../backtrace/src/backtrace/libunwind.rs:116:5
[INFO] [stdout]    1:     0x632cb4285b7a - std::backtrace_rs::backtrace::trace_unsynchronized::h3aa55355dd6c54a6
[INFO] [stdout]                                at /rustc/202008a1b8de96d2e5b6bc02d379db03a877d34d/library/std/src/../../backtrace/src/backtrace/mod.rs:66:5
[INFO] [stdout]    2:     0x632cb4285b7a - std::sys::backtrace::_print_fmt::h8588b0f62410823f
[INFO] [stdout]                                at /rustc/202008a1b8de96d2e5b6bc02d379db03a877d34d/library/std/src/sys/backtrace.rs:66:9
[INFO] [stdout]    3:     0x632cb4285b7a - <std::sys::backtrace::BacktraceLock::print::DisplayBacktrace as core::fmt::Display>::fmt::h98c26ac25ffe89bb
[INFO] [stdout]                                at /rustc/202008a1b8de96d2e5b6bc02d379db03a877d34d/library/std/src/sys/backtrace.rs:39:26
[INFO] [stdout]    4:     0x632cb42ab673 - core::fmt::rt::Argument::fmt::hf95377f4aebd453b
[INFO] [stdout]                                at /rustc/202008a1b8de96d2e5b6bc02d379db03a877d34d/library/core/src/fmt/rt.rs:177:76
[INFO] [stdout]    5:     0x632cb42ab673 - core::fmt::write::h0dd5f6e2238c7982
[INFO] [stdout]                                at /rustc/202008a1b8de96d2e5b6bc02d379db03a877d34d/library/core/src/fmt/mod.rs:1189:21
[INFO] [stdout]    6:     0x632cb4282d13 - std::io::Write::write_fmt::h03bb0ca26e6faf8c
[INFO] [stdout]                                at /rustc/202008a1b8de96d2e5b6bc02d379db03a877d34d/library/std/src/io/mod.rs:1884:15
[INFO] [stdout]    7:     0x632cb42859c2 - std::sys::backtrace::BacktraceLock::print::h5c19c1c038ee186d
[INFO] [stdout]                                at /rustc/202008a1b8de96d2e5b6bc02d379db03a877d34d/library/std/src/sys/backtrace.rs:42:9
[INFO] [stdout]    8:     0x632cb4286ffd - std::panicking::default_hook::{{closure}}::h77172f079a1fcb13
[INFO] [stdout]                                at /rustc/202008a1b8de96d2e5b6bc02d379db03a877d34d/library/std/src/panicking.rs:268:22
[INFO] [stdout]    9:     0x632cb4286e07 - std::panicking::default_hook::he5f8e3b203ccddba
[INFO] [stdout]                                at /rustc/202008a1b8de96d2e5b6bc02d379db03a877d34d/library/std/src/panicking.rs:292:9
[INFO] [stdout]   10:     0x632cb424fd47 - <alloc::boxed::Box<F,A> as core::ops::function::Fn<Args>>::call::h7a3c7b4a1ae77f2f
[INFO] [stdout]                                at /rustc/202008a1b8de96d2e5b6bc02d379db03a877d34d/library/alloc/src/boxed.rs:1986:9
[INFO] [stdout]   11:     0x632cb424fd47 - test::test_main::{{closure}}::hf0d3b69ae9b353d1
[INFO] [stdout]                                at /rustc/202008a1b8de96d2e5b6bc02d379db03a877d34d/library/test/src/lib.rs:134:21
[INFO] [stdout]   12:     0x632cb42876a8 - <alloc::boxed::Box<F,A> as core::ops::function::Fn<Args>>::call::h6332e82e7b189abd
[INFO] [stdout]                                at /rustc/202008a1b8de96d2e5b6bc02d379db03a877d34d/library/alloc/src/boxed.rs:1986:9
[INFO] [stdout]   13:     0x632cb42876a8 - std::panicking::rust_panic_with_hook::h53863d4e9018df39
[INFO] [stdout]                                at /rustc/202008a1b8de96d2e5b6bc02d379db03a877d34d/library/std/src/panicking.rs:809:13
[INFO] [stdout]   14:     0x632cb428746a - std::panicking::begin_panic_handler::{{closure}}::h67280e6fa0757873
[INFO] [stdout]                                at /rustc/202008a1b8de96d2e5b6bc02d379db03a877d34d/library/std/src/panicking.rs:674:13
[INFO] [stdout]   15:     0x632cb4286059 - std::sys::backtrace::__rust_end_short_backtrace::h1dac3f54d6fbbeb2
[INFO] [stdout]                                at /rustc/202008a1b8de96d2e5b6bc02d379db03a877d34d/library/std/src/sys/backtrace.rs:170:18
[INFO] [stdout]   16:     0x632cb42870fc - rust_begin_unwind
[INFO] [stdout]                                at /rustc/202008a1b8de96d2e5b6bc02d379db03a877d34d/library/std/src/panicking.rs:665:5
[INFO] [stdout]   17:     0x632cb41f5b00 - core::panicking::panic_fmt::h6792bd1b2bf01041
[INFO] [stdout]                                at /rustc/202008a1b8de96d2e5b6bc02d379db03a877d34d/library/core/src/panicking.rs:76:14
[INFO] [stdout]   18:     0x632cb41f5ecb - core::panicking::assert_failed_inner::hf2c17e6d30928787
[INFO] [stdout]   19:     0x632cb4202c9b - core::panicking::assert_failed::he2af3836dce82b19
[INFO] [stdout]                                at /rustc/202008a1b8de96d2e5b6bc02d379db03a877d34d/library/core/src/panicking.rs:373:5
[INFO] [stdout]   20:     0x632cb42042a0 - unilang::syntax::test::test::SyntatTreeVerifier::new::h9b2da5415bfc2e74
[INFO] [stdout]                                at /opt/rustwide/workdir/src/syntax/test.rs:34:7
[INFO] [stdout]   21:     0x632cb4204b75 - unilang::syntax::test::test::assert_tree::hbceda0c4fb5273b3
[INFO] [stdout]                                at /opt/rustwide/workdir/src/syntax/test.rs:96:20
[INFO] [stdout]   22:     0x632cb420612a - unilang::syntax::test::test::should_parse_bitwise_and::h80508e5c74c13e78
[INFO] [stdout]                                at /opt/rustwide/workdir/src/syntax/test.rs:172:5
[INFO] [stdout]   23:     0x632cb4205fe7 - unilang::syntax::test::test::should_parse_bitwise_and::{{closure}}::h47380b38a0010308
[INFO] [stdout]                                at /opt/rustwide/workdir/src/syntax/test.rs:163:36
[INFO] [stdout]   24:     0x632cb420c506 - core::ops::function::FnOnce::call_once::hcc81d502b25f9a41
[INFO] [stdout]                                at /rustc/202008a1b8de96d2e5b6bc02d379db03a877d34d/library/core/src/ops/function.rs:250:5
[INFO] [stdout]   25:     0x632cb425486b - core::ops::function::FnOnce::call_once::h871bf86719ec9aa4
[INFO] [stdout]                                at /rustc/202008a1b8de96d2e5b6bc02d379db03a877d34d/library/core/src/ops/function.rs:250:5
[INFO] [stdout]   26:     0x632cb425486b - test::__rust_begin_short_backtrace::h2167df1e2b7d76fd
[INFO] [stdout]                                at /rustc/202008a1b8de96d2e5b6bc02d379db03a877d34d/library/test/src/lib.rs:632:18
[INFO] [stdout]   27:     0x632cb4254258 - test::run_test_in_process::{{closure}}::h15d92f75a3adfb79
[INFO] [stdout]                                at /rustc/202008a1b8de96d2e5b6bc02d379db03a877d34d/library/test/src/lib.rs:655:60
[INFO] [stdout]   28:     0x632cb4254258 - <core::panic::unwind_safe::AssertUnwindSafe<F> as core::ops::function::FnOnce<()>>::call_once::hb6c8955835a8dbbb
[INFO] [stdout]                                at /rustc/202008a1b8de96d2e5b6bc02d379db03a877d34d/library/core/src/panic/unwind_safe.rs:272:9
[INFO] [stdout]   29:     0x632cb4254258 - std::panicking::try::do_call::hc79d0fc888a0bd30
[INFO] [stdout]                                at /rustc/202008a1b8de96d2e5b6bc02d379db03a877d34d/library/std/src/panicking.rs:557:40
[INFO] [stdout]   30:     0x632cb4254258 - std::panicking::try::hb8a7878e3a8589d6
[INFO] [stdout]                                at /rustc/202008a1b8de96d2e5b6bc02d379db03a877d34d/library/std/src/panicking.rs:520:19
[INFO] [stdout]   31:     0x632cb4254258 - std::panic::catch_unwind::hb8e4600ff0ff5cfa
[INFO] [stdout]                                at /rustc/202008a1b8de96d2e5b6bc02d379db03a877d34d/library/std/src/panic.rs:358:14
[INFO] [stdout]   32:     0x632cb4254258 - test::run_test_in_process::hc2900b0b18688dd6
[INFO] [stdout]                                at /rustc/202008a1b8de96d2e5b6bc02d379db03a877d34d/library/test/src/lib.rs:655:27
[INFO] [stdout]   33:     0x632cb4254258 - test::run_test::{{closure}}::hac2a9cb07be3d48d
[INFO] [stdout]                                at /rustc/202008a1b8de96d2e5b6bc02d379db03a877d34d/library/test/src/lib.rs:576:43
[INFO] [stdout]   34:     0x632cb4217cfa - test::run_test::{{closure}}::h4a5b729e66a38cd8
[INFO] [stdout]                                at /rustc/202008a1b8de96d2e5b6bc02d379db03a877d34d/library/test/src/lib.rs:606:41
[INFO] [stdout]   35:     0x632cb4217cfa - std::sys::backtrace::__rust_begin_short_backtrace::h0496fb742492f573
[INFO] [stdout]                                at /rustc/202008a1b8de96d2e5b6bc02d379db03a877d34d/library/std/src/sys/backtrace.rs:154:18
[INFO] [stdout]   36:     0x632cb421b674 - std::thread::Builder::spawn_unchecked_::{{closure}}::{{closure}}::hbb6d257c550a54bd
[INFO] [stdout]                                at /rustc/202008a1b8de96d2e5b6bc02d379db03a877d34d/library/std/src/thread/mod.rs:561:17
[INFO] [stdout]   37:     0x632cb421b674 - <core::panic::unwind_safe::AssertUnwindSafe<F> as core::ops::function::FnOnce<()>>::call_once::h46696fe4a6832328
[INFO] [stdout]                                at /rustc/202008a1b8de96d2e5b6bc02d379db03a877d34d/library/core/src/panic/unwind_safe.rs:272:9
[INFO] [stdout]   38:     0x632cb421b674 - std::panicking::try::do_call::h2625a51b667bfb64
[INFO] [stdout]                                at /rustc/202008a1b8de96d2e5b6bc02d379db03a877d34d/library/std/src/panicking.rs:557:40
[INFO] [stdout]   39:     0x632cb421b674 - std::panicking::try::hb956a59a1973aa4c
[INFO] [stdout]                                at /rustc/202008a1b8de96d2e5b6bc02d379db03a877d34d/library/std/src/panicking.rs:520:19
[INFO] [stdout]   40:     0x632cb421b674 - std::panic::catch_unwind::h64f3b9d1067ef6a0
[INFO] [stdout]                                at /rustc/202008a1b8de96d2e5b6bc02d379db03a877d34d/library/std/src/panic.rs:358:14
[INFO] [stdout]   41:     0x632cb421b674 - std::thread::Builder::spawn_unchecked_::{{closure}}::h42b2841295b6c0b2
[INFO] [stdout]                                at /rustc/202008a1b8de96d2e5b6bc02d379db03a877d34d/library/std/src/thread/mod.rs:559:30
[INFO] [stdout]   42:     0x632cb421b674 - core::ops::function::FnOnce::call_once{{vtable.shim}}::h6127de71b8124639
[INFO] [stdout]                                at /rustc/202008a1b8de96d2e5b6bc02d379db03a877d34d/library/core/src/ops/function.rs:250:5
[INFO] [stdout]   43:     0x632cb428b5eb - <alloc::boxed::Box<F,A> as core::ops::function::FnOnce<Args>>::call_once::h42f0ba71002a1b2c
[INFO] [stdout]                                at /rustc/202008a1b8de96d2e5b6bc02d379db03a877d34d/library/alloc/src/boxed.rs:1972:9
[INFO] [stdout]   44:     0x632cb428b5eb - <alloc::boxed::Box<F,A> as core::ops::function::FnOnce<Args>>::call_once::had9e47d7a3dcecb8
[INFO] [stdout]                                at /rustc/202008a1b8de96d2e5b6bc02d379db03a877d34d/library/alloc/src/boxed.rs:1972:9
[INFO] [stdout]   45:     0x632cb428b5eb - std::sys::pal::unix::thread::Thread::new::thread_start::h48cf765408f6f5f2
[INFO] [stdout]                                at /rustc/202008a1b8de96d2e5b6bc02d379db03a877d34d/library/std/src/sys/pal/unix/thread.rs:105:17
[INFO] [stdout]   46:     0x7ffb9f3f0ac3 - <unknown>
[INFO] [stdout]   47:     0x7ffb9f481a04 - clone
[INFO] [stdout]   48:                0x0 - <unknown>
[INFO] [stdout] 
[INFO] [stdout] ---- syntax::test::test::should_parse_basic_binary_expression_with_variable stdout ----
[INFO] [stdout] Token { kind: Let, span: TextSpan { start: 0, end: 3, literal: "let" } }
[INFO] [stdout] Token { kind: WhiteSpace, span: TextSpan { start: 3, end: 4, literal: " " } }
[INFO] [stdout] Token { kind: Identifier, span: TextSpan { start: 4, end: 5, literal: "a" } }
[INFO] [stdout] Token { kind: WhiteSpace, span: TextSpan { start: 5, end: 6, literal: " " } }
[INFO] [stdout] Token { kind: Equal, span: TextSpan { start: 6, end: 7, literal: "=" } }
[INFO] [stdout] Token { kind: WhiteSpace, span: TextSpan { start: 7, end: 8, literal: " " } }
[INFO] [stdout] Token { kind: LeftParenthesis, span: TextSpan { start: 8, end: 9, literal: "(" } }
[INFO] [stdout] Token { kind: Number(1), span: TextSpan { start: 9, end: 10, literal: "1" } }
[INFO] [stdout] Token { kind: WhiteSpace, span: TextSpan { start: 10, end: 11, literal: " " } }
[INFO] [stdout] Token { kind: Plus, span: TextSpan { start: 11, end: 12, literal: "+" } }
[INFO] [stdout] Token { kind: WhiteSpace, span: TextSpan { start: 12, end: 13, literal: " " } }
[INFO] [stdout] Token { kind: Number(2), span: TextSpan { start: 13, end: 14, literal: "2" } }
[INFO] [stdout] Token { kind: RightParenthesis, span: TextSpan { start: 14, end: 15, literal: ")" } }
[INFO] [stdout] Token { kind: WhiteSpace, span: TextSpan { start: 15, end: 16, literal: " " } }
[INFO] [stdout] Token { kind: Plus, span: TextSpan { start: 16, end: 17, literal: "+" } }
[INFO] [stdout] Token { kind: WhiteSpace, span: TextSpan { start: 17, end: 18, literal: " " } }
[INFO] [stdout] Token { kind: Identifier, span: TextSpan { start: 18, end: 19, literal: "b" } }
[INFO] [stdout] Token { kind: Eof, span: TextSpan { start: 0, end: 0, literal: "\0" } }
[INFO] [stdout] [38;5;5mlet [38;5;15ma [38;5;15m= [38;5;15m([38;5;6m1 [38;5;15m+ [38;5;6m2[38;5;15m) [38;5;15m+ [38;5;2mb[39m
[INFO] [stdout] 
[INFO] [stdout] NumberExpression { number: 1 }
[INFO] [stdout] NumberExpression { number: 2 }
[INFO] [stdout]  + 2) + [38;5;1mb[39m
[INFO] [stdout]         ^
[INFO] [stdout]         |
[INFO] [stdout]         +-- Undeclared variable 'b' (Ln:1, Col:19)
[INFO] [stdout] thread 'syntax::test::test::should_parse_basic_binary_expression_with_variable' panicked at src/syntax/test.rs:34:7:
[INFO] [stdout] assertion `left == right` failed: Expected no diagnostics, got [Diagnostic { message: "Undeclared variable 'b'", span: TextSpan { start: 18, end: 19, literal: "b" }, kind: Error }] instead
[INFO] [stdout]   left: 1
[INFO] [stdout]  right: 0
[INFO] [stdout] stack backtrace:
[INFO] [stdout]    0:     0x632cb4285b7a - std::backtrace_rs::backtrace::libunwind::trace::h8810477743020387
[INFO] [stdout]                                at /rustc/202008a1b8de96d2e5b6bc02d379db03a877d34d/library/std/src/../../backtrace/src/backtrace/libunwind.rs:116:5
[INFO] [stdout]    1:     0x632cb4285b7a - std::backtrace_rs::backtrace::trace_unsynchronized::h3aa55355dd6c54a6
[INFO] [stdout]                                at /rustc/202008a1b8de96d2e5b6bc02d379db03a877d34d/library/std/src/../../backtrace/src/backtrace/mod.rs:66:5
[INFO] [stdout]    2:     0x632cb4285b7a - std::sys::backtrace::_print_fmt::h8588b0f62410823f
[INFO] [stdout]                                at /rustc/202008a1b8de96d2e5b6bc02d379db03a877d34d/library/std/src/sys/backtrace.rs:66:9
[INFO] [stdout]    3:     0x632cb4285b7a - <std::sys::backtrace::BacktraceLock::print::DisplayBacktrace as core::fmt::Display>::fmt::h98c26ac25ffe89bb
[INFO] [stdout]                                at /rustc/202008a1b8de96d2e5b6bc02d379db03a877d34d/library/std/src/sys/backtrace.rs:39:26
[INFO] [stdout]    4:     0x632cb42ab673 - core::fmt::rt::Argument::fmt::hf95377f4aebd453b
[INFO] [stdout]                                at /rustc/202008a1b8de96d2e5b6bc02d379db03a877d34d/library/core/src/fmt/rt.rs:177:76
[INFO] [stdout]    5:     0x632cb42ab673 - core::fmt::write::h0dd5f6e2238c7982
[INFO] [stdout]                                at /rustc/202008a1b8de96d2e5b6bc02d379db03a877d34d/library/core/src/fmt/mod.rs:1189:21
[INFO] [stdout]    6:     0x632cb4282d13 - std::io::Write::write_fmt::h03bb0ca26e6faf8c
[INFO] [stdout]                                at /rustc/202008a1b8de96d2e5b6bc02d379db03a877d34d/library/std/src/io/mod.rs:1884:15
[INFO] [stdout]    7:     0x632cb42859c2 - std::sys::backtrace::BacktraceLock::print::h5c19c1c038ee186d
[INFO] [stdout]                                at /rustc/202008a1b8de96d2e5b6bc02d379db03a877d34d/library/std/src/sys/backtrace.rs:42:9
[INFO] [stdout]    8:     0x632cb4286ffd - std::panicking::default_hook::{{closure}}::h77172f079a1fcb13
[INFO] [stdout]                                at /rustc/202008a1b8de96d2e5b6bc02d379db03a877d34d/library/std/src/panicking.rs:268:22
[INFO] [stdout]    9:     0x632cb4286e07 - std::panicking::default_hook::he5f8e3b203ccddba
[INFO] [stdout]                                at /rustc/202008a1b8de96d2e5b6bc02d379db03a877d34d/library/std/src/panicking.rs:292:9
[INFO] [stdout]   10:     0x632cb424fd47 - <alloc::boxed::Box<F,A> as core::ops::function::Fn<Args>>::call::h7a3c7b4a1ae77f2f
[INFO] [stdout]                                at /rustc/202008a1b8de96d2e5b6bc02d379db03a877d34d/library/alloc/src/boxed.rs:1986:9
[INFO] [stdout]   11:     0x632cb424fd47 - test::test_main::{{closure}}::hf0d3b69ae9b353d1
[INFO] [stdout]                                at /rustc/202008a1b8de96d2e5b6bc02d379db03a877d34d/library/test/src/lib.rs:134:21
[INFO] [stdout]   12:     0x632cb42876a8 - <alloc::boxed::Box<F,A> as core::ops::function::Fn<Args>>::call::h6332e82e7b189abd
[INFO] [stdout]                                at /rustc/202008a1b8de96d2e5b6bc02d379db03a877d34d/library/alloc/src/boxed.rs:1986:9
[INFO] [stdout]   13:     0x632cb42876a8 - std::panicking::rust_panic_with_hook::h53863d4e9018df39
[INFO] [stdout]                                at /rustc/202008a1b8de96d2e5b6bc02d379db03a877d34d/library/std/src/panicking.rs:809:13
[INFO] [stdout]   14:     0x632cb428746a - std::panicking::begin_panic_handler::{{closure}}::h67280e6fa0757873
[INFO] [stdout]                                at /rustc/202008a1b8de96d2e5b6bc02d379db03a877d34d/library/std/src/panicking.rs:674:13
[INFO] [stdout]   15:     0x632cb4286059 - std::sys::backtrace::__rust_end_short_backtrace::h1dac3f54d6fbbeb2
[INFO] [stdout]                                at /rustc/202008a1b8de96d2e5b6bc02d379db03a877d34d/library/std/src/sys/backtrace.rs:170:18
[INFO] [stdout]   16:     0x632cb42870fc - rust_begin_unwind
[INFO] [stdout]                                at /rustc/202008a1b8de96d2e5b6bc02d379db03a877d34d/library/std/src/panicking.rs:665:5
[INFO] [stdout]   17:     0x632cb41f5b00 - core::panicking::panic_fmt::h6792bd1b2bf01041
[INFO] [stdout]                                at /rustc/202008a1b8de96d2e5b6bc02d379db03a877d34d/library/core/src/panicking.rs:76:14
[INFO] [stdout]   18:     0x632cb41f5ecb - core::panicking::assert_failed_inner::hf2c17e6d30928787
[INFO] [stdout]   19:     0x632cb4202c9b - core::panicking::assert_failed::he2af3836dce82b19
[INFO] [stdout]                                at /rustc/202008a1b8de96d2e5b6bc02d379db03a877d34d/library/core/src/panicking.rs:373:5
[INFO] [stdout]   20:     0x632cb42042a0 - unilang::syntax::test::test::SyntatTreeVerifier::new::h9b2da5415bfc2e74
[INFO] [stdout]                                at /opt/rustwide/workdir/src/syntax/test.rs:34:7
[INFO] [stdout]   21:     0x632cb4204b75 - unilang::syntax::test::test::assert_tree::hbceda0c4fb5273b3
[INFO] [stdout]                                at /opt/rustwide/workdir/src/syntax/test.rs:96:20
[INFO] [stdout]   22:     0x632cb4205bcb - unilang::syntax::test::test::should_parse_basic_binary_expression_with_variable::h30b55dd063b692a9
[INFO] [stdout]                                at /opt/rustwide/workdir/src/syntax/test.rs:141:5
[INFO] [stdout]   23:     0x632cb4205977 - unilang::syntax::test::test::should_parse_basic_binary_expression_with_variable::{{closure}}::he42036aa15d200d6
[INFO] [stdout]                                at /opt/rustwide/workdir/src/syntax/test.rs:129:62
[INFO] [stdout]   24:     0x632cb420c066 - core::ops::function::FnOnce::call_once::h149df30d3bea9942
[INFO] [stdout]                                at /rustc/202008a1b8de96d2e5b6bc02d379db03a877d34d/library/core/src/ops/function.rs:250:5
[INFO] [stdout]   25:     0x632cb425486b - core::ops::function::FnOnce::call_once::h871bf86719ec9aa4
[INFO] [stdout]                                at /rustc/202008a1b8de96d2e5b6bc02d379db03a877d34d/library/core/src/ops/function.rs:250:5
[INFO] [stdout]   26:     0x632cb425486b - test::__rust_begin_short_backtrace::h2167df1e2b7d76fd
[INFO] [stdout]                                at /rustc/202008a1b8de96d2e5b6bc02d379db03a877d34d/library/test/src/lib.rs:632:18
[INFO] [stdout]   27:     0x632cb4254258 - test::run_test_in_process::{{closure}}::h15d92f75a3adfb79
[INFO] [stdout]                                at /rustc/202008a1b8de96d2e5b6bc02d379db03a877d34d/library/test/src/lib.rs:655:60
[INFO] [stdout]   28:     0x632cb4254258 - <core::panic::unwind_safe::AssertUnwindSafe<F> as core::ops::function::FnOnce<()>>::call_once::hb6c8955835a8dbbb
[INFO] [stdout]                                at /rustc/202008a1b8de96d2e5b6bc02d379db03a877d34d/library/core/src/panic/unwind_safe.rs:272:9
[INFO] [stdout]   29:     0x632cb4254258 - std::panicking::try::do_call::hc79d0fc888a0bd30
[INFO] [stdout]                                at /rustc/202008a1b8de96d2e5b6bc02d379db03a877d34d/library/std/src/panicking.rs:557:40
[INFO] [stdout]   30:     0x632cb4254258 - std::panicking::try::hb8a7878e3a8589d6
[INFO] [stdout]                                at /rustc/202008a1b8de96d2e5b6bc02d379db03a877d34d/library/std/src/panicking.rs:520:19
[INFO] [stdout]   31:     0x632cb4254258 - std::panic::catch_unwind::hb8e4600ff0ff5cfa
[INFO] [stdout]                                at /rustc/202008a1b8de96d2e5b6bc02d379db03a877d34d/library/std/src/panic.rs:358:14
[INFO] [stdout]   32:     0x632cb4254258 - test::run_test_in_process::hc2900b0b18688dd6
[INFO] [stdout]                                at /rustc/202008a1b8de96d2e5b6bc02d379db03a877d34d/library/test/src/lib.rs:655:27
[INFO] [stdout]   33:     0x632cb4254258 - test::run_test::{{closure}}::hac2a9cb07be3d48d
[INFO] [stdout]                                at /rustc/202008a1b8de96d2e5b6bc02d379db03a877d34d/library/test/src/lib.rs:576:43
[INFO] [stdout]   34:     0x632cb4217cfa - test::run_test::{{closure}}::h4a5b729e66a38cd8
[INFO] [stdout]                                at /rustc/202008a1b8de96d2e5b6bc02d379db03a877d34d/library/test/src/lib.rs:606:41
[INFO] [stdout]   35:     0x632cb4217cfa - std::sys::backtrace::__rust_begin_short_backtrace::h0496fb742492f573
[INFO] [stdout]                                at /rustc/202008a1b8de96d2e5b6bc02d379db03a877d34d/library/std/src/sys/backtrace.rs:154:18
[INFO] [stdout]   36:     0x632cb421b674 - std::thread::Builder::spawn_unchecked_::{{closure}}::{{closure}}::hbb6d257c550a54bd
[INFO] [stdout]                                at /rustc/202008a1b8de96d2e5b6bc02d379db03a877d34d/library/std/src/thread/mod.rs:561:17
[INFO] [stdout]   37:     0x632cb421b674 - <core::panic::unwind_safe::AssertUnwindSafe<F> as core::ops::function::FnOnce<()>>::call_once::h46696fe4a6832328
[INFO] [stdout]                                at /rustc/202008a1b8de96d2e5b6bc02d379db03a877d34d/library/core/src/panic/unwind_safe.rs:272:9
[INFO] [stdout]   38:     0x632cb421b674 - std::panicking::try::do_call::h2625a51b667bfb64
[INFO] [stdout]                                at /rustc/202008a1b8de96d2e5b6bc02d379db03a877d34d/library/std/src/panicking.rs:557:40
[INFO] [stdout]   39:     0x632cb421b674 - std::panicking::try::hb956a59a1973aa4c
[INFO] [stdout]                                at /rustc/202008a1b8de96d2e5b6bc02d379db03a877d34d/library/std/src/panicking.rs:520:19
[INFO] [stdout]   40:     0x632cb421b674 - std::panic::catch_unwind::h64f3b9d1067ef6a0
[INFO] [stdout]                                at /rustc/202008a1b8de96d2e5b6bc02d379db03a877d34d/library/std/src/panic.rs:358:14
[INFO] [stdout]   41:     0x632cb421b674 - std::thread::Builder::spawn_unchecked_::{{closure}}::h42b2841295b6c0b2
[INFO] [stdout]                                at /rustc/202008a1b8de96d2e5b6bc02d379db03a877d34d/library/std/src/thread/mod.rs:559:30
[INFO] [stdout]   42:     0x632cb421b674 - core::ops::function::FnOnce::call_once{{vtable.shim}}::h6127de71b8124639
[INFO] [stdout]                                at /rustc/202008a1b8de96d2e5b6bc02d379db03a877d34d/library/core/src/ops/function.rs:250:5
[INFO] [stdout]   43:     0x632cb428b5eb - <alloc::boxed::Box<F,A> as core::ops::function::FnOnce<Args>>::call_once::h42f0ba71002a1b2c
[INFO] [stdout]                                at /rustc/202008a1b8de96d2e5b6bc02d379db03a877d34d/library/alloc/src/boxed.rs:1972:9
[INFO] [stdout]   44:     0x632cb428b5eb - <alloc::boxed::Box<F,A> as core::ops::function::FnOnce<Args>>::call_once::had9e47d7a3dcecb8
[INFO] [stdout]                                at /rustc/202008a1b8de96d2e5b6bc02d379db03a877d34d/library/alloc/src/boxed.rs:1972:9
[INFO] [stdout]   45:     0x632cb428b5eb - std::sys::pal::unix::thread::Thread::new::thread_start::h48cf765408f6f5f2
[INFO] [stdout]                                at /rustc/202008a1b8de96d2e5b6bc02d379db03a877d34d/library/std/src/sys/pal/unix/thread.rs:105:17
[INFO] [stdout]   46:     0x7ffb9f3f0ac3 - <unknown>
[INFO] [stdout]   47:     0x7ffb9f481a04 - clone
[INFO] [stdout]   48:                0x0 - <unknown>
[INFO] [stdout] 
[INFO] [stdout] ---- syntax::test::test::should_parse_binary_exprssion_with_variable_and_number stdout ----
[INFO] [stdout] Token { kind: Let, span: TextSpan { start: 0, end: 3, literal: "let" } }
[INFO] [stdout] Token { kind: WhiteSpace, span: TextSpan { start: 3, end: 4, literal: " " } }
[INFO] [stdout] Token { kind: Identifier, span: TextSpan { start: 4, end: 5, literal: "a" } }
[INFO] [stdout] Token { kind: WhiteSpace, span: TextSpan { start: 5, end: 6, literal: " " } }
[INFO] [stdout] Token { kind: Equal, span: TextSpan { start: 6, end: 7, literal: "=" } }
[INFO] [stdout] Token { kind: WhiteSpace, span: TextSpan { start: 7, end: 8, literal: " " } }
[INFO] [stdout] Token { kind: LeftParenthesis, span: TextSpan { start: 8, end: 9, literal: "(" } }
[INFO] [stdout] Token { kind: Number(1), span: TextSpan { start: 9, end: 10, literal: "1" } }
[INFO] [stdout] Token { kind: WhiteSpace, span: TextSpan { start: 10, end: 11, literal: " " } }
[INFO] [stdout] Token { kind: Plus, span: TextSpan { start: 11, end: 12, literal: "+" } }
[INFO] [stdout] Token { kind: WhiteSpace, span: TextSpan { start: 12, end: 13, literal: " " } }
[INFO] [stdout] Token { kind: Number(2), span: TextSpan { start: 13, end: 14, literal: "2" } }
[INFO] [stdout] Token { kind: RightParenthesis, span: TextSpan { start: 14, end: 15, literal: ")" } }
[INFO] [stdout] Token { kind: WhiteSpace, span: TextSpan { start: 15, end: 16, literal: " " } }
[INFO] [stdout] Token { kind: Asterisk, span: TextSpan { start: 16, end: 17, literal: "*" } }
[INFO] [stdout] Token { kind: WhiteSpace, span: TextSpan { start: 17, end: 18, literal: " " } }
[INFO] [stdout] Token { kind: Identifier, span: TextSpan { start: 18, end: 19, literal: "b" } }
[INFO] [stdout] Token { kind: WhiteSpace, span: TextSpan { start: 19, end: 20, literal: " " } }
[INFO] [stdout] Token { kind: Plus, span: TextSpan { start: 20, end: 21, literal: "+" } }
[INFO] [stdout] Token { kind: WhiteSpace, span: TextSpan { start: 21, end: 22, literal: " " } }
[INFO] [stdout] Token { kind: Number(3), span: TextSpan { start: 22, end: 23, literal: "3" } }
[INFO] [stdout] Token { kind: Eof, span: TextSpan { start: 0, end: 0, literal: "\0" } }
[INFO] [stdout] [38;5;5mlet [38;5;15ma [38;5;15m= [38;5;15m([38;5;6m1 [38;5;15m+ [38;5;6m2[38;5;15m) [38;5;15m* [38;5;2mb [38;5;15m+ [38;5;6m3[39m
[INFO] [stdout] 
[INFO] [stdout] NumberExpression { number: 1 }
[INFO] [stdout] NumberExpression { number: 2 }
[INFO] [stdout] NumberExpression { number: 3 }
[INFO] [stdout]  + 2) * [38;5;1mb[39m + 3
[INFO] [stdout]         ^
[INFO] [stdout]         |
[INFO] [stdout]         +-- Undeclared variable 'b' (Ln:1, Col:19)
[INFO] [stdout] thread 'syntax::test::test::should_parse_binary_exprssion_with_variable_and_number' panicked at src/syntax/test.rs:34:7:
[INFO] [stdout] assertion `left == right` failed: Expected no diagnostics, got [Diagnostic { message: "Undeclared variable 'b'", span: TextSpan { start: 18, end: 19, literal: "b" }, kind: Error }] instead
[INFO] [stdout]   left: 1
[INFO] [stdout]  right: 0
[INFO] [stdout] stack backtrace:
[INFO] [stdout]    0:     0x632cb4285b7a - std::backtrace_rs::backtrace::libunwind::trace::h8810477743020387
[INFO] [stdout]                                at /rustc/202008a1b8de96d2e5b6bc02d379db03a877d34d/library/std/src/../../backtrace/src/backtrace/libunwind.rs:116:5
[INFO] [stdout]    1:     0x632cb4285b7a - std::backtrace_rs::backtrace::trace_unsynchronized::h3aa55355dd6c54a6
[INFO] [stdout]                                at /rustc/202008a1b8de96d2e5b6bc02d379db03a877d34d/library/std/src/../../backtrace/src/backtrace/mod.rs:66:5
[INFO] [stdout]    2:     0x632cb4285b7a - std::sys::backtrace::_print_fmt::h8588b0f62410823f
[INFO] [stdout]                                at /rustc/202008a1b8de96d2e5b6bc02d379db03a877d34d/library/std/src/sys/backtrace.rs:66:9
[INFO] [stdout]    3:     0x632cb4285b7a - <std::sys::backtrace::BacktraceLock::print::DisplayBacktrace as core::fmt::Display>::fmt::h98c26ac25ffe89bb
[INFO] [stdout]                                at /rustc/202008a1b8de96d2e5b6bc02d379db03a877d34d/library/std/src/sys/backtrace.rs:39:26
[INFO] [stdout]    4:     0x632cb42ab673 - core::fmt::rt::Argument::fmt::hf95377f4aebd453b
[INFO] [stdout]                                at /rustc/202008a1b8de96d2e5b6bc02d379db03a877d34d/library/core/src/fmt/rt.rs:177:76
[INFO] [stdout]    5:     0x632cb42ab673 - core::fmt::write::h0dd5f6e2238c7982
[INFO] [stdout]                                at /rustc/202008a1b8de96d2e5b6bc02d379db03a877d34d/library/core/src/fmt/mod.rs:1189:21
[INFO] [stdout]    6:     0x632cb4282d13 - std::io::Write::write_fmt::h03bb0ca26e6faf8c
[INFO] [stdout]                                at /rustc/202008a1b8de96d2e5b6bc02d379db03a877d34d/library/std/src/io/mod.rs:1884:15
[INFO] [stdout]    7:     0x632cb42859c2 - std::sys::backtrace::BacktraceLock::print::h5c19c1c038ee186d
[INFO] [stdout]                                at /rustc/202008a1b8de96d2e5b6bc02d379db03a877d34d/library/std/src/sys/backtrace.rs:42:9
[INFO] [stdout]    8:     0x632cb4286ffd - std::panicking::default_hook::{{closure}}::h77172f079a1fcb13
[INFO] [stdout]                                at /rustc/202008a1b8de96d2e5b6bc02d379db03a877d34d/library/std/src/panicking.rs:268:22
[INFO] [stdout]    9:     0x632cb4286e07 - std::panicking::default_hook::he5f8e3b203ccddba
[INFO] [stdout]                                at /rustc/202008a1b8de96d2e5b6bc02d379db03a877d34d/library/std/src/panicking.rs:292:9
[INFO] [stdout]   10:     0x632cb424fd47 - <alloc::boxed::Box<F,A> as core::ops::function::Fn<Args>>::call::h7a3c7b4a1ae77f2f
[INFO] [stdout]                                at /rustc/202008a1b8de96d2e5b6bc02d379db03a877d34d/library/alloc/src/boxed.rs:1986:9
[INFO] [stdout]   11:     0x632cb424fd47 - test::test_main::{{closure}}::hf0d3b69ae9b353d1
[INFO] [stdout]                                at /rustc/202008a1b8de96d2e5b6bc02d379db03a877d34d/library/test/src/lib.rs:134:21
[INFO] [stdout]   12:     0x632cb42876a8 - <alloc::boxed::Box<F,A> as core::ops::function::Fn<Args>>::call::h6332e82e7b189abd
[INFO] [stdout]                                at /rustc/202008a1b8de96d2e5b6bc02d379db03a877d34d/library/alloc/src/boxed.rs:1986:9
[INFO] [stdout]   13:     0x632cb42876a8 - std::panicking::rust_panic_with_hook::h53863d4e9018df39
[INFO] [stdout]                                at /rustc/202008a1b8de96d2e5b6bc02d379db03a877d34d/library/std/src/panicking.rs:809:13
[INFO] [stdout]   14:     0x632cb428746a - std::panicking::begin_panic_handler::{{closure}}::h67280e6fa0757873
[INFO] [stdout]                                at /rustc/202008a1b8de96d2e5b6bc02d379db03a877d34d/library/std/src/panicking.rs:674:13
[INFO] [stdout]   15:     0x632cb4286059 - std::sys::backtrace::__rust_end_short_backtrace::h1dac3f54d6fbbeb2
[INFO] [stdout]                                at /rustc/202008a1b8de96d2e5b6bc02d379db03a877d34d/library/std/src/sys/backtrace.rs:170:18
[INFO] [stdout]   16:     0x632cb42870fc - rust_begin_unwind
[INFO] [stdout]                                at /rustc/202008a1b8de96d2e5b6bc02d379db03a877d34d/library/std/src/panicking.rs:665:5
[INFO] [stdout]   17:     0x632cb41f5b00 - core::panicking::panic_fmt::h6792bd1b2bf01041
[INFO] [stdout]                                at /rustc/202008a1b8de96d2e5b6bc02d379db03a877d34d/library/core/src/panicking.rs:76:14
[INFO] [stdout]   18:     0x632cb41f5ecb - core::panicking::assert_failed_inner::hf2c17e6d30928787
[INFO] [stdout]   19:     0x632cb4202c9b - core::panicking::assert_failed::he2af3836dce82b19
[INFO] [stdout]                                at /rustc/202008a1b8de96d2e5b6bc02d379db03a877d34d/library/core/src/panicking.rs:373:5
[INFO] [stdout]   20:     0x632cb42042a0 - unilang::syntax::test::test::SyntatTreeVerifier::new::h9b2da5415bfc2e74
[INFO] [stdout]                                at /opt/rustwide/workdir/src/syntax/test.rs:34:7
[INFO] [stdout]   21:     0x632cb4204b75 - unilang::syntax::test::test::assert_tree::hbceda0c4fb5273b3
[INFO] [stdout]                                at /opt/rustwide/workdir/src/syntax/test.rs:96:20
[INFO] [stdout]   22:     0x632cb4205f3b - unilang::syntax::test::test::should_parse_binary_exprssion_with_variable_and_number::h3934eb72c1f7da1d
[INFO] [stdout]                                at /opt/rustwide/workdir/src/syntax/test.rs:159:5
[INFO] [stdout]   23:     0x632cb4205c67 - unilang::syntax::test::test::should_parse_binary_exprssion_with_variable_and_number::{{closure}}::h8c56e603113dd3b1
[INFO] [stdout]                                at /opt/rustwide/workdir/src/syntax/test.rs:145:66
[INFO] [stdout]   24:     0x632cb420c1c6 - core::ops::function::FnOnce::call_once::h385b1ce68a72ce7a
[INFO] [stdout]                                at /rustc/202008a1b8de96d2e5b6bc02d379db03a877d34d/library/core/src/ops/function.rs:250:5
[INFO] [stdout]   25:     0x632cb425486b - core::ops::function::FnOnce::call_once::h871bf86719ec9aa4
[INFO] [stdout]                                at /rustc/202008a1b8de96d2e5b6bc02d379db03a877d34d/library/core/src/ops/function.rs:250:5
[INFO] [stdout]   26:     0x632cb425486b - test::__rust_begin_short_backtrace::h2167df1e2b7d76fd
[INFO] [stdout]                                at /rustc/202008a1b8de96d2e5b6bc02d379db03a877d34d/library/test/src/lib.rs:632:18
[INFO] [stdout]   27:     0x632cb4254258 - test::run_test_in_process::{{closure}}::h15d92f75a3adfb79
[INFO] [stdout]                                at /rustc/202008a1b8de96d2e5b6bc02d379db03a877d34d/library/test/src/lib.rs:655:60
[INFO] [stdout]   28:     0x632cb4254258 - <core::panic::unwind_safe::AssertUnwindSafe<F> as core::ops::function::FnOnce<()>>::call_once::hb6c8955835a8dbbb
[INFO] [stdout]                                at /rustc/202008a1b8de96d2e5b6bc02d379db03a877d34d/library/core/src/panic/unwind_safe.rs:272:9
[INFO] [stdout]   29:     0x632cb4254258 - std::panicking::try::do_call::hc79d0fc888a0bd30
[INFO] [stdout]                                at /rustc/202008a1b8de96d2e5b6bc02d379db03a877d34d/library/std/src/panicking.rs:557:40
[INFO] [stdout]   30:     0x632cb4254258 - std::panicking::try::hb8a7878e3a8589d6
[INFO] [stdout]                                at /rustc/202008a1b8de96d2e5b6bc02d379db03a877d34d/library/std/src/panicking.rs:520:19
[INFO] [stdout]   31:     0x632cb4254258 - std::panic::catch_unwind::hb8e4600ff0ff5cfa
[INFO] [stdout]                                at /rustc/202008a1b8de96d2e5b6bc02d379db03a877d34d/library/std/src/panic.rs:358:14
[INFO] [stdout]   32:     0x632cb4254258 - test::run_test_in_process::hc2900b0b18688dd6
[INFO] [stdout]                                at /rustc/202008a1b8de96d2e5b6bc02d379db03a877d34d/library/test/src/lib.rs:655:27
[INFO] [stdout]   33:     0x632cb4254258 - test::run_test::{{closure}}::hac2a9cb07be3d48d
[INFO] [stdout]                                at /rustc/202008a1b8de96d2e5b6bc02d379db03a877d34d/library/test/src/lib.rs:576:43
[INFO] [stdout]   34:     0x632cb4217cfa - test::run_test::{{closure}}::h4a5b729e66a38cd8
[INFO] [stdout]                                at /rustc/202008a1b8de96d2e5b6bc02d379db03a877d34d/library/test/src/lib.rs:606:41
[INFO] [stdout]   35:     0x632cb4217cfa - std::sys::backtrace::__rust_begin_short_backtrace::h0496fb742492f573
[INFO] [stdout]                                at /rustc/202008a1b8de96d2e5b6bc02d379db03a877d34d/library/std/src/sys/backtrace.rs:154:18
[INFO] [stdout]   36:     0x632cb421b674 - std::thread::Builder::spawn_unchecked_::{{closure}}::{{closure}}::hbb6d257c550a54bd
[INFO] [stdout]                                at /rustc/202008a1b8de96d2e5b6bc02d379db03a877d34d/library/std/src/thread/mod.rs:561:17
[INFO] [stdout]   37:     0x632cb421b674 - <core::panic::unwind_safe::AssertUnwindSafe<F> as core::ops::function::FnOnce<()>>::call_once::h46696fe4a6832328
[INFO] [stdout]                                at /rustc/202008a1b8de96d2e5b6bc02d379db03a877d34d/library/core/src/panic/unwind_safe.rs:272:9
[INFO] [stderr] error: test failed, to rerun pass `--bin unilang`
[INFO] [stdout]   38:     0x632cb421b674 - std::panicking::try::do_call::h2625a51b667bfb64
[INFO] [stdout]                                at /rustc/202008a1b8de96d2e5b6bc02d379db03a877d34d/library/std/src/panicking.rs:557:40
[INFO] [stdout]   39:     0x632cb421b674 - std::panicking::try::hb956a59a1973aa4c
[INFO] [stdout]                                at /rustc/202008a1b8de96d2e5b6bc02d379db03a877d34d/library/std/src/panicking.rs:520:19
[INFO] [stdout]   40:     0x632cb421b674 - std::panic::catch_unwind::h64f3b9d1067ef6a0
[INFO] [stdout]                                at /rustc/202008a1b8de96d2e5b6bc02d379db03a877d34d/library/std/src/panic.rs:358:14
[INFO] [stdout]   41:     0x632cb421b674 - std::thread::Builder::spawn_unchecked_::{{closure}}::h42b2841295b6c0b2
[INFO] [stdout]                                at /rustc/202008a1b8de96d2e5b6bc02d379db03a877d34d/library/std/src/thread/mod.rs:559:30
[INFO] [stdout]   42:     0x632cb421b674 - core::ops::function::FnOnce::call_once{{vtable.shim}}::h6127de71b8124639
[INFO] [stdout]                                at /rustc/202008a1b8de96d2e5b6bc02d379db03a877d34d/library/core/src/ops/function.rs:250:5
[INFO] [stdout]   43:     0x632cb428b5eb - <alloc::boxed::Box<F,A> as core::ops::function::FnOnce<Args>>::call_once::h42f0ba71002a1b2c
[INFO] [stdout]                                at /rustc/202008a1b8de96d2e5b6bc02d379db03a877d34d/library/alloc/src/boxed.rs:1972:9
[INFO] [stdout]   44:     0x632cb428b5eb - <alloc::boxed::Box<F,A> as core::ops::function::FnOnce<Args>>::call_once::had9e47d7a3dcecb8
[INFO] [stdout]                                at /rustc/202008a1b8de96d2e5b6bc02d379db03a877d34d/library/alloc/src/boxed.rs:1972:9
[INFO] [stdout]   45:     0x632cb428b5eb - std::sys::pal::unix::thread::Thread::new::thread_start::h48cf765408f6f5f2
[INFO] [stdout]                                at /rustc/202008a1b8de96d2e5b6bc02d379db03a877d34d/library/std/src/sys/pal/unix/thread.rs:105:17
[INFO] [stdout]   46:     0x7ffb9f3f0ac3 - <unknown>
[INFO] [stdout]   47:     0x7ffb9f481a04 - clone
[INFO] [stdout]   48:                0x0 - <unknown>
[INFO] [stdout] 
[INFO] [stdout] ---- syntax::test::test::should_parse_bitwise_or stdout ----
[INFO] [stdout] Token { kind: Let, span: TextSpan { start: 0, end: 3, literal: "let" } }
[INFO] [stdout] Token { kind: WhiteSpace, span: TextSpan { start: 3, end: 4, literal: " " } }
[INFO] [stdout] Token { kind: Identifier, span: TextSpan { start: 4, end: 5, literal: "a" } }
[INFO] [stdout] Token { kind: WhiteSpace, span: TextSpan { start: 5, end: 6, literal: " " } }
[INFO] [stdout] Token { kind: Equal, span: TextSpan { start: 6, end: 7, literal: "=" } }
[INFO] [stdout] Token { kind: WhiteSpace, span: TextSpan { start: 7, end: 8, literal: " " } }
[INFO] [stdout] Token { kind: Number(1), span: TextSpan { start: 8, end: 9, literal: "1" } }
[INFO] [stdout] Token { kind: WhiteSpace, span: TextSpan { start: 9, end: 10, literal: " " } }
[INFO] [stdout] Token { kind: Pipe, span: TextSpan { start: 10, end: 11, literal: "|" } }
[INFO] [stdout] Token { kind: WhiteSpace, span: TextSpan { start: 11, end: 12, literal: " " } }
[INFO] [stdout] Token { kind: Number(2), span: TextSpan { start: 12, end: 13, literal: "2" } }
[INFO] [stdout] Token { kind: Eof, span: TextSpan { start: 0, end: 0, literal: "\0" } }
[INFO] [stdout] [38;5;5mlet [38;5;15ma [38;5;15m= [38;5;6m1[39m
[INFO] [stdout] [38;5;15m|[39m
[INFO] [stdout] [38;5;6m2[39m
[INFO] [stdout] 
[INFO] [stdout] t a = 1 [38;5;1m|[39m 2
[INFO] [stdout]         ^
[INFO] [stdout]         |
[INFO] [stdout]         +-- Expected expression, found <|> (Ln:1, Col:11)
[INFO] [stdout] thread 'syntax::test::test::should_parse_bitwise_or' panicked at src/syntax/test.rs:34:7:
[INFO] [stdout] assertion `left == right` failed: Expected no diagnostics, got [Diagnostic { message: "Expected expression, found <|>", span: TextSpan { start: 10, end: 11, literal: "|" }, kind: Error }] instead
[INFO] [stdout]   left: 1
[INFO] [stdout]  right: 0
[INFO] [stdout] stack backtrace:
[INFO] [stdout]    0:     0x632cb4285b7a - std::backtrace_rs::backtrace::libunwind::trace::h8810477743020387
[INFO] [stdout]                                at /rustc/202008a1b8de96d2e5b6bc02d379db03a877d34d/library/std/src/../../backtrace/src/backtrace/libunwind.rs:116:5
[INFO] [stdout]    1:     0x632cb4285b7a - std::backtrace_rs::backtrace::trace_unsynchronized::h3aa55355dd6c54a6
[INFO] [stdout]                                at /rustc/202008a1b8de96d2e5b6bc02d379db03a877d34d/library/std/src/../../backtrace/src/backtrace/mod.rs:66:5
[INFO] [stdout]    2:     0x632cb4285b7a - std::sys::backtrace::_print_fmt::h8588b0f62410823f
[INFO] [stdout]                                at /rustc/202008a1b8de96d2e5b6bc02d379db03a877d34d/library/std/src/sys/backtrace.rs:66:9
[INFO] [stdout]    3:     0x632cb4285b7a - <std::sys::backtrace::BacktraceLock::print::DisplayBacktrace as core::fmt::Display>::fmt::h98c26ac25ffe89bb
[INFO] [stdout]                                at /rustc/202008a1b8de96d2e5b6bc02d379db03a877d34d/library/std/src/sys/backtrace.rs:39:26
[INFO] [stdout]    4:     0x632cb42ab673 - core::fmt::rt::Argument::fmt::hf95377f4aebd453b
[INFO] [stdout]                                at /rustc/202008a1b8de96d2e5b6bc02d379db03a877d34d/library/core/src/fmt/rt.rs:177:76
[INFO] [stdout]    5:     0x632cb42ab673 - core::fmt::write::h0dd5f6e2238c7982
[INFO] [stdout]                                at /rustc/202008a1b8de96d2e5b6bc02d379db03a877d34d/library/core/src/fmt/mod.rs:1189:21
[INFO] [stdout]    6:     0x632cb4282d13 - std::io::Write::write_fmt::h03bb0ca26e6faf8c
[INFO] [stdout]                                at /rustc/202008a1b8de96d2e5b6bc02d379db03a877d34d/library/std/src/io/mod.rs:1884:15
[INFO] [stdout]    7:     0x632cb42859c2 - std::sys::backtrace::BacktraceLock::print::h5c19c1c038ee186d
[INFO] [stdout]                                at /rustc/202008a1b8de96d2e5b6bc02d379db03a877d34d/library/std/src/sys/backtrace.rs:42:9
[INFO] [stdout]    8:     0x632cb4286ffd - std::panicking::default_hook::{{closure}}::h77172f079a1fcb13
[INFO] [stdout]                                at /rustc/202008a1b8de96d2e5b6bc02d379db03a877d34d/library/std/src/panicking.rs:268:22
[INFO] [stdout]    9:     0x632cb4286e07 - std::panicking::default_hook::he5f8e3b203ccddba
[INFO] [stdout]                                at /rustc/202008a1b8de96d2e5b6bc02d379db03a877d34d/library/std/src/panicking.rs:292:9
[INFO] [stdout]   10:     0x632cb424fd47 - <alloc::boxed::Box<F,A> as core::ops::function::Fn<Args>>::call::h7a3c7b4a1ae77f2f
[INFO] [stdout]                                at /rustc/202008a1b8de96d2e5b6bc02d379db03a877d34d/library/alloc/src/boxed.rs:1986:9
[INFO] [stdout]   11:     0x632cb424fd47 - test::test_main::{{closure}}::hf0d3b69ae9b353d1
[INFO] [stdout]                                at /rustc/202008a1b8de96d2e5b6bc02d379db03a877d34d/library/test/src/lib.rs:134:21
[INFO] [stdout]   12:     0x632cb42876a8 - <alloc::boxed::Box<F,A> as core::ops::function::Fn<Args>>::call::h6332e82e7b189abd
[INFO] [stdout]                                at /rustc/202008a1b8de96d2e5b6bc02d379db03a877d34d/library/alloc/src/boxed.rs:1986:9
[INFO] [stdout]   13:     0x632cb42876a8 - std::panicking::rust_panic_with_hook::h53863d4e9018df39
[INFO] [stdout]                                at /rustc/202008a1b8de96d2e5b6bc02d379db03a877d34d/library/std/src/panicking.rs:809:13
[INFO] [stdout]   14:     0x632cb428746a - std::panicking::begin_panic_handler::{{closure}}::h67280e6fa0757873
[INFO] [stdout]                                at /rustc/202008a1b8de96d2e5b6bc02d379db03a877d34d/library/std/src/panicking.rs:674:13
[INFO] [stdout]   15:     0x632cb4286059 - std::sys::backtrace::__rust_end_short_backtrace::h1dac3f54d6fbbeb2
[INFO] [stdout]                                at /rustc/202008a1b8de96d2e5b6bc02d379db03a877d34d/library/std/src/sys/backtrace.rs:170:18
[INFO] [stdout]   16:     0x632cb42870fc - rust_begin_unwind
[INFO] [stdout]                                at /rustc/202008a1b8de96d2e5b6bc02d379db03a877d34d/library/std/src/panicking.rs:665:5
[INFO] [stdout]   17:     0x632cb41f5b00 - core::panicking::panic_fmt::h6792bd1b2bf01041
[INFO] [stdout]                                at /rustc/202008a1b8de96d2e5b6bc02d379db03a877d34d/library/core/src/panicking.rs:76:14
[INFO] [stdout]   18:     0x632cb41f5ecb - core::panicking::assert_failed_inner::hf2c17e6d30928787
[INFO] [stdout]   19:     0x632cb4202c9b - core::panicking::assert_failed::he2af3836dce82b19
[INFO] [stdout]                                at /rustc/202008a1b8de96d2e5b6bc02d379db03a877d34d/library/core/src/panicking.rs:373:5
[INFO] [stdout]   20:     0x632cb42042a0 - unilang::syntax::test::test::SyntatTreeVerifier::new::h9b2da5415bfc2e74
[INFO] [stdout]                                at /opt/rustwide/workdir/src/syntax/test.rs:34:7
[INFO] [stdout]   21:     0x632cb4204b75 - unilang::syntax::test::test::assert_tree::hbceda0c4fb5273b3
[INFO] [stdout]                                at /opt/rustwide/workdir/src/syntax/test.rs:96:20
[INFO] [stdout]   22:     0x632cb42062aa - unilang::syntax::test::test::should_parse_bitwise_or::hedfca77264916176
[INFO] [stdout]                                at /opt/rustwide/workdir/src/syntax/test.rs:185:5
[INFO] [stdout]   23:     0x632cb4206167 - unilang::syntax::test::test::should_parse_bitwise_or::{{closure}}::h6a03ecd0daef0f0c
[INFO] [stdout]                                at /opt/rustwide/workdir/src/syntax/test.rs:176:35
[INFO] [stdout]   24:     0x632cb420c366 - core::ops::function::FnOnce::call_once::h7f4b0e5840605667
[INFO] [stdout]                                at /rustc/202008a1b8de96d2e5b6bc02d379db03a877d34d/library/core/src/ops/function.rs:250:5
[INFO] [stdout]   25:     0x632cb425486b - core::ops::function::FnOnce::call_once::h871bf86719ec9aa4
[INFO] [stdout]                                at /rustc/202008a1b8de96d2e5b6bc02d379db03a877d34d/library/core/src/ops/function.rs:250:5
[INFO] [stdout]   26:     0x632cb425486b - test::__rust_begin_short_backtrace::h2167df1e2b7d76fd
[INFO] [stdout]                                at /rustc/202008a1b8de96d2e5b6bc02d379db03a877d34d/library/test/src/lib.rs:632:18
[INFO] [stdout]   27:     0x632cb4254258 - test::run_test_in_process::{{closure}}::h15d92f75a3adfb79
[INFO] [stdout]                                at /rustc/202008a1b8de96d2e5b6bc02d379db03a877d34d/library/test/src/lib.rs:655:60
[INFO] [stdout]   28:     0x632cb4254258 - <core::panic::unwind_safe::AssertUnwindSafe<F> as core::ops::function::FnOnce<()>>::call_once::hb6c8955835a8dbbb
[INFO] [stdout]                                at /rustc/202008a1b8de96d2e5b6bc02d379db03a877d34d/library/core/src/panic/unwind_safe.rs:272:9
[INFO] [stdout]   29:     0x632cb4254258 - std::panicking::try::do_call::hc79d0fc888a0bd30
[INFO] [stdout]                                at /rustc/202008a1b8de96d2e5b6bc02d379db03a877d34d/library/std/src/panicking.rs:557:40
[INFO] [stdout]   30:     0x632cb4254258 - std::panicking::try::hb8a7878e3a8589d6
[INFO] [stdout]                                at /rustc/202008a1b8de96d2e5b6bc02d379db03a877d34d/library/std/src/panicking.rs:520:19
[INFO] [stdout]   31:     0x632cb4254258 - std::panic::catch_unwind::hb8e4600ff0ff5cfa
[INFO] [stdout]                                at /rustc/202008a1b8de96d2e5b6bc02d379db03a877d34d/library/std/src/panic.rs:358:14
[INFO] [stdout]   32:     0x632cb4254258 - test::run_test_in_process::hc2900b0b18688dd6
[INFO] [stdout]                                at /rustc/202008a1b8de96d2e5b6bc02d379db03a877d34d/library/test/src/lib.rs:655:27
[INFO] [stdout]   33:     0x632cb4254258 - test::run_test::{{closure}}::hac2a9cb07be3d48d
[INFO] [stdout]                                at /rustc/202008a1b8de96d2e5b6bc02d379db03a877d34d/library/test/src/lib.rs:576:43
[INFO] [stdout]   34:     0x632cb4217cfa - test::run_test::{{closure}}::h4a5b729e66a38cd8
[INFO] [stdout]                                at /rustc/202008a1b8de96d2e5b6bc02d379db03a877d34d/library/test/src/lib.rs:606:41
[INFO] [stdout]   35:     0x632cb4217cfa - std::sys::backtrace::__rust_begin_short_backtrace::h0496fb742492f573
[INFO] [stdout]                                at /rustc/202008a1b8de96d2e5b6bc02d379db03a877d34d/library/std/src/sys/backtrace.rs:154:18
[INFO] [stdout]   36:     0x632cb421b674 - std::thread::Builder::spawn_unchecked_::{{closure}}::{{closure}}::hbb6d257c550a54bd
[INFO] [stdout]                                at /rustc/202008a1b8de96d2e5b6bc02d379db03a877d34d/library/std/src/thread/mod.rs:561:17
[INFO] [stdout]   37:     0x632cb421b674 - <core::panic::unwind_safe::AssertUnwindSafe<F> as core::ops::function::FnOnce<()>>::call_once::h46696fe4a6832328
[INFO] [stdout]                                at /rustc/202008a1b8de96d2e5b6bc02d379db03a877d34d/library/core/src/panic/unwind_safe.rs:272:9
[INFO] [stdout]   38:     0x632cb421b674 - std::panicking::try::do_call::h2625a51b667bfb64
[INFO] [stdout]                                at /rustc/202008a1b8de96d2e5b6bc02d379db03a877d34d/library/std/src/panicking.rs:557:40
[INFO] [stdout]   39:     0x632cb421b674 - std::panicking::try::hb956a59a1973aa4c
[INFO] [stdout]                                at /rustc/202008a1b8de96d2e5b6bc02d379db03a877d34d/library/std/src/panicking.rs:520:19
[INFO] [stdout]   40:     0x632cb421b674 - std::panic::catch_unwind::h64f3b9d1067ef6a0
[INFO] [stdout]                                at /rustc/202008a1b8de96d2e5b6bc02d379db03a877d34d/library/std/src/panic.rs:358:14
[INFO] [stdout]   41:     0x632cb421b674 - std::thread::Builder::spawn_unchecked_::{{closure}}::h42b2841295b6c0b2
[INFO] [stdout]                                at /rustc/202008a1b8de96d2e5b6bc02d379db03a877d34d/library/std/src/thread/mod.rs:559:30
[INFO] [stdout]   42:     0x632cb421b674 - core::ops::function::FnOnce::call_once{{vtable.shim}}::h6127de71b8124639
[INFO] [stdout]                                at /rustc/202008a1b8de96d2e5b6bc02d379db03a877d34d/library/core/src/ops/function.rs:250:5
[INFO] [stdout]   43:     0x632cb428b5eb - <alloc::boxed::Box<F,A> as core::ops::function::FnOnce<Args>>::call_once::h42f0ba71002a1b2c
[INFO] [stdout]                                at /rustc/202008a1b8de96d2e5b6bc02d379db03a877d34d/library/alloc/src/boxed.rs:1972:9
[INFO] [stdout]   44:     0x632cb428b5eb - <alloc::boxed::Box<F,A> as core::ops::function::FnOnce<Args>>::call_once::had9e47d7a3dcecb8
[INFO] [stdout]                                at /rustc/202008a1b8de96d2e5b6bc02d379db03a877d34d/library/alloc/src/boxed.rs:1972:9
[INFO] [stdout]   45:     0x632cb428b5eb - std::sys::pal::unix::thread::Thread::new::thread_start::h48cf765408f6f5f2
[INFO] [stdout]                                at /rustc/202008a1b8de96d2e5b6bc02d379db03a877d34d/library/std/src/sys/pal/unix/thread.rs:105:17
[INFO] [stdout]   46:     0x7ffb9f3f0ac3 - <unknown>
[INFO] [stdout]   47:     0x7ffb9f481a04 - clone
[INFO] [stdout]   48:                0x0 - <unknown>
[INFO] [stdout] 
[INFO] [stdout] ---- syntax::test::test::should_parse_bitwise_xor stdout ----
[INFO] [stdout] Token { kind: Let, span: TextSpan { start: 0, end: 3, literal: "let" } }
[INFO] [stdout] Token { kind: WhiteSpace, span: TextSpan { start: 3, end: 4, literal: " " } }
[INFO] [stdout] Token { kind: Identifier, span: TextSpan { start: 4, end: 5, literal: "a" } }
[INFO] [stdout] Token { kind: WhiteSpace, span: TextSpan { start: 5, end: 6, literal: " " } }
[INFO] [stdout] Token { kind: Equal, span: TextSpan { start: 6, end: 7, literal: "=" } }
[INFO] [stdout] Token { kind: WhiteSpace, span: TextSpan { start: 7, end: 8, literal: " " } }
[INFO] [stdout] Token { kind: Number(1), span: TextSpan { start: 8, end: 9, literal: "1" } }
[INFO] [stdout] Token { kind: WhiteSpace, span: TextSpan { start: 9, end: 10, literal: " " } }
[INFO] [stdout] Token { kind: Caret, span: TextSpan { start: 10, end: 11, literal: "^" } }
[INFO] [stdout] Token { kind: WhiteSpace, span: TextSpan { start: 11, end: 12, literal: " " } }
[INFO] [stdout] Token { kind: Number(2), span: TextSpan { start: 12, end: 13, literal: "2" } }
[INFO] [stdout] Token { kind: Eof, span: TextSpan { start: 0, end: 0, literal: "\0" } }
[INFO] [stdout] [38;5;5mlet [38;5;15ma [38;5;15m= [38;5;6m1[39m
[INFO] [stdout] [38;5;15m^[39m
[INFO] [stdout] [38;5;6m2[39m
[INFO] [stdout] 
[INFO] [stdout] t a = 1 [38;5;1m^[39m 2
[INFO] [stdout]         ^
[INFO] [stdout]         |
[INFO] [stdout]         +-- Expected expression, found <^> (Ln:1, Col:11)
[INFO] [stdout] thread 'syntax::test::test::should_parse_bitwise_xor' panicked at src/syntax/test.rs:34:7:
[INFO] [stdout] assertion `left == right` failed: Expected no diagnostics, got [Diagnostic { message: "Expected expression, found <^>", span: TextSpan { start: 10, end: 11, literal: "^" }, kind: Error }] instead
[INFO] [stdout]   left: 1
[INFO] [stdout]  right: 0
[INFO] [stdout] stack backtrace:
[INFO] [stdout]    0:     0x632cb4285b7a - std::backtrace_rs::backtrace::libunwind::trace::h8810477743020387
[INFO] [stdout]                                at /rustc/202008a1b8de96d2e5b6bc02d379db03a877d34d/library/std/src/../../backtrace/src/backtrace/libunwind.rs:116:5
[INFO] [stdout]    1:     0x632cb4285b7a - std::backtrace_rs::backtrace::trace_unsynchronized::h3aa55355dd6c54a6
[INFO] [stdout]                                at /rustc/202008a1b8de96d2e5b6bc02d379db03a877d34d/library/std/src/../../backtrace/src/backtrace/mod.rs:66:5
[INFO] [stdout]    2:     0x632cb4285b7a - std::sys::backtrace::_print_fmt::h8588b0f62410823f
[INFO] [stdout]                                at /rustc/202008a1b8de96d2e5b6bc02d379db03a877d34d/library/std/src/sys/backtrace.rs:66:9
[INFO] [stdout]    3:     0x632cb4285b7a - <std::sys::backtrace::BacktraceLock::print::DisplayBacktrace as core::fmt::Display>::fmt::h98c26ac25ffe89bb
[INFO] [stdout]                                at /rustc/202008a1b8de96d2e5b6bc02d379db03a877d34d/library/std/src/sys/backtrace.rs:39:26
[INFO] [stdout]    4:     0x632cb42ab673 - core::fmt::rt::Argument::fmt::hf95377f4aebd453b
[INFO] [stdout]                                at /rustc/202008a1b8de96d2e5b6bc02d379db03a877d34d/library/core/src/fmt/rt.rs:177:76
[INFO] [stdout]    5:     0x632cb42ab673 - core::fmt::write::h0dd5f6e2238c7982
[INFO] [stdout]                                at /rustc/202008a1b8de96d2e5b6bc02d379db03a877d34d/library/core/src/fmt/mod.rs:1189:21
[INFO] [stdout]    6:     0x632cb4282d13 - std::io::Write::write_fmt::h03bb0ca26e6faf8c
[INFO] [stdout]                                at /rustc/202008a1b8de96d2e5b6bc02d379db03a877d34d/library/std/src/io/mod.rs:1884:15
[INFO] [stdout]    7:     0x632cb42859c2 - std::sys::backtrace::BacktraceLock::print::h5c19c1c038ee186d
[INFO] [stdout]                                at /rustc/202008a1b8de96d2e5b6bc02d379db03a877d34d/library/std/src/sys/backtrace.rs:42:9
[INFO] [stdout]    8:     0x632cb4286ffd - std::panicking::default_hook::{{closure}}::h77172f079a1fcb13
[INFO] [stdout]                                at /rustc/202008a1b8de96d2e5b6bc02d379db03a877d34d/library/std/src/panicking.rs:268:22
[INFO] [stdout]    9:     0x632cb4286e07 - std::panicking::default_hook::he5f8e3b203ccddba
[INFO] [stdout]                                at /rustc/202008a1b8de96d2e5b6bc02d379db03a877d34d/library/std/src/panicking.rs:292:9
[INFO] [stdout]   10:     0x632cb424fd47 - <alloc::boxed::Box<F,A> as core::ops::function::Fn<Args>>::call::h7a3c7b4a1ae77f2f
[INFO] [stdout]                                at /rustc/202008a1b8de96d2e5b6bc02d379db03a877d34d/library/alloc/src/boxed.rs:1986:9
[INFO] [stdout]   11:     0x632cb424fd47 - test::test_main::{{closure}}::hf0d3b69ae9b353d1
[INFO] [stdout]                                at /rustc/202008a1b8de96d2e5b6bc02d379db03a877d34d/library/test/src/lib.rs:134:21
[INFO] [stdout]   12:     0x632cb42876a8 - <alloc::boxed::Box<F,A> as core::ops::function::Fn<Args>>::call::h6332e82e7b189abd
[INFO] [stdout]                                at /rustc/202008a1b8de96d2e5b6bc02d379db03a877d34d/library/alloc/src/boxed.rs:1986:9
[INFO] [stdout]   13:     0x632cb42876a8 - std::panicking::rust_panic_with_hook::h53863d4e9018df39
[INFO] [stdout]                                at /rustc/202008a1b8de96d2e5b6bc02d379db03a877d34d/library/std/src/panicking.rs:809:13
[INFO] [stdout]   14:     0x632cb428746a - std::panicking::begin_panic_handler::{{closure}}::h67280e6fa0757873
[INFO] [stdout]                                at /rustc/202008a1b8de96d2e5b6bc02d379db03a877d34d/library/std/src/panicking.rs:674:13
[INFO] [stdout]   15:     0x632cb4286059 - std::sys::backtrace::__rust_end_short_backtrace::h1dac3f54d6fbbeb2
[INFO] [stdout]                                at /rustc/202008a1b8de96d2e5b6bc02d379db03a877d34d/library/std/src/sys/backtrace.rs:170:18
[INFO] [stdout]   16:     0x632cb42870fc - rust_begin_unwind
[INFO] [stdout]                                at /rustc/202008a1b8de96d2e5b6bc02d379db03a877d34d/library/std/src/panicking.rs:665:5
[INFO] [stdout]   17:     0x632cb41f5b00 - core::panicking::panic_fmt::h6792bd1b2bf01041
[INFO] [stdout]                                at /rustc/202008a1b8de96d2e5b6bc02d379db03a877d34d/library/core/src/panicking.rs:76:14
[INFO] [stdout]   18:     0x632cb41f5ecb - core::panicking::assert_failed_inner::hf2c17e6d30928787
[INFO] [stdout]   19:     0x632cb4202c9b - core::panicking::assert_failed::he2af3836dce82b19
[INFO] [stdout]                                at /rustc/202008a1b8de96d2e5b6bc02d379db03a877d34d/library/core/src/panicking.rs:373:5
[INFO] [stdout]   20:     0x632cb42042a0 - unilang::syntax::test::test::SyntatTreeVerifier::new::h9b2da5415bfc2e74
[INFO] [stdout]                                at /opt/rustwide/workdir/src/syntax/test.rs:34:7
[INFO] [stdout]   21:     0x632cb4204b75 - unilang::syntax::test::test::assert_tree::hbceda0c4fb5273b3
[INFO] [stdout]                                at /opt/rustwide/workdir/src/syntax/test.rs:96:20
[INFO] [stdout]   22:     0x632cb420642a - unilang::syntax::test::test::should_parse_bitwise_xor::h5b77dd3cc7e0c20d
[INFO] [stdout]                                at /opt/rustwide/workdir/src/syntax/test.rs:198:5
[INFO] [stdout]   23:     0x632cb42062e7 - unilang::syntax::test::test::should_parse_bitwise_xor::{{closure}}::hd52d66c4827cb09e
[INFO] [stdout]                                at /opt/rustwide/workdir/src/syntax/test.rs:189:36
[INFO] [stdout]   24:     0x632cb420c026 - core::ops::function::FnOnce::call_once::h100fb745cbcfeb46
[INFO] [stdout]                                at /rustc/202008a1b8de96d2e5b6bc02d379db03a877d34d/library/core/src/ops/function.rs:250:5
[INFO] [stdout]   25:     0x632cb425486b - core::ops::function::FnOnce::call_once::h871bf86719ec9aa4
[INFO] [stdout]                                at /rustc/202008a1b8de96d2e5b6bc02d379db03a877d34d/library/core/src/ops/function.rs:250:5
[INFO] [stdout]   26:     0x632cb425486b - test::__rust_begin_short_backtrace::h2167df1e2b7d76fd
[INFO] [stdout]                                at /rustc/202008a1b8de96d2e5b6bc02d379db03a877d34d/library/test/src/lib.rs:632:18
[INFO] [stdout]   27:     0x632cb4254258 - test::run_test_in_process::{{closure}}::h15d92f75a3adfb79
[INFO] [stdout]                                at /rustc/202008a1b8de96d2e5b6bc02d379db03a877d34d/library/test/src/lib.rs:655:60
[INFO] [stdout]   28:     0x632cb4254258 - <core::panic::unwind_safe::AssertUnwindSafe<F> as core::ops::function::FnOnce<()>>::call_once::hb6c8955835a8dbbb
[INFO] [stdout]                                at /rustc/202008a1b8de96d2e5b6bc02d379db03a877d34d/library/core/src/panic/unwind_safe.rs:272:9
[INFO] [stdout]   29:     0x632cb4254258 - std::panicking::try::do_call::hc79d0fc888a0bd30
[INFO] [stdout]                                at /rustc/202008a1b8de96d2e5b6bc02d379db03a877d34d/library/std/src/panicking.rs:557:40
[INFO] [stdout]   30:     0x632cb4254258 - std::panicking::try::hb8a7878e3a8589d6
[INFO] [stdout]                                at /rustc/202008a1b8de96d2e5b6bc02d379db03a877d34d/library/std/src/panicking.rs:520:19
[INFO] [stdout]   31:     0x632cb4254258 - std::panic::catch_unwind::hb8e4600ff0ff5cfa
[INFO] [stdout]                                at /rustc/202008a1b8de96d2e5b6bc02d379db03a877d34d/library/std/src/panic.rs:358:14
[INFO] [stdout]   32:     0x632cb4254258 - test::run_test_in_process::hc2900b0b18688dd6
[INFO] [stdout]                                at /rustc/202008a1b8de96d2e5b6bc02d379db03a877d34d/library/test/src/lib.rs:655:27
[INFO] [stdout]   33:     0x632cb4254258 - test::run_test::{{closure}}::hac2a9cb07be3d48d
[INFO] [stdout]                                at /rustc/202008a1b8de96d2e5b6bc02d379db03a877d34d/library/test/src/lib.rs:576:43
[INFO] [stdout]   34:     0x632cb4217cfa - test::run_test::{{closure}}::h4a5b729e66a38cd8
[INFO] [stdout]                                at /rustc/202008a1b8de96d2e5b6bc02d379db03a877d34d/library/test/src/lib.rs:606:41
[INFO] [stdout]   35:     0x632cb4217cfa - std::sys::backtrace::__rust_begin_short_backtrace::h0496fb742492f573
[INFO] [stdout]                                at /rustc/202008a1b8de96d2e5b6bc02d379db03a877d34d/library/std/src/sys/backtrace.rs:154:18
[INFO] [stdout]   36:     0x632cb421b674 - std::thread::Builder::spawn_unchecked_::{{closure}}::{{closure}}::hbb6d257c550a54bd
[INFO] [stdout]                                at /rustc/202008a1b8de96d2e5b6bc02d379db03a877d34d/library/std/src/thread/mod.rs:561:17
[INFO] [stdout]   37:     0x632cb421b674 - <core::panic::unwind_safe::AssertUnwindSafe<F> as core::ops::function::FnOnce<()>>::call_once::h46696fe4a6832328
[INFO] [stdout]                                at /rustc/202008a1b8de96d2e5b6bc02d379db03a877d34d/library/core/src/panic/unwind_safe.rs:272:9
[INFO] [stdout]   38:     0x632cb421b674 - std::panicking::try::do_call::h2625a51b667bfb64
[INFO] [stdout]                                at /rustc/202008a1b8de96d2e5b6bc02d379db03a877d34d/library/std/src/panicking.rs:557:40
[INFO] [stdout]   39:     0x632cb421b674 - std::panicking::try::hb956a59a1973aa4c
[INFO] [stdout]                                at /rustc/202008a1b8de96d2e5b6bc02d379db03a877d34d/library/std/src/panicking.rs:520:19
[INFO] [stdout]   40:     0x632cb421b674 - std::panic::catch_unwind::h64f3b9d1067ef6a0
[INFO] [stdout]                                at /rustc/202008a1b8de96d2e5b6bc02d379db03a877d34d/library/std/src/panic.rs:358:14
[INFO] [stdout]   41:     0x632cb421b674 - std::thread::Builder::spawn_unchecked_::{{closure}}::h42b2841295b6c0b2
[INFO] [stdout]                                at /rustc/202008a1b8de96d2e5b6bc02d379db03a877d34d/library/std/src/thread/mod.rs:559:30
[INFO] [stdout]   42:     0x632cb421b674 - core::ops::function::FnOnce::call_once{{vtable.shim}}::h6127de71b8124639
[INFO] [stdout]                                at /rustc/202008a1b8de96d2e5b6bc02d379db03a877d34d/library/core/src/ops/function.rs:250:5
[INFO] [stdout]   43:     0x632cb428b5eb - <alloc::boxed::Box<F,A> as core::ops::function::FnOnce<Args>>::call_once::h42f0ba71002a1b2c
[INFO] [stdout]                                at /rustc/202008a1b8de96d2e5b6bc02d379db03a877d34d/library/alloc/src/boxed.rs:1972:9
[INFO] [stdout]   44:     0x632cb428b5eb - <alloc::boxed::Box<F,A> as core::ops::function::FnOnce<Args>>::call_once::had9e47d7a3dcecb8
[INFO] [stdout]                                at /rustc/202008a1b8de96d2e5b6bc02d379db03a877d34d/library/alloc/src/boxed.rs:1972:9
[INFO] [stdout]   45:     0x632cb428b5eb - std::sys::pal::unix::thread::Thread::new::thread_start::h48cf765408f6f5f2
[INFO] [stdout]                                at /rustc/202008a1b8de96d2e5b6bc02d379db03a877d34d/library/std/src/sys/pal/unix/thread.rs:105:17
[INFO] [stdout]   46:     0x7ffb9f3f0ac3 - <unknown>
[INFO] [stdout]   47:     0x7ffb9f481a04 - clone
[INFO] [stdout]   48:                0x0 - <unknown>
[INFO] [stdout] 
[INFO] [stdout] ---- syntax::test::test::should_parse_negation stdout ----
[INFO] [stdout] Token { kind: Let, span: TextSpan { start: 0, end: 3, literal: "let" } }
[INFO] [stdout] Token { kind: WhiteSpace, span: TextSpan { start: 3, end: 4, literal: " " } }
[INFO] [stdout] Token { kind: Identifier, span: TextSpan { start: 4, end: 5, literal: "a" } }
[INFO] [stdout] Token { kind: WhiteSpace, span: TextSpan { start: 5, end: 6, literal: " " } }
[INFO] [stdout] Token { kind: Equal, span: TextSpan { start: 6, end: 7, literal: "=" } }
[INFO] [stdout] Token { kind: WhiteSpace, span: TextSpan { start: 7, end: 8, literal: " " } }
[INFO] [stdout] Token { kind: Minus, span: TextSpan { start: 8, end: 9, literal: "-" } }
[INFO] [stdout] Token { kind: Number(1), span: TextSpan { start: 9, end: 10, literal: "1" } }
[INFO] [stdout] Token { kind: Eof, span: TextSpan { start: 0, end: 0, literal: "\0" } }
[INFO] [stdout] [38;5;5mlet [38;5;15ma [38;5;15m= [38;5;15m-[39m
[INFO] [stdout] [38;5;6m1[39m
[INFO] [stdout] 
[INFO] [stdout] let a = [38;5;1m-[39m1
[INFO] [stdout]         ^
[INFO] [stdout]         |
[INFO] [stdout]         +-- Expected expression, found <-> (Ln:1, Col:9)
[INFO] [stdout] thread 'syntax::test::test::should_parse_negation' panicked at src/syntax/test.rs:34:7:
[INFO] [stdout] assertion `left == right` failed: Expected no diagnostics, got [Diagnostic { message: "Expected expression, found <->", span: TextSpan { start: 8, end: 9, literal: "-" }, kind: Error }] instead
[INFO] [stdout]   left: 1
[INFO] [stdout]  right: 0
[INFO] [stdout] stack backtrace:
[INFO] [stdout]    0:     0x632cb4285b7a - std::backtrace_rs::backtrace::libunwind::trace::h8810477743020387
[INFO] [stdout]                                at /rustc/202008a1b8de96d2e5b6bc02d379db03a877d34d/library/std/src/../../backtrace/src/backtrace/libunwind.rs:116:5
[INFO] [stdout]    1:     0x632cb4285b7a - std::backtrace_rs::backtrace::trace_unsynchronized::h3aa55355dd6c54a6
[INFO] [stdout]                                at /rustc/202008a1b8de96d2e5b6bc02d379db03a877d34d/library/std/src/../../backtrace/src/backtrace/mod.rs:66:5
[INFO] [stdout]    2:     0x632cb4285b7a - std::sys::backtrace::_print_fmt::h8588b0f62410823f
[INFO] [stdout]                                at /rustc/202008a1b8de96d2e5b6bc02d379db03a877d34d/library/std/src/sys/backtrace.rs:66:9
[INFO] [stdout]    3:     0x632cb4285b7a - <std::sys::backtrace::BacktraceLock::print::DisplayBacktrace as core::fmt::Display>::fmt::h98c26ac25ffe89bb
[INFO] [stdout]                                at /rustc/202008a1b8de96d2e5b6bc02d379db03a877d34d/library/std/src/sys/backtrace.rs:39:26
[INFO] [stdout]    4:     0x632cb42ab673 - core::fmt::rt::Argument::fmt::hf95377f4aebd453b
[INFO] [stdout]                                at /rustc/202008a1b8de96d2e5b6bc02d379db03a877d34d/library/core/src/fmt/rt.rs:177:76
[INFO] [stdout]    5:     0x632cb42ab673 - core::fmt::write::h0dd5f6e2238c7982
[INFO] [stdout]                                at /rustc/202008a1b8de96d2e5b6bc02d379db03a877d34d/library/core/src/fmt/mod.rs:1189:21
[INFO] [stdout]    6:     0x632cb4282d13 - std::io::Write::write_fmt::h03bb0ca26e6faf8c
[INFO] [stdout]                                at /rustc/202008a1b8de96d2e5b6bc02d379db03a877d34d/library/std/src/io/mod.rs:1884:15
[INFO] [stdout]    7:     0x632cb42859c2 - std::sys::backtrace::BacktraceLock::print::h5c19c1c038ee186d
[INFO] [stdout]                                at /rustc/202008a1b8de96d2e5b6bc02d379db03a877d34d/library/std/src/sys/backtrace.rs:42:9
[INFO] [stdout]    8:     0x632cb4286ffd - std::panicking::default_hook::{{closure}}::h77172f079a1fcb13
[INFO] [stdout]                                at /rustc/202008a1b8de96d2e5b6bc02d379db03a877d34d/library/std/src/panicking.rs:268:22
[INFO] [stdout]    9:     0x632cb4286e07 - std::panicking::default_hook::he5f8e3b203ccddba
[INFO] [stdout]                                at /rustc/202008a1b8de96d2e5b6bc02d379db03a877d34d/library/std/src/panicking.rs:292:9
[INFO] [stdout]   10:     0x632cb424fd47 - <alloc::boxed::Box<F,A> as core::ops::function::Fn<Args>>::call::h7a3c7b4a1ae77f2f
[INFO] [stdout]                                at /rustc/202008a1b8de96d2e5b6bc02d379db03a877d34d/library/alloc/src/boxed.rs:1986:9
[INFO] [stdout]   11:     0x632cb424fd47 - test::test_main::{{closure}}::hf0d3b69ae9b353d1
[INFO] [stdout]                                at /rustc/202008a1b8de96d2e5b6bc02d379db03a877d34d/library/test/src/lib.rs:134:21
[INFO] [stdout]   12:     0x632cb42876a8 - <alloc::boxed::Box<F,A> as core::ops::function::Fn<Args>>::call::h6332e82e7b189abd
[INFO] [stdout]                                at /rustc/202008a1b8de96d2e5b6bc02d379db03a877d34d/library/alloc/src/boxed.rs:1986:9
[INFO] [stdout]   13:     0x632cb42876a8 - std::panicking::rust_panic_with_hook::h53863d4e9018df39
[INFO] [stdout]                                at /rustc/202008a1b8de96d2e5b6bc02d379db03a877d34d/library/std/src/panicking.rs:809:13
[INFO] [stdout]   14:     0x632cb428746a - std::panicking::begin_panic_handler::{{closure}}::h67280e6fa0757873
[INFO] [stdout]                                at /rustc/202008a1b8de96d2e5b6bc02d379db03a877d34d/library/std/src/panicking.rs:674:13
[INFO] [stdout]   15:     0x632cb4286059 - std::sys::backtrace::__rust_end_short_backtrace::h1dac3f54d6fbbeb2
[INFO] [stdout]                                at /rustc/202008a1b8de96d2e5b6bc02d379db03a877d34d/library/std/src/sys/backtrace.rs:170:18
[INFO] [stdout]   16:     0x632cb42870fc - rust_begin_unwind
[INFO] [stdout]                                at /rustc/202008a1b8de96d2e5b6bc02d379db03a877d34d/library/std/src/panicking.rs:665:5
[INFO] [stdout]   17:     0x632cb41f5b00 - core::panicking::panic_fmt::h6792bd1b2bf01041
[INFO] [stdout]                                at /rustc/202008a1b8de96d2e5b6bc02d379db03a877d34d/library/core/src/panicking.rs:76:14
[INFO] [stdout]   18:     0x632cb41f5ecb - core::panicking::assert_failed_inner::hf2c17e6d30928787
[INFO] [stdout]   19:     0x632cb4202c9b - core::panicking::assert_failed::he2af3836dce82b19
[INFO] [stdout]                                at /rustc/202008a1b8de96d2e5b6bc02d379db03a877d34d/library/core/src/panicking.rs:373:5
[INFO] [stdout]   20:     0x632cb42042a0 - unilang::syntax::test::test::SyntatTreeVerifier::new::h9b2da5415bfc2e74
[INFO] [stdout]                                at /opt/rustwide/workdir/src/syntax/test.rs:34:7
[INFO] [stdout]   21:     0x632cb4204b75 - unilang::syntax::test::test::assert_tree::hbceda0c4fb5273b3
[INFO] [stdout]                                at /opt/rustwide/workdir/src/syntax/test.rs:96:20
[INFO] [stdout]   22:     0x632cb4206565 - unilang::syntax::test::test::should_parse_negation::h3f9c3d09f816b006
[INFO] [stdout]                                at /opt/rustwide/workdir/src/syntax/test.rs:210:5
[INFO] [stdout]   23:     0x632cb4206467 - unilang::syntax::test::test::should_parse_negation::{{closure}}::hdac26d814e35ae41
[INFO] [stdout]                                at /opt/rustwide/workdir/src/syntax/test.rs:202:33
[INFO] [stdout]   24:     0x632cb420bfd6 - core::ops::function::FnOnce::call_once::h0586f37f8c4e40fd
[INFO] [stdout]                                at /rustc/202008a1b8de96d2e5b6bc02d379db03a877d34d/library/core/src/ops/function.rs:250:5
[INFO] [stdout]   25:     0x632cb425486b - core::ops::function::FnOnce::call_once::h871bf86719ec9aa4
[INFO] [stdout]                                at /rustc/202008a1b8de96d2e5b6bc02d379db03a877d34d/library/core/src/ops/function.rs:250:5
[INFO] [stdout]   26:     0x632cb425486b - test::__rust_begin_short_backtrace::h2167df1e2b7d76fd
[INFO] [stdout]                                at /rustc/202008a1b8de96d2e5b6bc02d379db03a877d34d/library/test/src/lib.rs:632:18
[INFO] [stdout]   27:     0x632cb4254258 - test::run_test_in_process::{{closure}}::h15d92f75a3adfb79
[INFO] [stdout]                                at /rustc/202008a1b8de96d2e5b6bc02d379db03a877d34d/library/test/src/lib.rs:655:60
[INFO] [stdout]   28:     0x632cb4254258 - <core::panic::unwind_safe::AssertUnwindSafe<F> as core::ops::function::FnOnce<()>>::call_once::hb6c8955835a8dbbb
[INFO] [stdout]                                at /rustc/202008a1b8de96d2e5b6bc02d379db03a877d34d/library/core/src/panic/unwind_safe.rs:272:9
[INFO] [stdout]   29:     0x632cb4254258 - std::panicking::try::do_call::hc79d0fc888a0bd30
[INFO] [stdout]                                at /rustc/202008a1b8de96d2e5b6bc02d379db03a877d34d/library/std/src/panicking.rs:557:40
[INFO] [stdout]   30:     0x632cb4254258 - std::panicking::try::hb8a7878e3a8589d6
[INFO] [stdout]                                at /rustc/202008a1b8de96d2e5b6bc02d379db03a877d34d/library/std/src/panicking.rs:520:19
[INFO] [stdout]   31:     0x632cb4254258 - std::panic::catch_unwind::hb8e4600ff0ff5cfa
[INFO] [stdout]                                at /rustc/202008a1b8de96d2e5b6bc02d379db03a877d34d/library/std/src/panic.rs:358:14
[INFO] [stdout]   32:     0x632cb4254258 - test::run_test_in_process::hc2900b0b18688dd6
[INFO] [stdout]                                at /rustc/202008a1b8de96d2e5b6bc02d379db03a877d34d/library/test/src/lib.rs:655:27
[INFO] [stdout]   33:     0x632cb4254258 - test::run_test::{{closure}}::hac2a9cb07be3d48d
[INFO] [stdout]                                at /rustc/202008a1b8de96d2e5b6bc02d379db03a877d34d/library/test/src/lib.rs:576:43
[INFO] [stdout]   34:     0x632cb4217cfa - test::run_test::{{closure}}::h4a5b729e66a38cd8
[INFO] [stdout]                                at /rustc/202008a1b8de96d2e5b6bc02d379db03a877d34d/library/test/src/lib.rs:606:41
[INFO] [stdout]   35:     0x632cb4217cfa - std::sys::backtrace::__rust_begin_short_backtrace::h0496fb742492f573
[INFO] [stdout]                                at /rustc/202008a1b8de96d2e5b6bc02d379db03a877d34d/library/std/src/sys/backtrace.rs:154:18
[INFO] [stdout]   36:     0x632cb421b674 - std::thread::Builder::spawn_unchecked_::{{closure}}::{{closure}}::hbb6d257c550a54bd
[INFO] [stdout]                                at /rustc/202008a1b8de96d2e5b6bc02d379db03a877d34d/library/std/src/thread/mod.rs:561:17
[INFO] [stdout]   37:     0x632cb421b674 - <core::panic::unwind_safe::AssertUnwindSafe<F> as core::ops::function::FnOnce<()>>::call_once::h46696fe4a6832328
[INFO] [stdout]                                at /rustc/202008a1b8de96d2e5b6bc02d379db03a877d34d/library/core/src/panic/unwind_safe.rs:272:9
[INFO] [stdout]   38:     0x632cb421b674 - std::panicking::try::do_call::h2625a51b667bfb64
[INFO] [stdout]                                at /rustc/202008a1b8de96d2e5b6bc02d379db03a877d34d/library/std/src/panicking.rs:557:40
[INFO] [stdout]   39:     0x632cb421b674 - std::panicking::try::hb956a59a1973aa4c
[INFO] [stdout]                                at /rustc/202008a1b8de96d2e5b6bc02d379db03a877d34d/library/std/src/panicking.rs:520:19
[INFO] [stdout]   40:     0x632cb421b674 - std::panic::catch_unwind::h64f3b9d1067ef6a0
[INFO] [stdout]                                at /rustc/202008a1b8de96d2e5b6bc02d379db03a877d34d/library/std/src/panic.rs:358:14
[INFO] [stdout]   41:     0x632cb421b674 - std::thread::Builder::spawn_unchecked_::{{closure}}::h42b2841295b6c0b2
[INFO] [stdout]                                at /rustc/202008a1b8de96d2e5b6bc02d379db03a877d34d/library/std/src/thread/mod.rs:559:30
[INFO] [stdout]   42:     0x632cb421b674 - core::ops::function::FnOnce::call_once{{vtable.shim}}::h6127de71b8124639
[INFO] [stdout]                                at /rustc/202008a1b8de96d2e5b6bc02d379db03a877d34d/library/core/src/ops/function.rs:250:5
[INFO] [stdout]   43:     0x632cb428b5eb - <alloc::boxed::Box<F,A> as core::ops::function::FnOnce<Args>>::call_once::h42f0ba71002a1b2c
[INFO] [stdout]                                at /rustc/202008a1b8de96d2e5b6bc02d379db03a877d34d/library/alloc/src/boxed.rs:1972:9
[INFO] [stdout]   44:     0x632cb428b5eb - <alloc::boxed::Box<F,A> as core::ops::function::FnOnce<Args>>::call_once::had9e47d7a3dcecb8
[INFO] [stdout]                                at /rustc/202008a1b8de96d2e5b6bc02d379db03a877d34d/library/alloc/src/boxed.rs:1972:9
[INFO] [stdout]   45:     0x632cb428b5eb - std::sys::pal::unix::thread::Thread::new::thread_start::h48cf765408f6f5f2
[INFO] [stdout]                                at /rustc/202008a1b8de96d2e5b6bc02d379db03a877d34d/library/std/src/sys/pal/unix/thread.rs:105:17
[INFO] [stdout]   46:     0x7ffb9f3f0ac3 - <unknown>
[INFO] [stdout]   47:     0x7ffb9f481a04 - clone
[INFO] [stdout]   48:                0x0 - <unknown>
[INFO] [stdout] 
[INFO] [stdout] ---- syntax::test::test::should_parse_power stdout ----
[INFO] [stdout] Token { kind: Let, span: TextSpan { start: 0, end: 3, literal: "let" } }
[INFO] [stdout] Token { kind: WhiteSpace, span: TextSpan { start: 3, end: 4, literal: " " } }
[INFO] [stdout] Token { kind: Identifier, span: TextSpan { start: 4, end: 5, literal: "a" } }
[INFO] [stdout] Token { kind: WhiteSpace, span: TextSpan { start: 5, end: 6, literal: " " } }
[INFO] [stdout] Token { kind: Equal, span: TextSpan { start: 6, end: 7, literal: "=" } }
[INFO] [stdout] Token { kind: WhiteSpace, span: TextSpan { start: 7, end: 8, literal: " " } }
[INFO] [stdout] Token { kind: Number(1), span: TextSpan { start: 8, end: 9, literal: "1" } }
[INFO] [stdout] Token { kind: WhiteSpace, span: TextSpan { start: 9, end: 10, literal: " " } }
[INFO] [stdout] Token { kind: DoubleAsterisk, span: TextSpan { start: 10, end: 12, literal: "**" } }
[INFO] [stdout] Token { kind: WhiteSpace, span: TextSpan { start: 12, end: 13, literal: " " } }
[INFO] [stdout] Token { kind: Number(2), span: TextSpan { start: 13, end: 14, literal: "2" } }
[INFO] [stdout] Token { kind: Eof, span: TextSpan { start: 0, end: 0, literal: "\0" } }
[INFO] [stdout] [38;5;5mlet [38;5;15ma [38;5;15m= [38;5;6m1[39m
[INFO] [stdout] [38;5;15m**[39m
[INFO] [stdout] [38;5;6m2[39m
[INFO] [stdout] 
[INFO] [stdout] t a = 1 [38;5;1m**[39m 2
[INFO] [stdout]         ^^
[INFO] [stdout]         |
[INFO] [stdout]         +-- Expected expression, found <**> (Ln:1, Col:11)
[INFO] [stdout] thread 'syntax::test::test::should_parse_power' panicked at src/syntax/test.rs:34:7:
[INFO] [stdout] assertion `left == right` failed: Expected no diagnostics, got [Diagnostic { message: "Expected expression, found <**>", span: TextSpan { start: 10, end: 12, literal: "**" }, kind: Error }] instead
[INFO] [stdout]   left: 1
[INFO] [stdout]  right: 0
[INFO] [stdout] stack backtrace:
[INFO] [stdout]    0:     0x632cb4285b7a - std::backtrace_rs::backtrace::libunwind::trace::h8810477743020387
[INFO] [stdout]                                at /rustc/202008a1b8de96d2e5b6bc02d379db03a877d34d/library/std/src/../../backtrace/src/backtrace/libunwind.rs:116:5
[INFO] [stdout]    1:     0x632cb4285b7a - std::backtrace_rs::backtrace::trace_unsynchronized::h3aa55355dd6c54a6
[INFO] [stdout]                                at /rustc/202008a1b8de96d2e5b6bc02d379db03a877d34d/library/std/src/../../backtrace/src/backtrace/mod.rs:66:5
[INFO] [stdout]    2:     0x632cb4285b7a - std::sys::backtrace::_print_fmt::h8588b0f62410823f
[INFO] [stdout]                                at /rustc/202008a1b8de96d2e5b6bc02d379db03a877d34d/library/std/src/sys/backtrace.rs:66:9
[INFO] [stdout]    3:     0x632cb4285b7a - <std::sys::backtrace::BacktraceLock::print::DisplayBacktrace as core::fmt::Display>::fmt::h98c26ac25ffe89bb
[INFO] [stdout]                                at /rustc/202008a1b8de96d2e5b6bc02d379db03a877d34d/library/std/src/sys/backtrace.rs:39:26
[INFO] [stdout]    4:     0x632cb42ab673 - core::fmt::rt::Argument::fmt::hf95377f4aebd453b
[INFO] [stdout]                                at /rustc/202008a1b8de96d2e5b6bc02d379db03a877d34d/library/core/src/fmt/rt.rs:177:76
[INFO] [stdout]    5:     0x632cb42ab673 - core::fmt::write::h0dd5f6e2238c7982
[INFO] [stdout]                                at /rustc/202008a1b8de96d2e5b6bc02d379db03a877d34d/library/core/src/fmt/mod.rs:1189:21
[INFO] [stdout]    6:     0x632cb4282d13 - std::io::Write::write_fmt::h03bb0ca26e6faf8c
[INFO] [stdout]                                at /rustc/202008a1b8de96d2e5b6bc02d379db03a877d34d/library/std/src/io/mod.rs:1884:15
[INFO] [stdout]    7:     0x632cb42859c2 - std::sys::backtrace::BacktraceLock::print::h5c19c1c038ee186d
[INFO] [stdout]                                at /rustc/202008a1b8de96d2e5b6bc02d379db03a877d34d/library/std/src/sys/backtrace.rs:42:9
[INFO] [stdout]    8:     0x632cb4286ffd - std::panicking::default_hook::{{closure}}::h77172f079a1fcb13
[INFO] [stdout]                                at /rustc/202008a1b8de96d2e5b6bc02d379db03a877d34d/library/std/src/panicking.rs:268:22
[INFO] [stdout]    9:     0x632cb4286e07 - std::panicking::default_hook::he5f8e3b203ccddba
[INFO] [stdout]                                at /rustc/202008a1b8de96d2e5b6bc02d379db03a877d34d/library/std/src/panicking.rs:292:9
[INFO] [stdout]   10:     0x632cb424fd47 - <alloc::boxed::Box<F,A> as core::ops::function::Fn<Args>>::call::h7a3c7b4a1ae77f2f
[INFO] [stdout]                                at /rustc/202008a1b8de96d2e5b6bc02d379db03a877d34d/library/alloc/src/boxed.rs:1986:9
[INFO] [stdout]   11:     0x632cb424fd47 - test::test_main::{{closure}}::hf0d3b69ae9b353d1
[INFO] [stdout]                                at /rustc/202008a1b8de96d2e5b6bc02d379db03a877d34d/library/test/src/lib.rs:134:21
[INFO] [stdout]   12:     0x632cb42876a8 - <alloc::boxed::Box<F,A> as core::ops::function::Fn<Args>>::call::h6332e82e7b189abd
[INFO] [stdout]                                at /rustc/202008a1b8de96d2e5b6bc02d379db03a877d34d/library/alloc/src/boxed.rs:1986:9
[INFO] [stdout]   13:     0x632cb42876a8 - std::panicking::rust_panic_with_hook::h53863d4e9018df39
[INFO] [stdout]                                at /rustc/202008a1b8de96d2e5b6bc02d379db03a877d34d/library/std/src/panicking.rs:809:13
[INFO] [stdout]   14:     0x632cb428746a - std::panicking::begin_panic_handler::{{closure}}::h67280e6fa0757873
[INFO] [stdout]                                at /rustc/202008a1b8de96d2e5b6bc02d379db03a877d34d/library/std/src/panicking.rs:674:13
[INFO] [stdout]   15:     0x632cb4286059 - std::sys::backtrace::__rust_end_short_backtrace::h1dac3f54d6fbbeb2
[INFO] [stdout]                                at /rustc/202008a1b8de96d2e5b6bc02d379db03a877d34d/library/std/src/sys/backtrace.rs:170:18
[INFO] [stdout]   16:     0x632cb42870fc - rust_begin_unwind
[INFO] [stdout]                                at /rustc/202008a1b8de96d2e5b6bc02d379db03a877d34d/library/std/src/panicking.rs:665:5
[INFO] [stdout]   17:     0x632cb41f5b00 - core::panicking::panic_fmt::h6792bd1b2bf01041
[INFO] [stdout]                                at /rustc/202008a1b8de96d2e5b6bc02d379db03a877d34d/library/core/src/panicking.rs:76:14
[INFO] [stdout]   18:     0x632cb41f5ecb - core::panicking::assert_failed_inner::hf2c17e6d30928787
[INFO] [stdout]   19:     0x632cb4202c9b - core::panicking::assert_failed::he2af3836dce82b19
[INFO] [stdout]                                at /rustc/202008a1b8de96d2e5b6bc02d379db03a877d34d/library/core/src/panicking.rs:373:5
[INFO] [stdout]   20:     0x632cb42042a0 - unilang::syntax::test::test::SyntatTreeVerifier::new::h9b2da5415bfc2e74
[INFO] [stdout]                                at /opt/rustwide/workdir/src/syntax/test.rs:34:7
[INFO] [stdout]   21:     0x632cb4204b75 - unilang::syntax::test::test::assert_tree::hbceda0c4fb5273b3
[INFO] [stdout]                                at /opt/rustwide/workdir/src/syntax/test.rs:96:20
[INFO] [stdout]   22:     0x632cb42066ea - unilang::syntax::test::test::should_parse_power::h9ed6446d83fecd78
[INFO] [stdout]                                at /opt/rustwide/workdir/src/syntax/test.rs:223:5
[INFO] [stdout]   23:     0x632cb42065a7 - unilang::syntax::test::test::should_parse_power::{{closure}}::h15a0e43d427ccf03
[INFO] [stdout]                                at /opt/rustwide/workdir/src/syntax/test.rs:214:30
[INFO] [stdout]   24:     0x632cb420c546 - core::ops::function::FnOnce::call_once::he1a4e3023f035f35
[INFO] [stdout]                                at /rustc/202008a1b8de96d2e5b6bc02d379db03a877d34d/library/core/src/ops/function.rs:250:5
[INFO] [stdout]   25:     0x632cb425486b - core::ops::function::FnOnce::call_once::h871bf86719ec9aa4
[INFO] [stdout]                                at /rustc/202008a1b8de96d2e5b6bc02d379db03a877d34d/library/core/src/ops/function.rs:250:5
[INFO] [stdout]   26:     0x632cb425486b - test::__rust_begin_short_backtrace::h2167df1e2b7d76fd
[INFO] [stdout]                                at /rustc/202008a1b8de96d2e5b6bc02d379db03a877d34d/library/test/src/lib.rs:632:18
[INFO] [stdout]   27:     0x632cb4254258 - test::run_test_in_process::{{closure}}::h15d92f75a3adfb79
[INFO] [stdout]                                at /rustc/202008a1b8de96d2e5b6bc02d379db03a877d34d/library/test/src/lib.rs:655:60
[INFO] [stdout]   28:     0x632cb4254258 - <core::panic::unwind_safe::AssertUnwindSafe<F> as core::ops::function::FnOnce<()>>::call_once::hb6c8955835a8dbbb
[INFO] [stdout]                                at /rustc/202008a1b8de96d2e5b6bc02d379db03a877d34d/library/core/src/panic/unwind_safe.rs:272:9
[INFO] [stdout]   29:     0x632cb4254258 - std::panicking::try::do_call::hc79d0fc888a0bd30
[INFO] [stdout]                                at /rustc/202008a1b8de96d2e5b6bc02d379db03a877d34d/library/std/src/panicking.rs:557:40
[INFO] [stdout]   30:     0x632cb4254258 - std::panicking::try::hb8a7878e3a8589d6
[INFO] [stdout]                                at /rustc/202008a1b8de96d2e5b6bc02d379db03a877d34d/library/std/src/panicking.rs:520:19
[INFO] [stdout]   31:     0x632cb4254258 - std::panic::catch_unwind::hb8e4600ff0ff5cfa
[INFO] [stdout]                                at /rustc/202008a1b8de96d2e5b6bc02d379db03a877d34d/library/std/src/panic.rs:358:14
[INFO] [stdout]   32:     0x632cb4254258 - test::run_test_in_process::hc2900b0b18688dd6
[INFO] [stdout]                                at /rustc/202008a1b8de96d2e5b6bc02d379db03a877d34d/library/test/src/lib.rs:655:27
[INFO] [stdout]   33:     0x632cb4254258 - test::run_test::{{closure}}::hac2a9cb07be3d48d
[INFO] [stdout]                                at /rustc/202008a1b8de96d2e5b6bc02d379db03a877d34d/library/test/src/lib.rs:576:43
[INFO] [stdout]   34:     0x632cb4217cfa - test::run_test::{{closure}}::h4a5b729e66a38cd8
[INFO] [stdout]                                at /rustc/202008a1b8de96d2e5b6bc02d379db03a877d34d/library/test/src/lib.rs:606:41
[INFO] [stdout]   35:     0x632cb4217cfa - std::sys::backtrace::__rust_begin_short_backtrace::h0496fb742492f573
[INFO] [stdout]                                at /rustc/202008a1b8de96d2e5b6bc02d379db03a877d34d/library/std/src/sys/backtrace.rs:154:18
[INFO] [stdout]   36:     0x632cb421b674 - std::thread::Builder::spawn_unchecked_::{{closure}}::{{closure}}::hbb6d257c550a54bd
[INFO] [stdout]                                at /rustc/202008a1b8de96d2e5b6bc02d379db03a877d34d/library/std/src/thread/mod.rs:561:17
[INFO] [stdout]   37:     0x632cb421b674 - <core::panic::unwind_safe::AssertUnwindSafe<F> as core::ops::function::FnOnce<()>>::call_once::h46696fe4a6832328
[INFO] [stdout]                                at /rustc/202008a1b8de96d2e5b6bc02d379db03a877d34d/library/core/src/panic/unwind_safe.rs:272:9
[INFO] [stdout]   38:     0x632cb421b674 - std::panicking::try::do_call::h2625a51b667bfb64
[INFO] [stdout]                                at /rustc/202008a1b8de96d2e5b6bc02d379db03a877d34d/library/std/src/panicking.rs:557:40
[INFO] [stdout]   39:     0x632cb421b674 - std::panicking::try::hb956a59a1973aa4c
[INFO] [stdout]                                at /rustc/202008a1b8de96d2e5b6bc02d379db03a877d34d/library/std/src/panicking.rs:520:19
[INFO] [stdout]   40:     0x632cb421b674 - std::panic::catch_unwind::h64f3b9d1067ef6a0
[INFO] [stdout]                                at /rustc/202008a1b8de96d2e5b6bc02d379db03a877d34d/library/std/src/panic.rs:358:14
[INFO] [stdout]   41:     0x632cb421b674 - std::thread::Builder::spawn_unchecked_::{{closure}}::h42b2841295b6c0b2
[INFO] [stdout]                                at /rustc/202008a1b8de96d2e5b6bc02d379db03a877d34d/library/std/src/thread/mod.rs:559:30
[INFO] [stdout]   42:     0x632cb421b674 - core::ops::function::FnOnce::call_once{{vtable.shim}}::h6127de71b8124639
[INFO] [stdout]                                at /rustc/202008a1b8de96d2e5b6bc02d379db03a877d34d/library/core/src/ops/function.rs:250:5
[INFO] [stdout]   43:     0x632cb428b5eb - <alloc::boxed::Box<F,A> as core::ops::function::FnOnce<Args>>::call_once::h42f0ba71002a1b2c
[INFO] [stdout]                                at /rustc/202008a1b8de96d2e5b6bc02d379db03a877d34d/library/alloc/src/boxed.rs:1972:9
[INFO] [stdout]   44:     0x632cb428b5eb - <alloc::boxed::Box<F,A> as core::ops::function::FnOnce<Args>>::call_once::had9e47d7a3dcecb8
[INFO] [stdout]                                at /rustc/202008a1b8de96d2e5b6bc02d379db03a877d34d/library/alloc/src/boxed.rs:1972:9
[INFO] [stdout]   45:     0x632cb428b5eb - std::sys::pal::unix::thread::Thread::new::thread_start::h48cf765408f6f5f2
[INFO] [stdout]                                at /rustc/202008a1b8de96d2e5b6bc02d379db03a877d34d/library/std/src/sys/pal/unix/thread.rs:105:17
[INFO] [stdout]   46:     0x7ffb9f3f0ac3 - <unknown>
[INFO] [stdout]   47:     0x7ffb9f481a04 - clone
[INFO] [stdout]   48:                0x0 - <unknown>
[INFO] [stdout] 
[INFO] [stdout] 
[INFO] [stdout] failures:
[INFO] [stdout]     syntax::test::test::should_parse_basic_binary_expression_with_variable
[INFO] [stdout]     syntax::test::test::should_parse_binary_exprssion_with_variable_and_number
[INFO] [stdout]     syntax::test::test::should_parse_bitwise_and
[INFO] [stdout]     syntax::test::test::should_parse_bitwise_or
[INFO] [stdout]     syntax::test::test::should_parse_bitwise_xor
[INFO] [stdout]     syntax::test::test::should_parse_negation
[INFO] [stdout]     syntax::test::test::should_parse_power
[INFO] [stdout] 
[INFO] [stdout] test result: FAILED. 5 passed; 7 failed; 0 ignored; 0 measured; 0 filtered out; finished in 0.10s
[INFO] [stdout] 
[INFO] running `Command { std: "docker" "inspect" "fbb001638265a8ae696c0c40deedf90aecbbc5f3936bf5b2c61eaf78a1426c85", kill_on_drop: false }`
[INFO] running `Command { std: "docker" "rm" "-f" "fbb001638265a8ae696c0c40deedf90aecbbc5f3936bf5b2c61eaf78a1426c85", kill_on_drop: false }`
[INFO] [stdout] fbb001638265a8ae696c0c40deedf90aecbbc5f3936bf5b2c61eaf78a1426c85
