[INFO] cloning repository https://github.com/rev1853/learnify
[INFO] running `Command { std: "git" "-c" "credential.helper=" "-c" "credential.helper=/workspace/cargo-home/bin/git-credential-null" "clone" "--bare" "https://github.com/rev1853/learnify" "/workspace/cache/git-repos/https%3A%2F%2Fgithub.com%2Frev1853%2Flearnify", kill_on_drop: false }`
[INFO] [stderr] Cloning into bare repository '/workspace/cache/git-repos/https%3A%2F%2Fgithub.com%2Frev1853%2Flearnify'...
[INFO] running `Command { std: "git" "rev-parse" "HEAD", kill_on_drop: false }`
[INFO] [stdout] a79b127955c842f565e27efb552d2df8e17a33af
[INFO] testing rev1853/learnify against beta-2024-12-08 for beta-1.84.0-4-retry
[INFO] running `Command { std: "git" "clone" "/workspace/cache/git-repos/https%3A%2F%2Fgithub.com%2Frev1853%2Flearnify" "/workspace/builds/worker-7-tc2/source", kill_on_drop: false }`
[INFO] [stderr] Cloning into '/workspace/builds/worker-7-tc2/source'...
[INFO] [stderr] done.
[INFO] validating manifest of git repo https://github.com/rev1853/learnify on toolchain beta-2024-12-08
[INFO] running `Command { std: CARGO_HOME="/workspace/cargo-home" RUSTUP_HOME="/workspace/rustup-home" "/workspace/cargo-home/bin/cargo" "+beta-2024-12-08" "metadata" "--manifest-path" "Cargo.toml" "--no-deps", kill_on_drop: false }`
[INFO] removed /workspace/builds/worker-7-tc2/source/.cargo/config
[INFO] started tweaking git repo https://github.com/rev1853/learnify
[INFO] finished tweaking git repo https://github.com/rev1853/learnify
[INFO] tweaked toml for git repo https://github.com/rev1853/learnify written to /workspace/builds/worker-7-tc2/source/Cargo.toml
[INFO] crate git repo https://github.com/rev1853/learnify already has a lockfile, it will not be regenerated
[INFO] running `Command { std: CARGO_HOME="/workspace/cargo-home" RUSTUP_HOME="/workspace/rustup-home" "/workspace/cargo-home/bin/cargo" "+beta-2024-12-08" "fetch" "--manifest-path" "Cargo.toml", kill_on_drop: false }`
[INFO] running `Command { std: "docker" "create" "-v" "/var/lib/crater-agent-workspace/builds/worker-7-tc2/target:/opt/rustwide/target:rw,Z" "-v" "/var/lib/crater-agent-workspace/builds/worker-7-tc2/source:/opt/rustwide/workdir:ro,Z" "-v" "/var/lib/crater-agent-workspace/cargo-home:/opt/rustwide/cargo-home:ro,Z" "-v" "/var/lib/crater-agent-workspace/rustup-home:/opt/rustwide/rustup-home:ro,Z" "-e" "SOURCE_DIR=/opt/rustwide/workdir" "-e" "CARGO_TARGET_DIR=/opt/rustwide/target" "-e" "CARGO_HOME=/opt/rustwide/cargo-home" "-e" "RUSTUP_HOME=/opt/rustwide/rustup-home" "-w" "/opt/rustwide/workdir" "-m" "1610612736" "--user" "0:0" "--network" "none" "ghcr.io/rust-lang/crates-build-env/linux@sha256:f3a9d4ad9d972b27faf3965f35b62e55ba32bbce8f20bc8fe909558a86702fde" "/opt/rustwide/cargo-home/bin/cargo" "+beta-2024-12-08" "metadata" "--no-deps" "--format-version=1", kill_on_drop: false }`
[INFO] [stdout] 3531235325fa1e8bc1cfa02af292da63b48d6e805ef21a890847d88640f6ac9f
[INFO] running `Command { std: "docker" "start" "-a" "3531235325fa1e8bc1cfa02af292da63b48d6e805ef21a890847d88640f6ac9f", kill_on_drop: false }`
[INFO] running `Command { std: "docker" "inspect" "3531235325fa1e8bc1cfa02af292da63b48d6e805ef21a890847d88640f6ac9f", kill_on_drop: false }`
[INFO] running `Command { std: "docker" "rm" "-f" "3531235325fa1e8bc1cfa02af292da63b48d6e805ef21a890847d88640f6ac9f", kill_on_drop: false }`
[INFO] [stdout] 3531235325fa1e8bc1cfa02af292da63b48d6e805ef21a890847d88640f6ac9f
[INFO] running `Command { std: "docker" "create" "-v" "/var/lib/crater-agent-workspace/builds/worker-7-tc2/target:/opt/rustwide/target:rw,Z" "-v" "/var/lib/crater-agent-workspace/builds/worker-7-tc2/source:/opt/rustwide/workdir:ro,Z" "-v" "/var/lib/crater-agent-workspace/cargo-home:/opt/rustwide/cargo-home:ro,Z" "-v" "/var/lib/crater-agent-workspace/rustup-home:/opt/rustwide/rustup-home:ro,Z" "-e" "SOURCE_DIR=/opt/rustwide/workdir" "-e" "CARGO_TARGET_DIR=/opt/rustwide/target" "-e" "CARGO_INCREMENTAL=0" "-e" "RUST_BACKTRACE=full" "-e" "RUSTFLAGS=--cap-lints=warn" "-e" "RUSTDOCFLAGS=--cap-lints=warn" "-e" "CARGO_HOME=/opt/rustwide/cargo-home" "-e" "RUSTUP_HOME=/opt/rustwide/rustup-home" "-w" "/opt/rustwide/workdir" "-m" "1610612736" "--user" "0:0" "--network" "none" "ghcr.io/rust-lang/crates-build-env/linux@sha256:f3a9d4ad9d972b27faf3965f35b62e55ba32bbce8f20bc8fe909558a86702fde" "/opt/rustwide/cargo-home/bin/cargo" "+beta-2024-12-08" "build" "--frozen" "--message-format=json", kill_on_drop: false }`
[INFO] [stdout] 8fe0ed37b03aaa8712bde70b7e09c3163bcee21b1adf25e8334a0d2d53ce2f4e
[INFO] running `Command { std: "docker" "start" "-a" "8fe0ed37b03aaa8712bde70b7e09c3163bcee21b1adf25e8334a0d2d53ce2f4e", kill_on_drop: false }`
[INFO] [stderr]    Compiling version_check v0.9.5
[INFO] [stderr]    Compiling zeroize v1.8.1
[INFO] [stderr]    Compiling typenum v1.17.0
[INFO] [stderr]    Compiling proc-macro2 v1.0.86
[INFO] [stderr]    Compiling unicode-ident v1.0.12
[INFO] [stderr]    Compiling cfg-if v1.0.0
[INFO] [stderr]    Compiling subtle v2.6.1
[INFO] [stderr]    Compiling libc v0.2.155
[INFO] [stderr]    Compiling const-oid v0.9.6
[INFO] [stderr]    Compiling serde v1.0.204
[INFO] [stderr]    Compiling syn v1.0.109
[INFO] [stderr]    Compiling der v0.7.9
[INFO] [stderr]    Compiling once_cell v1.19.0
[INFO] [stderr]    Compiling generic-array v0.14.7
[INFO] [stderr]    Compiling ahash v0.7.8
[INFO] [stderr]    Compiling cpufeatures v0.2.12
[INFO] [stderr]    Compiling base16ct v0.2.0
[INFO] [stderr]    Compiling byteorder v1.5.0
[INFO] [stderr]    Compiling thiserror v1.0.63
[INFO] [stderr]    Compiling serde_json v1.0.122
[INFO] [stderr]    Compiling memchr v2.7.4
[INFO] [stderr]    Compiling crunchy v0.2.2
[INFO] [stderr]    Compiling quote v1.0.36
[INFO] [stderr]    Compiling hex v0.4.3
[INFO] [stderr]    Compiling syn v2.0.72
[INFO] [stderr]    Compiling getrandom v0.2.15
[INFO] [stderr]    Compiling ryu v1.0.18
[INFO] [stderr]    Compiling itoa v1.0.11
[INFO] [stderr]    Compiling rand_core v0.6.4
[INFO] [stderr]    Compiling spki v0.7.3
[INFO] [stderr]    Compiling ff v0.13.0
[INFO] [stderr]    Compiling schemars v0.8.21
[INFO] [stderr]    Compiling group v0.13.0
[INFO] [stderr]    Compiling pkcs8 v0.10.2
[INFO] [stderr]    Compiling opaque-debug v0.3.1
[INFO] [stderr]    Compiling rand_core v0.5.1
[INFO] [stderr]    Compiling hashbrown v0.12.3
[INFO] [stderr]    Compiling dyn-clone v1.0.17
[INFO] [stderr]    Compiling static_assertions v1.1.0
[INFO] [stderr]    Compiling base64 v0.13.1
[INFO] [stderr]    Compiling forward_ref v1.0.0
[INFO] [stderr]    Compiling uint v0.9.5
[INFO] [stderr]    Compiling semver v1.0.23
[INFO] [stderr]    Compiling block-buffer v0.10.4
[INFO] [stderr]    Compiling crypto-common v0.1.6
[INFO] [stderr]    Compiling crypto-bigint v0.5.5
[INFO] [stderr]    Compiling digest v0.10.7
[INFO] [stderr]    Compiling sec1 v0.7.3
[INFO] [stderr]    Compiling digest v0.9.0
[INFO] [stderr]    Compiling block-buffer v0.9.0
[INFO] [stderr]    Compiling hmac v0.12.1
[INFO] [stderr]    Compiling signature v2.2.0
[INFO] [stderr]    Compiling sha2 v0.9.9
[INFO] [stderr]    Compiling sha2 v0.10.8
[INFO] [stderr]    Compiling rfc6979 v0.4.0
[INFO] [stderr]    Compiling curve25519-dalek v3.2.0
[INFO] [stderr]    Compiling serde_derive_internals v0.29.1
[INFO] [stderr]    Compiling serde_derive v1.0.204
[INFO] [stderr]    Compiling thiserror-impl v1.0.63
[INFO] [stderr]    Compiling elliptic-curve v0.13.8
[INFO] [stderr]    Compiling schemars_derive v0.8.21
[INFO] [stderr]    Compiling ecdsa v0.16.9
[INFO] [stderr]    Compiling k256 v0.13.1
[INFO] [stderr]    Compiling cosmwasm-derive v1.5.5
[INFO] [stderr]    Compiling derivative v2.2.0
[INFO] [stderr]    Compiling cosmwasm-schema-derive v1.5.5
[INFO] [stderr]    Compiling ed25519-zebra v3.1.0
[INFO] [stderr]    Compiling serde-json-wasm v0.5.2
[INFO] [stderr]    Compiling cosmwasm-crypto v1.5.5
[INFO] [stderr]    Compiling cosmwasm-std v1.2.1
[INFO] [stderr]    Compiling cosmwasm-schema v1.5.5
[INFO] [stderr]    Compiling cw-storage-plus v1.1.0
[INFO] [stderr]    Compiling cw-utils v0.13.4
[INFO] [stderr]    Compiling cosmwasm-storage v1.2.1
[INFO] [stderr]    Compiling cw20 v0.13.4
[INFO] [stderr]    Compiling cw2 v1.1.0
[INFO] [stderr]    Compiling cw-utils v1.0.1
[INFO] [stderr]    Compiling core v1.0.0 (/opt/rustwide/workdir/packages/core)
[INFO] [stdout] warning: unused import: `ContractError`
[INFO] [stdout]  --> packages/core/src/modules/asset.rs:1:20
[INFO] [stdout]   |
[INFO] [stdout] 1 | use crate::error::{ContractError, ContractResult};
[INFO] [stdout]   |                    ^^^^^^^^^^^^^
[INFO] [stdout]   |
[INFO] [stdout]   = note: `#[warn(unused_imports)]` on by default
[INFO] [stdout] 
[INFO] [stdout] 
[INFO] [stdout] warning: unused imports: `MessageInfo` and `Response`
[INFO] [stdout]  --> packages/core/src/modules/asset.rs:5:63
[INFO] [stdout]   |
[INFO] [stdout] 5 |     coin, to_binary, Addr, BankMsg, Coin, CosmosMsg, Decimal, MessageInfo, Response, Uint128,
[INFO] [stdout]   |                                                               ^^^^^^^^^^^  ^^^^^^^^
[INFO] [stdout] 
[INFO] [stdout] 
[INFO] [stdout] warning: unused import: `Empty`
[INFO] [stdout]  --> packages/core/src/messages/token_burner/execute_msg.rs:2:28
[INFO] [stdout]   |
[INFO] [stdout] 2 | use cosmwasm_std::{Binary, Empty, Uint128};
[INFO] [stdout]   |                            ^^^^^
[INFO] [stdout] 
[INFO] [stdout] 
[INFO] [stdout] warning: unused import: `Empty`
[INFO] [stdout]  --> packages/core/src/messages/token_burner/query_msg.rs:2:20
[INFO] [stdout]   |
[INFO] [stdout] 2 | use cosmwasm_std::{Empty, Uint128};
[INFO] [stdout]   |                    ^^^^^
[INFO] [stdout] 
[INFO] [stdout] 
[INFO] [stdout] warning: variable does not need to be mutable
[INFO] [stdout]   --> packages/core/src/modules/asset.rs:40:22
[INFO] [stdout]    |
[INFO] [stdout] 40 |     pub fn spendable(mut self, is_classic: bool) -> Self {
[INFO] [stdout]    |                      ----^^^^
[INFO] [stdout]    |                      |
[INFO] [stdout]    |                      help: remove this `mut`
[INFO] [stdout]    |
[INFO] [stdout]    = note: `#[warn(unused_mut)]` on by default
[INFO] [stdout] 
[INFO] [stdout] 
[INFO] [stderr]    Compiling factory v1.0.0 (/opt/rustwide/workdir/contracts/factory)
[INFO] [stderr]    Compiling token_burner v1.0.0 (/opt/rustwide/workdir/contracts/token_burner)
[INFO] [stdout] warning: function `instantiate` is never used
[INFO] [stdout]   --> contracts/token_burner/src/contract.rs:15:8
[INFO] [stdout]    |
[INFO] [stdout] 15 | pub fn instantiate(
[INFO] [stdout]    |        ^^^^^^^^^^^
[INFO] [stdout]    |
[INFO] [stdout]    = note: `#[warn(dead_code)]` on by default
[INFO] [stdout] 
[INFO] [stdout] 
[INFO] [stdout] warning: function `execute` is never used
[INFO] [stdout]   --> contracts/token_burner/src/contract.rs:25:8
[INFO] [stdout]    |
[INFO] [stdout] 25 | pub fn execute(
[INFO] [stdout]    |        ^^^^^^^
[INFO] [stdout] 
[INFO] [stdout] 
[INFO] [stdout] warning: function `query` is never used
[INFO] [stdout]   --> contracts/token_burner/src/contract.rs:38:8
[INFO] [stdout]    |
[INFO] [stdout] 38 | pub fn query(
[INFO] [stdout]    |        ^^^^^
[INFO] [stdout] 
[INFO] [stdout] 
[INFO] [stdout] warning: associated function `new` is never used
[INFO] [stdout]   --> contracts/token_burner/src/state/state.rs:10:12
[INFO] [stdout]    |
[INFO] [stdout] 9  | impl<'a> State<'a> {
[INFO] [stdout]    | ------------------ associated function in this implementation
[INFO] [stdout] 10 |     pub fn new() -> Self {
[INFO] [stdout]    |            ^^^
[INFO] [stdout] 
[INFO] [stdout] 
[INFO] [stdout] warning: struct `CreateHandler` is never constructed
[INFO] [stdout]  --> contracts/token_burner/src/instantiate/create_handler.rs:7:12
[INFO] [stdout]   |
[INFO] [stdout] 7 | pub struct CreateHandler {}
[INFO] [stdout]   |            ^^^^^^^^^^^^^
[INFO] [stdout] 
[INFO] [stdout] 
[INFO] [stdout] warning: struct `ReceiveHandler` is never constructed
[INFO] [stdout]   --> contracts/token_burner/src/execute/receive_handler.rs:12:12
[INFO] [stdout]    |
[INFO] [stdout] 12 | pub struct ReceiveHandler {}
[INFO] [stdout]    |            ^^^^^^^^^^^^^^
[INFO] [stdout] 
[INFO] [stdout] 
[INFO] [stdout] warning: struct `LeaderboardHandler` is never constructed
[INFO] [stdout]  --> contracts/token_burner/src/query/leaderboard_handler.rs:7:12
[INFO] [stdout]   |
[INFO] [stdout] 7 | pub struct LeaderboardHandler {}
[INFO] [stdout]   |            ^^^^^^^^^^^^^^^^^^
[INFO] [stdout] 
[INFO] [stdout] 
[INFO] [stdout] warning: struct `RegisterPairHandler` is never constructed
[INFO] [stdout]   --> contracts/factory/src/execute/register_pair_handler.rs:10:12
[INFO] [stdout]    |
[INFO] [stdout] 10 | pub struct RegisterPairHandler {}
[INFO] [stdout]    |            ^^^^^^^^^^^^^^^^^^^
[INFO] [stdout]    |
[INFO] [stdout]    = note: `#[warn(dead_code)]` on by default
[INFO] [stdout] 
[INFO] [stdout] 
[INFO] [stdout] warning: struct `RegisterTokenHandler` is never constructed
[INFO] [stdout]   --> contracts/factory/src/execute/register_token_handler.rs:10:12
[INFO] [stdout]    |
[INFO] [stdout] 10 | pub struct RegisterTokenHandler {}
[INFO] [stdout]    |            ^^^^^^^^^^^^^^^^^^^^
[INFO] [stdout] 
[INFO] [stdout] 
[INFO] [stdout] warning: struct `RegisterTokenReplyHandler` is never constructed
[INFO] [stdout]  --> contracts/factory/src/reply/register_token_reply_handler.rs:9:12
[INFO] [stdout]   |
[INFO] [stdout] 9 | pub struct RegisterTokenReplyHandler {}
[INFO] [stdout]   |            ^^^^^^^^^^^^^^^^^^^^^^^^^
[INFO] [stdout] 
[INFO] [stdout] 
[INFO] [stderr]     Finished `dev` profile [unoptimized + debuginfo] target(s) in 59.29s
[INFO] running `Command { std: "docker" "inspect" "8fe0ed37b03aaa8712bde70b7e09c3163bcee21b1adf25e8334a0d2d53ce2f4e", kill_on_drop: false }`
[INFO] running `Command { std: "docker" "rm" "-f" "8fe0ed37b03aaa8712bde70b7e09c3163bcee21b1adf25e8334a0d2d53ce2f4e", kill_on_drop: false }`
[INFO] [stdout] 8fe0ed37b03aaa8712bde70b7e09c3163bcee21b1adf25e8334a0d2d53ce2f4e
[INFO] running `Command { std: "docker" "create" "-v" "/var/lib/crater-agent-workspace/builds/worker-7-tc2/target:/opt/rustwide/target:rw,Z" "-v" "/var/lib/crater-agent-workspace/builds/worker-7-tc2/source:/opt/rustwide/workdir:ro,Z" "-v" "/var/lib/crater-agent-workspace/cargo-home:/opt/rustwide/cargo-home:ro,Z" "-v" "/var/lib/crater-agent-workspace/rustup-home:/opt/rustwide/rustup-home:ro,Z" "-e" "SOURCE_DIR=/opt/rustwide/workdir" "-e" "CARGO_TARGET_DIR=/opt/rustwide/target" "-e" "CARGO_INCREMENTAL=0" "-e" "RUST_BACKTRACE=full" "-e" "RUSTFLAGS=--cap-lints=warn" "-e" "RUSTDOCFLAGS=--cap-lints=warn" "-e" "CARGO_HOME=/opt/rustwide/cargo-home" "-e" "RUSTUP_HOME=/opt/rustwide/rustup-home" "-w" "/opt/rustwide/workdir" "-m" "1610612736" "--user" "0:0" "--network" "none" "ghcr.io/rust-lang/crates-build-env/linux@sha256:f3a9d4ad9d972b27faf3965f35b62e55ba32bbce8f20bc8fe909558a86702fde" "/opt/rustwide/cargo-home/bin/cargo" "+beta-2024-12-08" "test" "--frozen" "--no-run" "--message-format=json", kill_on_drop: false }`
[INFO] [stdout] e4aa642095796738d9d640dc332bcee24c9ce36fe3753fbeaa00bfff9f53caf5
[INFO] running `Command { std: "docker" "start" "-a" "e4aa642095796738d9d640dc332bcee24c9ce36fe3753fbeaa00bfff9f53caf5", kill_on_drop: false }`
[INFO] [stdout] warning: unused import: `ContractError`
[INFO] [stdout]  --> packages/core/src/modules/asset.rs:1:20
[INFO] [stdout]   |
[INFO] [stdout] 1 | use crate::error::{ContractError, ContractResult};
[INFO] [stdout]   |                    ^^^^^^^^^^^^^
[INFO] [stdout]   |
[INFO] [stdout]   = note: `#[warn(unused_imports)]` on by default
[INFO] [stdout] 
[INFO] [stdout] 
[INFO] [stdout] warning: unused imports: `MessageInfo` and `Response`
[INFO] [stdout]  --> packages/core/src/modules/asset.rs:5:63
[INFO] [stdout]   |
[INFO] [stdout] 5 |     coin, to_binary, Addr, BankMsg, Coin, CosmosMsg, Decimal, MessageInfo, Response, Uint128,
[INFO] [stdout]   |                                                               ^^^^^^^^^^^  ^^^^^^^^
[INFO] [stdout] 
[INFO] [stdout] 
[INFO] [stdout] warning: unused import: `Empty`
[INFO] [stdout]  --> packages/core/src/messages/token_burner/execute_msg.rs:2:28
[INFO] [stdout]   |
[INFO] [stdout] 2 | use cosmwasm_std::{Binary, Empty, Uint128};
[INFO] [stdout]   |                            ^^^^^
[INFO] [stdout] 
[INFO] [stdout] 
[INFO] [stdout] warning: unused import: `Empty`
[INFO] [stdout]  --> packages/core/src/messages/token_burner/query_msg.rs:2:20
[INFO] [stdout]   |
[INFO] [stdout] 2 | use cosmwasm_std::{Empty, Uint128};
[INFO] [stdout]   |                    ^^^^^
[INFO] [stdout] 
[INFO] [stdout] 
[INFO] [stdout] warning: variable does not need to be mutable
[INFO] [stdout]   --> packages/core/src/modules/asset.rs:40:22
[INFO] [stdout]    |
[INFO] [stdout] 40 |     pub fn spendable(mut self, is_classic: bool) -> Self {
[INFO] [stdout]    |                      ----^^^^
[INFO] [stdout]    |                      |
[INFO] [stdout]    |                      help: remove this `mut`
[INFO] [stdout]    |
[INFO] [stdout]    = note: `#[warn(unused_mut)]` on by default
[INFO] [stdout] 
[INFO] [stdout] 
[INFO] [stderr]    Compiling core v1.0.0 (/opt/rustwide/workdir/packages/core)
[INFO] [stdout] warning: function `instantiate` is never used
[INFO] [stdout]   --> contracts/token_burner/src/contract.rs:15:8
[INFO] [stdout]    |
[INFO] [stdout] 15 | pub fn instantiate(
[INFO] [stdout]    |        ^^^^^^^^^^^
[INFO] [stdout]    |
[INFO] [stdout]    = note: `#[warn(dead_code)]` on by default
[INFO] [stdout] 
[INFO] [stdout] 
[INFO] [stderr]    Compiling token_burner v1.0.0 (/opt/rustwide/workdir/contracts/token_burner)
[INFO] [stdout] warning: function `execute` is never used
[INFO] [stdout]   --> contracts/token_burner/src/contract.rs:25:8
[INFO] [stdout]    |
[INFO] [stdout] 25 | pub fn execute(
[INFO] [stdout]    |        ^^^^^^^
[INFO] [stdout] 
[INFO] [stdout] 
[INFO] [stderr]    Compiling factory v1.0.0 (/opt/rustwide/workdir/contracts/factory)
[INFO] [stdout] warning: function `query` is never used
[INFO] [stdout]   --> contracts/token_burner/src/contract.rs:38:8
[INFO] [stdout]    |
[INFO] [stdout] 38 | pub fn query(
[INFO] [stdout]    |        ^^^^^
[INFO] [stdout] 
[INFO] [stdout] 
[INFO] [stdout] warning: associated function `new` is never used
[INFO] [stdout]   --> contracts/token_burner/src/state/state.rs:10:12
[INFO] [stdout]    |
[INFO] [stdout] 9  | impl<'a> State<'a> {
[INFO] [stdout]    | ------------------ associated function in this implementation
[INFO] [stdout] 10 |     pub fn new() -> Self {
[INFO] [stdout]    |            ^^^
[INFO] [stdout] 
[INFO] [stdout] 
[INFO] [stdout] warning: struct `CreateHandler` is never constructed
[INFO] [stdout]  --> contracts/token_burner/src/instantiate/create_handler.rs:7:12
[INFO] [stdout]   |
[INFO] [stdout] 7 | pub struct CreateHandler {}
[INFO] [stdout]   |            ^^^^^^^^^^^^^
[INFO] [stdout] 
[INFO] [stdout] 
[INFO] [stdout] warning: struct `ReceiveHandler` is never constructed
[INFO] [stdout]   --> contracts/token_burner/src/execute/receive_handler.rs:12:12
[INFO] [stdout]    |
[INFO] [stdout] 12 | pub struct ReceiveHandler {}
[INFO] [stdout]    |            ^^^^^^^^^^^^^^
[INFO] [stdout] 
[INFO] [stdout] 
[INFO] [stdout] warning: struct `LeaderboardHandler` is never constructed
[INFO] [stdout]  --> contracts/token_burner/src/query/leaderboard_handler.rs:7:12
[INFO] [stdout]   |
[INFO] [stdout] 7 | pub struct LeaderboardHandler {}
[INFO] [stdout]   |            ^^^^^^^^^^^^^^^^^^
[INFO] [stdout] 
[INFO] [stdout] 
[INFO] [stdout] warning: struct `RegisterPairHandler` is never constructed
[INFO] [stdout]   --> contracts/factory/src/execute/register_pair_handler.rs:10:12
[INFO] [stdout]    |
[INFO] [stdout] 10 | pub struct RegisterPairHandler {}
[INFO] [stdout]    |            ^^^^^^^^^^^^^^^^^^^
[INFO] [stdout]    |
[INFO] [stdout]    = note: `#[warn(dead_code)]` on by default
[INFO] [stdout] 
[INFO] [stdout] 
[INFO] [stdout] warning: struct `RegisterTokenHandler` is never constructed
[INFO] [stdout]   --> contracts/factory/src/execute/register_token_handler.rs:10:12
[INFO] [stdout]    |
[INFO] [stdout] 10 | pub struct RegisterTokenHandler {}
[INFO] [stdout]    |            ^^^^^^^^^^^^^^^^^^^^
[INFO] [stdout] 
[INFO] [stdout] 
[INFO] [stdout] warning: struct `RegisterTokenReplyHandler` is never constructed
[INFO] [stdout]  --> contracts/factory/src/reply/register_token_reply_handler.rs:9:12
[INFO] [stdout]   |
[INFO] [stdout] 9 | pub struct RegisterTokenReplyHandler {}
[INFO] [stdout]   |            ^^^^^^^^^^^^^^^^^^^^^^^^^
[INFO] [stdout] 
[INFO] [stdout] 
[INFO] [stdout] warning: unused variable: `state`
[INFO] [stdout]  --> contracts/token_burner/src/testing/state_test.rs:5:9
[INFO] [stdout]   |
[INFO] [stdout] 5 |     let state = State::new();
[INFO] [stdout]   |         ^^^^^ help: if this is intentional, prefix it with an underscore: `_state`
[INFO] [stdout]   |
[INFO] [stdout]   = note: `#[warn(unused_variables)]` on by default
[INFO] [stdout] 
[INFO] [stdout] 
[INFO] [stdout] warning: unused variable: `state`
[INFO] [stdout]  --> contracts/factory/src/testing/state_test.rs:5:9
[INFO] [stdout]   |
[INFO] [stdout] 5 |     let state = State::new();
[INFO] [stdout]   |         ^^^^^ help: if this is intentional, prefix it with an underscore: `_state`
[INFO] [stdout]   |
[INFO] [stdout]   = note: `#[warn(unused_variables)]` on by default
[INFO] [stdout] 
[INFO] [stdout] 
[INFO] [stdout] warning: function `instantiate` is never used
[INFO] [stdout]   --> contracts/token_burner/src/contract.rs:15:8
[INFO] [stdout]    |
[INFO] [stdout] 15 | pub fn instantiate(
[INFO] [stdout]    |        ^^^^^^^^^^^
[INFO] [stdout]    |
[INFO] [stdout]    = note: `#[warn(dead_code)]` on by default
[INFO] [stdout] 
[INFO] [stdout] 
[INFO] [stdout] warning: function `execute` is never used
[INFO] [stdout]   --> contracts/token_burner/src/contract.rs:25:8
[INFO] [stdout]    |
[INFO] [stdout] 25 | pub fn execute(
[INFO] [stdout]    |        ^^^^^^^
[INFO] [stdout] 
[INFO] [stdout] 
[INFO] [stdout] warning: function `query` is never used
[INFO] [stdout]   --> contracts/token_burner/src/contract.rs:38:8
[INFO] [stdout]    |
[INFO] [stdout] 38 | pub fn query(
[INFO] [stdout]    |        ^^^^^
[INFO] [stdout] 
[INFO] [stdout] 
[INFO] [stdout] warning: struct `CreateHandler` is never constructed
[INFO] [stdout]  --> contracts/token_burner/src/instantiate/create_handler.rs:7:12
[INFO] [stdout]   |
[INFO] [stdout] 7 | pub struct CreateHandler {}
[INFO] [stdout]   |            ^^^^^^^^^^^^^
[INFO] [stdout] 
[INFO] [stdout] 
[INFO] [stdout] warning: struct `ReceiveHandler` is never constructed
[INFO] [stdout]   --> contracts/token_burner/src/execute/receive_handler.rs:12:12
[INFO] [stdout]    |
[INFO] [stdout] 12 | pub struct ReceiveHandler {}
[INFO] [stdout]    |            ^^^^^^^^^^^^^^
[INFO] [stdout] 
[INFO] [stdout] 
[INFO] [stdout] warning: struct `LeaderboardHandler` is never constructed
[INFO] [stdout]  --> contracts/token_burner/src/query/leaderboard_handler.rs:7:12
[INFO] [stdout]   |
[INFO] [stdout] 7 | pub struct LeaderboardHandler {}
[INFO] [stdout]   |            ^^^^^^^^^^^^^^^^^^
[INFO] [stdout] 
[INFO] [stdout] 
[INFO] [stdout] warning: struct `RegisterPairHandler` is never constructed
[INFO] [stdout]   --> contracts/factory/src/execute/register_pair_handler.rs:10:12
[INFO] [stdout]    |
[INFO] [stdout] 10 | pub struct RegisterPairHandler {}
[INFO] [stdout]    |            ^^^^^^^^^^^^^^^^^^^
[INFO] [stdout]    |
[INFO] [stdout]    = note: `#[warn(dead_code)]` on by default
[INFO] [stdout] 
[INFO] [stdout] 
[INFO] [stdout] warning: struct `RegisterTokenHandler` is never constructed
[INFO] [stdout]   --> contracts/factory/src/execute/register_token_handler.rs:10:12
[INFO] [stdout]    |
[INFO] [stdout] 10 | pub struct RegisterTokenHandler {}
[INFO] [stdout]    |            ^^^^^^^^^^^^^^^^^^^^
[INFO] [stdout] 
[INFO] [stdout] 
[INFO] [stdout] warning: struct `RegisterTokenReplyHandler` is never constructed
[INFO] [stdout]  --> contracts/factory/src/reply/register_token_reply_handler.rs:9:12
[INFO] [stdout]   |
[INFO] [stdout] 9 | pub struct RegisterTokenReplyHandler {}
[INFO] [stdout]   |            ^^^^^^^^^^^^^^^^^^^^^^^^^
[INFO] [stdout] 
[INFO] [stdout] 
[INFO] [stdout] warning: unused import: `ContractError`
[INFO] [stdout]  --> packages/core/src/modules/asset.rs:1:20
[INFO] [stdout]   |
[INFO] [stdout] 1 | use crate::error::{ContractError, ContractResult};
[INFO] [stdout]   |                    ^^^^^^^^^^^^^
[INFO] [stdout]   |
[INFO] [stdout]   = note: `#[warn(unused_imports)]` on by default
[INFO] [stdout] 
[INFO] [stdout] 
[INFO] [stdout] warning: unused imports: `MessageInfo` and `Response`
[INFO] [stdout]  --> packages/core/src/modules/asset.rs:5:63
[INFO] [stdout]   |
[INFO] [stdout] 5 |     coin, to_binary, Addr, BankMsg, Coin, CosmosMsg, Decimal, MessageInfo, Response, Uint128,
[INFO] [stdout]   |                                                               ^^^^^^^^^^^  ^^^^^^^^
[INFO] [stdout] 
[INFO] [stdout] 
[INFO] [stdout] warning: unused import: `Empty`
[INFO] [stdout]  --> packages/core/src/messages/token_burner/execute_msg.rs:2:28
[INFO] [stdout]   |
[INFO] [stdout] 2 | use cosmwasm_std::{Binary, Empty, Uint128};
[INFO] [stdout]   |                            ^^^^^
[INFO] [stdout] 
[INFO] [stdout] 
[INFO] [stdout] warning: unused import: `Empty`
[INFO] [stdout]  --> packages/core/src/messages/token_burner/query_msg.rs:2:20
[INFO] [stdout]   |
[INFO] [stdout] 2 | use cosmwasm_std::{Empty, Uint128};
[INFO] [stdout]   |                    ^^^^^
[INFO] [stdout] 
[INFO] [stdout] 
[INFO] [stdout] warning: variable does not need to be mutable
[INFO] [stdout]   --> packages/core/src/modules/asset.rs:40:22
[INFO] [stdout]    |
[INFO] [stdout] 40 |     pub fn spendable(mut self, is_classic: bool) -> Self {
[INFO] [stdout]    |                      ----^^^^
[INFO] [stdout]    |                      |
[INFO] [stdout]    |                      help: remove this `mut`
[INFO] [stdout]    |
[INFO] [stdout]    = note: `#[warn(unused_mut)]` on by default
[INFO] [stdout] 
[INFO] [stdout] 
[INFO] [stderr]     Finished `test` profile [unoptimized + debuginfo] target(s) in 1.80s
[INFO] running `Command { std: "docker" "inspect" "e4aa642095796738d9d640dc332bcee24c9ce36fe3753fbeaa00bfff9f53caf5", kill_on_drop: false }`
[INFO] running `Command { std: "docker" "rm" "-f" "e4aa642095796738d9d640dc332bcee24c9ce36fe3753fbeaa00bfff9f53caf5", kill_on_drop: false }`
[INFO] [stdout] e4aa642095796738d9d640dc332bcee24c9ce36fe3753fbeaa00bfff9f53caf5
[INFO] running `Command { std: "docker" "create" "-v" "/var/lib/crater-agent-workspace/builds/worker-7-tc2/target:/opt/rustwide/target:rw,Z" "-v" "/var/lib/crater-agent-workspace/builds/worker-7-tc2/source:/opt/rustwide/workdir:ro,Z" "-v" "/var/lib/crater-agent-workspace/cargo-home:/opt/rustwide/cargo-home:ro,Z" "-v" "/var/lib/crater-agent-workspace/rustup-home:/opt/rustwide/rustup-home:ro,Z" "-e" "SOURCE_DIR=/opt/rustwide/workdir" "-e" "CARGO_TARGET_DIR=/opt/rustwide/target" "-e" "CARGO_INCREMENTAL=0" "-e" "RUST_BACKTRACE=full" "-e" "RUSTFLAGS=--cap-lints=warn" "-e" "RUSTDOCFLAGS=--cap-lints=warn" "-e" "CARGO_HOME=/opt/rustwide/cargo-home" "-e" "RUSTUP_HOME=/opt/rustwide/rustup-home" "-w" "/opt/rustwide/workdir" "-m" "1610612736" "--user" "0:0" "--network" "none" "ghcr.io/rust-lang/crates-build-env/linux@sha256:f3a9d4ad9d972b27faf3965f35b62e55ba32bbce8f20bc8fe909558a86702fde" "/opt/rustwide/cargo-home/bin/cargo" "+beta-2024-12-08" "test" "--frozen", kill_on_drop: false }`
[INFO] [stdout] 300bcc4108d72f8dabc568800d8f7b21c0ab5fcb2139214a972452142bcb92b2
[INFO] running `Command { std: "docker" "start" "-a" "300bcc4108d72f8dabc568800d8f7b21c0ab5fcb2139214a972452142bcb92b2", kill_on_drop: false }`
[INFO] [stderr] warning: unused import: `ContractError`
[INFO] [stderr]  --> packages/core/src/modules/asset.rs:1:20
[INFO] [stderr]   |
[INFO] [stderr] 1 | use crate::error::{ContractError, ContractResult};
[INFO] [stderr]   |                    ^^^^^^^^^^^^^
[INFO] [stderr]   |
[INFO] [stderr]   = note: `#[warn(unused_imports)]` on by default
[INFO] [stderr] 
[INFO] [stderr] warning: unused imports: `MessageInfo` and `Response`
[INFO] [stderr]  --> packages/core/src/modules/asset.rs:5:63
[INFO] [stderr]   |
[INFO] [stderr] 5 |     coin, to_binary, Addr, BankMsg, Coin, CosmosMsg, Decimal, MessageInfo, Response, Uint128,
[INFO] [stderr]   |                                                               ^^^^^^^^^^^  ^^^^^^^^
[INFO] [stderr] 
[INFO] [stderr] warning: unused import: `Empty`
[INFO] [stderr]  --> packages/core/src/messages/token_burner/execute_msg.rs:2:28
[INFO] [stderr]   |
[INFO] [stderr] 2 | use cosmwasm_std::{Binary, Empty, Uint128};
[INFO] [stderr]   |                            ^^^^^
[INFO] [stderr] 
[INFO] [stderr] warning: unused import: `Empty`
[INFO] [stderr]  --> packages/core/src/messages/token_burner/query_msg.rs:2:20
[INFO] [stderr]   |
[INFO] [stderr] 2 | use cosmwasm_std::{Empty, Uint128};
[INFO] [stderr]   |                    ^^^^^
[INFO] [stderr] 
[INFO] [stderr] warning: variable does not need to be mutable
[INFO] [stderr]   --> packages/core/src/modules/asset.rs:40:22
[INFO] [stderr]    |
[INFO] [stderr] 40 |     pub fn spendable(mut self, is_classic: bool) -> Self {
[INFO] [stderr]    |                      ----^^^^
[INFO] [stderr]    |                      |
[INFO] [stderr]    |                      help: remove this `mut`
[INFO] [stderr]    |
[INFO] [stderr]    = note: `#[warn(unused_mut)]` on by default
[INFO] [stderr] 
[INFO] [stderr] warning: `core` (lib) generated 5 warnings (run `cargo fix --lib -p core` to apply 5 suggestions)
[INFO] [stderr] warning: `core` (lib test) generated 5 warnings (5 duplicates)
[INFO] [stderr] warning: function `instantiate` is never used
[INFO] [stderr]   --> contracts/token_burner/src/contract.rs:15:8
[INFO] [stderr]    |
[INFO] [stderr] 15 | pub fn instantiate(
[INFO] [stderr]    |        ^^^^^^^^^^^
[INFO] [stderr]    |
[INFO] [stderr]    = note: `#[warn(dead_code)]` on by default
[INFO] [stderr] 
[INFO] [stderr] warning: function `execute` is never used
[INFO] [stderr]   --> contracts/token_burner/src/contract.rs:25:8
[INFO] [stderr]    |
[INFO] [stderr] 25 | pub fn execute(
[INFO] [stderr]    |        ^^^^^^^
[INFO] [stderr] 
[INFO] [stderr] warning: function `query` is never used
[INFO] [stderr]   --> contracts/token_burner/src/contract.rs:38:8
[INFO] [stderr]    |
[INFO] [stderr] 38 | pub fn query(
[INFO] [stderr]    |        ^^^^^
[INFO] [stderr] 
[INFO] [stderr] warning: associated function `new` is never used
[INFO] [stderr]   --> contracts/token_burner/src/state/state.rs:10:12
[INFO] [stderr]    |
[INFO] [stderr] 9  | impl<'a> State<'a> {
[INFO] [stderr]    | ------------------ associated function in this implementation
[INFO] [stderr] 10 |     pub fn new() -> Self {
[INFO] [stderr]    |            ^^^
[INFO] [stderr] 
[INFO] [stderr] warning: struct `CreateHandler` is never constructed
[INFO] [stderr]  --> contracts/token_burner/src/instantiate/create_handler.rs:7:12
[INFO] [stderr]   |
[INFO] [stderr] 7 | pub struct CreateHandler {}
[INFO] [stderr]   |            ^^^^^^^^^^^^^
[INFO] [stderr] 
[INFO] [stderr] warning: struct `ReceiveHandler` is never constructed
[INFO] [stderr]   --> contracts/token_burner/src/execute/receive_handler.rs:12:12
[INFO] [stderr]    |
[INFO] [stderr] 12 | pub struct ReceiveHandler {}
[INFO] [stderr]    |            ^^^^^^^^^^^^^^
[INFO] [stderr] 
[INFO] [stderr] warning: struct `LeaderboardHandler` is never constructed
[INFO] [stderr]  --> contracts/token_burner/src/query/leaderboard_handler.rs:7:12
[INFO] [stderr]   |
[INFO] [stderr] 7 | pub struct LeaderboardHandler {}
[INFO] [stderr]   |            ^^^^^^^^^^^^^^^^^^
[INFO] [stderr] 
[INFO] [stderr] warning: struct `RegisterPairHandler` is never constructed
[INFO] [stderr]   --> contracts/factory/src/execute/register_pair_handler.rs:10:12
[INFO] [stderr]    |
[INFO] [stderr] 10 | pub struct RegisterPairHandler {}
[INFO] [stderr]    |            ^^^^^^^^^^^^^^^^^^^
[INFO] [stderr]    |
[INFO] [stderr]    = note: `#[warn(dead_code)]` on by default
[INFO] [stderr] 
[INFO] [stderr] warning: struct `RegisterTokenHandler` is never constructed
[INFO] [stderr]   --> contracts/factory/src/execute/register_token_handler.rs:10:12
[INFO] [stderr]    |
[INFO] [stderr] 10 | pub struct RegisterTokenHandler {}
[INFO] [stderr]    |            ^^^^^^^^^^^^^^^^^^^^
[INFO] [stderr] 
[INFO] [stderr] warning: struct `RegisterTokenReplyHandler` is never constructed
[INFO] [stderr]  --> contracts/factory/src/reply/register_token_reply_handler.rs:9:12
[INFO] [stderr]   |
[INFO] [stderr] 9 | pub struct RegisterTokenReplyHandler {}
[INFO] [stderr]   |            ^^^^^^^^^^^^^^^^^^^^^^^^^
[INFO] [stderr] 
[INFO] [stderr] warning: unused variable: `state`
[INFO] [stderr]  --> contracts/token_burner/src/testing/state_test.rs:5:9
[INFO] [stderr]   |
[INFO] [stderr] 5 |     let state = State::new();
[INFO] [stderr]   |         ^^^^^ help: if this is intentional, prefix it with an underscore: `_state`
[INFO] [stderr]   |
[INFO] [stderr]   = note: `#[warn(unused_variables)]` on by default
[INFO] [stderr] 
[INFO] [stderr] warning: unused variable: `state`
[INFO] [stderr]  --> contracts/factory/src/testing/state_test.rs:5:9
[INFO] [stderr]   |
[INFO] [stderr] 5 |     let state = State::new();
[INFO] [stderr]   |         ^^^^^ help: if this is intentional, prefix it with an underscore: `_state`
[INFO] [stderr]   |
[INFO] [stderr]   = note: `#[warn(unused_variables)]` on by default
[INFO] [stderr] 
[INFO] [stderr] warning: `token_burner` (lib) generated 7 warnings
[INFO] [stderr] warning: `factory` (lib) generated 3 warnings
[INFO] [stderr] warning: `token_burner` (lib test) generated 7 warnings (6 duplicates)
[INFO] [stderr] warning: `factory` (lib test) generated 4 warnings (3 duplicates)
[INFO] [stderr]     Finished `test` profile [unoptimized + debuginfo] target(s) in 0.13s
[INFO] [stderr]      Running unittests src/lib.rs (/opt/rustwide/target/debug/deps/core-7dc68277d843f653)
[INFO] [stdout] 
[INFO] [stdout] running 0 tests
[INFO] [stdout] 
[INFO] [stdout] test result: ok. 0 passed; 0 failed; 0 ignored; 0 measured; 0 filtered out; finished in 0.00s
[INFO] [stdout] 
[INFO] [stderr]      Running unittests src/lib.rs (/opt/rustwide/target/debug/deps/factory-f5a40375103a424c)
[INFO] [stdout] 
[INFO] [stdout] running 1 test
[INFO] [stdout] test testing::state_test::test ... ok
[INFO] [stdout] 
[INFO] [stdout] test result: ok. 1 passed; 0 failed; 0 ignored; 0 measured; 0 filtered out; finished in 0.00s
[INFO] [stdout] 
[INFO] [stderr]      Running unittests src/lib.rs (/opt/rustwide/target/debug/deps/token_burner-cde4693c08b02fc8)
[INFO] [stdout] 
[INFO] [stdout] running 1 test
[INFO] [stdout] test testing::state_test::test ... ok
[INFO] [stdout] 
[INFO] [stdout] test result: ok. 1 passed; 0 failed; 0 ignored; 0 measured; 0 filtered out; finished in 0.00s
[INFO] [stdout] 
[INFO] [stderr]    Doc-tests core
[INFO] [stderr] error[E0433]: failed to resolve: could not find `write` in `core`
[INFO] [stderr]  --> packages/core/src/error.rs:7:10
[INFO] [stderr]   |
[INFO] [stderr] 7 | #[derive(Error, Debug)]
[INFO] [stderr]   |          ^^^^^ could not find `write` in `core`
[INFO] [stderr]   |
[INFO] [stderr]   = note: this error originates in the derive macro `Error` (in Nightly builds, run with -Z macro-backtrace for more info)
[INFO] [stderr] 
[INFO] [stderr] error[E0433]: failed to resolve: could not find `option` in `core`
[INFO] [stderr]  --> packages/core/src/error.rs:7:10
[INFO] [stderr]   |
[INFO] [stderr] 7 | #[derive(Error, Debug)]
[INFO] [stderr]   |          ^^^^^ could not find `option` in `core`
[INFO] [stderr]   |
[INFO] [stderr]   = note: this error originates in the derive macro `Error` (in Nightly builds, run with -Z macro-backtrace for more info)
[INFO] [stderr] help: consider importing this module
[INFO] [stderr]   |
[INFO] [stderr] 1 + use std::option;
[INFO] [stderr]   |
[INFO] [stderr] 
[INFO] [stderr] error[E0433]: failed to resolve: could not find `fmt` in `core`
[INFO] [stderr]  --> packages/core/src/error.rs:7:10
[INFO] [stderr]   |
[INFO] [stderr] 7 | #[derive(Error, Debug)]
[INFO] [stderr]   |          ^^^^^ could not find `fmt` in `core`
[INFO] [stderr]   |
[INFO] [stderr]   = note: this error originates in the derive macro `Error` (in Nightly builds, run with -Z macro-backtrace for more info)
[INFO] [stderr] help: consider importing this module
[INFO] [stderr]   |
[INFO] [stderr] 1 + use std::fmt;
[INFO] [stderr]   |
[INFO] [stderr] 
[INFO] [stderr] error[E0433]: failed to resolve: could not find `convert` in `core`
[INFO] [stderr]  --> packages/core/src/error.rs:7:10
[INFO] [stderr]   |
[INFO] [stderr] 7 | #[derive(Error, Debug)]
[INFO] [stderr]   |          ^^^^^ could not find `convert` in `core`
[INFO] [stderr]   |
[INFO] [stderr]   = note: this error originates in the derive macro `Error` (in Nightly builds, run with -Z macro-backtrace for more info)
[INFO] [stderr] help: consider importing this module
[INFO] [stderr]   |
[INFO] [stderr] 1 + use std::convert;
[INFO] [stderr]   |
[INFO] [stderr] 
[INFO] [stderr] error: aborting due to 4 previous errors
[INFO] [stderr] 
[INFO] [stderr] For more information about this error, try `rustc --explain E0433`.
[INFO] [stderr] error: doctest failed, to rerun pass `-p core --doc`
[INFO] [stderr] 
[INFO] [stderr] Caused by:
[INFO] [stderr]   process didn't exit successfully: `/opt/rustwide/rustup-home/toolchains/beta-2024-12-08-x86_64-unknown-linux-gnu/bin/rustdoc --edition=2021 --crate-type lib --color auto --crate-name core --test packages/core/src/lib.rs --test-run-directory /opt/rustwide/workdir/packages/core -L dependency=/opt/rustwide/target/debug/deps -L dependency=/opt/rustwide/target/debug/deps --extern core=/opt/rustwide/target/debug/deps/libcore-fe6da5f5022b44db.rlib --extern cosmwasm_schema=/opt/rustwide/target/debug/deps/libcosmwasm_schema-b1112aade6f440f5.rlib --extern cosmwasm_std=/opt/rustwide/target/debug/deps/libcosmwasm_std-6f28fe1c1f90e6fc.rlib --extern cw_utils=/opt/rustwide/target/debug/deps/libcw_utils-17152826df7d364b.rlib --extern cw20=/opt/rustwide/target/debug/deps/libcw20-9e7d6d424de62e5a.rlib --extern semver=/opt/rustwide/target/debug/deps/libsemver-7bb964f6e5426a2e.rlib --extern serde_json_wasm=/opt/rustwide/target/debug/deps/libserde_json_wasm-d8dc554a6e7f4f3a.rlib --extern thiserror=/opt/rustwide/target/debug/deps/libthiserror-ed2b93022d179d59.rlib -C embed-bitcode=no --check-cfg 'cfg(docsrs)' --check-cfg 'cfg(feature, values())' --cap-lints=warn --error-format human` (exit status: 1)
[INFO] [stderr] note: test exited abnormally; to see the full output pass --nocapture to the harness.
[INFO] running `Command { std: "docker" "inspect" "300bcc4108d72f8dabc568800d8f7b21c0ab5fcb2139214a972452142bcb92b2", kill_on_drop: false }`
[INFO] running `Command { std: "docker" "rm" "-f" "300bcc4108d72f8dabc568800d8f7b21c0ab5fcb2139214a972452142bcb92b2", kill_on_drop: false }`
[INFO] [stdout] 300bcc4108d72f8dabc568800d8f7b21c0ab5fcb2139214a972452142bcb92b2
