[INFO] cloning repository https://github.com/resqiar/learn-rust
[INFO] running `Command { std: "git" "-c" "credential.helper=" "-c" "credential.helper=/workspace/cargo-home/bin/git-credential-null" "clone" "--bare" "https://github.com/resqiar/learn-rust" "/workspace/cache/git-repos/https%3A%2F%2Fgithub.com%2Fresqiar%2Flearn-rust", kill_on_drop: false }`
[INFO] [stderr] Cloning into bare repository '/workspace/cache/git-repos/https%3A%2F%2Fgithub.com%2Fresqiar%2Flearn-rust'...
[INFO] running `Command { std: "git" "rev-parse" "HEAD", kill_on_drop: false }`
[INFO] [stdout] 03dcd84b9a7e2307cf9043cb2f146bf6d52fe7db
[INFO] testing resqiar/learn-rust against beta-2024-12-08 for beta-1.84.0-4-retry
[INFO] running `Command { std: "git" "clone" "/workspace/cache/git-repos/https%3A%2F%2Fgithub.com%2Fresqiar%2Flearn-rust" "/workspace/builds/worker-0-tc2/source", kill_on_drop: false }`
[INFO] [stderr] Cloning into '/workspace/builds/worker-0-tc2/source'...
[INFO] [stderr] done.
[INFO] validating manifest of git repo https://github.com/resqiar/learn-rust on toolchain beta-2024-12-08
[INFO] running `Command { std: CARGO_HOME="/workspace/cargo-home" RUSTUP_HOME="/workspace/rustup-home" "/workspace/cargo-home/bin/cargo" "+beta-2024-12-08" "metadata" "--manifest-path" "Cargo.toml" "--no-deps", kill_on_drop: false }`
[INFO] started tweaking git repo https://github.com/resqiar/learn-rust
[INFO] finished tweaking git repo https://github.com/resqiar/learn-rust
[INFO] tweaked toml for git repo https://github.com/resqiar/learn-rust written to /workspace/builds/worker-0-tc2/source/Cargo.toml
[INFO] crate git repo https://github.com/resqiar/learn-rust already has a lockfile, it will not be regenerated
[INFO] running `Command { std: CARGO_HOME="/workspace/cargo-home" RUSTUP_HOME="/workspace/rustup-home" "/workspace/cargo-home/bin/cargo" "+beta-2024-12-08" "fetch" "--manifest-path" "Cargo.toml", kill_on_drop: false }`
[INFO] running `Command { std: "docker" "create" "-v" "/var/lib/crater-agent-workspace/builds/worker-0-tc2/target:/opt/rustwide/target:rw,Z" "-v" "/var/lib/crater-agent-workspace/builds/worker-0-tc2/source:/opt/rustwide/workdir:ro,Z" "-v" "/var/lib/crater-agent-workspace/cargo-home:/opt/rustwide/cargo-home:ro,Z" "-v" "/var/lib/crater-agent-workspace/rustup-home:/opt/rustwide/rustup-home:ro,Z" "-e" "SOURCE_DIR=/opt/rustwide/workdir" "-e" "CARGO_TARGET_DIR=/opt/rustwide/target" "-e" "CARGO_HOME=/opt/rustwide/cargo-home" "-e" "RUSTUP_HOME=/opt/rustwide/rustup-home" "-w" "/opt/rustwide/workdir" "-m" "1610612736" "--user" "0:0" "--network" "none" "ghcr.io/rust-lang/crates-build-env/linux@sha256:f3a9d4ad9d972b27faf3965f35b62e55ba32bbce8f20bc8fe909558a86702fde" "/opt/rustwide/cargo-home/bin/cargo" "+beta-2024-12-08" "metadata" "--no-deps" "--format-version=1", kill_on_drop: false }`
[INFO] [stdout] 1b109c1806b57ec6ae5df3453c0bc58a27a1afc8cda232cb1895d6cf327c6cf7
[INFO] running `Command { std: "docker" "start" "-a" "1b109c1806b57ec6ae5df3453c0bc58a27a1afc8cda232cb1895d6cf327c6cf7", kill_on_drop: false }`
[INFO] running `Command { std: "docker" "inspect" "1b109c1806b57ec6ae5df3453c0bc58a27a1afc8cda232cb1895d6cf327c6cf7", kill_on_drop: false }`
[INFO] running `Command { std: "docker" "rm" "-f" "1b109c1806b57ec6ae5df3453c0bc58a27a1afc8cda232cb1895d6cf327c6cf7", kill_on_drop: false }`
[INFO] [stdout] 1b109c1806b57ec6ae5df3453c0bc58a27a1afc8cda232cb1895d6cf327c6cf7
[INFO] running `Command { std: "docker" "create" "-v" "/var/lib/crater-agent-workspace/builds/worker-0-tc2/target:/opt/rustwide/target:rw,Z" "-v" "/var/lib/crater-agent-workspace/builds/worker-0-tc2/source:/opt/rustwide/workdir:ro,Z" "-v" "/var/lib/crater-agent-workspace/cargo-home:/opt/rustwide/cargo-home:ro,Z" "-v" "/var/lib/crater-agent-workspace/rustup-home:/opt/rustwide/rustup-home:ro,Z" "-e" "SOURCE_DIR=/opt/rustwide/workdir" "-e" "CARGO_TARGET_DIR=/opt/rustwide/target" "-e" "CARGO_INCREMENTAL=0" "-e" "RUST_BACKTRACE=full" "-e" "RUSTFLAGS=--cap-lints=warn" "-e" "RUSTDOCFLAGS=--cap-lints=warn" "-e" "CARGO_HOME=/opt/rustwide/cargo-home" "-e" "RUSTUP_HOME=/opt/rustwide/rustup-home" "-w" "/opt/rustwide/workdir" "-m" "1610612736" "--user" "0:0" "--network" "none" "ghcr.io/rust-lang/crates-build-env/linux@sha256:f3a9d4ad9d972b27faf3965f35b62e55ba32bbce8f20bc8fe909558a86702fde" "/opt/rustwide/cargo-home/bin/cargo" "+beta-2024-12-08" "build" "--frozen" "--message-format=json", kill_on_drop: false }`
[INFO] [stdout] 3285d03635715d31ff6805e1a6fc908a15c5e7a425c373b4c890fa2fd72b3f45
[INFO] running `Command { std: "docker" "start" "-a" "3285d03635715d31ff6805e1a6fc908a15c5e7a425c373b4c890fa2fd72b3f45", kill_on_drop: false }`
[INFO] [stderr]    Compiling learning_rust v0.1.0 (/opt/rustwide/workdir)
[INFO] [stdout] warning: fields `kind` and `value` are never read
[INFO] [stdout]  --> src/enums_mod.rs:3:5
[INFO] [stdout]   |
[INFO] [stdout] 2 | struct Language {
[INFO] [stdout]   |        -------- fields in this struct
[INFO] [stdout] 3 |     kind: LanguageKind,
[INFO] [stdout]   |     ^^^^
[INFO] [stdout] 4 |     value: Phrase,
[INFO] [stdout]   |     ^^^^^
[INFO] [stdout]   |
[INFO] [stdout]   = note: `Language` has a derived impl for the trait `Debug`, but this is intentionally ignored during dead code analysis
[INFO] [stdout]   = note: `#[warn(dead_code)]` on by default
[INFO] [stdout] 
[INFO] [stdout] 
[INFO] [stdout] warning: field `0` is never read
[INFO] [stdout]   --> src/enums_mod.rs:28:19
[INFO] [stdout]    |
[INFO] [stdout] 28 |     MorningSalute(String),
[INFO] [stdout]    |     ------------- ^^^^^^
[INFO] [stdout]    |     |
[INFO] [stdout]    |     field in this variant
[INFO] [stdout]    |
[INFO] [stdout]    = note: `Phrase` has a derived impl for the trait `Debug`, but this is intentionally ignored during dead code analysis
[INFO] [stdout] help: consider changing the field to be of unit type to suppress this warning while preserving the field numbering, or remove the field
[INFO] [stdout]    |
[INFO] [stdout] 28 |     MorningSalute(()),
[INFO] [stdout]    |                   ~~
[INFO] [stdout] 
[INFO] [stdout] 
[INFO] [stdout] warning: field `0` is never read
[INFO] [stdout]   --> src/enums_mod.rs:29:17
[INFO] [stdout]    |
[INFO] [stdout] 29 |     NightSalute(String),
[INFO] [stdout]    |     ----------- ^^^^^^
[INFO] [stdout]    |     |
[INFO] [stdout]    |     field in this variant
[INFO] [stdout]    |
[INFO] [stdout]    = note: `Phrase` has a derived impl for the trait `Debug`, but this is intentionally ignored during dead code analysis
[INFO] [stdout] help: consider changing the field to be of unit type to suppress this warning while preserving the field numbering, or remove the field
[INFO] [stdout]    |
[INFO] [stdout] 29 |     NightSalute(()),
[INFO] [stdout]    |                 ~~
[INFO] [stdout] 
[INFO] [stdout] 
[INFO] [stdout] warning: fields `total_game` and `final_score` are never read
[INFO] [stdout]  --> src/generic_mod.rs:3:5
[INFO] [stdout]   |
[INFO] [stdout] 2 | struct Game<T, U> {
[INFO] [stdout]   |        ---- fields in this struct
[INFO] [stdout] 3 |     total_game: T,
[INFO] [stdout]   |     ^^^^^^^^^^
[INFO] [stdout] 4 |     final_score: U,
[INFO] [stdout]   |     ^^^^^^^^^^^
[INFO] [stdout]   |
[INFO] [stdout]   = note: `Game` has a derived impl for the trait `Debug`, but this is intentionally ignored during dead code analysis
[INFO] [stdout] 
[INFO] [stdout] 
[INFO] [stdout] warning: variants `Electric` and `Petrol` are never constructed
[INFO] [stdout]  --> src/match_mod.rs:3:5
[INFO] [stdout]   |
[INFO] [stdout] 2 | enum VType {
[INFO] [stdout]   |      ----- variants in this enum
[INFO] [stdout] 3 |     Electric,
[INFO] [stdout]   |     ^^^^^^^^
[INFO] [stdout] 4 |     Diesel,
[INFO] [stdout] 5 |     Petrol,
[INFO] [stdout]   |     ^^^^^^
[INFO] [stdout]   |
[INFO] [stdout]   = note: `VType` has a derived impl for the trait `Debug`, but this is intentionally ignored during dead code analysis
[INFO] [stdout] 
[INFO] [stdout] 
[INFO] [stdout] warning: fields `0`, `1`, and `2` are never read
[INFO] [stdout]  --> src/struct_mod.rs:2:18
[INFO] [stdout]   |
[INFO] [stdout] 2 | pub struct Color(pub u32, pub u32, pub u32);
[INFO] [stdout]   |            ----- ^^^^^^^  ^^^^^^^  ^^^^^^^
[INFO] [stdout]   |            |
[INFO] [stdout]   |            fields in this struct
[INFO] [stdout]   |
[INFO] [stdout]   = help: consider removing these fields
[INFO] [stdout]   = note: `Color` has a derived impl for the trait `Debug`, but this is intentionally ignored during dead code analysis
[INFO] [stdout] 
[INFO] [stdout] 
[INFO] [stdout] warning: fields `id` and `name` are never read
[INFO] [stdout]  --> src/struct_mod.rs:6:5
[INFO] [stdout]   |
[INFO] [stdout] 5 | struct Vehicle {
[INFO] [stdout]   |        ------- fields in this struct
[INFO] [stdout] 6 |     id: usize,
[INFO] [stdout]   |     ^^
[INFO] [stdout] 7 |     name: String,
[INFO] [stdout]   |     ^^^^
[INFO] [stdout]   |
[INFO] [stdout]   = note: `Vehicle` has a derived impl for the trait `Debug`, but this is intentionally ignored during dead code analysis
[INFO] [stdout] 
[INFO] [stdout] 
[INFO] [stdout] warning: field `color` is never read
[INFO] [stdout]   --> src/struct_mod.rs:15:9
[INFO] [stdout]    |
[INFO] [stdout] 13 | pub struct Rect {
[INFO] [stdout]    |            ---- field in this struct
[INFO] [stdout] 14 |     pub name: String,
[INFO] [stdout] 15 |     pub color: Color,
[INFO] [stdout]    |         ^^^^^
[INFO] [stdout] 
[INFO] [stdout] 
[INFO] [stdout] warning: function `sum_num` is never used
[INFO] [stdout]  --> src/test_mod.rs:1:4
[INFO] [stdout]   |
[INFO] [stdout] 1 | fn sum_num(a: i32, b: i32) -> i32 {
[INFO] [stdout]   |    ^^^^^^^
[INFO] [stdout] 
[INFO] [stdout] 
[INFO] [stderr]     Finished `dev` profile [unoptimized + debuginfo] target(s) in 0.53s
[INFO] running `Command { std: "docker" "inspect" "3285d03635715d31ff6805e1a6fc908a15c5e7a425c373b4c890fa2fd72b3f45", kill_on_drop: false }`
[INFO] running `Command { std: "docker" "rm" "-f" "3285d03635715d31ff6805e1a6fc908a15c5e7a425c373b4c890fa2fd72b3f45", kill_on_drop: false }`
[INFO] [stdout] 3285d03635715d31ff6805e1a6fc908a15c5e7a425c373b4c890fa2fd72b3f45
[INFO] running `Command { std: "docker" "create" "-v" "/var/lib/crater-agent-workspace/builds/worker-0-tc2/target:/opt/rustwide/target:rw,Z" "-v" "/var/lib/crater-agent-workspace/builds/worker-0-tc2/source:/opt/rustwide/workdir:ro,Z" "-v" "/var/lib/crater-agent-workspace/cargo-home:/opt/rustwide/cargo-home:ro,Z" "-v" "/var/lib/crater-agent-workspace/rustup-home:/opt/rustwide/rustup-home:ro,Z" "-e" "SOURCE_DIR=/opt/rustwide/workdir" "-e" "CARGO_TARGET_DIR=/opt/rustwide/target" "-e" "CARGO_INCREMENTAL=0" "-e" "RUST_BACKTRACE=full" "-e" "RUSTFLAGS=--cap-lints=warn" "-e" "RUSTDOCFLAGS=--cap-lints=warn" "-e" "CARGO_HOME=/opt/rustwide/cargo-home" "-e" "RUSTUP_HOME=/opt/rustwide/rustup-home" "-w" "/opt/rustwide/workdir" "-m" "1610612736" "--user" "0:0" "--network" "none" "ghcr.io/rust-lang/crates-build-env/linux@sha256:f3a9d4ad9d972b27faf3965f35b62e55ba32bbce8f20bc8fe909558a86702fde" "/opt/rustwide/cargo-home/bin/cargo" "+beta-2024-12-08" "test" "--frozen" "--no-run" "--message-format=json", kill_on_drop: false }`
[INFO] [stdout] 38954f416372ffabddc28a0ad267a1fbe09bc978a16f176c7302fbe8f53a14b9
[INFO] running `Command { std: "docker" "start" "-a" "38954f416372ffabddc28a0ad267a1fbe09bc978a16f176c7302fbe8f53a14b9", kill_on_drop: false }`
[INFO] [stderr]    Compiling learning_rust v0.1.0 (/opt/rustwide/workdir)
[INFO] [stdout] warning: fields `kind` and `value` are never read
[INFO] [stdout]  --> src/enums_mod.rs:3:5
[INFO] [stdout]   |
[INFO] [stdout] 2 | struct Language {
[INFO] [stdout]   |        -------- fields in this struct
[INFO] [stdout] 3 |     kind: LanguageKind,
[INFO] [stdout]   |     ^^^^
[INFO] [stdout] 4 |     value: Phrase,
[INFO] [stdout]   |     ^^^^^
[INFO] [stdout]   |
[INFO] [stdout]   = note: `Language` has a derived impl for the trait `Debug`, but this is intentionally ignored during dead code analysis
[INFO] [stdout]   = note: `#[warn(dead_code)]` on by default
[INFO] [stdout] 
[INFO] [stdout] 
[INFO] [stdout] warning: field `0` is never read
[INFO] [stdout]   --> src/enums_mod.rs:28:19
[INFO] [stdout]    |
[INFO] [stdout] 28 |     MorningSalute(String),
[INFO] [stdout]    |     ------------- ^^^^^^
[INFO] [stdout]    |     |
[INFO] [stdout]    |     field in this variant
[INFO] [stdout]    |
[INFO] [stdout]    = note: `Phrase` has a derived impl for the trait `Debug`, but this is intentionally ignored during dead code analysis
[INFO] [stdout] help: consider changing the field to be of unit type to suppress this warning while preserving the field numbering, or remove the field
[INFO] [stdout]    |
[INFO] [stdout] 28 |     MorningSalute(()),
[INFO] [stdout]    |                   ~~
[INFO] [stdout] 
[INFO] [stdout] 
[INFO] [stdout] warning: field `0` is never read
[INFO] [stdout]   --> src/enums_mod.rs:29:17
[INFO] [stdout]    |
[INFO] [stdout] 29 |     NightSalute(String),
[INFO] [stdout]    |     ----------- ^^^^^^
[INFO] [stdout]    |     |
[INFO] [stdout]    |     field in this variant
[INFO] [stdout]    |
[INFO] [stdout]    = note: `Phrase` has a derived impl for the trait `Debug`, but this is intentionally ignored during dead code analysis
[INFO] [stdout] help: consider changing the field to be of unit type to suppress this warning while preserving the field numbering, or remove the field
[INFO] [stdout]    |
[INFO] [stdout] 29 |     NightSalute(()),
[INFO] [stdout]    |                 ~~
[INFO] [stdout] 
[INFO] [stdout] 
[INFO] [stdout] warning: fields `total_game` and `final_score` are never read
[INFO] [stdout]  --> src/generic_mod.rs:3:5
[INFO] [stdout]   |
[INFO] [stdout] 2 | struct Game<T, U> {
[INFO] [stdout]   |        ---- fields in this struct
[INFO] [stdout] 3 |     total_game: T,
[INFO] [stdout]   |     ^^^^^^^^^^
[INFO] [stdout] 4 |     final_score: U,
[INFO] [stdout]   |     ^^^^^^^^^^^
[INFO] [stdout]   |
[INFO] [stdout]   = note: `Game` has a derived impl for the trait `Debug`, but this is intentionally ignored during dead code analysis
[INFO] [stdout] 
[INFO] [stdout] 
[INFO] [stdout] warning: variants `Electric` and `Petrol` are never constructed
[INFO] [stdout]  --> src/match_mod.rs:3:5
[INFO] [stdout]   |
[INFO] [stdout] 2 | enum VType {
[INFO] [stdout]   |      ----- variants in this enum
[INFO] [stdout] 3 |     Electric,
[INFO] [stdout]   |     ^^^^^^^^
[INFO] [stdout] 4 |     Diesel,
[INFO] [stdout] 5 |     Petrol,
[INFO] [stdout]   |     ^^^^^^
[INFO] [stdout]   |
[INFO] [stdout]   = note: `VType` has a derived impl for the trait `Debug`, but this is intentionally ignored during dead code analysis
[INFO] [stdout] 
[INFO] [stdout] 
[INFO] [stdout] warning: fields `0`, `1`, and `2` are never read
[INFO] [stdout]  --> src/struct_mod.rs:2:18
[INFO] [stdout]   |
[INFO] [stdout] 2 | pub struct Color(pub u32, pub u32, pub u32);
[INFO] [stdout]   |            ----- ^^^^^^^  ^^^^^^^  ^^^^^^^
[INFO] [stdout]   |            |
[INFO] [stdout]   |            fields in this struct
[INFO] [stdout]   |
[INFO] [stdout]   = help: consider removing these fields
[INFO] [stdout]   = note: `Color` has a derived impl for the trait `Debug`, but this is intentionally ignored during dead code analysis
[INFO] [stdout] 
[INFO] [stdout] 
[INFO] [stdout] warning: fields `id` and `name` are never read
[INFO] [stdout]  --> src/struct_mod.rs:6:5
[INFO] [stdout]   |
[INFO] [stdout] 5 | struct Vehicle {
[INFO] [stdout]   |        ------- fields in this struct
[INFO] [stdout] 6 |     id: usize,
[INFO] [stdout]   |     ^^
[INFO] [stdout] 7 |     name: String,
[INFO] [stdout]   |     ^^^^
[INFO] [stdout]   |
[INFO] [stdout]   = note: `Vehicle` has a derived impl for the trait `Debug`, but this is intentionally ignored during dead code analysis
[INFO] [stdout] 
[INFO] [stdout] 
[INFO] [stdout] warning: field `color` is never read
[INFO] [stdout]   --> src/struct_mod.rs:15:9
[INFO] [stdout]    |
[INFO] [stdout] 13 | pub struct Rect {
[INFO] [stdout]    |            ---- field in this struct
[INFO] [stdout] 14 |     pub name: String,
[INFO] [stdout] 15 |     pub color: Color,
[INFO] [stdout]    |         ^^^^^
[INFO] [stdout] 
[INFO] [stdout] 
[INFO] [stderr]     Finished `test` profile [unoptimized + debuginfo] target(s) in 0.42s
[INFO] running `Command { std: "docker" "inspect" "38954f416372ffabddc28a0ad267a1fbe09bc978a16f176c7302fbe8f53a14b9", kill_on_drop: false }`
[INFO] running `Command { std: "docker" "rm" "-f" "38954f416372ffabddc28a0ad267a1fbe09bc978a16f176c7302fbe8f53a14b9", kill_on_drop: false }`
[INFO] [stdout] 38954f416372ffabddc28a0ad267a1fbe09bc978a16f176c7302fbe8f53a14b9
[INFO] running `Command { std: "docker" "create" "-v" "/var/lib/crater-agent-workspace/builds/worker-0-tc2/target:/opt/rustwide/target:rw,Z" "-v" "/var/lib/crater-agent-workspace/builds/worker-0-tc2/source:/opt/rustwide/workdir:ro,Z" "-v" "/var/lib/crater-agent-workspace/cargo-home:/opt/rustwide/cargo-home:ro,Z" "-v" "/var/lib/crater-agent-workspace/rustup-home:/opt/rustwide/rustup-home:ro,Z" "-e" "SOURCE_DIR=/opt/rustwide/workdir" "-e" "CARGO_TARGET_DIR=/opt/rustwide/target" "-e" "CARGO_INCREMENTAL=0" "-e" "RUST_BACKTRACE=full" "-e" "RUSTFLAGS=--cap-lints=warn" "-e" "RUSTDOCFLAGS=--cap-lints=warn" "-e" "CARGO_HOME=/opt/rustwide/cargo-home" "-e" "RUSTUP_HOME=/opt/rustwide/rustup-home" "-w" "/opt/rustwide/workdir" "-m" "1610612736" "--user" "0:0" "--network" "none" "ghcr.io/rust-lang/crates-build-env/linux@sha256:f3a9d4ad9d972b27faf3965f35b62e55ba32bbce8f20bc8fe909558a86702fde" "/opt/rustwide/cargo-home/bin/cargo" "+beta-2024-12-08" "test" "--frozen", kill_on_drop: false }`
[INFO] [stdout] 4039921d97c8bbf5bb1c8b9cc43f1d6dd173363cce2e84aca2c1c92d3f267658
[INFO] running `Command { std: "docker" "start" "-a" "4039921d97c8bbf5bb1c8b9cc43f1d6dd173363cce2e84aca2c1c92d3f267658", kill_on_drop: false }`
[INFO] [stderr] warning: fields `kind` and `value` are never read
[INFO] [stderr]  --> src/enums_mod.rs:3:5
[INFO] [stderr]   |
[INFO] [stderr] 2 | struct Language {
[INFO] [stderr]   |        -------- fields in this struct
[INFO] [stderr] 3 |     kind: LanguageKind,
[INFO] [stderr]   |     ^^^^
[INFO] [stderr] 4 |     value: Phrase,
[INFO] [stderr]   |     ^^^^^
[INFO] [stderr]   |
[INFO] [stderr]   = note: `Language` has a derived impl for the trait `Debug`, but this is intentionally ignored during dead code analysis
[INFO] [stderr]   = note: `#[warn(dead_code)]` on by default
[INFO] [stderr] 
[INFO] [stderr] warning: field `0` is never read
[INFO] [stderr]   --> src/enums_mod.rs:28:19
[INFO] [stderr]    |
[INFO] [stderr] 28 |     MorningSalute(String),
[INFO] [stderr]    |     ------------- ^^^^^^
[INFO] [stderr]    |     |
[INFO] [stderr]    |     field in this variant
[INFO] [stderr]    |
[INFO] [stderr]    = note: `Phrase` has a derived impl for the trait `Debug`, but this is intentionally ignored during dead code analysis
[INFO] [stderr] help: consider changing the field to be of unit type to suppress this warning while preserving the field numbering, or remove the field
[INFO] [stderr]    |
[INFO] [stderr] 28 |     MorningSalute(()),
[INFO] [stderr]    |                   ~~
[INFO] [stderr] 
[INFO] [stderr] warning: field `0` is never read
[INFO] [stderr]   --> src/enums_mod.rs:29:17
[INFO] [stderr]    |
[INFO] [stderr] 29 |     NightSalute(String),
[INFO] [stderr]    |     ----------- ^^^^^^
[INFO] [stderr]    |     |
[INFO] [stderr]    |     field in this variant
[INFO] [stderr]    |
[INFO] [stderr]    = note: `Phrase` has a derived impl for the trait `Debug`, but this is intentionally ignored during dead code analysis
[INFO] [stderr] help: consider changing the field to be of unit type to suppress this warning while preserving the field numbering, or remove the field
[INFO] [stderr]    |
[INFO] [stderr] 29 |     NightSalute(()),
[INFO] [stderr]    |                 ~~
[INFO] [stderr] 
[INFO] [stderr] warning: fields `total_game` and `final_score` are never read
[INFO] [stderr]  --> src/generic_mod.rs:3:5
[INFO] [stderr]   |
[INFO] [stderr] 2 | struct Game<T, U> {
[INFO] [stderr]   |        ---- fields in this struct
[INFO] [stderr] 3 |     total_game: T,
[INFO] [stderr]   |     ^^^^^^^^^^
[INFO] [stderr] 4 |     final_score: U,
[INFO] [stderr]   |     ^^^^^^^^^^^
[INFO] [stderr]   |
[INFO] [stderr]   = note: `Game` has a derived impl for the trait `Debug`, but this is intentionally ignored during dead code analysis
[INFO] [stderr] 
[INFO] [stderr] warning: variants `Electric` and `Petrol` are never constructed
[INFO] [stderr]  --> src/match_mod.rs:3:5
[INFO] [stderr]   |
[INFO] [stderr] 2 | enum VType {
[INFO] [stderr]   |      ----- variants in this enum
[INFO] [stderr] 3 |     Electric,
[INFO] [stderr]   |     ^^^^^^^^
[INFO] [stderr] 4 |     Diesel,
[INFO] [stderr] 5 |     Petrol,
[INFO] [stderr]   |     ^^^^^^
[INFO] [stderr]   |
[INFO] [stderr]   = note: `VType` has a derived impl for the trait `Debug`, but this is intentionally ignored during dead code analysis
[INFO] [stderr] 
[INFO] [stderr] warning: fields `0`, `1`, and `2` are never read
[INFO] [stderr]  --> src/struct_mod.rs:2:18
[INFO] [stderr]   |
[INFO] [stderr] 2 | pub struct Color(pub u32, pub u32, pub u32);
[INFO] [stderr]   |            ----- ^^^^^^^  ^^^^^^^  ^^^^^^^
[INFO] [stderr]   |            |
[INFO] [stderr]   |            fields in this struct
[INFO] [stderr]   |
[INFO] [stderr]   = help: consider removing these fields
[INFO] [stderr]   = note: `Color` has a derived impl for the trait `Debug`, but this is intentionally ignored during dead code analysis
[INFO] [stderr] 
[INFO] [stderr] warning: fields `id` and `name` are never read
[INFO] [stderr]  --> src/struct_mod.rs:6:5
[INFO] [stderr]   |
[INFO] [stderr] 5 | struct Vehicle {
[INFO] [stderr]   |        ------- fields in this struct
[INFO] [stderr] 6 |     id: usize,
[INFO] [stderr]   |     ^^
[INFO] [stderr] 7 |     name: String,
[INFO] [stderr]   |     ^^^^
[INFO] [stderr]   |
[INFO] [stderr]   = note: `Vehicle` has a derived impl for the trait `Debug`, but this is intentionally ignored during dead code analysis
[INFO] [stderr] 
[INFO] [stderr] warning: field `color` is never read
[INFO] [stderr]   --> src/struct_mod.rs:15:9
[INFO] [stderr]    |
[INFO] [stderr] 13 | pub struct Rect {
[INFO] [stderr]    |            ---- field in this struct
[INFO] [stderr] 14 |     pub name: String,
[INFO] [stderr] 15 |     pub color: Color,
[INFO] [stderr]    |         ^^^^^
[INFO] [stderr] 
[INFO] [stderr] warning: `learning_rust` (bin "learning_rust" test) generated 8 warnings
[INFO] [stderr]     Finished `test` profile [unoptimized + debuginfo] target(s) in 0.01s
[INFO] [stderr]      Running unittests src/main.rs (/opt/rustwide/target/debug/deps/learning_rust-136527c573ac6619)
[INFO] [stdout] 
[INFO] [stdout] running 2 tests
[INFO] [stdout] test test_mod::sum_test ... ok
[INFO] [stdout] test test_mod::can_hold_test ... FAILED
[INFO] [stderr] error: test failed, to rerun pass `--bin learning_rust`
[INFO] [stdout] 
[INFO] [stdout] failures:
[INFO] [stdout] 
[INFO] [stdout] ---- test_mod::can_hold_test stdout ----
[INFO] [stdout] thread 'test_mod::can_hold_test' panicked at src/test_mod.rs:33:5:
[INFO] [stdout] Should hold the second Box
[INFO] [stdout] stack backtrace:
[INFO] [stdout]    0:     0x609b4da0406a - std::backtrace_rs::backtrace::libunwind::trace::h8810477743020387
[INFO] [stdout]                                at /rustc/202008a1b8de96d2e5b6bc02d379db03a877d34d/library/std/src/../../backtrace/src/backtrace/libunwind.rs:116:5
[INFO] [stdout]    1:     0x609b4da0406a - std::backtrace_rs::backtrace::trace_unsynchronized::h3aa55355dd6c54a6
[INFO] [stdout]                                at /rustc/202008a1b8de96d2e5b6bc02d379db03a877d34d/library/std/src/../../backtrace/src/backtrace/mod.rs:66:5
[INFO] [stdout]    2:     0x609b4da0406a - std::sys::backtrace::_print_fmt::h8588b0f62410823f
[INFO] [stdout]                                at /rustc/202008a1b8de96d2e5b6bc02d379db03a877d34d/library/std/src/sys/backtrace.rs:66:9
[INFO] [stdout]    3:     0x609b4da0406a - <std::sys::backtrace::BacktraceLock::print::DisplayBacktrace as core::fmt::Display>::fmt::h98c26ac25ffe89bb
[INFO] [stdout]                                at /rustc/202008a1b8de96d2e5b6bc02d379db03a877d34d/library/std/src/sys/backtrace.rs:39:26
[INFO] [stdout]    4:     0x609b4da29aa3 - core::fmt::rt::Argument::fmt::hf95377f4aebd453b
[INFO] [stdout]                                at /rustc/202008a1b8de96d2e5b6bc02d379db03a877d34d/library/core/src/fmt/rt.rs:177:76
[INFO] [stdout]    5:     0x609b4da29aa3 - core::fmt::write::h0dd5f6e2238c7982
[INFO] [stdout]                                at /rustc/202008a1b8de96d2e5b6bc02d379db03a877d34d/library/core/src/fmt/mod.rs:1189:21
[INFO] [stdout]    6:     0x609b4da01203 - std::io::Write::write_fmt::h03bb0ca26e6faf8c
[INFO] [stdout]                                at /rustc/202008a1b8de96d2e5b6bc02d379db03a877d34d/library/std/src/io/mod.rs:1884:15
[INFO] [stdout]    7:     0x609b4da03eb2 - std::sys::backtrace::BacktraceLock::print::h5c19c1c038ee186d
[INFO] [stdout]                                at /rustc/202008a1b8de96d2e5b6bc02d379db03a877d34d/library/std/src/sys/backtrace.rs:42:9
[INFO] [stdout]    8:     0x609b4da054ed - std::panicking::default_hook::{{closure}}::h77172f079a1fcb13
[INFO] [stdout]                                at /rustc/202008a1b8de96d2e5b6bc02d379db03a877d34d/library/std/src/panicking.rs:268:22
[INFO] [stdout]    9:     0x609b4da052f7 - std::panicking::default_hook::he5f8e3b203ccddba
[INFO] [stdout]                                at /rustc/202008a1b8de96d2e5b6bc02d379db03a877d34d/library/std/src/panicking.rs:292:9
[INFO] [stdout]   10:     0x609b4d9cec27 - <alloc::boxed::Box<F,A> as core::ops::function::Fn<Args>>::call::h7a3c7b4a1ae77f2f
[INFO] [stdout]                                at /rustc/202008a1b8de96d2e5b6bc02d379db03a877d34d/library/alloc/src/boxed.rs:1986:9
[INFO] [stdout]   11:     0x609b4d9cec27 - test::test_main::{{closure}}::hf0d3b69ae9b353d1
[INFO] [stdout]                                at /rustc/202008a1b8de96d2e5b6bc02d379db03a877d34d/library/test/src/lib.rs:134:21
[INFO] [stdout]   12:     0x609b4da05b98 - <alloc::boxed::Box<F,A> as core::ops::function::Fn<Args>>::call::h6332e82e7b189abd
[INFO] [stdout]                                at /rustc/202008a1b8de96d2e5b6bc02d379db03a877d34d/library/alloc/src/boxed.rs:1986:9
[INFO] [stdout]   13:     0x609b4da05b98 - std::panicking::rust_panic_with_hook::h53863d4e9018df39
[INFO] [stdout]                                at /rustc/202008a1b8de96d2e5b6bc02d379db03a877d34d/library/std/src/panicking.rs:809:13
[INFO] [stdout]   14:     0x609b4da05926 - std::panicking::begin_panic_handler::{{closure}}::h67280e6fa0757873
[INFO] [stdout]                                at /rustc/202008a1b8de96d2e5b6bc02d379db03a877d34d/library/std/src/panicking.rs:667:13
[INFO] [stdout]   15:     0x609b4da04549 - std::sys::backtrace::__rust_end_short_backtrace::h1dac3f54d6fbbeb2
[INFO] [stdout]                                at /rustc/202008a1b8de96d2e5b6bc02d379db03a877d34d/library/std/src/sys/backtrace.rs:170:18
[INFO] [stdout]   16:     0x609b4da055ec - rust_begin_unwind
[INFO] [stdout]                                at /rustc/202008a1b8de96d2e5b6bc02d379db03a877d34d/library/std/src/panicking.rs:665:5
[INFO] [stdout]   17:     0x609b4d993a90 - core::panicking::panic_fmt::h6792bd1b2bf01041
[INFO] [stdout]                                at /rustc/202008a1b8de96d2e5b6bc02d379db03a877d34d/library/core/src/panicking.rs:76:14
[INFO] [stdout]   18:     0x609b4d995366 - learning_rust::test_mod::can_hold_test::h4ff9e1ef3be90e82
[INFO] [stdout]                                at /opt/rustwide/workdir/src/test_mod.rs:33:5
[INFO] [stdout]   19:     0x609b4d9951c7 - learning_rust::test_mod::can_hold_test::{{closure}}::h6a61861af6e988c6
[INFO] [stdout]                                at /opt/rustwide/workdir/src/test_mod.rs:16:19
[INFO] [stdout]   20:     0x609b4d9947e6 - core::ops::function::FnOnce::call_once::h13caf219fda58e98
[INFO] [stdout]                                at /rustc/202008a1b8de96d2e5b6bc02d379db03a877d34d/library/core/src/ops/function.rs:250:5
[INFO] [stdout]   21:     0x609b4d9d374b - core::ops::function::FnOnce::call_once::h871bf86719ec9aa4
[INFO] [stdout]                                at /rustc/202008a1b8de96d2e5b6bc02d379db03a877d34d/library/core/src/ops/function.rs:250:5
[INFO] [stdout]   22:     0x609b4d9d374b - test::__rust_begin_short_backtrace::h2167df1e2b7d76fd
[INFO] [stdout]                                at /rustc/202008a1b8de96d2e5b6bc02d379db03a877d34d/library/test/src/lib.rs:632:18
[INFO] [stdout]   23:     0x609b4d9d3138 - test::run_test_in_process::{{closure}}::h15d92f75a3adfb79
[INFO] [stdout]                                at /rustc/202008a1b8de96d2e5b6bc02d379db03a877d34d/library/test/src/lib.rs:655:60
[INFO] [stdout]   24:     0x609b4d9d3138 - <core::panic::unwind_safe::AssertUnwindSafe<F> as core::ops::function::FnOnce<()>>::call_once::hb6c8955835a8dbbb
[INFO] [stdout]                                at /rustc/202008a1b8de96d2e5b6bc02d379db03a877d34d/library/core/src/panic/unwind_safe.rs:272:9
[INFO] [stdout]   25:     0x609b4d9d3138 - std::panicking::try::do_call::hc79d0fc888a0bd30
[INFO] [stdout]                                at /rustc/202008a1b8de96d2e5b6bc02d379db03a877d34d/library/std/src/panicking.rs:557:40
[INFO] [stdout]   26:     0x609b4d9d3138 - std::panicking::try::hb8a7878e3a8589d6
[INFO] [stdout]                                at /rustc/202008a1b8de96d2e5b6bc02d379db03a877d34d/library/std/src/panicking.rs:520:19
[INFO] [stdout]   27:     0x609b4d9d3138 - std::panic::catch_unwind::hb8e4600ff0ff5cfa
[INFO] [stdout]                                at /rustc/202008a1b8de96d2e5b6bc02d379db03a877d34d/library/std/src/panic.rs:358:14
[INFO] [stdout]   28:     0x609b4d9d3138 - test::run_test_in_process::hc2900b0b18688dd6
[INFO] [stdout]                                at /rustc/202008a1b8de96d2e5b6bc02d379db03a877d34d/library/test/src/lib.rs:655:27
[INFO] [stdout]   29:     0x609b4d9d3138 - test::run_test::{{closure}}::hac2a9cb07be3d48d
[INFO] [stdout]                                at /rustc/202008a1b8de96d2e5b6bc02d379db03a877d34d/library/test/src/lib.rs:576:43
[INFO] [stdout]   30:     0x609b4d996bda - test::run_test::{{closure}}::h4a5b729e66a38cd8
[INFO] [stdout]                                at /rustc/202008a1b8de96d2e5b6bc02d379db03a877d34d/library/test/src/lib.rs:606:41
[INFO] [stdout]   31:     0x609b4d996bda - std::sys::backtrace::__rust_begin_short_backtrace::h0496fb742492f573
[INFO] [stdout]                                at /rustc/202008a1b8de96d2e5b6bc02d379db03a877d34d/library/std/src/sys/backtrace.rs:154:18
[INFO] [stdout]   32:     0x609b4d99a554 - std::thread::Builder::spawn_unchecked_::{{closure}}::{{closure}}::hbb6d257c550a54bd
[INFO] [stdout]                                at /rustc/202008a1b8de96d2e5b6bc02d379db03a877d34d/library/std/src/thread/mod.rs:561:17
[INFO] [stdout]   33:     0x609b4d99a554 - <core::panic::unwind_safe::AssertUnwindSafe<F> as core::ops::function::FnOnce<()>>::call_once::h46696fe4a6832328
[INFO] [stdout]                                at /rustc/202008a1b8de96d2e5b6bc02d379db03a877d34d/library/core/src/panic/unwind_safe.rs:272:9
[INFO] [stdout]   34:     0x609b4d99a554 - std::panicking::try::do_call::h2625a51b667bfb64
[INFO] [stdout]                                at /rustc/202008a1b8de96d2e5b6bc02d379db03a877d34d/library/std/src/panicking.rs:557:40
[INFO] [stdout]   35:     0x609b4d99a554 - std::panicking::try::hb956a59a1973aa4c
[INFO] [stdout]                                at /rustc/202008a1b8de96d2e5b6bc02d379db03a877d34d/library/std/src/panicking.rs:520:19
[INFO] [stdout]   36:     0x609b4d99a554 - std::panic::catch_unwind::h64f3b9d1067ef6a0
[INFO] [stdout]                                at /rustc/202008a1b8de96d2e5b6bc02d379db03a877d34d/library/std/src/panic.rs:358:14
[INFO] [stdout]   37:     0x609b4d99a554 - std::thread::Builder::spawn_unchecked_::{{closure}}::h42b2841295b6c0b2
[INFO] [stdout]                                at /rustc/202008a1b8de96d2e5b6bc02d379db03a877d34d/library/std/src/thread/mod.rs:559:30
[INFO] [stdout]   38:     0x609b4d99a554 - core::ops::function::FnOnce::call_once{{vtable.shim}}::h6127de71b8124639
[INFO] [stdout]                                at /rustc/202008a1b8de96d2e5b6bc02d379db03a877d34d/library/core/src/ops/function.rs:250:5
[INFO] [stdout]   39:     0x609b4da09adb - <alloc::boxed::Box<F,A> as core::ops::function::FnOnce<Args>>::call_once::h42f0ba71002a1b2c
[INFO] [stdout]                                at /rustc/202008a1b8de96d2e5b6bc02d379db03a877d34d/library/alloc/src/boxed.rs:1972:9
[INFO] [stdout]   40:     0x609b4da09adb - <alloc::boxed::Box<F,A> as core::ops::function::FnOnce<Args>>::call_once::had9e47d7a3dcecb8
[INFO] [stdout]                                at /rustc/202008a1b8de96d2e5b6bc02d379db03a877d34d/library/alloc/src/boxed.rs:1972:9
[INFO] [stdout]   41:     0x609b4da09adb - std::sys::pal::unix::thread::Thread::new::thread_start::h48cf765408f6f5f2
[INFO] [stdout]                                at /rustc/202008a1b8de96d2e5b6bc02d379db03a877d34d/library/std/src/sys/pal/unix/thread.rs:105:17
[INFO] [stdout]   42:     0x702e18dbbac3 - <unknown>
[INFO] [stdout]   43:     0x702e18e4ca04 - clone
[INFO] [stdout]   44:                0x0 - <unknown>
[INFO] [stdout] 
[INFO] [stdout] 
[INFO] [stdout] failures:
[INFO] [stdout]     test_mod::can_hold_test
[INFO] [stdout] 
[INFO] [stdout] test result: FAILED. 1 passed; 1 failed; 0 ignored; 0 measured; 0 filtered out; finished in 0.06s
[INFO] [stdout] 
[INFO] running `Command { std: "docker" "inspect" "4039921d97c8bbf5bb1c8b9cc43f1d6dd173363cce2e84aca2c1c92d3f267658", kill_on_drop: false }`
[INFO] running `Command { std: "docker" "rm" "-f" "4039921d97c8bbf5bb1c8b9cc43f1d6dd173363cce2e84aca2c1c92d3f267658", kill_on_drop: false }`
[INFO] [stdout] 4039921d97c8bbf5bb1c8b9cc43f1d6dd173363cce2e84aca2c1c92d3f267658
