[INFO] cloning repository https://github.com/remipetitjean/pipeviewer
[INFO] running `Command { std: "git" "-c" "credential.helper=" "-c" "credential.helper=/workspace/cargo-home/bin/git-credential-null" "clone" "--bare" "https://github.com/remipetitjean/pipeviewer" "/workspace/cache/git-repos/https%3A%2F%2Fgithub.com%2Fremipetitjean%2Fpipeviewer", kill_on_drop: false }`
[INFO] [stderr] Cloning into bare repository '/workspace/cache/git-repos/https%3A%2F%2Fgithub.com%2Fremipetitjean%2Fpipeviewer'...
[INFO] running `Command { std: "git" "rev-parse" "HEAD", kill_on_drop: false }`
[INFO] [stdout] c15b313b88b34e5b1872f1cf1f280ce54d404ef2
[INFO] testing remipetitjean/pipeviewer against 1.83.0 for beta-1.84.0-4-retry
[INFO] running `Command { std: "git" "clone" "/workspace/cache/git-repos/https%3A%2F%2Fgithub.com%2Fremipetitjean%2Fpipeviewer" "/workspace/builds/worker-7-tc1/source", kill_on_drop: false }`
[INFO] [stderr] Cloning into '/workspace/builds/worker-7-tc1/source'...
[INFO] [stderr] done.
[INFO] validating manifest of git repo https://github.com/remipetitjean/pipeviewer on toolchain 1.83.0
[INFO] running `Command { std: CARGO_HOME="/workspace/cargo-home" RUSTUP_HOME="/workspace/rustup-home" "/workspace/cargo-home/bin/cargo" "+1.83.0" "metadata" "--manifest-path" "Cargo.toml" "--no-deps", kill_on_drop: false }`
[INFO] started tweaking git repo https://github.com/remipetitjean/pipeviewer
[INFO] finished tweaking git repo https://github.com/remipetitjean/pipeviewer
[INFO] tweaked toml for git repo https://github.com/remipetitjean/pipeviewer written to /workspace/builds/worker-7-tc1/source/Cargo.toml
[INFO] crate git repo https://github.com/remipetitjean/pipeviewer already has a lockfile, it will not be regenerated
[INFO] running `Command { std: CARGO_HOME="/workspace/cargo-home" RUSTUP_HOME="/workspace/rustup-home" "/workspace/cargo-home/bin/cargo" "+1.83.0" "fetch" "--manifest-path" "Cargo.toml", kill_on_drop: false }`
[INFO] [stderr] warning: unused manifest key: package.licence
[INFO] [stderr]  Downloading crates ...
[INFO] [stderr]   Downloaded rstest v0.6.4
[INFO] running `Command { std: "docker" "create" "-v" "/var/lib/crater-agent-workspace/builds/worker-7-tc1/target:/opt/rustwide/target:rw,Z" "-v" "/var/lib/crater-agent-workspace/builds/worker-7-tc1/source:/opt/rustwide/workdir:ro,Z" "-v" "/var/lib/crater-agent-workspace/cargo-home:/opt/rustwide/cargo-home:ro,Z" "-v" "/var/lib/crater-agent-workspace/rustup-home:/opt/rustwide/rustup-home:ro,Z" "-e" "SOURCE_DIR=/opt/rustwide/workdir" "-e" "CARGO_TARGET_DIR=/opt/rustwide/target" "-e" "CARGO_HOME=/opt/rustwide/cargo-home" "-e" "RUSTUP_HOME=/opt/rustwide/rustup-home" "-w" "/opt/rustwide/workdir" "-m" "1610612736" "--user" "0:0" "--network" "none" "ghcr.io/rust-lang/crates-build-env/linux@sha256:f3a9d4ad9d972b27faf3965f35b62e55ba32bbce8f20bc8fe909558a86702fde" "/opt/rustwide/cargo-home/bin/cargo" "+1.83.0" "metadata" "--no-deps" "--format-version=1", kill_on_drop: false }`
[INFO] [stdout] bc62f4b8c78b9fda013c37daeac3664473bfc14f2c7609bcd9b763489219b080
[INFO] running `Command { std: "docker" "start" "-a" "bc62f4b8c78b9fda013c37daeac3664473bfc14f2c7609bcd9b763489219b080", kill_on_drop: false }`
[INFO] running `Command { std: "docker" "inspect" "bc62f4b8c78b9fda013c37daeac3664473bfc14f2c7609bcd9b763489219b080", kill_on_drop: false }`
[INFO] running `Command { std: "docker" "rm" "-f" "bc62f4b8c78b9fda013c37daeac3664473bfc14f2c7609bcd9b763489219b080", kill_on_drop: false }`
[INFO] [stdout] bc62f4b8c78b9fda013c37daeac3664473bfc14f2c7609bcd9b763489219b080
[INFO] running `Command { std: "docker" "create" "-v" "/var/lib/crater-agent-workspace/builds/worker-7-tc1/target:/opt/rustwide/target:rw,Z" "-v" "/var/lib/crater-agent-workspace/builds/worker-7-tc1/source:/opt/rustwide/workdir:ro,Z" "-v" "/var/lib/crater-agent-workspace/cargo-home:/opt/rustwide/cargo-home:ro,Z" "-v" "/var/lib/crater-agent-workspace/rustup-home:/opt/rustwide/rustup-home:ro,Z" "-e" "SOURCE_DIR=/opt/rustwide/workdir" "-e" "CARGO_TARGET_DIR=/opt/rustwide/target" "-e" "CARGO_INCREMENTAL=0" "-e" "RUST_BACKTRACE=full" "-e" "RUSTFLAGS=--cap-lints=warn" "-e" "RUSTDOCFLAGS=--cap-lints=warn" "-e" "CARGO_HOME=/opt/rustwide/cargo-home" "-e" "RUSTUP_HOME=/opt/rustwide/rustup-home" "-w" "/opt/rustwide/workdir" "-m" "1610612736" "--user" "0:0" "--network" "none" "ghcr.io/rust-lang/crates-build-env/linux@sha256:f3a9d4ad9d972b27faf3965f35b62e55ba32bbce8f20bc8fe909558a86702fde" "/opt/rustwide/cargo-home/bin/cargo" "+1.83.0" "build" "--frozen" "--message-format=json", kill_on_drop: false }`
[INFO] [stdout] 37f2ae1d7e77ceceacf12ea265a95d256f22719074e5086adbe9f9985bcd255a
[INFO] running `Command { std: "docker" "start" "-a" "37f2ae1d7e77ceceacf12ea265a95d256f22719074e5086adbe9f9985bcd255a", kill_on_drop: false }`
[INFO] [stderr] warning: unused manifest key: package.licence
[INFO] [stderr]    Compiling cfg-if v1.0.0
[INFO] [stderr]    Compiling autocfg v1.0.1
[INFO] [stderr]    Compiling libc v0.2.86
[INFO] [stderr]    Compiling lazy_static v1.4.0
[INFO] [stderr]    Compiling scopeguard v1.1.0
[INFO] [stderr]    Compiling log v0.4.14
[INFO] [stderr]    Compiling bitflags v1.2.1
[INFO] [stderr]    Compiling smallvec v1.6.1
[INFO] [stderr]    Compiling unicode-width v0.1.8
[INFO] [stderr]    Compiling ansi_term v0.11.0
[INFO] [stderr]    Compiling strsim v0.8.0
[INFO] [stderr]    Compiling vec_map v0.8.2
[INFO] [stderr]    Compiling instant v0.1.9
[INFO] [stderr]    Compiling lock_api v0.4.2
[INFO] [stderr]    Compiling textwrap v0.11.0
[INFO] [stderr]    Compiling crossbeam-utils v0.8.3
[INFO] [stderr]    Compiling memoffset v0.6.1
[INFO] [stderr]    Compiling mio v0.7.9
[INFO] [stderr]    Compiling parking_lot_core v0.8.3
[INFO] [stderr]    Compiling signal-hook-registry v1.3.0
[INFO] [stderr]    Compiling atty v0.2.14
[INFO] [stderr]    Compiling clap v2.33.3
[INFO] [stderr]    Compiling parking_lot v0.11.1
[INFO] [stderr]    Compiling signal-hook v0.1.17
[INFO] [stderr]    Compiling crossbeam-epoch v0.9.3
[INFO] [stderr]    Compiling crossbeam-queue v0.3.1
[INFO] [stderr]    Compiling crossbeam-channel v0.5.0
[INFO] [stderr]    Compiling crossterm v0.19.0
[INFO] [stderr]    Compiling crossbeam-deque v0.8.0
[INFO] [stderr]    Compiling crossbeam v0.8.0
[INFO] [stderr]    Compiling pipeviewer v0.1.0 (/opt/rustwide/workdir)
[INFO] [stderr]     Finished `dev` profile [unoptimized + debuginfo] target(s) in 10.79s
[INFO] running `Command { std: "docker" "inspect" "37f2ae1d7e77ceceacf12ea265a95d256f22719074e5086adbe9f9985bcd255a", kill_on_drop: false }`
[INFO] running `Command { std: "docker" "rm" "-f" "37f2ae1d7e77ceceacf12ea265a95d256f22719074e5086adbe9f9985bcd255a", kill_on_drop: false }`
[INFO] [stdout] 37f2ae1d7e77ceceacf12ea265a95d256f22719074e5086adbe9f9985bcd255a
[INFO] running `Command { std: "docker" "create" "-v" "/var/lib/crater-agent-workspace/builds/worker-7-tc1/target:/opt/rustwide/target:rw,Z" "-v" "/var/lib/crater-agent-workspace/builds/worker-7-tc1/source:/opt/rustwide/workdir:ro,Z" "-v" "/var/lib/crater-agent-workspace/cargo-home:/opt/rustwide/cargo-home:ro,Z" "-v" "/var/lib/crater-agent-workspace/rustup-home:/opt/rustwide/rustup-home:ro,Z" "-e" "SOURCE_DIR=/opt/rustwide/workdir" "-e" "CARGO_TARGET_DIR=/opt/rustwide/target" "-e" "CARGO_INCREMENTAL=0" "-e" "RUST_BACKTRACE=full" "-e" "RUSTFLAGS=--cap-lints=warn" "-e" "RUSTDOCFLAGS=--cap-lints=warn" "-e" "CARGO_HOME=/opt/rustwide/cargo-home" "-e" "RUSTUP_HOME=/opt/rustwide/rustup-home" "-w" "/opt/rustwide/workdir" "-m" "1610612736" "--user" "0:0" "--network" "none" "ghcr.io/rust-lang/crates-build-env/linux@sha256:f3a9d4ad9d972b27faf3965f35b62e55ba32bbce8f20bc8fe909558a86702fde" "/opt/rustwide/cargo-home/bin/cargo" "+1.83.0" "test" "--frozen" "--no-run" "--message-format=json", kill_on_drop: false }`
[INFO] [stdout] 1b7974229e0bb967040a36f1480eb9673731f135ff78fd7a7bdbf8c513a3998b
[INFO] running `Command { std: "docker" "start" "-a" "1b7974229e0bb967040a36f1480eb9673731f135ff78fd7a7bdbf8c513a3998b", kill_on_drop: false }`
[INFO] [stderr] warning: unused manifest key: package.licence
[INFO] [stderr]    Compiling proc-macro2 v1.0.24
[INFO] [stderr]    Compiling semver-parser v0.7.0
[INFO] [stderr]    Compiling unicode-xid v0.2.1
[INFO] [stderr]    Compiling syn v1.0.64
[INFO] [stderr]    Compiling cfg-if v0.1.10
[INFO] [stderr]    Compiling semver v0.9.0
[INFO] [stderr]    Compiling rustc_version v0.2.3
[INFO] [stderr]    Compiling rstest v0.6.4
[INFO] [stderr]    Compiling quote v1.0.9
[INFO] [stderr]    Compiling pipeviewer v0.1.0 (/opt/rustwide/workdir)
[INFO] [stderr]     Finished `test` profile [unoptimized + debuginfo] target(s) in 10.16s
[INFO] running `Command { std: "docker" "inspect" "1b7974229e0bb967040a36f1480eb9673731f135ff78fd7a7bdbf8c513a3998b", kill_on_drop: false }`
[INFO] running `Command { std: "docker" "rm" "-f" "1b7974229e0bb967040a36f1480eb9673731f135ff78fd7a7bdbf8c513a3998b", kill_on_drop: false }`
[INFO] [stdout] 1b7974229e0bb967040a36f1480eb9673731f135ff78fd7a7bdbf8c513a3998b
[INFO] running `Command { std: "docker" "create" "-v" "/var/lib/crater-agent-workspace/builds/worker-7-tc1/target:/opt/rustwide/target:rw,Z" "-v" "/var/lib/crater-agent-workspace/builds/worker-7-tc1/source:/opt/rustwide/workdir:ro,Z" "-v" "/var/lib/crater-agent-workspace/cargo-home:/opt/rustwide/cargo-home:ro,Z" "-v" "/var/lib/crater-agent-workspace/rustup-home:/opt/rustwide/rustup-home:ro,Z" "-e" "SOURCE_DIR=/opt/rustwide/workdir" "-e" "CARGO_TARGET_DIR=/opt/rustwide/target" "-e" "CARGO_INCREMENTAL=0" "-e" "RUST_BACKTRACE=full" "-e" "RUSTFLAGS=--cap-lints=warn" "-e" "RUSTDOCFLAGS=--cap-lints=warn" "-e" "CARGO_HOME=/opt/rustwide/cargo-home" "-e" "RUSTUP_HOME=/opt/rustwide/rustup-home" "-w" "/opt/rustwide/workdir" "-m" "1610612736" "--user" "0:0" "--network" "none" "ghcr.io/rust-lang/crates-build-env/linux@sha256:f3a9d4ad9d972b27faf3965f35b62e55ba32bbce8f20bc8fe909558a86702fde" "/opt/rustwide/cargo-home/bin/cargo" "+1.83.0" "test" "--frozen", kill_on_drop: false }`
[INFO] [stdout] 319e5cd8d089c8434f48d622c9ae30c61914949bd449e836e236092db985c011
[INFO] running `Command { std: "docker" "start" "-a" "319e5cd8d089c8434f48d622c9ae30c61914949bd449e836e236092db985c011", kill_on_drop: false }`
[INFO] [stderr] warning: unused manifest key: package.licence
[INFO] [stderr]     Finished `test` profile [unoptimized + debuginfo] target(s) in 0.05s
[INFO] [stderr]      Running unittests src/lib.rs (/opt/rustwide/target/debug/deps/pipeviewer-88f1cba1fb0a9141)
[INFO] [stdout] 
[INFO] [stdout] running 4 tests
[INFO] [stdout] test stats::tests::as_time_format::case_1 ... ok
[INFO] [stderr]      Running unittests src/main.rs (/opt/rustwide/target/debug/deps/pipeviewer-e9d78d305a041198)
[INFO] [stdout] test stats::tests::as_time_format::case_2 ... ok
[INFO] [stdout] test stats::tests::as_time_format::case_4 ... ok
[INFO] [stdout] test stats::tests::as_time_format::case_3 ... ok
[INFO] [stdout] 
[INFO] [stdout] test result: ok. 4 passed; 0 failed; 0 ignored; 0 measured; 0 filtered out; finished in 0.01s
[INFO] [stdout] 
[INFO] [stdout] 
[INFO] [stdout] running 0 tests
[INFO] [stdout] 
[INFO] [stderr]    Doc-tests pipeviewer
[INFO] [stdout] test result: ok. 0 passed; 0 failed; 0 ignored; 0 measured; 0 filtered out; finished in 0.00s
[INFO] [stdout] 
[INFO] [stdout] 
[INFO] [stdout] running 1 test
[INFO] [stdout] test src/stats.rs - stats::TimeOutput (line 70) ... FAILED
[INFO] [stdout] 
[INFO] [stdout] failures:
[INFO] [stdout] 
[INFO] [stdout] ---- src/stats.rs - stats::TimeOutput (line 70) stdout ----
[INFO] [stdout] error[E0603]: trait `TimeOutput` is private
[INFO] [stdout]   --> src/stats.rs:72:24
[INFO] [stdout]    |
[INFO] [stdout] 5  | use pipeviewer::stats::TimeOutput;
[INFO] [stdout]    |                        ^^^^^^^^^^ private trait
[INFO] [stdout]    |
[INFO] [stdout] note: the trait `TimeOutput` is defined here
[INFO] [stdout]   --> /opt/rustwide/workdir/src/stats.rs:74:1
[INFO] [stdout]    |
[INFO] [stdout] 74 | trait TimeOutput {
[INFO] [stdout]    | ^^^^^^^^^^^^^^^^
[INFO] [stdout] 
[INFO] [stdout] error[E0599]: no method named `as_time` found for type `u64` in the current scope
[INFO] [stdout]  --> src/stats.rs:73:19
[INFO] [stdout]   |
[INFO] [stdout] 6 | assert_eq!(65_u64.as_time(), String::from("0:01:05"))
[INFO] [stdout]   |                   ^^^^^^^ method not found in `u64`
[INFO] [stdout] 
[INFO] [stdout] error: aborting due to 2 previous errors
[INFO] [stdout] 
[INFO] [stdout] Some errors have detailed explanations: E0599, E0603.
[INFO] [stdout] For more information about an error, try `rustc --explain E0599`.
[INFO] [stdout] Couldn't compile the test.
[INFO] [stdout] 
[INFO] [stdout] failures:
[INFO] [stdout]     src/stats.rs - stats::TimeOutput (line 70)
[INFO] [stdout] 
[INFO] [stdout] test result: FAILED. 0 passed; 1 failed; 0 ignored; 0 measured; 0 filtered out; finished in 0.07s
[INFO] [stdout] 
[INFO] [stderr] error: doctest failed, to rerun pass `--doc`
[INFO] running `Command { std: "docker" "inspect" "319e5cd8d089c8434f48d622c9ae30c61914949bd449e836e236092db985c011", kill_on_drop: false }`
[INFO] running `Command { std: "docker" "rm" "-f" "319e5cd8d089c8434f48d622c9ae30c61914949bd449e836e236092db985c011", kill_on_drop: false }`
[INFO] [stdout] 319e5cd8d089c8434f48d622c9ae30c61914949bd449e836e236092db985c011
