[INFO] cloning repository https://github.com/remi-dupre/opening-hours-rs
[INFO] running `Command { std: "git" "-c" "credential.helper=" "-c" "credential.helper=/workspace/cargo-home/bin/git-credential-null" "clone" "--bare" "https://github.com/remi-dupre/opening-hours-rs" "/workspace/cache/git-repos/https%3A%2F%2Fgithub.com%2Fremi-dupre%2Fopening-hours-rs", kill_on_drop: false }`
[INFO] [stderr] Cloning into bare repository '/workspace/cache/git-repos/https%3A%2F%2Fgithub.com%2Fremi-dupre%2Fopening-hours-rs'...
[INFO] running `Command { std: "git" "rev-parse" "HEAD", kill_on_drop: false }`
[INFO] [stdout] de0e5e5ff7251ef7bee02b1c4c559f1069633b3c
[INFO] testing remi-dupre/opening-hours-rs against beta-2024-12-08 for beta-1.84.0-4-retry
[INFO] running `Command { std: "git" "clone" "/workspace/cache/git-repos/https%3A%2F%2Fgithub.com%2Fremi-dupre%2Fopening-hours-rs" "/workspace/builds/worker-2-tc2/source", kill_on_drop: false }`
[INFO] [stderr] Cloning into '/workspace/builds/worker-2-tc2/source'...
[INFO] [stderr] done.
[INFO] validating manifest of git repo https://github.com/remi-dupre/opening-hours-rs on toolchain beta-2024-12-08
[INFO] running `Command { std: CARGO_HOME="/workspace/cargo-home" RUSTUP_HOME="/workspace/rustup-home" "/workspace/cargo-home/bin/cargo" "+beta-2024-12-08" "metadata" "--manifest-path" "Cargo.toml" "--no-deps", kill_on_drop: false }`
[INFO] started tweaking git repo https://github.com/remi-dupre/opening-hours-rs
[INFO] finished tweaking git repo https://github.com/remi-dupre/opening-hours-rs
[INFO] tweaked toml for git repo https://github.com/remi-dupre/opening-hours-rs written to /workspace/builds/worker-2-tc2/source/Cargo.toml
[INFO] crate git repo https://github.com/remi-dupre/opening-hours-rs already has a lockfile, it will not be regenerated
[INFO] running `Command { std: CARGO_HOME="/workspace/cargo-home" RUSTUP_HOME="/workspace/rustup-home" "/workspace/cargo-home/bin/cargo" "+beta-2024-12-08" "fetch" "--manifest-path" "Cargo.toml", kill_on_drop: false }`
[INFO] running `Command { std: "docker" "create" "-v" "/var/lib/crater-agent-workspace/builds/worker-2-tc2/target:/opt/rustwide/target:rw,Z" "-v" "/var/lib/crater-agent-workspace/builds/worker-2-tc2/source:/opt/rustwide/workdir:ro,Z" "-v" "/var/lib/crater-agent-workspace/cargo-home:/opt/rustwide/cargo-home:ro,Z" "-v" "/var/lib/crater-agent-workspace/rustup-home:/opt/rustwide/rustup-home:ro,Z" "-e" "SOURCE_DIR=/opt/rustwide/workdir" "-e" "CARGO_TARGET_DIR=/opt/rustwide/target" "-e" "CARGO_HOME=/opt/rustwide/cargo-home" "-e" "RUSTUP_HOME=/opt/rustwide/rustup-home" "-w" "/opt/rustwide/workdir" "-m" "1610612736" "--user" "0:0" "--network" "none" "ghcr.io/rust-lang/crates-build-env/linux@sha256:f3a9d4ad9d972b27faf3965f35b62e55ba32bbce8f20bc8fe909558a86702fde" "/opt/rustwide/cargo-home/bin/cargo" "+beta-2024-12-08" "metadata" "--no-deps" "--format-version=1", kill_on_drop: false }`
[INFO] [stdout] ef97d084018bb6336f34cb19b3106c9745768714bfdda269e1ee8e07a78f7957
[INFO] running `Command { std: "docker" "start" "-a" "ef97d084018bb6336f34cb19b3106c9745768714bfdda269e1ee8e07a78f7957", kill_on_drop: false }`
[INFO] running `Command { std: "docker" "inspect" "ef97d084018bb6336f34cb19b3106c9745768714bfdda269e1ee8e07a78f7957", kill_on_drop: false }`
[INFO] running `Command { std: "docker" "rm" "-f" "ef97d084018bb6336f34cb19b3106c9745768714bfdda269e1ee8e07a78f7957", kill_on_drop: false }`
[INFO] [stdout] ef97d084018bb6336f34cb19b3106c9745768714bfdda269e1ee8e07a78f7957
[INFO] running `Command { std: "docker" "create" "-v" "/var/lib/crater-agent-workspace/builds/worker-2-tc2/target:/opt/rustwide/target:rw,Z" "-v" "/var/lib/crater-agent-workspace/builds/worker-2-tc2/source:/opt/rustwide/workdir:ro,Z" "-v" "/var/lib/crater-agent-workspace/cargo-home:/opt/rustwide/cargo-home:ro,Z" "-v" "/var/lib/crater-agent-workspace/rustup-home:/opt/rustwide/rustup-home:ro,Z" "-e" "SOURCE_DIR=/opt/rustwide/workdir" "-e" "CARGO_TARGET_DIR=/opt/rustwide/target" "-e" "CARGO_INCREMENTAL=0" "-e" "RUST_BACKTRACE=full" "-e" "RUSTFLAGS=--cap-lints=warn" "-e" "RUSTDOCFLAGS=--cap-lints=warn" "-e" "CARGO_HOME=/opt/rustwide/cargo-home" "-e" "RUSTUP_HOME=/opt/rustwide/rustup-home" "-w" "/opt/rustwide/workdir" "-m" "1610612736" "--user" "0:0" "--network" "none" "ghcr.io/rust-lang/crates-build-env/linux@sha256:f3a9d4ad9d972b27faf3965f35b62e55ba32bbce8f20bc8fe909558a86702fde" "/opt/rustwide/cargo-home/bin/cargo" "+beta-2024-12-08" "build" "--frozen" "--message-format=json", kill_on_drop: false }`
[INFO] [stdout] 9a43e6216a6ed4ab402e90eb3dc00e3839c22826785c8cc22e619217e1502653
[INFO] running `Command { std: "docker" "start" "-a" "9a43e6216a6ed4ab402e90eb3dc00e3839c22826785c8cc22e619217e1502653", kill_on_drop: false }`
[INFO] [stderr]    Compiling proc-macro2 v1.0.89
[INFO] [stderr]    Compiling unicode-ident v1.0.13
[INFO] [stderr]    Compiling autocfg v1.4.0
[INFO] [stderr]    Compiling thiserror v1.0.69
[INFO] [stderr]    Compiling memchr v2.7.4
[INFO] [stderr]    Compiling iana-time-zone v0.1.61
[INFO] [stderr]    Compiling ucd-trie v0.1.7
[INFO] [stderr]    Compiling once_cell v1.20.2
[INFO] [stderr]    Compiling adler2 v2.0.0
[INFO] [stderr]    Compiling cfg-if v1.0.0
[INFO] [stderr]    Compiling miniz_oxide v0.8.0
[INFO] [stderr]    Compiling crc32fast v1.4.2
[INFO] [stderr]    Compiling log v0.4.22
[INFO] [stderr]    Compiling num-traits v0.2.19
[INFO] [stderr]    Compiling flate2 v1.0.35
[INFO] [stderr]    Compiling quote v1.0.37
[INFO] [stderr]    Compiling syn v2.0.87
[INFO] [stderr]    Compiling chrono v0.4.38
[INFO] [stderr]    Compiling compact-calendar v0.9.1 (/opt/rustwide/workdir/compact-calendar)
[INFO] [stderr]    Compiling thiserror-impl v1.0.69
[INFO] [stderr]    Compiling opening-hours v0.9.1 (/opt/rustwide/workdir)
[INFO] [stderr]    Compiling pest v2.7.14
[INFO] [stderr]    Compiling pest_meta v2.7.14
[INFO] [stderr]    Compiling pest_generator v2.7.14
[INFO] [stderr]    Compiling pest_derive v2.7.14
[INFO] [stderr]    Compiling opening-hours-syntax v0.9.1 (/opt/rustwide/workdir/opening-hours-syntax)
[INFO] [stderr]     Finished `dev` profile [unoptimized + debuginfo] target(s) in 27.78s
[INFO] running `Command { std: "docker" "inspect" "9a43e6216a6ed4ab402e90eb3dc00e3839c22826785c8cc22e619217e1502653", kill_on_drop: false }`
[INFO] running `Command { std: "docker" "rm" "-f" "9a43e6216a6ed4ab402e90eb3dc00e3839c22826785c8cc22e619217e1502653", kill_on_drop: false }`
[INFO] [stdout] 9a43e6216a6ed4ab402e90eb3dc00e3839c22826785c8cc22e619217e1502653
[INFO] running `Command { std: "docker" "create" "-v" "/var/lib/crater-agent-workspace/builds/worker-2-tc2/target:/opt/rustwide/target:rw,Z" "-v" "/var/lib/crater-agent-workspace/builds/worker-2-tc2/source:/opt/rustwide/workdir:ro,Z" "-v" "/var/lib/crater-agent-workspace/cargo-home:/opt/rustwide/cargo-home:ro,Z" "-v" "/var/lib/crater-agent-workspace/rustup-home:/opt/rustwide/rustup-home:ro,Z" "-e" "SOURCE_DIR=/opt/rustwide/workdir" "-e" "CARGO_TARGET_DIR=/opt/rustwide/target" "-e" "CARGO_INCREMENTAL=0" "-e" "RUST_BACKTRACE=full" "-e" "RUSTFLAGS=--cap-lints=warn" "-e" "RUSTDOCFLAGS=--cap-lints=warn" "-e" "CARGO_HOME=/opt/rustwide/cargo-home" "-e" "RUSTUP_HOME=/opt/rustwide/rustup-home" "-w" "/opt/rustwide/workdir" "-m" "1610612736" "--user" "0:0" "--network" "none" "ghcr.io/rust-lang/crates-build-env/linux@sha256:f3a9d4ad9d972b27faf3965f35b62e55ba32bbce8f20bc8fe909558a86702fde" "/opt/rustwide/cargo-home/bin/cargo" "+beta-2024-12-08" "test" "--frozen" "--no-run" "--message-format=json", kill_on_drop: false }`
[INFO] [stdout] 80f9b08177e7cc2f29ec7a8dbb43afc068531cafbfb34d393df8ac5cb1e293a8
[INFO] running `Command { std: "docker" "start" "-a" "80f9b08177e7cc2f29ec7a8dbb43afc068531cafbfb34d393df8ac5cb1e293a8", kill_on_drop: false }`
[INFO] [stderr]    Compiling crossbeam-utils v0.8.20
[INFO] [stderr]    Compiling num-traits v0.2.19
[INFO] [stderr]    Compiling serde v1.0.215
[INFO] [stderr]    Compiling once_cell v1.20.2
[INFO] [stderr]    Compiling either v1.13.0
[INFO] [stderr]    Compiling serde_derive v1.0.215
[INFO] [stderr]    Compiling serde_json v1.0.133
[INFO] [stderr]    Compiling libc v0.2.164
[INFO] [stderr]    Compiling pest_meta v2.7.14
[INFO] [stderr]    Compiling rayon-core v1.12.1
[INFO] [stderr]    Compiling half v2.4.1
[INFO] [stderr]    Compiling crossbeam-epoch v0.9.18
[INFO] [stderr]    Compiling ryu v1.0.18
[INFO] [stderr]    Compiling regex-syntax v0.8.5
[INFO] [stderr]    Compiling ciborium-io v0.2.2
[INFO] [stderr]    Compiling clap_lex v0.7.3
[INFO] [stderr]    Compiling chrono v0.4.38
[INFO] [stderr]    Compiling crossbeam-deque v0.8.5
[INFO] [stderr]    Compiling anstyle v1.0.10
[INFO] [stderr]    Compiling plotters-backend v0.3.7
[INFO] [stderr]    Compiling pest_generator v2.7.14
[INFO] [stderr]    Compiling itoa v1.0.11
[INFO] [stderr]    Compiling plotters-svg v0.3.7
[INFO] [stderr]    Compiling clap_builder v4.5.21
[INFO] [stderr]    Compiling ciborium-ll v0.2.2
[INFO] [stderr]    Compiling pest_derive v2.7.14
[INFO] [stderr]    Compiling compact-calendar v0.9.1 (/opt/rustwide/workdir/compact-calendar)
[INFO] [stderr]    Compiling regex-automata v0.4.9
[INFO] [stderr]    Compiling itertools v0.10.5
[INFO] [stderr]    Compiling opening-hours v0.9.1 (/opt/rustwide/workdir)
[INFO] [stderr]    Compiling cast v0.3.0
[INFO] [stderr]    Compiling same-file v1.0.6
[INFO] [stderr]    Compiling opening-hours-syntax v0.9.1 (/opt/rustwide/workdir/opening-hours-syntax)
[INFO] [stderr]    Compiling clap v4.5.21
[INFO] [stderr]    Compiling is-terminal v0.4.13
[INFO] [stderr]    Compiling walkdir v2.5.0
[INFO] [stderr]    Compiling rayon v1.10.0
[INFO] [stderr]    Compiling plotters v0.3.7
[INFO] [stderr]    Compiling criterion-plot v0.5.0
[INFO] [stderr]    Compiling regex v1.11.1
[INFO] [stderr]    Compiling oorandom v11.1.4
[INFO] [stderr]    Compiling anes v0.1.6
[INFO] [stderr]    Compiling ciborium v0.2.2
[INFO] [stderr]    Compiling tinytemplate v1.2.1
[INFO] [stderr]    Compiling criterion v0.5.1
[INFO] [stderr]     Finished `test` profile [unoptimized + debuginfo] target(s) in 1m 03s
[INFO] running `Command { std: "docker" "inspect" "80f9b08177e7cc2f29ec7a8dbb43afc068531cafbfb34d393df8ac5cb1e293a8", kill_on_drop: false }`
[INFO] running `Command { std: "docker" "rm" "-f" "80f9b08177e7cc2f29ec7a8dbb43afc068531cafbfb34d393df8ac5cb1e293a8", kill_on_drop: false }`
[INFO] [stdout] 80f9b08177e7cc2f29ec7a8dbb43afc068531cafbfb34d393df8ac5cb1e293a8
[INFO] running `Command { std: "docker" "create" "-v" "/var/lib/crater-agent-workspace/builds/worker-2-tc2/target:/opt/rustwide/target:rw,Z" "-v" "/var/lib/crater-agent-workspace/builds/worker-2-tc2/source:/opt/rustwide/workdir:ro,Z" "-v" "/var/lib/crater-agent-workspace/cargo-home:/opt/rustwide/cargo-home:ro,Z" "-v" "/var/lib/crater-agent-workspace/rustup-home:/opt/rustwide/rustup-home:ro,Z" "-e" "SOURCE_DIR=/opt/rustwide/workdir" "-e" "CARGO_TARGET_DIR=/opt/rustwide/target" "-e" "CARGO_INCREMENTAL=0" "-e" "RUST_BACKTRACE=full" "-e" "RUSTFLAGS=--cap-lints=warn" "-e" "RUSTDOCFLAGS=--cap-lints=warn" "-e" "CARGO_HOME=/opt/rustwide/cargo-home" "-e" "RUSTUP_HOME=/opt/rustwide/rustup-home" "-w" "/opt/rustwide/workdir" "-m" "1610612736" "--user" "0:0" "--network" "none" "ghcr.io/rust-lang/crates-build-env/linux@sha256:f3a9d4ad9d972b27faf3965f35b62e55ba32bbce8f20bc8fe909558a86702fde" "/opt/rustwide/cargo-home/bin/cargo" "+beta-2024-12-08" "test" "--frozen", kill_on_drop: false }`
[INFO] [stdout] 9cf453c18912bb5b52a8c539348f5fee78e04170588ddd32c844625dc21a64da
[INFO] running `Command { std: "docker" "start" "-a" "9cf453c18912bb5b52a8c539348f5fee78e04170588ddd32c844625dc21a64da", kill_on_drop: false }`
[INFO] [stderr]    Compiling opening-hours v0.9.1 (/opt/rustwide/workdir)
[INFO] [stderr]     Finished `test` profile [unoptimized + debuginfo] target(s) in 6.86s
[INFO] [stderr]      Running unittests src/lib.rs (/opt/rustwide/target/debug/deps/opening_hours-d903cefd9286c253)
[INFO] [stdout] 
[INFO] [stdout] running 61 tests
[INFO] [stdout] test tests::country::test_parse_invalid ... ok
[INFO] [stdout] test tests::country::test_parse_bijective ... ok
[INFO] [stdout] test tests::issues::gh45_infinite_loop ... ok
[INFO] [stdout] test tests::issues::gh024_no_date_range_end_in_intervals ... ok
[INFO] [stdout] test tests::issues::gh56_only_close_when_no_day_filter ... ok
[INFO] [stdout] test tests::country::test_name_unique ... ok
[INFO] [stdout] test tests::month_selector::invalid_day ... ok
[INFO] [stdout] test tests::next_change::date_limit_exceeded ... ok
[INFO] [stdout] test tests::next_change::always_open ... ok
[INFO] [stdout] test tests::issues::gh52_no_interval_after_last_midnight ... ok
[INFO] [stdout] test tests::month_selector::range ... ok
[INFO] [stdout] test tests::month_selector::exact_date ... ok
[INFO] [stdout] test tests::parser::parse_24_7 ... ok
[INFO] [stdout] test tests::parser::parse_invalid ... ok
[INFO] [stdout] test tests::parser::parse_open_ended ... ok
[INFO] [stdout] test tests::parser::parse_reformated ... ok
[INFO] [stdout] test tests::issues::gh023_handling_of_spaces ... ok
[INFO] [stdout] test tests::next_change::skip_year_interval ... ok
[INFO] [stdout] test tests::regression::s003_idunn_space_separator ... ok
[INFO] [stdout] test tests::regression::s000_idunn_interval_stops_next_day ... ok
[INFO] [stdout] test tests::regression::s001_idunn_override_weekday ... ok
[INFO] [stdout] test tests::regression::s002_idunn_override_weekday_keep_unmatched ... ok
[INFO] [stdout] test tests::regression::s004_idunn_until_midnight_as_00 ... ok
[INFO] [stdout] test tests::regression::s007_idunn_date_separator ... ok
[INFO] [stdout] test tests::regression::s006_idunn_month_cycle ... ok
[INFO] [stdout] test tests::regression::s008_pj_no_open_before_separator ... ok
[INFO] [stdout] test tests::regression::s009_pj_no_open_before_separator ... ok
[INFO] [stdout] test tests::regression::s011_fuzz_extreme_year ... ok
[INFO] [stdout] test tests::regression::s005_idunn_days_cycle ... ok
[INFO] [stdout] test tests::parser::parse_relaxed ... ok
[INFO] [stdout] test tests::regression::s015_fuzz_31dec_may_be_week_01 ... ok
[INFO] [stdout] test tests::regression::s012_fuzz_slow_sh ... ok
[INFO] [stdout] test tests::regression::s010_pj_slow_after_24_7 ... ok
[INFO] [stdout] test tests::regression::s014_fuzz_feb30_before_leap_year ... ok
[INFO] [stdout] test tests::rules::always_open ... ok
[INFO] [stdout] test tests::rules::comments ... ok
[INFO] [stdout] test tests::rules::additional_rule ... ok
[INFO] [stdout] test tests::rules::empty ... ok
[INFO] [stdout] test tests::rules::fallback_rule ... ok
[INFO] [stdout] test tests::rules::regular_rule ... ok
[INFO] [stdout] test tests::regression::s017_fuzz_open_range_timeout ... ok
[INFO] [stdout] test tests::schedule::test_iter_on_complex_schedule ... ok
[INFO] [stdout] test tests::time_selector::basic_timespan ... ok
[INFO] [stdout] test tests::time_selector::events ... ok
[INFO] [stdout] test tests::time_selector::overlap ... ok
[INFO] [stdout] test tests::schedule::test_iter_on_empty_schedule ... ok
[INFO] [stdout] test tests::week_selector::week_range ... ok
[INFO] [stdout] test tests::weekday_selector::basic_range ... ok
[INFO] [stdout] test tests::weekday_selector::nth ... ok
[INFO] [stdout] test tests::weekday_selector::nth_with_offset ... ok
[INFO] [stdout] test tests::weekday_selector::nth_reversed ... ok
[INFO] [stdout] test tests::year_selector::range ... ok
[INFO] [stdout] test tests::year_selector::easter ... ok
[INFO] [stdout] test utils::range::test::test_unions ... ok
[INFO] [stdout] test utils::range::test::test_intersection ... ok
[INFO] [stdout] test tests::weekday_selector::holiday ... ok
[INFO] [stdout] test tests::holiday_selector::holidays ... ok
[INFO] [stdout] test tests::regression::s016_fuzz_week01_sh ... ok
[INFO] [stdout] test tests::parser::parse_sample ... ok
[INFO] [stdout] test tests::parser::parse_reformated_sample ... ok
[INFO] [stdout] test tests::regression::s013_fuzz_slow_weeknum ... FAILED
[INFO] [stdout] 
[INFO] [stdout] failures:
[INFO] [stdout] 
[INFO] [stdout] ---- tests::regression::s013_fuzz_slow_weeknum stdout ----
[INFO] [stdout] thread 'tests::regression::s013_fuzz_slow_weeknum' panicked at src/tests/mod.rs:77:9:
[INFO] [stdout] exec stopped due to 200ms timeout
[INFO] [stdout] stack backtrace:
[INFO] [stdout]    0:     0x634725171eca - std::backtrace_rs::backtrace::libunwind::trace::h8810477743020387
[INFO] [stdout]                                at /rustc/202008a1b8de96d2e5b6bc02d379db03a877d34d/library/std/src/../../backtrace/src/backtrace/libunwind.rs:116:5
[INFO] [stdout]    1:     0x634725171eca - std::backtrace_rs::backtrace::trace_unsynchronized::h3aa55355dd6c54a6
[INFO] [stdout]                                at /rustc/202008a1b8de96d2e5b6bc02d379db03a877d34d/library/std/src/../../backtrace/src/backtrace/mod.rs:66:5
[INFO] [stdout]    2:     0x634725171eca - std::sys::backtrace::_print_fmt::h8588b0f62410823f
[INFO] [stdout]                                at /rustc/202008a1b8de96d2e5b6bc02d379db03a877d34d/library/std/src/sys/backtrace.rs:66:9
[INFO] [stdout]    3:     0x634725171eca - <std::sys::backtrace::BacktraceLock::print::DisplayBacktrace as core::fmt::Display>::fmt::h98c26ac25ffe89bb
[INFO] [stdout]                                at /rustc/202008a1b8de96d2e5b6bc02d379db03a877d34d/library/std/src/sys/backtrace.rs:39:26
[INFO] [stdout]    4:     0x634725197be3 - core::fmt::rt::Argument::fmt::hf95377f4aebd453b
[INFO] [stdout]                                at /rustc/202008a1b8de96d2e5b6bc02d379db03a877d34d/library/core/src/fmt/rt.rs:177:76
[INFO] [stdout]    5:     0x634725197be3 - core::fmt::write::h0dd5f6e2238c7982
[INFO] [stdout]                                at /rustc/202008a1b8de96d2e5b6bc02d379db03a877d34d/library/core/src/fmt/mod.rs:1189:21
[INFO] [stdout]    6:     0x63472516f033 - std::io::Write::write_fmt::h03bb0ca26e6faf8c
[INFO] [stdout]                                at /rustc/202008a1b8de96d2e5b6bc02d379db03a877d34d/library/std/src/io/mod.rs:1884:15
[INFO] [stdout]    7:     0x634725171d12 - std::sys::backtrace::BacktraceLock::print::h5c19c1c038ee186d
[INFO] [stdout]                                at /rustc/202008a1b8de96d2e5b6bc02d379db03a877d34d/library/std/src/sys/backtrace.rs:42:9
[INFO] [stdout]    8:     0x63472517334d - std::panicking::default_hook::{{closure}}::h77172f079a1fcb13
[INFO] [stdout]                                at /rustc/202008a1b8de96d2e5b6bc02d379db03a877d34d/library/std/src/panicking.rs:268:22
[INFO] [stdout]    9:     0x634725173157 - std::panicking::default_hook::he5f8e3b203ccddba
[INFO] [stdout]                                at /rustc/202008a1b8de96d2e5b6bc02d379db03a877d34d/library/std/src/panicking.rs:292:9
[INFO] [stdout]   10:     0x6347250339d7 - <alloc::boxed::Box<F,A> as core::ops::function::Fn<Args>>::call::h7a3c7b4a1ae77f2f
[INFO] [stdout]                                at /rustc/202008a1b8de96d2e5b6bc02d379db03a877d34d/library/alloc/src/boxed.rs:1986:9
[INFO] [stdout]   11:     0x6347250339d7 - test::test_main::{{closure}}::hf0d3b69ae9b353d1
[INFO] [stdout]                                at /rustc/202008a1b8de96d2e5b6bc02d379db03a877d34d/library/test/src/lib.rs:134:21
[INFO] [stdout]   12:     0x6347251739f8 - <alloc::boxed::Box<F,A> as core::ops::function::Fn<Args>>::call::h6332e82e7b189abd
[INFO] [stdout]                                at /rustc/202008a1b8de96d2e5b6bc02d379db03a877d34d/library/alloc/src/boxed.rs:1986:9
[INFO] [stdout]   13:     0x6347251739f8 - std::panicking::rust_panic_with_hook::h53863d4e9018df39
[INFO] [stdout]                                at /rustc/202008a1b8de96d2e5b6bc02d379db03a877d34d/library/std/src/panicking.rs:809:13
[INFO] [stdout]   14:     0x6347251737ba - std::panicking::begin_panic_handler::{{closure}}::h67280e6fa0757873
[INFO] [stdout]                                at /rustc/202008a1b8de96d2e5b6bc02d379db03a877d34d/library/std/src/panicking.rs:674:13
[INFO] [stdout]   15:     0x6347251723a9 - std::sys::backtrace::__rust_end_short_backtrace::h1dac3f54d6fbbeb2
[INFO] [stdout]                                at /rustc/202008a1b8de96d2e5b6bc02d379db03a877d34d/library/std/src/sys/backtrace.rs:170:18
[INFO] [stdout]   16:     0x63472517344c - rust_begin_unwind
[INFO] [stdout]                                at /rustc/202008a1b8de96d2e5b6bc02d379db03a877d34d/library/std/src/panicking.rs:665:5
[INFO] [stdout]   17:     0x634724f6faf0 - core::panicking::panic_fmt::h6792bd1b2bf01041
[INFO] [stdout]                                at /rustc/202008a1b8de96d2e5b6bc02d379db03a877d34d/library/core/src/panicking.rs:76:14
[INFO] [stdout]   18:     0x634724fa9fec - opening_hours::tests::exec_with_timeout::hf60666815460030b
[INFO] [stdout]                                at /opt/rustwide/workdir/src/tests/mod.rs:77:9
[INFO] [stdout]   19:     0x634724ff8c05 - opening_hours::tests::regression::s013_fuzz_slow_weeknum::hf1c7880504bde556
[INFO] [stdout]                                at /opt/rustwide/workdir/src/tests/regression.rs:180:5
[INFO] [stdout]   20:     0x634724ff8bbc - opening_hours::tests::regression::s013_fuzz_slow_weeknum::{{closure}}::hbe10f60a11c8b906
[INFO] [stdout]                                at /opt/rustwide/workdir/src/tests/regression.rs:179:32
[INFO] [stdout]   21:     0x634724fad436 - core::ops::function::FnOnce::call_once::hcb50827a6dd9e0e9
[INFO] [stdout]                                at /rustc/202008a1b8de96d2e5b6bc02d379db03a877d34d/library/core/src/ops/function.rs:250:5
[INFO] [stdout]   22:     0x6347250384fb - core::ops::function::FnOnce::call_once::h871bf86719ec9aa4
[INFO] [stdout]                                at /rustc/202008a1b8de96d2e5b6bc02d379db03a877d34d/library/core/src/ops/function.rs:250:5
[INFO] [stdout]   23:     0x6347250384fb - test::__rust_begin_short_backtrace::h2167df1e2b7d76fd
[INFO] [stdout]                                at /rustc/202008a1b8de96d2e5b6bc02d379db03a877d34d/library/test/src/lib.rs:632:18
[INFO] [stdout]   24:     0x634725037ee8 - test::run_test_in_process::{{closure}}::h15d92f75a3adfb79
[INFO] [stdout]                                at /rustc/202008a1b8de96d2e5b6bc02d379db03a877d34d/library/test/src/lib.rs:655:60
[INFO] [stdout]   25:     0x634725037ee8 - <core::panic::unwind_safe::AssertUnwindSafe<F> as core::ops::function::FnOnce<()>>::call_once::hb6c8955835a8dbbb
[INFO] [stdout]                                at /rustc/202008a1b8de96d2e5b6bc02d379db03a877d34d/library/core/src/panic/unwind_safe.rs:272:9
[INFO] [stdout]   26:     0x634725037ee8 - std::panicking::try::do_call::hc79d0fc888a0bd30
[INFO] [stdout]                                at /rustc/202008a1b8de96d2e5b6bc02d379db03a877d34d/library/std/src/panicking.rs:557:40
[INFO] [stdout]   27:     0x634725037ee8 - std::panicking::try::hb8a7878e3a8589d6
[INFO] [stdout]                                at /rustc/202008a1b8de96d2e5b6bc02d379db03a877d34d/library/std/src/panicking.rs:520:19
[INFO] [stdout]   28:     0x634725037ee8 - std::panic::catch_unwind::hb8e4600ff0ff5cfa
[INFO] [stdout]                                at /rustc/202008a1b8de96d2e5b6bc02d379db03a877d34d/library/std/src/panic.rs:358:14
[INFO] [stdout]   29:     0x634725037ee8 - test::run_test_in_process::hc2900b0b18688dd6
[INFO] [stdout]                                at /rustc/202008a1b8de96d2e5b6bc02d379db03a877d34d/library/test/src/lib.rs:655:27
[INFO] [stdout]   30:     0x634725037ee8 - test::run_test::{{closure}}::hac2a9cb07be3d48d
[INFO] [stdout]                                at /rustc/202008a1b8de96d2e5b6bc02d379db03a877d34d/library/test/src/lib.rs:576:43
[INFO] [stdout]   31:     0x634724ffb98a - test::run_test::{{closure}}::h4a5b729e66a38cd8
[INFO] [stdout]                                at /rustc/202008a1b8de96d2e5b6bc02d379db03a877d34d/library/test/src/lib.rs:606:41
[INFO] [stdout]   32:     0x634724ffb98a - std::sys::backtrace::__rust_begin_short_backtrace::h0496fb742492f573
[INFO] [stdout]                                at /rustc/202008a1b8de96d2e5b6bc02d379db03a877d34d/library/std/src/sys/backtrace.rs:154:18
[INFO] [stdout]   33:     0x634724fff304 - std::thread::Builder::spawn_unchecked_::{{closure}}::{{closure}}::hbb6d257c550a54bd
[INFO] [stdout]                                at /rustc/202008a1b8de96d2e5b6bc02d379db03a877d34d/library/std/src/thread/mod.rs:561:17
[INFO] [stdout]   34:     0x634724fff304 - <core::panic::unwind_safe::AssertUnwindSafe<F> as core::ops::function::FnOnce<()>>::call_once::h46696fe4a6832328
[INFO] [stdout]                                at /rustc/202008a1b8de96d2e5b6bc02d379db03a877d34d/library/core/src/panic/unwind_safe.rs:272:9
[INFO] [stdout]   35:     0x634724fff304 - std::panicking::try::do_call::h2625a51b667bfb64
[INFO] [stdout]                                at /rustc/202008a1b8de96d2e5b6bc02d379db03a877d34d/library/std/src/panicking.rs:557:40
[INFO] [stdout]   36:     0x634724fff304 - std::panicking::try::hb956a59a1973aa4c
[INFO] [stdout]                                at /rustc/202008a1b8de96d2e5b6bc02d379db03a877d34d/library/std/src/panicking.rs:520:19
[INFO] [stdout]   37:     0x634724fff304 - std::panic::catch_unwind::h64f3b9d1067ef6a0
[INFO] [stdout]                                at /rustc/202008a1b8de96d2e5b6bc02d379db03a877d34d/library/std/src/panic.rs:358:14
[INFO] [stdout]   38:     0x634724fff304 - std::thread::Builder::spawn_unchecked_::{{closure}}::h42b2841295b6c0b2
[INFO] [stdout]                                at /rustc/202008a1b8de96d2e5b6bc02d379db03a877d34d/library/std/src/thread/mod.rs:559:30
[INFO] [stdout]   39:     0x634724fff304 - core::ops::function::FnOnce::call_once{{vtable.shim}}::h6127de71b8124639
[INFO] [stdout]                                at /rustc/202008a1b8de96d2e5b6bc02d379db03a877d34d/library/core/src/ops/function.rs:250:5
[INFO] [stdout]   40:     0x63472517793b - <alloc::boxed::Box<F,A> as core::ops::function::FnOnce<Args>>::call_once::h42f0ba71002a1b2c
[INFO] [stdout]                                at /rustc/202008a1b8de96d2e5b6bc02d379db03a877d34d/library/alloc/src/boxed.rs:1972:9
[INFO] [stdout]   41:     0x63472517793b - <alloc::boxed::Box<F,A> as core::ops::function::FnOnce<Args>>::call_once::had9e47d7a3dcecb8
[INFO] [stdout]                                at /rustc/202008a1b8de96d2e5b6bc02d379db03a877d34d/library/alloc/src/boxed.rs:1972:9
[INFO] [stdout]   42:     0x63472517793b - std::sys::pal::unix::thread::Thread::new::thread_start::h48cf765408f6f5f2
[INFO] [stdout]                                at /rustc/202008a1b8de96d2e5b6bc02d379db03a877d34d/library/std/src/sys/pal/unix/thread.rs:105:17
[INFO] [stdout]   43:     0x776559aa4ac3 - <unknown>
[INFO] [stdout]   44:     0x776559b35a04 - clone
[INFO] [stdout]   45:                0x0 - <unknown>
[INFO] [stdout] 
[INFO] [stdout] 
[INFO] [stdout] failures:
[INFO] [stdout]     tests::regression::s013_fuzz_slow_weeknum
[INFO] [stdout] 
[INFO] [stdout] test result: FAILED. 60 passed; 1 failed; 0 ignored; 0 measured; 0 filtered out; finished in 0.62s
[INFO] [stdout] 
[INFO] [stderr] error: test failed, to rerun pass `--lib`
[INFO] running `Command { std: "docker" "inspect" "9cf453c18912bb5b52a8c539348f5fee78e04170588ddd32c844625dc21a64da", kill_on_drop: false }`
[INFO] running `Command { std: "docker" "rm" "-f" "9cf453c18912bb5b52a8c539348f5fee78e04170588ddd32c844625dc21a64da", kill_on_drop: false }`
[INFO] [stdout] 9cf453c18912bb5b52a8c539348f5fee78e04170588ddd32c844625dc21a64da
