[INFO] cloning repository https://github.com/rbeneyton/AdventOfCode2022
[INFO] running `Command { std: "git" "-c" "credential.helper=" "-c" "credential.helper=/workspace/cargo-home/bin/git-credential-null" "clone" "--bare" "https://github.com/rbeneyton/AdventOfCode2022" "/workspace/cache/git-repos/https%3A%2F%2Fgithub.com%2Frbeneyton%2FAdventOfCode2022", kill_on_drop: false }`
[INFO] [stderr] Cloning into bare repository '/workspace/cache/git-repos/https%3A%2F%2Fgithub.com%2Frbeneyton%2FAdventOfCode2022'...
[INFO] running `Command { std: "git" "rev-parse" "HEAD", kill_on_drop: false }`
[INFO] [stdout] bcae552bbe4662825cd4d9a15ad8ea3a70cc96db
[INFO] testing rbeneyton/AdventOfCode2022 against 1.83.0 for beta-1.84.0-4-retry
[INFO] running `Command { std: "git" "clone" "/workspace/cache/git-repos/https%3A%2F%2Fgithub.com%2Frbeneyton%2FAdventOfCode2022" "/workspace/builds/worker-3-tc1/source", kill_on_drop: false }`
[INFO] [stderr] Cloning into '/workspace/builds/worker-3-tc1/source'...
[INFO] [stderr] done.
[INFO] validating manifest of git repo https://github.com/rbeneyton/AdventOfCode2022 on toolchain 1.83.0
[INFO] running `Command { std: CARGO_HOME="/workspace/cargo-home" RUSTUP_HOME="/workspace/rustup-home" "/workspace/cargo-home/bin/cargo" "+1.83.0" "metadata" "--manifest-path" "Cargo.toml" "--no-deps", kill_on_drop: false }`
[INFO] started tweaking git repo https://github.com/rbeneyton/AdventOfCode2022
[INFO] finished tweaking git repo https://github.com/rbeneyton/AdventOfCode2022
[INFO] tweaked toml for git repo https://github.com/rbeneyton/AdventOfCode2022 written to /workspace/builds/worker-3-tc1/source/Cargo.toml
[INFO] crate git repo https://github.com/rbeneyton/AdventOfCode2022 already has a lockfile, it will not be regenerated
[INFO] running `Command { std: CARGO_HOME="/workspace/cargo-home" RUSTUP_HOME="/workspace/rustup-home" "/workspace/cargo-home/bin/cargo" "+1.83.0" "fetch" "--manifest-path" "Cargo.toml", kill_on_drop: false }`
[INFO] [stderr]     Updating crates.io index
[INFO] [stderr]  Downloading crates ...
[INFO] [stderr]   Downloaded inpt-macros v0.1.1
[INFO] [stderr]   Downloaded inpt v0.1.1
[INFO] [stderr]   Downloaded partial_sort v0.1.2
[INFO] running `Command { std: "docker" "create" "-v" "/var/lib/crater-agent-workspace/builds/worker-3-tc1/target:/opt/rustwide/target:rw,Z" "-v" "/var/lib/crater-agent-workspace/builds/worker-3-tc1/source:/opt/rustwide/workdir:ro,Z" "-v" "/var/lib/crater-agent-workspace/cargo-home:/opt/rustwide/cargo-home:ro,Z" "-v" "/var/lib/crater-agent-workspace/rustup-home:/opt/rustwide/rustup-home:ro,Z" "-e" "SOURCE_DIR=/opt/rustwide/workdir" "-e" "CARGO_TARGET_DIR=/opt/rustwide/target" "-e" "CARGO_HOME=/opt/rustwide/cargo-home" "-e" "RUSTUP_HOME=/opt/rustwide/rustup-home" "-w" "/opt/rustwide/workdir" "-m" "1610612736" "--user" "0:0" "--network" "none" "ghcr.io/rust-lang/crates-build-env/linux@sha256:f3a9d4ad9d972b27faf3965f35b62e55ba32bbce8f20bc8fe909558a86702fde" "/opt/rustwide/cargo-home/bin/cargo" "+1.83.0" "metadata" "--no-deps" "--format-version=1", kill_on_drop: false }`
[INFO] [stdout] bb7b1d5baccb541ff119541c133ec9b6090e4b7497809f76c71c5ffe371826e8
[INFO] running `Command { std: "docker" "start" "-a" "bb7b1d5baccb541ff119541c133ec9b6090e4b7497809f76c71c5ffe371826e8", kill_on_drop: false }`
[INFO] running `Command { std: "docker" "inspect" "bb7b1d5baccb541ff119541c133ec9b6090e4b7497809f76c71c5ffe371826e8", kill_on_drop: false }`
[INFO] running `Command { std: "docker" "rm" "-f" "bb7b1d5baccb541ff119541c133ec9b6090e4b7497809f76c71c5ffe371826e8", kill_on_drop: false }`
[INFO] [stdout] bb7b1d5baccb541ff119541c133ec9b6090e4b7497809f76c71c5ffe371826e8
[INFO] running `Command { std: "docker" "create" "-v" "/var/lib/crater-agent-workspace/builds/worker-3-tc1/target:/opt/rustwide/target:rw,Z" "-v" "/var/lib/crater-agent-workspace/builds/worker-3-tc1/source:/opt/rustwide/workdir:ro,Z" "-v" "/var/lib/crater-agent-workspace/cargo-home:/opt/rustwide/cargo-home:ro,Z" "-v" "/var/lib/crater-agent-workspace/rustup-home:/opt/rustwide/rustup-home:ro,Z" "-e" "SOURCE_DIR=/opt/rustwide/workdir" "-e" "CARGO_TARGET_DIR=/opt/rustwide/target" "-e" "CARGO_INCREMENTAL=0" "-e" "RUST_BACKTRACE=full" "-e" "RUSTFLAGS=--cap-lints=warn" "-e" "RUSTDOCFLAGS=--cap-lints=warn" "-e" "CARGO_HOME=/opt/rustwide/cargo-home" "-e" "RUSTUP_HOME=/opt/rustwide/rustup-home" "-w" "/opt/rustwide/workdir" "-m" "1610612736" "--user" "0:0" "--network" "none" "ghcr.io/rust-lang/crates-build-env/linux@sha256:f3a9d4ad9d972b27faf3965f35b62e55ba32bbce8f20bc8fe909558a86702fde" "/opt/rustwide/cargo-home/bin/cargo" "+1.83.0" "build" "--frozen" "--message-format=json", kill_on_drop: false }`
[INFO] [stdout] 801d4c530a55b589ad5afef1b39659d4e2f35c642af891f1a56252cbf08d68f8
[INFO] running `Command { std: "docker" "start" "-a" "801d4c530a55b589ad5afef1b39659d4e2f35c642af891f1a56252cbf08d68f8", kill_on_drop: false }`
[INFO] [stderr]    Compiling libc v0.2.137
[INFO] [stderr]    Compiling proc-macro2 v1.0.47
[INFO] [stderr]    Compiling unicode-ident v1.0.5
[INFO] [stderr]    Compiling quote v1.0.21
[INFO] [stderr]    Compiling version_check v0.9.4
[INFO] [stderr]    Compiling cc v1.0.77
[INFO] [stderr]    Compiling pkg-config v0.3.26
[INFO] [stderr]    Compiling syn v1.0.103
[INFO] [stderr]    Compiling autocfg v1.1.0
[INFO] [stderr]    Compiling strsim v0.10.0
[INFO] [stderr]    Compiling memchr v2.5.0
[INFO] [stderr]    Compiling proc-macro-error-attr v1.0.4
[INFO] [stderr]    Compiling fnv v1.0.7
[INFO] [stderr]    Compiling ident_case v1.0.1
[INFO] [stderr]    Compiling io-lifetimes v1.0.3
[INFO] [stderr]    Compiling proc-macro-error v1.0.4
[INFO] [stderr]    Compiling rustix v0.36.4
[INFO] [stderr]    Compiling bitflags v1.3.2
[INFO] [stderr]    Compiling regex-syntax v0.6.28
[INFO] [stderr]    Compiling aho-corasick v0.7.20
[INFO] [stderr]    Compiling unicase v2.6.0
[INFO] [stderr]    Compiling openssl-sys v0.9.77
[INFO] [stderr]    Compiling libz-sys v1.1.8
[INFO] [stderr]    Compiling curl-sys v0.4.59+curl-7.86.0
[INFO] [stderr]    Compiling log v0.4.17
[INFO] [stderr]    Compiling unicode-width v0.1.10
[INFO] [stderr]    Compiling linux-raw-sys v0.1.3
[INFO] [stderr]    Compiling lazy_static v1.4.0
[INFO] [stderr]    Compiling terminal_size v0.1.17
[INFO] [stderr]    Compiling atty v0.2.14
[INFO] [stderr]    Compiling termcolor v1.1.3
[INFO] [stderr]    Compiling once_cell v1.16.0
[INFO] [stderr]    Compiling curl v0.4.44
[INFO] [stderr]    Compiling heck v0.4.0
[INFO] [stderr]    Compiling cfg-if v1.0.0
[INFO] [stderr]    Compiling os_str_bytes v6.4.1
[INFO] [stderr]    Compiling clap_lex v0.3.0
[INFO] [stderr]    Compiling console v0.15.2
[INFO] [stderr]    Compiling socket2 v0.4.7
[INFO] [stderr]    Compiling humantime v2.1.0
[INFO] [stderr]    Compiling openssl-probe v0.1.5
[INFO] [stderr]    Compiling either v1.8.0
[INFO] [stderr]    Compiling itertools v0.10.5
[INFO] [stderr]    Compiling colored v2.0.0
[INFO] [stderr]    Compiling rustc-hash v1.1.0
[INFO] [stderr]    Compiling exitcode v1.1.2
[INFO] [stderr]    Compiling partial_sort v0.1.2
[INFO] [stderr]    Compiling regex v1.7.0
[INFO] [stderr]    Compiling is-terminal v0.4.1
[INFO] [stderr]    Compiling env_logger v0.10.0
[INFO] [stderr]    Compiling darling_core v0.14.2
[INFO] [stderr]    Compiling clap_derive v4.0.21
[INFO] [stderr]    Compiling darling_macro v0.14.2
[INFO] [stderr]    Compiling darling v0.14.2
[INFO] [stderr]    Compiling inpt-macros v0.1.1
[INFO] [stderr]    Compiling clap v4.0.26
[INFO] [stderr]    Compiling inpt v0.1.1
[INFO] [stderr]    Compiling aoc_2022 v0.1.0 (/opt/rustwide/workdir)
[INFO] [stderr]     Finished `dev` profile [unoptimized + debuginfo] target(s) in 53.55s
[INFO] running `Command { std: "docker" "inspect" "801d4c530a55b589ad5afef1b39659d4e2f35c642af891f1a56252cbf08d68f8", kill_on_drop: false }`
[INFO] running `Command { std: "docker" "rm" "-f" "801d4c530a55b589ad5afef1b39659d4e2f35c642af891f1a56252cbf08d68f8", kill_on_drop: false }`
[INFO] [stdout] 801d4c530a55b589ad5afef1b39659d4e2f35c642af891f1a56252cbf08d68f8
[INFO] running `Command { std: "docker" "create" "-v" "/var/lib/crater-agent-workspace/builds/worker-3-tc1/target:/opt/rustwide/target:rw,Z" "-v" "/var/lib/crater-agent-workspace/builds/worker-3-tc1/source:/opt/rustwide/workdir:ro,Z" "-v" "/var/lib/crater-agent-workspace/cargo-home:/opt/rustwide/cargo-home:ro,Z" "-v" "/var/lib/crater-agent-workspace/rustup-home:/opt/rustwide/rustup-home:ro,Z" "-e" "SOURCE_DIR=/opt/rustwide/workdir" "-e" "CARGO_TARGET_DIR=/opt/rustwide/target" "-e" "CARGO_INCREMENTAL=0" "-e" "RUST_BACKTRACE=full" "-e" "RUSTFLAGS=--cap-lints=warn" "-e" "RUSTDOCFLAGS=--cap-lints=warn" "-e" "CARGO_HOME=/opt/rustwide/cargo-home" "-e" "RUSTUP_HOME=/opt/rustwide/rustup-home" "-w" "/opt/rustwide/workdir" "-m" "1610612736" "--user" "0:0" "--network" "none" "ghcr.io/rust-lang/crates-build-env/linux@sha256:f3a9d4ad9d972b27faf3965f35b62e55ba32bbce8f20bc8fe909558a86702fde" "/opt/rustwide/cargo-home/bin/cargo" "+1.83.0" "test" "--frozen" "--no-run" "--message-format=json", kill_on_drop: false }`
[INFO] [stdout] 3ae19fd25b52da80459ea322f4690d7fa3766750031f37a82cc057621439e4c6
[INFO] running `Command { std: "docker" "start" "-a" "3ae19fd25b52da80459ea322f4690d7fa3766750031f37a82cc057621439e4c6", kill_on_drop: false }`
[INFO] [stderr]    Compiling crossbeam-utils v0.8.14
[INFO] [stderr]    Compiling memoffset v0.7.1
[INFO] [stderr]    Compiling serde_derive v1.0.147
[INFO] [stderr]    Compiling crossbeam-epoch v0.9.13
[INFO] [stderr]    Compiling serde v1.0.147
[INFO] [stderr]    Compiling scopeguard v1.1.0
[INFO] [stderr]    Compiling num-traits v0.2.15
[INFO] [stderr]    Compiling indexmap v1.9.2
[INFO] [stderr]    Compiling serde_json v1.0.89
[INFO] [stderr]    Compiling rayon-core v1.10.1
[INFO] [stderr]    Compiling num_cpus v1.14.0
[INFO] [stderr]    Compiling plotters-backend v0.3.4
[INFO] [stderr]    Compiling hashbrown v0.12.3
[INFO] [stderr]    Compiling itoa v1.0.4
[INFO] [stderr]    Compiling half v1.8.2
[INFO] [stderr]    Compiling ciborium-io v0.2.0
[INFO] [stderr]    Compiling ryu v1.0.11
[INFO] [stderr]    Compiling plotters-svg v0.3.3
[INFO] [stderr]    Compiling clap_lex v0.2.4
[INFO] [stderr]    Compiling ciborium-ll v0.2.0
[INFO] [stderr]    Compiling textwrap v0.16.0
[INFO] [stderr]    Compiling crossbeam-channel v0.5.6
[INFO] [stderr]    Compiling cast v0.3.0
[INFO] [stderr]    Compiling same-file v1.0.6
[INFO] [stderr]    Compiling crossbeam-deque v0.8.2
[INFO] [stderr]    Compiling walkdir v2.3.2
[INFO] [stderr]    Compiling criterion-plot v0.5.0
[INFO] [stderr]    Compiling plotters v0.3.4
[INFO] [stderr]    Compiling oorandom v11.1.3
[INFO] [stderr]    Compiling anes v0.1.6
[INFO] [stderr]    Compiling clap v3.2.23
[INFO] [stderr]    Compiling rayon v1.6.0
[INFO] [stderr]    Compiling ciborium v0.2.0
[INFO] [stderr]    Compiling tinytemplate v1.2.1
[INFO] [stderr]    Compiling criterion v0.4.0
[INFO] [stderr]    Compiling aoc_2022 v0.1.0 (/opt/rustwide/workdir)
[INFO] [stderr]     Finished `test` profile [unoptimized + debuginfo] target(s) in 44.99s
[INFO] running `Command { std: "docker" "inspect" "3ae19fd25b52da80459ea322f4690d7fa3766750031f37a82cc057621439e4c6", kill_on_drop: false }`
[INFO] running `Command { std: "docker" "rm" "-f" "3ae19fd25b52da80459ea322f4690d7fa3766750031f37a82cc057621439e4c6", kill_on_drop: false }`
[INFO] [stdout] 3ae19fd25b52da80459ea322f4690d7fa3766750031f37a82cc057621439e4c6
[INFO] running `Command { std: "docker" "create" "-v" "/var/lib/crater-agent-workspace/builds/worker-3-tc1/target:/opt/rustwide/target:rw,Z" "-v" "/var/lib/crater-agent-workspace/builds/worker-3-tc1/source:/opt/rustwide/workdir:ro,Z" "-v" "/var/lib/crater-agent-workspace/cargo-home:/opt/rustwide/cargo-home:ro,Z" "-v" "/var/lib/crater-agent-workspace/rustup-home:/opt/rustwide/rustup-home:ro,Z" "-e" "SOURCE_DIR=/opt/rustwide/workdir" "-e" "CARGO_TARGET_DIR=/opt/rustwide/target" "-e" "CARGO_INCREMENTAL=0" "-e" "RUST_BACKTRACE=full" "-e" "RUSTFLAGS=--cap-lints=warn" "-e" "RUSTDOCFLAGS=--cap-lints=warn" "-e" "CARGO_HOME=/opt/rustwide/cargo-home" "-e" "RUSTUP_HOME=/opt/rustwide/rustup-home" "-w" "/opt/rustwide/workdir" "-m" "1610612736" "--user" "0:0" "--network" "none" "ghcr.io/rust-lang/crates-build-env/linux@sha256:f3a9d4ad9d972b27faf3965f35b62e55ba32bbce8f20bc8fe909558a86702fde" "/opt/rustwide/cargo-home/bin/cargo" "+1.83.0" "test" "--frozen", kill_on_drop: false }`
[INFO] [stdout] be192eb29b8008a3ff8e40e172e1fd4287a0556de9de952871861dd5106a58c4
[INFO] running `Command { std: "docker" "start" "-a" "be192eb29b8008a3ff8e40e172e1fd4287a0556de9de952871861dd5106a58c4", kill_on_drop: false }`
[INFO] [stderr]     Finished `test` profile [unoptimized + debuginfo] target(s) in 0.21s
[INFO] [stderr]      Running unittests src/lib.rs (/opt/rustwide/target/debug/deps/aoc_2022-328e538206031138)
[INFO] [stdout] 
[INFO] [stdout] running 67 tests
[INFO] [stdout] test solutions::day01::tests::part_2 ... ok
[INFO] [stdout] test solutions::day01::tests::part_2_basic ... ok
[INFO] [stdout] test solutions::day02::tests::part_1 ... ok
[INFO] [stdout] test solutions::day02::tests::part_1_sample ... ok
[INFO] [stdout] test solutions::day02::tests::part_2_sample ... ok
[INFO] [stdout] test solutions::day02::tests::part_2 ... ok
[INFO] [stdout] test solutions::day01::tests::part_1 ... ok
[INFO] [stdout] test solutions::day03::tests::part_1_sample ... ok
[INFO] [stdout] test solutions::day03::tests::part_2_sample ... ok
[INFO] [stdout] test solutions::day04::tests::part_1 ... ok
[INFO] [stdout] test solutions::day03::tests::part_1 ... ok
[INFO] [stdout] test solutions::day03::tests::part_2 ... ok
[INFO] [stdout] test solutions::day01::tests::part_1_last ... ok
[INFO] [stdout] test solutions::day04::tests::part_1_sample ... ok
[INFO] [stdout] test solutions::day05::tests::part_2_sample ... ok
[INFO] [stdout] test solutions::day05::tests::part_1 ... ok
[INFO] [stdout] test solutions::day05::tests::part_1_sample ... ok
[INFO] [stdout] test solutions::day04::tests::part_2 ... ok
[INFO] [stdout] test solutions::day06::tests::part_1_sample ... ok
[INFO] [stdout] test solutions::day06::tests::part_2 ... ok
[INFO] [stdout] test solutions::day06::tests::part_2_sample ... ok
[INFO] [stdout] test solutions::day04::tests::part_2_sample ... ok
[INFO] [stdout] test solutions::day06::tests::part_1 ... ok
[INFO] [stdout] test solutions::day07::tests::part_1_sample ... ok
[INFO] [stdout] test solutions::day07::tests::part_1 ... ok
[INFO] [stdout] test solutions::day07::tests::part_2 ... ok
[INFO] [stdout] test solutions::day07::tests::part_2_sample ... ok
[INFO] [stdout] test solutions::day09::tests::part_1_sample ... ok
[INFO] [stdout] test solutions::day10::tests::part_1 ... ok
[INFO] [stdout] test solutions::day10::tests::part_1_sample ... ok
[INFO] [stdout] test solutions::day10::tests::part_2 ... ok
[INFO] [stdout] test solutions::day08::tests::part_1 ... ok
[INFO] [stdout] test solutions::day10::tests::part_2_sample ... ok
[INFO] [stdout] test solutions::day11::test_op ... ok
[INFO] [stdout] test solutions::day08::tests::part_1_sample ... ok
[INFO] [stdout] test solutions::day09::tests::part_2_sample ... ok
[INFO] [stdout] test solutions::day11::tests::part_1 ... ok
[INFO] [stdout] test solutions::day12::tests::part_1 ... ok
[INFO] [stdout] test solutions::day09::tests::part_1 ... ok
[INFO] [stdout] test solutions::day12::tests::part_1_sample ... ok
[INFO] [stdout] test solutions::day12::tests::part_2_sample ... ok
[INFO] [stdout] test solutions::day13::test_packet ... ok
[INFO] [stdout] test solutions::day13::test_pair ... ok
[INFO] [stdout] test solutions::day09::tests::part_2 ... ok
[INFO] [stdout] test solutions::day13::tests::part_1 ... ok
[INFO] [stdout] test solutions::day12::tests::part_2 ... ok
[INFO] [stdout] test solutions::day13::tests::part_2_sample ... ok
[INFO] [stdout] test solutions::day13::tests::part_1_sample ... ok
[INFO] [stdout] test solutions::day14::tests::part_1_sample ... ok
[INFO] [stdout] test solutions::day13::tests::part_2 ... ok
[INFO] [stdout] test solutions::day14::tests::part_2_sample ... ok
[INFO] [stdout] test solutions::day15::test_sensor ... ok
[INFO] [stdout] test solutions::day15::tests::part_1 ... ok
[INFO] [stdout] test solutions::day15::tests::part_1_sample ... ok
[INFO] [stdout] test solutions::day14::tests::part_1 ... ok
[INFO] [stdout] test solutions::day15::tests::part_2_sample ... ok
[INFO] [stdout] test solutions::day16::test_valve ... ok
[INFO] [stdout] test solutions::day11::tests::part_1_sample ... FAILED
[INFO] [stdout] test solutions::day08::tests::part_2_sample ... FAILED
[INFO] [stdout] test solutions::day11::tests::part_2_sample ... FAILED
[INFO] [stdout] test solutions::day08::tests::part_2 ... FAILED
[INFO] [stdout] test solutions::day11::tests::part_2 ... ok
[INFO] [stdout] test solutions::day15::tests::part_2 ... ok
[INFO] [stdout] test solutions::day14::tests::part_2 ... ok
[INFO] [stdout] test solutions::day16::tests::part_1_sample ... ok
[INFO] [stdout] test solutions::day16::tests::part_1 ... FAILED
[INFO] [stderr] error: test failed, to rerun pass `--lib`
[INFO] [stderr] 
[INFO] [stderr] Caused by:
[INFO] [stderr]   process didn't exit successfully: `/opt/rustwide/target/debug/deps/aoc_2022-328e538206031138` (signal: 9, SIGKILL: kill)
[INFO] running `Command { std: "docker" "inspect" "be192eb29b8008a3ff8e40e172e1fd4287a0556de9de952871861dd5106a58c4", kill_on_drop: false }`
[INFO] running `Command { std: "docker" "rm" "-f" "be192eb29b8008a3ff8e40e172e1fd4287a0556de9de952871861dd5106a58c4", kill_on_drop: false }`
[INFO] [stdout] be192eb29b8008a3ff8e40e172e1fd4287a0556de9de952871861dd5106a58c4
