[INFO] cloning repository https://github.com/rbartlensky/file-duplicates
[INFO] running `Command { std: "git" "-c" "credential.helper=" "-c" "credential.helper=/workspace/cargo-home/bin/git-credential-null" "clone" "--bare" "https://github.com/rbartlensky/file-duplicates" "/workspace/cache/git-repos/https%3A%2F%2Fgithub.com%2Frbartlensky%2Ffile-duplicates", kill_on_drop: false }`
[INFO] [stderr] Cloning into bare repository '/workspace/cache/git-repos/https%3A%2F%2Fgithub.com%2Frbartlensky%2Ffile-duplicates'...
[INFO] running `Command { std: "git" "rev-parse" "HEAD", kill_on_drop: false }`
[INFO] [stdout] 77b30f5d8de23b94a9d8e6219a3a0d4a8991b3b1
[INFO] testing rbartlensky/file-duplicates against 1.83.0 for beta-1.84.0-4-retry
[INFO] running `Command { std: "git" "clone" "/workspace/cache/git-repos/https%3A%2F%2Fgithub.com%2Frbartlensky%2Ffile-duplicates" "/workspace/builds/worker-6-tc1/source", kill_on_drop: false }`
[INFO] [stderr] Cloning into '/workspace/builds/worker-6-tc1/source'...
[INFO] [stderr] done.
[INFO] validating manifest of git repo https://github.com/rbartlensky/file-duplicates on toolchain 1.83.0
[INFO] running `Command { std: CARGO_HOME="/workspace/cargo-home" RUSTUP_HOME="/workspace/rustup-home" "/workspace/cargo-home/bin/cargo" "+1.83.0" "metadata" "--manifest-path" "Cargo.toml" "--no-deps", kill_on_drop: false }`
[INFO] started tweaking git repo https://github.com/rbartlensky/file-duplicates
[INFO] finished tweaking git repo https://github.com/rbartlensky/file-duplicates
[INFO] tweaked toml for git repo https://github.com/rbartlensky/file-duplicates written to /workspace/builds/worker-6-tc1/source/Cargo.toml
[INFO] crate git repo https://github.com/rbartlensky/file-duplicates already has a lockfile, it will not be regenerated
[INFO] running `Command { std: CARGO_HOME="/workspace/cargo-home" RUSTUP_HOME="/workspace/rustup-home" "/workspace/cargo-home/bin/cargo" "+1.83.0" "fetch" "--manifest-path" "Cargo.toml", kill_on_drop: false }`
[INFO] [stderr]     Updating crates.io index
[INFO] [stderr]  Downloading crates ...
[INFO] [stderr]   Downloaded rlimit v0.9.1
[INFO] running `Command { std: "docker" "create" "-v" "/var/lib/crater-agent-workspace/builds/worker-6-tc1/target:/opt/rustwide/target:rw,Z" "-v" "/var/lib/crater-agent-workspace/builds/worker-6-tc1/source:/opt/rustwide/workdir:ro,Z" "-v" "/var/lib/crater-agent-workspace/cargo-home:/opt/rustwide/cargo-home:ro,Z" "-v" "/var/lib/crater-agent-workspace/rustup-home:/opt/rustwide/rustup-home:ro,Z" "-e" "SOURCE_DIR=/opt/rustwide/workdir" "-e" "CARGO_TARGET_DIR=/opt/rustwide/target" "-e" "CARGO_HOME=/opt/rustwide/cargo-home" "-e" "RUSTUP_HOME=/opt/rustwide/rustup-home" "-w" "/opt/rustwide/workdir" "-m" "1610612736" "--user" "0:0" "--network" "none" "ghcr.io/rust-lang/crates-build-env/linux@sha256:f3a9d4ad9d972b27faf3965f35b62e55ba32bbce8f20bc8fe909558a86702fde" "/opt/rustwide/cargo-home/bin/cargo" "+1.83.0" "metadata" "--no-deps" "--format-version=1", kill_on_drop: false }`
[INFO] [stdout] b8391b17531dbbeafdae4144f597504545c384ccfe65ec017f222ee4191d33d8
[INFO] running `Command { std: "docker" "start" "-a" "b8391b17531dbbeafdae4144f597504545c384ccfe65ec017f222ee4191d33d8", kill_on_drop: false }`
[INFO] running `Command { std: "docker" "inspect" "b8391b17531dbbeafdae4144f597504545c384ccfe65ec017f222ee4191d33d8", kill_on_drop: false }`
[INFO] running `Command { std: "docker" "rm" "-f" "b8391b17531dbbeafdae4144f597504545c384ccfe65ec017f222ee4191d33d8", kill_on_drop: false }`
[INFO] [stdout] b8391b17531dbbeafdae4144f597504545c384ccfe65ec017f222ee4191d33d8
[INFO] running `Command { std: "docker" "create" "-v" "/var/lib/crater-agent-workspace/builds/worker-6-tc1/target:/opt/rustwide/target:rw,Z" "-v" "/var/lib/crater-agent-workspace/builds/worker-6-tc1/source:/opt/rustwide/workdir:ro,Z" "-v" "/var/lib/crater-agent-workspace/cargo-home:/opt/rustwide/cargo-home:ro,Z" "-v" "/var/lib/crater-agent-workspace/rustup-home:/opt/rustwide/rustup-home:ro,Z" "-e" "SOURCE_DIR=/opt/rustwide/workdir" "-e" "CARGO_TARGET_DIR=/opt/rustwide/target" "-e" "CARGO_INCREMENTAL=0" "-e" "RUST_BACKTRACE=full" "-e" "RUSTFLAGS=--cap-lints=warn" "-e" "RUSTDOCFLAGS=--cap-lints=warn" "-e" "CARGO_HOME=/opt/rustwide/cargo-home" "-e" "RUSTUP_HOME=/opt/rustwide/rustup-home" "-w" "/opt/rustwide/workdir" "-m" "1610612736" "--user" "0:0" "--network" "none" "ghcr.io/rust-lang/crates-build-env/linux@sha256:f3a9d4ad9d972b27faf3965f35b62e55ba32bbce8f20bc8fe909558a86702fde" "/opt/rustwide/cargo-home/bin/cargo" "+1.83.0" "build" "--frozen" "--message-format=json", kill_on_drop: false }`
[INFO] [stdout] 4e1492b464a985fa49fbd84715ff176878352502e121b16e86959f7f6d3c5f82
[INFO] running `Command { std: "docker" "start" "-a" "4e1492b464a985fa49fbd84715ff176878352502e121b16e86959f7f6d3c5f82", kill_on_drop: false }`
[INFO] [stderr]    Compiling typenum v1.16.0
[INFO] [stderr]    Compiling generic-array v0.14.7
[INFO] [stderr]    Compiling ahash v0.8.3
[INFO] [stderr]    Compiling libc v0.2.147
[INFO] [stderr]    Compiling once_cell v1.18.0
[INFO] [stderr]    Compiling pkg-config v0.3.27
[INFO] [stderr]    Compiling cc v1.0.79
[INFO] [stderr]    Compiling allocator-api2 v0.2.16
[INFO] [stderr]    Compiling anyhow v1.0.72
[INFO] [stderr]    Compiling subtle v2.5.0
[INFO] [stderr]    Compiling arrayvec v0.7.4
[INFO] [stderr]    Compiling utf8-width v0.1.6
[INFO] [stderr]    Compiling smallvec v1.11.0
[INFO] [stderr]    Compiling same-file v1.0.6
[INFO] [stderr]    Compiling home v0.5.5
[INFO] [stderr]    Compiling pico-args v0.5.0
[INFO] [stderr]    Compiling byte-unit v4.0.19
[INFO] [stderr]    Compiling walkdir v2.3.3
[INFO] [stderr]    Compiling libsqlite3-sys v0.25.2
[INFO] [stderr]    Compiling hashbrown v0.14.0
[INFO] [stderr]    Compiling blake3 v1.4.1
[INFO] [stderr]    Compiling hashlink v0.8.3
[INFO] [stderr]    Compiling num_cpus v1.16.0
[INFO] [stderr]    Compiling filetime v0.2.21
[INFO] [stderr]    Compiling rlimit v0.9.1
[INFO] [stderr]    Compiling rusqlite v0.28.0
[INFO] [stderr]    Compiling block-buffer v0.10.4
[INFO] [stderr]    Compiling crypto-common v0.1.6
[INFO] [stderr]    Compiling digest v0.10.7
[INFO] [stderr]    Compiling file-duplicates v0.4.1 (/opt/rustwide/workdir)
[INFO] [stderr]     Finished `dev` profile [unoptimized + debuginfo] target(s) in 9.16s
[INFO] running `Command { std: "docker" "inspect" "4e1492b464a985fa49fbd84715ff176878352502e121b16e86959f7f6d3c5f82", kill_on_drop: false }`
[INFO] running `Command { std: "docker" "rm" "-f" "4e1492b464a985fa49fbd84715ff176878352502e121b16e86959f7f6d3c5f82", kill_on_drop: false }`
[INFO] [stdout] 4e1492b464a985fa49fbd84715ff176878352502e121b16e86959f7f6d3c5f82
[INFO] running `Command { std: "docker" "create" "-v" "/var/lib/crater-agent-workspace/builds/worker-6-tc1/target:/opt/rustwide/target:rw,Z" "-v" "/var/lib/crater-agent-workspace/builds/worker-6-tc1/source:/opt/rustwide/workdir:ro,Z" "-v" "/var/lib/crater-agent-workspace/cargo-home:/opt/rustwide/cargo-home:ro,Z" "-v" "/var/lib/crater-agent-workspace/rustup-home:/opt/rustwide/rustup-home:ro,Z" "-e" "SOURCE_DIR=/opt/rustwide/workdir" "-e" "CARGO_TARGET_DIR=/opt/rustwide/target" "-e" "CARGO_INCREMENTAL=0" "-e" "RUST_BACKTRACE=full" "-e" "RUSTFLAGS=--cap-lints=warn" "-e" "RUSTDOCFLAGS=--cap-lints=warn" "-e" "CARGO_HOME=/opt/rustwide/cargo-home" "-e" "RUSTUP_HOME=/opt/rustwide/rustup-home" "-w" "/opt/rustwide/workdir" "-m" "1610612736" "--user" "0:0" "--network" "none" "ghcr.io/rust-lang/crates-build-env/linux@sha256:f3a9d4ad9d972b27faf3965f35b62e55ba32bbce8f20bc8fe909558a86702fde" "/opt/rustwide/cargo-home/bin/cargo" "+1.83.0" "test" "--frozen" "--no-run" "--message-format=json", kill_on_drop: false }`
[INFO] [stdout] 11a81c5e30681a42167a94b920c8553d53d6c4aad61a4a7700c437f077496847
[INFO] running `Command { std: "docker" "start" "-a" "11a81c5e30681a42167a94b920c8553d53d6c4aad61a4a7700c437f077496847", kill_on_drop: false }`
[INFO] [stderr]    Compiling libc v0.2.147
[INFO] [stderr]    Compiling rustix v0.37.23
[INFO] [stderr]    Compiling tempfile v3.6.0
[INFO] [stderr]    Compiling io-lifetimes v1.0.11
[INFO] [stderr]    Compiling filetime v0.2.21
[INFO] [stderr]    Compiling rlimit v0.9.1
[INFO] [stderr]    Compiling num_cpus v1.16.0
[INFO] [stderr]    Compiling file-duplicates v0.4.1 (/opt/rustwide/workdir)
[INFO] [stderr]     Finished `test` profile [unoptimized + debuginfo] target(s) in 6.41s
[INFO] running `Command { std: "docker" "inspect" "11a81c5e30681a42167a94b920c8553d53d6c4aad61a4a7700c437f077496847", kill_on_drop: false }`
[INFO] running `Command { std: "docker" "rm" "-f" "11a81c5e30681a42167a94b920c8553d53d6c4aad61a4a7700c437f077496847", kill_on_drop: false }`
[INFO] [stdout] 11a81c5e30681a42167a94b920c8553d53d6c4aad61a4a7700c437f077496847
[INFO] running `Command { std: "docker" "create" "-v" "/var/lib/crater-agent-workspace/builds/worker-6-tc1/target:/opt/rustwide/target:rw,Z" "-v" "/var/lib/crater-agent-workspace/builds/worker-6-tc1/source:/opt/rustwide/workdir:ro,Z" "-v" "/var/lib/crater-agent-workspace/cargo-home:/opt/rustwide/cargo-home:ro,Z" "-v" "/var/lib/crater-agent-workspace/rustup-home:/opt/rustwide/rustup-home:ro,Z" "-e" "SOURCE_DIR=/opt/rustwide/workdir" "-e" "CARGO_TARGET_DIR=/opt/rustwide/target" "-e" "CARGO_INCREMENTAL=0" "-e" "RUST_BACKTRACE=full" "-e" "RUSTFLAGS=--cap-lints=warn" "-e" "RUSTDOCFLAGS=--cap-lints=warn" "-e" "CARGO_HOME=/opt/rustwide/cargo-home" "-e" "RUSTUP_HOME=/opt/rustwide/rustup-home" "-w" "/opt/rustwide/workdir" "-m" "1610612736" "--user" "0:0" "--network" "none" "ghcr.io/rust-lang/crates-build-env/linux@sha256:f3a9d4ad9d972b27faf3965f35b62e55ba32bbce8f20bc8fe909558a86702fde" "/opt/rustwide/cargo-home/bin/cargo" "+1.83.0" "test" "--frozen", kill_on_drop: false }`
[INFO] [stdout] 01d5c3866180eaf59a7b784a7367c89d79d38110fba0619f8b14552ea6272213
[INFO] running `Command { std: "docker" "start" "-a" "01d5c3866180eaf59a7b784a7367c89d79d38110fba0619f8b14552ea6272213", kill_on_drop: false }`
[INFO] [stderr]     Finished `test` profile [unoptimized + debuginfo] target(s) in 0.07s
[INFO] [stderr]      Running unittests src/lib.rs (/opt/rustwide/target/debug/deps/file_duplicates-fb56bf6086c4a336)
[INFO] [stdout] 
[INFO] [stdout] running 1 test
[INFO] [stderr]      Running unittests src/main.rs (/opt/rustwide/target/debug/deps/fdup-fc75be9732fb0d8d)
[INFO] [stdout] test db::tests::insert_and_remove ... ok
[INFO] [stdout] 
[INFO] [stdout] test result: ok. 1 passed; 0 failed; 0 ignored; 0 measured; 0 filtered out; finished in 0.05s
[INFO] [stdout] 
[INFO] [stdout] 
[INFO] [stdout] running 6 tests
[INFO] [stdout] test tests::same_content_works ... ok
[INFO] [stdout] test tests::remove_file_1 ... ok
[INFO] [stdout] test tests::remove_file_2 ... ok
[INFO] [stdout] test tests::remove_none ... ok
[INFO] [stdout] test tests::same_filenames_deleted ... ok
[INFO] [stdout] test tests::paranoid_removal_removes_duplicates ... ok
[INFO] [stdout] 
[INFO] [stdout] test result: ok. 6 passed; 0 failed; 0 ignored; 0 measured; 0 filtered out; finished in 0.95s
[INFO] [stdout] 
[INFO] [stderr]    Doc-tests file_duplicates
[INFO] [stdout] 
[INFO] [stdout] running 1 test
[INFO] [stdout] test src/lib.rs - (line 7) - compile ... FAILED
[INFO] [stdout] 
[INFO] [stdout] failures:
[INFO] [stdout] 
[INFO] [stdout] ---- src/lib.rs - (line 7) stdout ----
[INFO] [stdout] error[E0560]: struct `Params` has no field named `root`
[INFO] [stdout]  --> src/lib.rs:11:39
[INFO] [stdout]   |
[INFO] [stdout] 7 | let params = Params { lower_limit: 0, root: "./".into(), db: "test.db".into() };
[INFO] [stdout]   |                                       ^^^^ unknown field
[INFO] [stdout]   |
[INFO] [stdout] help: a field with a similar name exists
[INFO] [stdout]   |
[INFO] [stdout] 7 | let params = Params { lower_limit: 0, roots: "./".into(), db: "test.db".into() };
[INFO] [stdout]   |                                       ~~~~~
[INFO] [stdout] 
[INFO] [stdout] error: aborting due to 1 previous error
[INFO] [stdout] 
[INFO] [stdout] For more information about this error, try `rustc --explain E0560`.
[INFO] [stdout] Couldn't compile the test.
[INFO] [stdout] 
[INFO] [stdout] failures:
[INFO] [stdout]     src/lib.rs - (line 7)
[INFO] [stdout] 
[INFO] [stdout] test result: FAILED. 0 passed; 1 failed; 0 ignored; 0 measured; 0 filtered out; finished in 0.09s
[INFO] [stdout] 
[INFO] [stderr] error: doctest failed, to rerun pass `--doc`
[INFO] running `Command { std: "docker" "inspect" "01d5c3866180eaf59a7b784a7367c89d79d38110fba0619f8b14552ea6272213", kill_on_drop: false }`
[INFO] running `Command { std: "docker" "rm" "-f" "01d5c3866180eaf59a7b784a7367c89d79d38110fba0619f8b14552ea6272213", kill_on_drop: false }`
[INFO] [stdout] 01d5c3866180eaf59a7b784a7367c89d79d38110fba0619f8b14552ea6272213
