[INFO] cloning repository https://github.com/raul-gherman/quack-protobuf
[INFO] running `Command { std: "git" "-c" "credential.helper=" "-c" "credential.helper=/workspace/cargo-home/bin/git-credential-null" "clone" "--bare" "https://github.com/raul-gherman/quack-protobuf" "/workspace/cache/git-repos/https%3A%2F%2Fgithub.com%2Fraul-gherman%2Fquack-protobuf", kill_on_drop: false }`
[INFO] [stderr] Cloning into bare repository '/workspace/cache/git-repos/https%3A%2F%2Fgithub.com%2Fraul-gherman%2Fquack-protobuf'...
[INFO] running `Command { std: "git" "rev-parse" "HEAD", kill_on_drop: false }`
[INFO] [stdout] 7aabe541950c276fb3f94edb2d4bf1f33216d951
[INFO] testing raul-gherman/quack-protobuf against 1.83.0 for beta-1.84.0-4-retry
[INFO] running `Command { std: "git" "clone" "/workspace/cache/git-repos/https%3A%2F%2Fgithub.com%2Fraul-gherman%2Fquack-protobuf" "/workspace/builds/worker-3-tc1/source", kill_on_drop: false }`
[INFO] [stderr] Cloning into '/workspace/builds/worker-3-tc1/source'...
[INFO] [stderr] done.
[INFO] validating manifest of git repo https://github.com/raul-gherman/quack-protobuf on toolchain 1.83.0
[INFO] running `Command { std: CARGO_HOME="/workspace/cargo-home" RUSTUP_HOME="/workspace/rustup-home" "/workspace/cargo-home/bin/cargo" "+1.83.0" "metadata" "--manifest-path" "Cargo.toml" "--no-deps", kill_on_drop: false }`
[INFO] started tweaking git repo https://github.com/raul-gherman/quack-protobuf
[INFO] finished tweaking git repo https://github.com/raul-gherman/quack-protobuf
[INFO] tweaked toml for git repo https://github.com/raul-gherman/quack-protobuf written to /workspace/builds/worker-3-tc1/source/Cargo.toml
[INFO] crate git repo https://github.com/raul-gherman/quack-protobuf already has a lockfile, it will not be regenerated
[INFO] running `Command { std: CARGO_HOME="/workspace/cargo-home" RUSTUP_HOME="/workspace/rustup-home" "/workspace/cargo-home/bin/cargo" "+1.83.0" "fetch" "--manifest-path" "Cargo.toml", kill_on_drop: false }`
[INFO] [stderr]     Blocking waiting for file lock on package cache
[INFO] [stderr]     Blocking waiting for file lock on package cache
[INFO] running `Command { std: "docker" "create" "-v" "/var/lib/crater-agent-workspace/builds/worker-3-tc1/target:/opt/rustwide/target:rw,Z" "-v" "/var/lib/crater-agent-workspace/builds/worker-3-tc1/source:/opt/rustwide/workdir:ro,Z" "-v" "/var/lib/crater-agent-workspace/cargo-home:/opt/rustwide/cargo-home:ro,Z" "-v" "/var/lib/crater-agent-workspace/rustup-home:/opt/rustwide/rustup-home:ro,Z" "-e" "SOURCE_DIR=/opt/rustwide/workdir" "-e" "CARGO_TARGET_DIR=/opt/rustwide/target" "-e" "CARGO_HOME=/opt/rustwide/cargo-home" "-e" "RUSTUP_HOME=/opt/rustwide/rustup-home" "-w" "/opt/rustwide/workdir" "-m" "1610612736" "--user" "0:0" "--network" "none" "ghcr.io/rust-lang/crates-build-env/linux@sha256:f3a9d4ad9d972b27faf3965f35b62e55ba32bbce8f20bc8fe909558a86702fde" "/opt/rustwide/cargo-home/bin/cargo" "+1.83.0" "metadata" "--no-deps" "--format-version=1", kill_on_drop: false }`
[INFO] [stdout] 7ce0d242f369fc70e9a8df6a1845e714a991f6bb63302aa1aeb6897267ae5e0f
[INFO] running `Command { std: "docker" "start" "-a" "7ce0d242f369fc70e9a8df6a1845e714a991f6bb63302aa1aeb6897267ae5e0f", kill_on_drop: false }`
[INFO] running `Command { std: "docker" "inspect" "7ce0d242f369fc70e9a8df6a1845e714a991f6bb63302aa1aeb6897267ae5e0f", kill_on_drop: false }`
[INFO] running `Command { std: "docker" "rm" "-f" "7ce0d242f369fc70e9a8df6a1845e714a991f6bb63302aa1aeb6897267ae5e0f", kill_on_drop: false }`
[INFO] [stdout] 7ce0d242f369fc70e9a8df6a1845e714a991f6bb63302aa1aeb6897267ae5e0f
[INFO] running `Command { std: "docker" "create" "-v" "/var/lib/crater-agent-workspace/builds/worker-3-tc1/target:/opt/rustwide/target:rw,Z" "-v" "/var/lib/crater-agent-workspace/builds/worker-3-tc1/source:/opt/rustwide/workdir:ro,Z" "-v" "/var/lib/crater-agent-workspace/cargo-home:/opt/rustwide/cargo-home:ro,Z" "-v" "/var/lib/crater-agent-workspace/rustup-home:/opt/rustwide/rustup-home:ro,Z" "-e" "SOURCE_DIR=/opt/rustwide/workdir" "-e" "CARGO_TARGET_DIR=/opt/rustwide/target" "-e" "CARGO_INCREMENTAL=0" "-e" "RUST_BACKTRACE=full" "-e" "RUSTFLAGS=--cap-lints=warn" "-e" "RUSTDOCFLAGS=--cap-lints=warn" "-e" "CARGO_HOME=/opt/rustwide/cargo-home" "-e" "RUSTUP_HOME=/opt/rustwide/rustup-home" "-w" "/opt/rustwide/workdir" "-m" "1610612736" "--user" "0:0" "--network" "none" "ghcr.io/rust-lang/crates-build-env/linux@sha256:f3a9d4ad9d972b27faf3965f35b62e55ba32bbce8f20bc8fe909558a86702fde" "/opt/rustwide/cargo-home/bin/cargo" "+1.83.0" "build" "--frozen" "--message-format=json", kill_on_drop: false }`
[INFO] [stdout] 5e5f674ce76feb8bb7fdbab9eb34440b86b7b7a37c53fe460ba7a226097ad537
[INFO] running `Command { std: "docker" "start" "-a" "5e5f674ce76feb8bb7fdbab9eb34440b86b7b7a37c53fe460ba7a226097ad537", kill_on_drop: false }`
[INFO] [stderr]    Compiling byteorder-lite v0.1.0
[INFO] [stderr]    Compiling quack-protobuf v0.3.20241114 (/opt/rustwide/workdir)
[INFO] [stderr]     Finished `dev` profile [unoptimized + debuginfo] target(s) in 0.33s
[INFO] running `Command { std: "docker" "inspect" "5e5f674ce76feb8bb7fdbab9eb34440b86b7b7a37c53fe460ba7a226097ad537", kill_on_drop: false }`
[INFO] running `Command { std: "docker" "rm" "-f" "5e5f674ce76feb8bb7fdbab9eb34440b86b7b7a37c53fe460ba7a226097ad537", kill_on_drop: false }`
[INFO] [stdout] 5e5f674ce76feb8bb7fdbab9eb34440b86b7b7a37c53fe460ba7a226097ad537
[INFO] running `Command { std: "docker" "create" "-v" "/var/lib/crater-agent-workspace/builds/worker-3-tc1/target:/opt/rustwide/target:rw,Z" "-v" "/var/lib/crater-agent-workspace/builds/worker-3-tc1/source:/opt/rustwide/workdir:ro,Z" "-v" "/var/lib/crater-agent-workspace/cargo-home:/opt/rustwide/cargo-home:ro,Z" "-v" "/var/lib/crater-agent-workspace/rustup-home:/opt/rustwide/rustup-home:ro,Z" "-e" "SOURCE_DIR=/opt/rustwide/workdir" "-e" "CARGO_TARGET_DIR=/opt/rustwide/target" "-e" "CARGO_INCREMENTAL=0" "-e" "RUST_BACKTRACE=full" "-e" "RUSTFLAGS=--cap-lints=warn" "-e" "RUSTDOCFLAGS=--cap-lints=warn" "-e" "CARGO_HOME=/opt/rustwide/cargo-home" "-e" "RUSTUP_HOME=/opt/rustwide/rustup-home" "-w" "/opt/rustwide/workdir" "-m" "1610612736" "--user" "0:0" "--network" "none" "ghcr.io/rust-lang/crates-build-env/linux@sha256:f3a9d4ad9d972b27faf3965f35b62e55ba32bbce8f20bc8fe909558a86702fde" "/opt/rustwide/cargo-home/bin/cargo" "+1.83.0" "test" "--frozen" "--no-run" "--message-format=json", kill_on_drop: false }`
[INFO] [stdout] 198302fd1e4df535cf088a3dfd5e577346f230f78fef4785454c1e9626444da5
[INFO] running `Command { std: "docker" "start" "-a" "198302fd1e4df535cf088a3dfd5e577346f230f78fef4785454c1e9626444da5", kill_on_drop: false }`
[INFO] [stderr]    Compiling quack-protobuf v0.3.20241114 (/opt/rustwide/workdir)
[INFO] [stderr]     Finished `test` profile [unoptimized + debuginfo] target(s) in 0.36s
[INFO] running `Command { std: "docker" "inspect" "198302fd1e4df535cf088a3dfd5e577346f230f78fef4785454c1e9626444da5", kill_on_drop: false }`
[INFO] running `Command { std: "docker" "rm" "-f" "198302fd1e4df535cf088a3dfd5e577346f230f78fef4785454c1e9626444da5", kill_on_drop: false }`
[INFO] [stdout] 198302fd1e4df535cf088a3dfd5e577346f230f78fef4785454c1e9626444da5
[INFO] running `Command { std: "docker" "create" "-v" "/var/lib/crater-agent-workspace/builds/worker-3-tc1/target:/opt/rustwide/target:rw,Z" "-v" "/var/lib/crater-agent-workspace/builds/worker-3-tc1/source:/opt/rustwide/workdir:ro,Z" "-v" "/var/lib/crater-agent-workspace/cargo-home:/opt/rustwide/cargo-home:ro,Z" "-v" "/var/lib/crater-agent-workspace/rustup-home:/opt/rustwide/rustup-home:ro,Z" "-e" "SOURCE_DIR=/opt/rustwide/workdir" "-e" "CARGO_TARGET_DIR=/opt/rustwide/target" "-e" "CARGO_INCREMENTAL=0" "-e" "RUST_BACKTRACE=full" "-e" "RUSTFLAGS=--cap-lints=warn" "-e" "RUSTDOCFLAGS=--cap-lints=warn" "-e" "CARGO_HOME=/opt/rustwide/cargo-home" "-e" "RUSTUP_HOME=/opt/rustwide/rustup-home" "-w" "/opt/rustwide/workdir" "-m" "1610612736" "--user" "0:0" "--network" "none" "ghcr.io/rust-lang/crates-build-env/linux@sha256:f3a9d4ad9d972b27faf3965f35b62e55ba32bbce8f20bc8fe909558a86702fde" "/opt/rustwide/cargo-home/bin/cargo" "+1.83.0" "test" "--frozen", kill_on_drop: false }`
[INFO] [stdout] 92d6b7d08e1a35f310ca44e72aae7d5cd5781ae0dd52c0835f5b753cd77a18cf
[INFO] running `Command { std: "docker" "start" "-a" "92d6b7d08e1a35f310ca44e72aae7d5cd5781ae0dd52c0835f5b753cd77a18cf", kill_on_drop: false }`
[INFO] [stderr]     Finished `test` profile [unoptimized + debuginfo] target(s) in 0.01s
[INFO] [stderr]      Running unittests src/lib.rs (/opt/rustwide/target/debug/deps/quack_protobuf-29aa7ff542956126)
[INFO] [stdout] 
[INFO] [stdout] running 0 tests
[INFO] [stderr]    Doc-tests quack_protobuf
[INFO] [stdout] 
[INFO] [stdout] test result: ok. 0 passed; 0 failed; 0 ignored; 0 measured; 0 filtered out; finished in 0.00s
[INFO] [stdout] 
[INFO] [stdout] 
[INFO] [stdout] running 3 tests
[INFO] [stdout] test src/reader.rs - reader::BytesReader (line 48) ... FAILED
[INFO] [stdout] test src/writer.rs - writer::Writer (line 15) ... FAILED
[INFO] [stdout] test src/reader.rs - reader::Reader (line 701) ... FAILED
[INFO] [stdout] 
[INFO] [stdout] failures:
[INFO] [stdout] 
[INFO] [stdout] ---- src/reader.rs - reader::BytesReader (line 48) stdout ----
[INFO] [stdout] error[E0432]: unresolved import `quick_protobuf`
[INFO] [stdout]  --> src/reader.rs:50:9
[INFO] [stdout]   |
[INFO] [stdout] 3 |     use quick_protobuf::{MessageRead, BytesReader, Result};
[INFO] [stdout]   |         ^^^^^^^^^^^^^^ use of undeclared crate or module `quick_protobuf`
[INFO] [stdout]   |
[INFO] [stdout] help: there is a crate or module with a similar name
[INFO] [stdout]   |
[INFO] [stdout] 3 |     use quack_protobuf::{MessageRead, BytesReader, Result};
[INFO] [stdout]   |         ~~~~~~~~~~~~~~
[INFO] [stdout] 
[INFO] [stdout] error[E0432]: unresolved import `quick_protobuf`
[INFO] [stdout]   --> src/reader.rs:64:5
[INFO] [stdout]    |
[INFO] [stdout] 17 | use quick_protobuf::{BytesReader, MessageRead};
[INFO] [stdout]    |     ^^^^^^^^^^^^^^ use of undeclared crate or module `quick_protobuf`
[INFO] [stdout]    |
[INFO] [stdout] help: there is a crate or module with a similar name
[INFO] [stdout]    |
[INFO] [stdout] 17 | use quack_protobuf::{BytesReader, MessageRead};
[INFO] [stdout]    |     ~~~~~~~~~~~~~~
[INFO] [stdout] 
[INFO] [stdout] error: aborting due to 2 previous errors
[INFO] [stdout] 
[INFO] [stdout] For more information about this error, try `rustc --explain E0432`.
[INFO] [stdout] Couldn't compile the test.
[INFO] [stdout] ---- src/writer.rs - writer::Writer (line 15) stdout ----
[INFO] [stdout] error[E0432]: unresolved import `quick_protobuf`
[INFO] [stdout]  --> src/writer.rs:18:5
[INFO] [stdout]   |
[INFO] [stdout] 4 | use quick_protobuf::{MessageWrite, Writer, WriterBackend, Result};
[INFO] [stdout]   |     ^^^^^^^^^^^^^^ use of undeclared crate or module `quick_protobuf`
[INFO] [stdout]   |
[INFO] [stdout] help: there is a crate or module with a similar name
[INFO] [stdout]   |
[INFO] [stdout] 4 | use quack_protobuf::{MessageWrite, Writer, WriterBackend, Result};
[INFO] [stdout]   |     ~~~~~~~~~~~~~~
[INFO] [stdout] 
[INFO] [stdout] error[E0432]: unresolved import `quick_protobuf`
[INFO] [stdout]   --> src/writer.rs:36:5
[INFO] [stdout]    |
[INFO] [stdout] 22 | use quick_protobuf::Writer;
[INFO] [stdout]    |     ^^^^^^^^^^^^^^ use of undeclared crate or module `quick_protobuf`
[INFO] [stdout]    |
[INFO] [stdout] help: there is a crate or module with a similar name
[INFO] [stdout]    |
[INFO] [stdout] 22 | use quack_protobuf::Writer;
[INFO] [stdout]    |     ~~~~~~~~~~~~~~
[INFO] [stdout] 
[INFO] [stdout] error: aborting due to 2 previous errors
[INFO] [stdout] 
[INFO] [stdout] For more information about this error, try `rustc --explain E0432`.
[INFO] [stdout] Couldn't compile the test.
[INFO] [stdout] ---- src/reader.rs - reader::Reader (line 701) stdout ----
[INFO] [stdout] error[E0432]: unresolved import `quick_protobuf`
[INFO] [stdout]  --> src/reader.rs:703:9
[INFO] [stdout]   |
[INFO] [stdout] 3 |     use quick_protobuf::{MessageRead, BytesReader, Result};
[INFO] [stdout]   |         ^^^^^^^^^^^^^^ use of undeclared crate or module `quick_protobuf`
[INFO] [stdout]   |
[INFO] [stdout] help: there is a crate or module with a similar name
[INFO] [stdout]   |
[INFO] [stdout] 3 |     use quack_protobuf::{MessageRead, BytesReader, Result};
[INFO] [stdout]   |         ~~~~~~~~~~~~~~
[INFO] [stdout] 
[INFO] [stdout] error[E0432]: unresolved import `quick_protobuf`
[INFO] [stdout]   --> src/reader.rs:717:5
[INFO] [stdout]    |
[INFO] [stdout] 17 | use quick_protobuf::Reader;
[INFO] [stdout]    |     ^^^^^^^^^^^^^^ use of undeclared crate or module `quick_protobuf`
[INFO] [stdout]    |
[INFO] [stdout] help: there is a crate or module with a similar name
[INFO] [stdout]    |
[INFO] [stdout] 17 | use quack_protobuf::Reader;
[INFO] [stdout]    |     ~~~~~~~~~~~~~~
[INFO] [stdout] 
[INFO] [stdout] error: aborting due to 2 previous errors
[INFO] [stdout] 
[INFO] [stdout] For more information about this error, try `rustc --explain E0432`.
[INFO] [stdout] Couldn't compile the test.
[INFO] [stdout] 
[INFO] [stdout] failures:
[INFO] [stdout]     src/reader.rs - reader::BytesReader (line 48)
[INFO] [stdout]     src/reader.rs - reader::Reader (line 701)
[INFO] [stdout]     src/writer.rs - writer::Writer (line 15)
[INFO] [stdout] 
[INFO] [stdout] test result: FAILED. 0 passed; 3 failed; 0 ignored; 0 measured; 0 filtered out; finished in 0.08s
[INFO] [stdout] 
[INFO] [stderr] error: doctest failed, to rerun pass `--doc`
[INFO] running `Command { std: "docker" "inspect" "92d6b7d08e1a35f310ca44e72aae7d5cd5781ae0dd52c0835f5b753cd77a18cf", kill_on_drop: false }`
[INFO] running `Command { std: "docker" "rm" "-f" "92d6b7d08e1a35f310ca44e72aae7d5cd5781ae0dd52c0835f5b753cd77a18cf", kill_on_drop: false }`
[INFO] [stdout] 92d6b7d08e1a35f310ca44e72aae7d5cd5781ae0dd52c0835f5b753cd77a18cf
