[INFO] cloning repository https://github.com/rapando/creditcard
[INFO] running `Command { std: "git" "-c" "credential.helper=" "-c" "credential.helper=/workspace/cargo-home/bin/git-credential-null" "clone" "--bare" "https://github.com/rapando/creditcard" "/workspace/cache/git-repos/https%3A%2F%2Fgithub.com%2Frapando%2Fcreditcard", kill_on_drop: false }`
[INFO] [stderr] Cloning into bare repository '/workspace/cache/git-repos/https%3A%2F%2Fgithub.com%2Frapando%2Fcreditcard'...
[INFO] running `Command { std: "git" "rev-parse" "HEAD", kill_on_drop: false }`
[INFO] [stdout] 6e7e7ab55629a2b61db5c36988293e543d3356a1
[INFO] testing rapando/creditcard against beta-2024-12-08 for beta-1.84.0-4-retry
[INFO] running `Command { std: "git" "clone" "/workspace/cache/git-repos/https%3A%2F%2Fgithub.com%2Frapando%2Fcreditcard" "/workspace/builds/worker-6-tc2/source", kill_on_drop: false }`
[INFO] [stderr] Cloning into '/workspace/builds/worker-6-tc2/source'...
[INFO] [stderr] done.
[INFO] validating manifest of git repo https://github.com/rapando/creditcard on toolchain beta-2024-12-08
[INFO] running `Command { std: CARGO_HOME="/workspace/cargo-home" RUSTUP_HOME="/workspace/rustup-home" "/workspace/cargo-home/bin/cargo" "+beta-2024-12-08" "metadata" "--manifest-path" "Cargo.toml" "--no-deps", kill_on_drop: false }`
[INFO] started tweaking git repo https://github.com/rapando/creditcard
[INFO] finished tweaking git repo https://github.com/rapando/creditcard
[INFO] tweaked toml for git repo https://github.com/rapando/creditcard written to /workspace/builds/worker-6-tc2/source/Cargo.toml
[INFO] crate git repo https://github.com/rapando/creditcard already has a lockfile, it will not be regenerated
[INFO] running `Command { std: CARGO_HOME="/workspace/cargo-home" RUSTUP_HOME="/workspace/rustup-home" "/workspace/cargo-home/bin/cargo" "+beta-2024-12-08" "fetch" "--manifest-path" "Cargo.toml", kill_on_drop: false }`
[INFO] running `Command { std: "docker" "create" "-v" "/var/lib/crater-agent-workspace/builds/worker-6-tc2/target:/opt/rustwide/target:rw,Z" "-v" "/var/lib/crater-agent-workspace/builds/worker-6-tc2/source:/opt/rustwide/workdir:ro,Z" "-v" "/var/lib/crater-agent-workspace/cargo-home:/opt/rustwide/cargo-home:ro,Z" "-v" "/var/lib/crater-agent-workspace/rustup-home:/opt/rustwide/rustup-home:ro,Z" "-e" "SOURCE_DIR=/opt/rustwide/workdir" "-e" "CARGO_TARGET_DIR=/opt/rustwide/target" "-e" "CARGO_HOME=/opt/rustwide/cargo-home" "-e" "RUSTUP_HOME=/opt/rustwide/rustup-home" "-w" "/opt/rustwide/workdir" "-m" "1610612736" "--user" "0:0" "--network" "none" "ghcr.io/rust-lang/crates-build-env/linux@sha256:f3a9d4ad9d972b27faf3965f35b62e55ba32bbce8f20bc8fe909558a86702fde" "/opt/rustwide/cargo-home/bin/cargo" "+beta-2024-12-08" "metadata" "--no-deps" "--format-version=1", kill_on_drop: false }`
[INFO] [stdout] 9c6f2c269e8568d9b8a613661f32b09f25a64c1b80271fb47ec8904697d53811
[INFO] running `Command { std: "docker" "start" "-a" "9c6f2c269e8568d9b8a613661f32b09f25a64c1b80271fb47ec8904697d53811", kill_on_drop: false }`
[INFO] running `Command { std: "docker" "inspect" "9c6f2c269e8568d9b8a613661f32b09f25a64c1b80271fb47ec8904697d53811", kill_on_drop: false }`
[INFO] running `Command { std: "docker" "rm" "-f" "9c6f2c269e8568d9b8a613661f32b09f25a64c1b80271fb47ec8904697d53811", kill_on_drop: false }`
[INFO] [stdout] 9c6f2c269e8568d9b8a613661f32b09f25a64c1b80271fb47ec8904697d53811
[INFO] running `Command { std: "docker" "create" "-v" "/var/lib/crater-agent-workspace/builds/worker-6-tc2/target:/opt/rustwide/target:rw,Z" "-v" "/var/lib/crater-agent-workspace/builds/worker-6-tc2/source:/opt/rustwide/workdir:ro,Z" "-v" "/var/lib/crater-agent-workspace/cargo-home:/opt/rustwide/cargo-home:ro,Z" "-v" "/var/lib/crater-agent-workspace/rustup-home:/opt/rustwide/rustup-home:ro,Z" "-e" "SOURCE_DIR=/opt/rustwide/workdir" "-e" "CARGO_TARGET_DIR=/opt/rustwide/target" "-e" "CARGO_INCREMENTAL=0" "-e" "RUST_BACKTRACE=full" "-e" "RUSTFLAGS=--cap-lints=warn" "-e" "RUSTDOCFLAGS=--cap-lints=warn" "-e" "CARGO_HOME=/opt/rustwide/cargo-home" "-e" "RUSTUP_HOME=/opt/rustwide/rustup-home" "-w" "/opt/rustwide/workdir" "-m" "1610612736" "--user" "0:0" "--network" "none" "ghcr.io/rust-lang/crates-build-env/linux@sha256:f3a9d4ad9d972b27faf3965f35b62e55ba32bbce8f20bc8fe909558a86702fde" "/opt/rustwide/cargo-home/bin/cargo" "+beta-2024-12-08" "build" "--frozen" "--message-format=json", kill_on_drop: false }`
[INFO] [stdout] f31cd5f5d3b8dcc732b0f6d1f0152841f41da624381c72f12d7c3cd7f7abf52d
[INFO] running `Command { std: "docker" "start" "-a" "f31cd5f5d3b8dcc732b0f6d1f0152841f41da624381c72f12d7c3cd7f7abf52d", kill_on_drop: false }`
[INFO] [stderr]    Compiling memchr v2.5.0
[INFO] [stderr]    Compiling regex-syntax v0.6.27
[INFO] [stderr]    Compiling aho-corasick v0.7.19
[INFO] [stderr]    Compiling regex v1.6.0
[INFO] [stderr]    Compiling creditcard v0.1.0 (/opt/rustwide/workdir)
[INFO] [stderr]     Finished `dev` profile [unoptimized + debuginfo] target(s) in 6.91s
[INFO] running `Command { std: "docker" "inspect" "f31cd5f5d3b8dcc732b0f6d1f0152841f41da624381c72f12d7c3cd7f7abf52d", kill_on_drop: false }`
[INFO] running `Command { std: "docker" "rm" "-f" "f31cd5f5d3b8dcc732b0f6d1f0152841f41da624381c72f12d7c3cd7f7abf52d", kill_on_drop: false }`
[INFO] [stdout] f31cd5f5d3b8dcc732b0f6d1f0152841f41da624381c72f12d7c3cd7f7abf52d
[INFO] running `Command { std: "docker" "create" "-v" "/var/lib/crater-agent-workspace/builds/worker-6-tc2/target:/opt/rustwide/target:rw,Z" "-v" "/var/lib/crater-agent-workspace/builds/worker-6-tc2/source:/opt/rustwide/workdir:ro,Z" "-v" "/var/lib/crater-agent-workspace/cargo-home:/opt/rustwide/cargo-home:ro,Z" "-v" "/var/lib/crater-agent-workspace/rustup-home:/opt/rustwide/rustup-home:ro,Z" "-e" "SOURCE_DIR=/opt/rustwide/workdir" "-e" "CARGO_TARGET_DIR=/opt/rustwide/target" "-e" "CARGO_INCREMENTAL=0" "-e" "RUST_BACKTRACE=full" "-e" "RUSTFLAGS=--cap-lints=warn" "-e" "RUSTDOCFLAGS=--cap-lints=warn" "-e" "CARGO_HOME=/opt/rustwide/cargo-home" "-e" "RUSTUP_HOME=/opt/rustwide/rustup-home" "-w" "/opt/rustwide/workdir" "-m" "1610612736" "--user" "0:0" "--network" "none" "ghcr.io/rust-lang/crates-build-env/linux@sha256:f3a9d4ad9d972b27faf3965f35b62e55ba32bbce8f20bc8fe909558a86702fde" "/opt/rustwide/cargo-home/bin/cargo" "+beta-2024-12-08" "test" "--frozen" "--no-run" "--message-format=json", kill_on_drop: false }`
[INFO] [stdout] ea2900335768c4a2a3d624714de97b3cc419ad6e472b7491fb799dbddabc85e4
[INFO] running `Command { std: "docker" "start" "-a" "ea2900335768c4a2a3d624714de97b3cc419ad6e472b7491fb799dbddabc85e4", kill_on_drop: false }`
[INFO] [stderr]    Compiling creditcard v0.1.0 (/opt/rustwide/workdir)
[INFO] [stderr]     Finished `test` profile [unoptimized + debuginfo] target(s) in 0.49s
[INFO] running `Command { std: "docker" "inspect" "ea2900335768c4a2a3d624714de97b3cc419ad6e472b7491fb799dbddabc85e4", kill_on_drop: false }`
[INFO] running `Command { std: "docker" "rm" "-f" "ea2900335768c4a2a3d624714de97b3cc419ad6e472b7491fb799dbddabc85e4", kill_on_drop: false }`
[INFO] [stdout] ea2900335768c4a2a3d624714de97b3cc419ad6e472b7491fb799dbddabc85e4
[INFO] running `Command { std: "docker" "create" "-v" "/var/lib/crater-agent-workspace/builds/worker-6-tc2/target:/opt/rustwide/target:rw,Z" "-v" "/var/lib/crater-agent-workspace/builds/worker-6-tc2/source:/opt/rustwide/workdir:ro,Z" "-v" "/var/lib/crater-agent-workspace/cargo-home:/opt/rustwide/cargo-home:ro,Z" "-v" "/var/lib/crater-agent-workspace/rustup-home:/opt/rustwide/rustup-home:ro,Z" "-e" "SOURCE_DIR=/opt/rustwide/workdir" "-e" "CARGO_TARGET_DIR=/opt/rustwide/target" "-e" "CARGO_INCREMENTAL=0" "-e" "RUST_BACKTRACE=full" "-e" "RUSTFLAGS=--cap-lints=warn" "-e" "RUSTDOCFLAGS=--cap-lints=warn" "-e" "CARGO_HOME=/opt/rustwide/cargo-home" "-e" "RUSTUP_HOME=/opt/rustwide/rustup-home" "-w" "/opt/rustwide/workdir" "-m" "1610612736" "--user" "0:0" "--network" "none" "ghcr.io/rust-lang/crates-build-env/linux@sha256:f3a9d4ad9d972b27faf3965f35b62e55ba32bbce8f20bc8fe909558a86702fde" "/opt/rustwide/cargo-home/bin/cargo" "+beta-2024-12-08" "test" "--frozen", kill_on_drop: false }`
[INFO] [stdout] 389c948f2ab7402c461f20561c1003ea3e1314bec410501a2aaa2ed4a242ce6e
[INFO] running `Command { std: "docker" "start" "-a" "389c948f2ab7402c461f20561c1003ea3e1314bec410501a2aaa2ed4a242ce6e", kill_on_drop: false }`
[INFO] [stderr]     Finished `test` profile [unoptimized + debuginfo] target(s) in 0.02s
[INFO] [stderr]      Running unittests src/lib.rs (/opt/rustwide/target/debug/deps/creditcard-552988d3f7ecc2db)
[INFO] [stdout] 
[INFO] [stdout] running 0 tests
[INFO] [stdout] 
[INFO] [stdout] test result: ok. 0 passed; 0 failed; 0 ignored; 0 measured; 0 filtered out; finished in 0.00s
[INFO] [stdout] 
[INFO] [stderr]      Running unittests src/main.rs (/opt/rustwide/target/debug/deps/creditcard-f5032d4672bc30d0)
[INFO] [stdout] 
[INFO] [stdout] running 0 tests
[INFO] [stdout] 
[INFO] [stdout] test result: ok. 0 passed; 0 failed; 0 ignored; 0 measured; 0 filtered out; finished in 0.00s
[INFO] [stdout] 
[INFO] [stderr]    Doc-tests creditcard
[INFO] [stdout] 
[INFO] [stdout] running 4 tests
[INFO] [stdout] test src/card/mod.rs - card::add_up_digits_in_string (line 123) ... FAILED
[INFO] [stdout] test src/card/mod.rs - card::get_unused_digit_sum (line 91) ... FAILED
[INFO] [stdout] test src/card/mod.rs - card::get_possible_card_type (line 19) ... FAILED
[INFO] [stdout] test src/card/mod.rs - card::get_patterned_sum (line 56) ... FAILED
[INFO] [stdout] 
[INFO] [stdout] failures:
[INFO] [stdout] 
[INFO] [stdout] ---- src/card/mod.rs - card::add_up_digits_in_string (line 123) stdout ----
[INFO] [stdout] error[E0061]: this function takes 0 arguments but 1 argument was supplied
[INFO] [stdout]  --> src/card/mod.rs:124:16
[INFO] [stdout]   |
[INFO] [stdout] 3 | let s:String = String::new("1234");
[INFO] [stdout]   |                ^^^^^^^^^^^ ------ unexpected argument of type `&'static str`
[INFO] [stdout]   |
[INFO] [stdout] note: associated function defined here
[INFO] [stdout]  --> /rustc/202008a1b8de96d2e5b6bc02d379db03a877d34d/library/alloc/src/string.rs:446:18
[INFO] [stdout] help: remove the extra argument
[INFO] [stdout]   |
[INFO] [stdout] 3 - let s:String = String::new("1234");
[INFO] [stdout] 3 + let s:String = String::new();
[INFO] [stdout]   |
[INFO] [stdout] 
[INFO] [stdout] error[E0425]: cannot find function `add_up_digits_in_string` in this scope
[INFO] [stdout]  --> src/card/mod.rs:125:15
[INFO] [stdout]   |
[INFO] [stdout] 4 | let sum:u32 = add_up_digits_in_string(&s);
[INFO] [stdout]   |               ^^^^^^^^^^^^^^^^^^^^^^^ not found in this scope
[INFO] [stdout] 
[INFO] [stdout] error: aborting due to 2 previous errors
[INFO] [stdout] 
[INFO] [stdout] Some errors have detailed explanations: E0061, E0425.
[INFO] [stdout] For more information about an error, try `rustc --explain E0061`.
[INFO] [stdout] Couldn't compile the test.
[INFO] [stdout] ---- src/card/mod.rs - card::get_unused_digit_sum (line 91) stdout ----
[INFO] [stdout] error[E0425]: cannot find function `get_unused_digit_sum` in this scope
[INFO] [stdout]   --> src/card/mod.rs:101:28
[INFO] [stdout]    |
[INFO] [stdout] 12 | let unused_digit_sum:u32 = get_unused_digit_sum(&card_number);
[INFO] [stdout]    |                            ^^^^^^^^^^^^^^^^^^^^ not found in this scope
[INFO] [stdout]    |
[INFO] [stdout] help: consider importing this function
[INFO] [stdout]    |
[INFO] [stdout] 2  + use creditcard::card::get_unused_digit_sum;
[INFO] [stdout]    |
[INFO] [stdout] 
[INFO] [stdout] error: aborting due to 1 previous error
[INFO] [stdout] 
[INFO] [stdout] For more information about this error, try `rustc --explain E0425`.
[INFO] [stdout] Couldn't compile the test.
[INFO] [stdout] ---- src/card/mod.rs - card::get_possible_card_type (line 19) stdout ----
[INFO] [stdout] error[E0425]: cannot find function `get_possible_card_type` in this scope
[INFO] [stdout]   --> src/card/mod.rs:31:35
[INFO] [stdout]    |
[INFO] [stdout] 14 | let possible_card_type:CardType = get_possible_card_type(&card_number);
[INFO] [stdout]    |                                   ^^^^^^^^^^^^^^^^^^^^^^ not found in this scope
[INFO] [stdout]    |
[INFO] [stdout] help: consider importing this function
[INFO] [stdout]    |
[INFO] [stdout] 2  + use creditcard::card::get_possible_card_type;
[INFO] [stdout]    |
[INFO] [stdout] 
[INFO] [stdout] error: aborting due to 1 previous error
[INFO] [stdout] 
[INFO] [stdout] For more information about this error, try `rustc --explain E0425`.
[INFO] [stdout] Couldn't compile the test.
[INFO] [stdout] ---- src/card/mod.rs - card::get_patterned_sum (line 56) stdout ----
[INFO] [stdout] error[E0425]: cannot find function `get_patterned_sum` in this scope
[INFO] [stdout]   --> src/card/mod.rs:66:25
[INFO] [stdout]    |
[INFO] [stdout] 12 | let patterned_sum:u32 = get_patterned_sum(&card_number);
[INFO] [stdout]    |                         ^^^^^^^^^^^^^^^^^ not found in this scope
[INFO] [stdout]    |
[INFO] [stdout] help: consider importing this function
[INFO] [stdout]    |
[INFO] [stdout] 2  + use creditcard::card::get_patterned_sum;
[INFO] [stdout]    |
[INFO] [stdout] 
[INFO] [stdout] error: aborting due to 1 previous error
[INFO] [stdout] 
[INFO] [stdout] For more information about this error, try `rustc --explain E0425`.
[INFO] [stdout] Couldn't compile the test.
[INFO] [stdout] 
[INFO] [stdout] failures:
[INFO] [stdout]     src/card/mod.rs - card::add_up_digits_in_string (line 123)
[INFO] [stdout]     src/card/mod.rs - card::get_patterned_sum (line 56)
[INFO] [stdout]     src/card/mod.rs - card::get_possible_card_type (line 19)
[INFO] [stdout]     src/card/mod.rs - card::get_unused_digit_sum (line 91)
[INFO] [stdout] 
[INFO] [stdout] test result: FAILED. 0 passed; 4 failed; 0 ignored; 0 measured; 0 filtered out; finished in 0.20s
[INFO] [stdout] 
[INFO] [stderr] error: doctest failed, to rerun pass `--doc`
[INFO] running `Command { std: "docker" "inspect" "389c948f2ab7402c461f20561c1003ea3e1314bec410501a2aaa2ed4a242ce6e", kill_on_drop: false }`
[INFO] running `Command { std: "docker" "rm" "-f" "389c948f2ab7402c461f20561c1003ea3e1314bec410501a2aaa2ed4a242ce6e", kill_on_drop: false }`
[INFO] [stdout] 389c948f2ab7402c461f20561c1003ea3e1314bec410501a2aaa2ed4a242ce6e
